[INFO] fetching crate narui 0.1.1...
[INFO] documenting narui-0.1.1 against 1.75.0 for beta-1.76-rustdoc-1
[INFO] extracting crate narui 0.1.1 into /workspace/builds/worker-6-tc1/source
[INFO] validating manifest of crates.io crate narui 0.1.1 on toolchain 1.75.0
[INFO] running `Command { std: CARGO_HOME="/workspace/cargo-home" RUSTUP_HOME="/workspace/rustup-home" "/workspace/cargo-home/bin/cargo" "+1.75.0" "metadata" "--manifest-path" "Cargo.toml" "--no-deps", kill_on_drop: false }`
[INFO] started tweaking crates.io crate narui 0.1.1
[INFO] finished tweaking crates.io crate narui 0.1.1
[INFO] tweaked toml for crates.io crate narui 0.1.1 written to /workspace/builds/worker-6-tc1/source/Cargo.toml
[INFO] crate crates.io crate narui 0.1.1 already has a lockfile, it will not be regenerated
[INFO] running `Command { std: CARGO_HOME="/workspace/cargo-home" RUSTUP_HOME="/workspace/rustup-home" "/workspace/cargo-home/bin/cargo" "+1.75.0" "fetch" "--manifest-path" "Cargo.toml", kill_on_drop: false }`
[INFO] [stderr]     Updating crates.io index
[INFO] [stderr]  Downloading crates ...
[INFO] [stderr]   Downloaded shaderc v0.7.3
[INFO] [stderr]   Downloaded nom v7.0.0
[INFO] [stderr]   Downloaded phf_macros v0.9.0
[INFO] [stderr]   Downloaded thiserror v1.0.29
[INFO] [stderr]   Downloaded narui_core v0.1.2
[INFO] [stderr]   Downloaded ordered-float v2.8.0
[INFO] [stderr]   Downloaded metal v0.18.0
[INFO] [stderr]   Downloaded minimal-lexical v0.1.3
[INFO] [stderr]   Downloaded euclid v0.22.6
[INFO] [stderr]   Downloaded palette v0.6.0
[INFO] [stderr]   Downloaded cocoa v0.20.2
[INFO] [stderr]   Downloaded approx v0.5.0
[INFO] [stderr]   Downloaded palette_derive v0.6.0
[INFO] [stderr]   Downloaded shaderc-sys v0.7.3
[INFO] [stderr]   Downloaded vulkano-win v0.27.1
[INFO] [stderr]   Downloaded rutter_layout v0.1.0
[INFO] [stderr]   Downloaded glyph_brush_draw_cache v0.1.4
[INFO] [stderr]   Downloaded crevice-derive v0.8.0
[INFO] [stderr]   Downloaded lyon_geom v0.17.5
[INFO] [stderr]   Downloaded glyph_brush v0.7.3
[INFO] [stderr]   Downloaded crevice v0.8.0
[INFO] [stderr]   Downloaded bind_match v0.1.2
[INFO] [stderr]   Downloaded vulkano-shaders v0.27.1
[INFO] [stderr]   Downloaded vk-parse v0.6.0
[INFO] [stderr]   Downloaded narui_widgets v0.1.2
[INFO] [stderr]   Downloaded syn-rsx v0.8.0
[INFO] [stderr]   Downloaded lyon_algorithms v0.17.6
[INFO] [stderr]   Downloaded tinyset v0.4.6
[INFO] [stderr]   Downloaded narui_macros v0.1.0
[INFO] [stderr]   Downloaded proc-macro-crate v1.1.0
[INFO] [stderr]   Downloaded thiserror-impl v1.0.29
[INFO] [stderr]   Downloaded phf v0.9.0
[INFO] [stderr]   Downloaded mint v0.5.8
[INFO] [stderr]   Downloaded twox-hash v1.6.1
[INFO] [stderr]   Downloaded find-crate v0.6.3
[INFO] [stderr]   Downloaded phf_generator v0.9.1
[INFO] [stderr]   Downloaded phf_shared v0.9.0
[INFO] [stderr]   Downloaded vulkano v0.27.1
[INFO] [stderr]   Downloaded freelist v0.1.0
[INFO] running `Command { std: "docker" "create" "-v" "/var/lib/crater-agent-workspace/builds/worker-6-tc1/target:/opt/rustwide/target:rw,Z" "-v" "/var/lib/crater-agent-workspace/builds/worker-6-tc1/source:/opt/rustwide/workdir:ro,Z" "-v" "/var/lib/crater-agent-workspace/cargo-home:/opt/rustwide/cargo-home:ro,Z" "-v" "/var/lib/crater-agent-workspace/rustup-home:/opt/rustwide/rustup-home:ro,Z" "-e" "SOURCE_DIR=/opt/rustwide/workdir" "-e" "CARGO_TARGET_DIR=/opt/rustwide/target" "-e" "CARGO_HOME=/opt/rustwide/cargo-home" "-e" "RUSTUP_HOME=/opt/rustwide/rustup-home" "-w" "/opt/rustwide/workdir" "-m" "1610612736" "--user" "0:0" "--network" "none" "ghcr.io/rust-lang/crates-build-env/linux@sha256:2788e3201cd34a07e3172128adcd8b3090168a8e3bcc40d7c032b9dda1df7d1c" "/opt/rustwide/cargo-home/bin/cargo" "+1.75.0" "metadata" "--no-deps" "--format-version=1", kill_on_drop: false }`
[INFO] [stdout] f4a18991383fcac13d67a0684d0dbbb357716e91e92e7bcf2ecb3d0f42b57351
[INFO] running `Command { std: "docker" "start" "-a" "f4a18991383fcac13d67a0684d0dbbb357716e91e92e7bcf2ecb3d0f42b57351", kill_on_drop: false }`
[INFO] running `Command { std: "docker" "inspect" "f4a18991383fcac13d67a0684d0dbbb357716e91e92e7bcf2ecb3d0f42b57351", kill_on_drop: false }`
[INFO] running `Command { std: "docker" "rm" "-f" "f4a18991383fcac13d67a0684d0dbbb357716e91e92e7bcf2ecb3d0f42b57351", kill_on_drop: false }`
[INFO] [stdout] f4a18991383fcac13d67a0684d0dbbb357716e91e92e7bcf2ecb3d0f42b57351
[INFO] running `Command { std: "docker" "create" "-v" "/var/lib/crater-agent-workspace/builds/worker-6-tc1/target:/opt/rustwide/target:rw,Z" "-v" "/var/lib/crater-agent-workspace/builds/worker-6-tc1/source:/opt/rustwide/workdir:ro,Z" "-v" "/var/lib/crater-agent-workspace/cargo-home:/opt/rustwide/cargo-home:ro,Z" "-v" "/var/lib/crater-agent-workspace/rustup-home:/opt/rustwide/rustup-home:ro,Z" "-e" "SOURCE_DIR=/opt/rustwide/workdir" "-e" "CARGO_TARGET_DIR=/opt/rustwide/target" "-e" "CARGO_INCREMENTAL=0" "-e" "RUST_BACKTRACE=full" "-e" "RUSTFLAGS=--cap-lints=warn" "-e" "RUSTDOCFLAGS=--cap-lints=warn" "-e" "CARGO_HOME=/opt/rustwide/cargo-home" "-e" "RUSTUP_HOME=/opt/rustwide/rustup-home" "-w" "/opt/rustwide/workdir" "-m" "1610612736" "--user" "0:0" "--network" "none" "ghcr.io/rust-lang/crates-build-env/linux@sha256:2788e3201cd34a07e3172128adcd8b3090168a8e3bcc40d7c032b9dda1df7d1c" "/opt/rustwide/cargo-home/bin/cargo" "+1.75.0" "doc" "--frozen" "--no-deps" "--document-private-items" "--message-format=json", kill_on_drop: false }`
[INFO] [stdout] dbfb06d0629c6b9ff57522860ed9d9b91dd40b1c20eb2a8a1d4692d23a72b043
[INFO] running `Command { std: "docker" "start" "-a" "dbfb06d0629c6b9ff57522860ed9d9b91dd40b1c20eb2a8a1d4692d23a72b043", kill_on_drop: false }`
[INFO] [stderr]    Compiling libc v0.2.103
[INFO] [stderr]    Compiling proc-macro2 v1.0.32
[INFO] [stderr]    Compiling syn v1.0.81
[INFO] [stderr]    Compiling version_check v0.9.3
[INFO] [stderr]    Compiling crossbeam-utils v0.8.5
[INFO] [stderr]    Compiling memchr v2.4.1
[INFO] [stderr]    Compiling xml-rs v0.8.4
[INFO] [stderr]    Compiling serde_derive v1.0.130
[INFO] [stderr]    Compiling serde v1.0.130
[INFO] [stderr]     Checking scopeguard v1.1.0
[INFO] [stderr]    Compiling pkg-config v0.3.20
[INFO] [stderr]    Compiling num-traits v0.2.14
[INFO] [stderr]    Compiling memoffset v0.6.4
[INFO] [stderr]     Checking libloading v0.7.0
[INFO] [stderr]    Compiling crossbeam-epoch v0.9.5
[INFO] [stderr]    Compiling log v0.4.14
[INFO] [stderr]    Compiling parking_lot_core v0.8.5
[INFO] [stderr]     Checking smallvec v1.7.0
[INFO] [stderr]    Compiling crossbeam-queue v0.3.2
[INFO] [stderr]     Checking ab_glyph_rasterizer v0.1.4
[INFO] [stderr]    Compiling ryu v1.0.5
[INFO] [stderr]    Compiling ahash v0.7.6
[INFO] [stderr]    Compiling lazy_static v1.4.0
[INFO] [stderr]    Compiling once_cell v1.8.0
[INFO] [stderr]     Checking dlib v0.5.0
[INFO] [stderr]    Compiling indexmap v1.7.0
[INFO] [stderr]     Checking crossbeam-channel v0.5.1
[INFO] [stderr]    Compiling serde_json v1.0.68
[INFO] [stderr]    Compiling regex-syntax v0.6.25
[INFO] [stderr]    Compiling nom v7.0.0
[INFO] [stderr]    Compiling itoa v0.4.8
[INFO] [stderr]    Compiling wayland-sys v0.28.6
[INFO] [stderr]    Compiling unicode-segmentation v1.8.0
[INFO] [stderr]    Compiling vk-parse v0.6.0
[INFO] [stderr]     Checking crossbeam-deque v0.8.1
[INFO] [stderr]    Compiling aho-corasick v0.7.18
[INFO] [stderr]    Compiling quote v1.0.10
[INFO] [stderr]     Checking ttf-parser v0.6.2
[INFO] [stderr]    Compiling nix v0.18.0
[INFO] [stderr]     Checking scoped-tls v1.0.0
[INFO] [stderr]    Compiling cc v1.0.70
[INFO] [stderr]     Checking minimal-lexical v0.1.3
[INFO] [stderr]    Compiling rayon-core v1.9.1
[INFO] [stderr]    Compiling wayland-scanner v0.28.6
[INFO] [stderr]    Compiling heck v0.3.3
[INFO] [stderr]    Compiling ppv-lite86 v0.2.10
[INFO] [stderr]     Checking euclid v0.22.6
[INFO] [stderr]     Checking instant v0.1.11
[INFO] [stderr]     Checking same-file v1.0.6
[INFO] [stderr]     Checking arrayvec v0.5.2
[INFO] [stderr]    Compiling siphasher v0.3.7
[INFO] [stderr]     Checking nix v0.20.0
[INFO] [stderr]     Checking getrandom v0.2.3
[INFO] [stderr]     Checking num_cpus v1.13.0
[INFO] [stderr]    Compiling cmake v0.1.45
[INFO] [stderr]     Checking ttf-parser v0.12.3
[INFO] [stderr]    Compiling proc-macro-hack v0.5.19
[INFO] [stderr]    Compiling phf_shared v0.9.0
[INFO] [stderr]     Checking rand_core v0.6.3
[INFO] [stderr]     Checking walkdir v2.3.2
[INFO] [stderr]    Compiling x11-dl v2.19.1
[INFO] [stderr]     Checking owned_ttf_parser v0.6.0
[INFO] [stderr]    Compiling rand_chacha v0.3.1
[INFO] [stderr]     Checking lyon_geom v0.17.5
[INFO] [stderr]    Compiling hashbrown v0.11.2
[INFO] [stderr]     Checking lock_api v0.4.5
[INFO] [stderr]     Checking rusttype v0.9.2
[INFO] [stderr]     Checking libloading v0.6.7
[INFO] [stderr]    Compiling rayon v1.5.1
[INFO] [stderr]    Compiling rand v0.8.4
[INFO] [stderr]    Compiling shaderc-sys v0.7.3
[INFO] [stderr]     Checking xdg v2.2.0
[INFO] [stderr]     Checking lyon_path v0.17.7
[INFO] [stderr]    Compiling regex v1.5.4
[INFO] [stderr]    Compiling wayland-client v0.28.6
[INFO] [stderr]    Compiling wayland-protocols v0.28.6
[INFO] [stderr]     Checking andrew v0.3.1
[INFO] [stderr]     Checking owned_ttf_parser v0.12.1
[INFO] [stderr]     Checking ab_glyph v0.2.11
[INFO] [stderr]     Checking parking_lot v0.11.2
[INFO] [stderr]     Checking dlib v0.4.2
[INFO] [stderr]     Checking crossbeam v0.8.1
[INFO] [stderr]     Checking xcursor v0.3.4
[INFO] [stderr]     Checking mio v0.7.13
[INFO] [stderr]     Checking memmap2 v0.1.0
[INFO] [stderr]    Compiling phf_generator v0.9.1
[INFO] [stderr]     Checking approx v0.5.0
[INFO] [stderr]    Compiling proc-macro-error-attr v1.0.4
[INFO] [stderr]    Compiling winit v0.25.0
[INFO] [stderr]    Compiling ash v0.33.3+1.2.191
[INFO] [stderr]     Checking mio-misc v1.2.1
[INFO] [stderr]    Compiling shared_library v0.1.9
[INFO] [stderr]     Checking raw-window-handle v0.3.3
[INFO] [stderr]     Checking float_next_after v0.1.5
[INFO] [stderr]     Checking sid v0.6.1
[INFO] [stderr]    Compiling proc-macro-error v1.0.4
[INFO] [stderr]     Checking linked-hash-map v0.5.4
[INFO] [stderr]    Compiling palette v0.6.0
[INFO] [stderr]    Compiling anyhow v1.0.45
[INFO] [stderr]     Checking half v1.7.1
[INFO] [stderr]     Checking wayland-commons v0.28.6
[INFO] [stderr]    Compiling fnv v1.0.7
[INFO] [stderr]     Checking xi-unicode v0.3.0
[INFO] [stderr]     Checking twox-hash v1.6.1
[INFO] [stderr]     Checking glyph_brush_layout v0.2.3
[INFO] [stderr]     Checking lyon_algorithms v0.17.6
[INFO] [stderr]     Checking lyon_tessellation v0.17.10
[INFO] [stderr]     Checking calloop v0.6.5
[INFO] [stderr]     Checking itertools v0.9.0
[INFO] [stderr]     Checking ordered-float v2.8.0
[INFO] [stderr]     Checking bytemuck v1.7.2
[INFO] [stderr]     Checking freelist v0.1.0
[INFO] [stderr]     Checking mint v0.5.8
[INFO] [stderr]     Checking dashmap v4.0.2
[INFO] [stderr]     Checking lyon v0.17.10
[INFO] [stderr]     Checking notosans v0.1.0
[INFO] [stderr]    Compiling syn-rsx v0.8.0
[INFO] [stderr]    Compiling bind_match v0.1.2
[INFO] [stderr]     Checking take_mut v0.2.2
[INFO] [stderr]     Checking glyph_brush_draw_cache v0.1.4
[INFO] [stderr]     Checking tinyset v0.4.6
[INFO] [stderr]     Checking glyph_brush v0.7.3
[INFO] [stderr] error: could not compile `ash` (lib)
[INFO] [stderr] 
[INFO] [stderr] Caused by:
[INFO] [stderr]   process didn't exit successfully: `/opt/rustwide/rustup-home/toolchains/1.75.0-x86_64-unknown-linux-gnu/bin/rustc --crate-name ash --edition=2018 /opt/rustwide/cargo-home/registry/src/index.crates.io-6f17d22bba15001f/ash-0.33.3+1.2.191/src/lib.rs --error-format=json --json=diagnostic-rendered-ansi,artifacts,future-incompat --crate-type lib --emit=dep-info,metadata,link -C embed-bitcode=no --cfg 'feature="default"' --cfg 'feature="libloading"' -C metadata=3eabb8f45d871eaf -C extra-filename=-3eabb8f45d871eaf --out-dir /opt/rustwide/target/debug/deps -L dependency=/opt/rustwide/target/debug/deps --extern libloading=/opt/rustwide/target/debug/deps/liblibloading-bc1626beb6071184.rmeta --cap-lints allow --cap-lints=warn` (signal: 9, SIGKILL: kill)
[INFO] [stderr] warning: build failed, waiting for other jobs to finish...
[INFO] [stderr] error: could not compile `ash` (lib)
[INFO] [stderr] 
[INFO] [stderr] Caused by:
[INFO] [stderr]   process didn't exit successfully: `/opt/rustwide/rustup-home/toolchains/1.75.0-x86_64-unknown-linux-gnu/bin/rustc --crate-name ash --edition=2018 /opt/rustwide/cargo-home/registry/src/index.crates.io-6f17d22bba15001f/ash-0.33.3+1.2.191/src/lib.rs --error-format=json --json=diagnostic-rendered-ansi,artifacts,future-incompat --crate-type lib --emit=dep-info,metadata -C embed-bitcode=no -C debuginfo=2 --cfg 'feature="default"' --cfg 'feature="libloading"' -C metadata=6f4a507eb35467ca -C extra-filename=-6f4a507eb35467ca --out-dir /opt/rustwide/target/debug/deps -L dependency=/opt/rustwide/target/debug/deps --extern libloading=/opt/rustwide/target/debug/deps/liblibloading-2fa54343a8be952b.rmeta --cap-lints allow --cap-lints=warn` (signal: 9, SIGKILL: kill)
[INFO] [stderr] The following warnings were emitted during compilation:
[INFO] [stderr] 
[INFO] [stderr] warning: shaderc-sys@0.7.3: shaderc: searching for native shaderc libraries on system;  use '--features build-from-source' to force building from source code
[INFO] [stderr] warning: shaderc-sys@0.7.3: shaderc: cannot find native shaderc library on system; falling back to build from source
[INFO] [stderr] 
[INFO] [stderr] error: failed to run custom build command for `shaderc-sys v0.7.3`
[INFO] [stderr] note: To improve backtraces for build dependencies, set the CARGO_PROFILE_DEV_BUILD_OVERRIDE_DEBUG=true environment variable to enable debug information generation.
[INFO] [stderr] 
[INFO] [stderr] Caused by:
[INFO] [stderr]   process didn't exit successfully: `/opt/rustwide/target/debug/build/shaderc-sys-2797449d157bb5fa/build-script-build` (exit status: 101)
[INFO] [stderr]   --- stdout
[INFO] [stderr]   cargo:warning=shaderc: searching for native shaderc libraries on system;  use '--features build-from-source' to force building from source code
[INFO] [stderr]   cargo:warning=shaderc: cannot find native shaderc library on system; falling back to build from source
[INFO] [stderr]   running: cd "/opt/rustwide/target/debug/build/shaderc-sys-13f8072a146e39f3/out/build" && CMAKE_PREFIX_PATH="" "cmake" "/opt/rustwide/cargo-home/registry/src/index.crates.io-6f17d22bba15001f/shaderc-sys-0.7.3/build" "-G" "Ninja" "-DCMAKE_INSTALL_LIBDIR=lib" "-DCMAKE_POSITION_INDEPENDENT_CODE=ON" "-DENABLE_SPVREMAPPER=OFF" "-DENABLE_GLSLANG_BINARIES=OFF" "-DSHADERC_SKIP_TESTS=ON" "-DSPIRV_SKIP_EXECUTABLES=ON" "-DSPIRV_WERROR=OFF" "-DCMAKE_INSTALL_PREFIX=/opt/rustwide/target/debug/build/shaderc-sys-13f8072a146e39f3/out" "-DCMAKE_C_FLAGS= -ffunction-sections -fdata-sections -fPIC -m64" "-DCMAKE_C_COMPILER=/usr/bin/cc" "-DCMAKE_CXX_FLAGS= -ffunction-sections -fdata-sections -fPIC -m64" "-DCMAKE_CXX_COMPILER=/usr/bin/c++" "-DCMAKE_ASM_FLAGS= -ffunction-sections -fdata-sections -fPIC -m64" "-DCMAKE_ASM_COMPILER=/usr/bin/cc" "-DCMAKE_BUILD_TYPE=Release"
[INFO] [stderr]   -- The C compiler identification is GNU 11.4.0
[INFO] [stderr]   -- The CXX compiler identification is GNU 11.4.0
[INFO] [stderr]   -- Detecting C compiler ABI info
[INFO] [stderr]   -- Detecting C compiler ABI info - done
[INFO] [stderr]   -- Check for working C compiler: /usr/bin/cc - skipped
[INFO] [stderr]   -- Detecting C compile features
[INFO] [stderr]   -- Detecting C compile features - done
[INFO] [stderr]   -- Detecting CXX compiler ABI info
[INFO] [stderr]   -- Detecting CXX compiler ABI info - done
[INFO] [stderr]   -- Check for working CXX compiler: /usr/bin/c++ - skipped
[INFO] [stderr]   -- Detecting CXX compile features
[INFO] [stderr]   -- Detecting CXX compile features - done
[INFO] [stderr]   -- Building SPIRV-Header examples
[INFO] [stderr]   -- Installing SPIRV-Header
[INFO] [stderr]   -- Found PythonInterp: /usr/bin/python3 (found suitable version "3.10.12", minimum required is "3") 
[INFO] [stderr]   -- Google Mock was not found - tests based on that will not build
[INFO] [stderr]   -- optimizer enabled
[INFO] [stderr]   -- Looking for pthread.h
[INFO] [stderr]   -- Looking for pthread.h - found
[INFO] [stderr]   -- Performing Test CMAKE_HAVE_LIBC_PTHREAD
[INFO] [stderr]   -- Performing Test CMAKE_HAVE_LIBC_PTHREAD - Success
[INFO] [stderr]   -- Found Threads: TRUE  
[INFO] [stderr]   -- Shaderc: build type is "Release".
[INFO] [stderr]   -- Configuring Shaderc to avoid building tests.
[INFO] [stderr]   -- Configuring Shaderc to build examples.
[INFO] [stderr]   -- asciidoctor was not found - no documentation will be generated
[INFO] [stderr]   -- Performing Test COMPILER_SUPPORTS_FALLTHROUGH_WARNING
[INFO] [stderr]   -- Performing Test COMPILER_SUPPORTS_FALLTHROUGH_WARNING - Success
[INFO] [stderr]   -- Performing Test COMPILER_SUPPORTS_EXTRA_SEMI_WARNING
[INFO] [stderr]   -- Performing Test COMPILER_SUPPORTS_EXTRA_SEMI_WARNING - Success
[INFO] [stderr]   -- Performing Test COMPILER_SUPPORTS_PIC
[INFO] [stderr]   -- Performing Test COMPILER_SUPPORTS_PIC - Success
[INFO] [stderr]   -- Configuring done
[INFO] [stderr]   -- Generating done
[INFO] [stderr]   -- Build files have been written to: /opt/rustwide/target/debug/build/shaderc-sys-13f8072a146e39f3/out/build
[INFO] [stderr]   running: cd "/opt/rustwide/target/debug/build/shaderc-sys-13f8072a146e39f3/out/build" && "cmake" "--build" "." "--target" "install" "--config" "Release" "--" "-j16"
[INFO] [stderr]   [1/376] Building CXX object spirv-headers/example/CMakeFiles/SPIRV-Headers-example.dir/example.cpp.o
[INFO] [stderr]   [2/376] cd /opt/rustwide/target/debug/build/shaderc-sys-13f8072a146e39f3/out/build/spirv-tools && /usr/bin/cmake -DCHANGES_FILE=/opt/rustwide/cargo-home/registry/src/index.crates.io-6f17d22bba15001f/shaderc-sys-0.7.3/build/spirv-tools/CHANGES -DTEMPLATE_FILE=/opt/rustwide/cargo-home/registry/src/index.crates.io-6f17d22bba15001f/shaderc-sys-0.7.3/build/spirv-tools/cmake/SPIRV-Tools.pc.in -DOUT_FILE=/opt/rustwide/target/debug/build/shaderc-sys-13f8072a146e39f3/out/build/spirv-tools/SPIRV-Tools.pc -DCMAKE_INSTALL_PREFIX=/opt/rustwide/target/debug/build/shaderc-sys-13f8072a146e39f3/out -DCMAKE_INSTALL_LIBDIR=lib -DCMAKE_INSTALL_INCLUDEDIR=include -DSPIRV_LIBRARIES=-lSPIRV-Tools-opt\ -lSPIRV-Tools\ -lSPIRV-Tools-link -P /opt/rustwide/cargo-home/registry/src/index.crates.io-6f17d22bba15001f/shaderc-sys-0.7.3/build/spirv-tools/cmake/write_pkg_config.cmake
[INFO] [stderr]   [3/376] cd /opt/rustwide/target/debug/build/shaderc-sys-13f8072a146e39f3/out/build/spirv-tools && /usr/bin/cmake -DCHANGES_FILE=/opt/rustwide/cargo-home/registry/src/index.crates.io-6f17d22bba15001f/shaderc-sys-0.7.3/build/spirv-tools/CHANGES -DTEMPLATE_FILE=/opt/rustwide/cargo-home/registry/src/index.crates.io-6f17d22bba15001f/shaderc-sys-0.7.3/build/spirv-tools/cmake/SPIRV-Tools-shared.pc.in -DOUT_FILE=/opt/rustwide/target/debug/build/shaderc-sys-13f8072a146e39f3/out/build/spirv-tools/SPIRV-Tools-shared.pc -DCMAKE_INSTALL_PREFIX=/opt/rustwide/target/debug/build/shaderc-sys-13f8072a146e39f3/out -DCMAKE_INSTALL_LIBDIR=lib -DCMAKE_INSTALL_INCLUDEDIR=include -DSPIRV_SHARED_LIBRARIES=-lSPIRV-Tools-shared -P /opt/rustwide/cargo-home/registry/src/index.crates.io-6f17d22bba15001f/shaderc-sys-0.7.3/build/spirv-tools/cmake/write_pkg_config.cmake
[INFO] [stderr]   [4/376] Generate extended instruction tables for spv-amd-shader-explicit-vertex-parameter.
[INFO] [stderr]   [5/376] Generate extended instruction tables for spv-amd-shader-trinary-minmax.
[INFO] [stderr]   [6/376] Generate extended instruction tables for spv-amd-gcn-shader.
[INFO] [stderr]   [7/376] Generate extended instruction tables for debuginfo.
[INFO] [stderr]   [8/376] Generate extended instruction tables for opencl.debuginfo.100.
[INFO] [stderr]   [9/376] Generate extended instruction tables for nonsemantic.clspvreflection.
[INFO] [stderr]   [10/376] Generate language specific header for DebugInfo.
[INFO] [stderr]   [11/376] Generate extended instruction tables for spv-amd-shader-ballot.
[INFO] [stderr]   [12/376] Generate language specific header for OpenCLDebugInfo100.
[INFO] [stderr]   [13/376] Generate tables based on the SPIR-V XML registry.
[INFO] [stderr]   [14/376] Generate enum-string mapping for SPIR-V vunified1.
[INFO] [stderr]   [15/376] Update build-version.inc in the SPIRV-Tools build directory (if necessary).
[INFO] [stderr]   [16/376] Generate info tables for SPIR-V vunified1 core instructions and operands.
[INFO] [stderr]   [17/376] Building CXX object glslang/hlsl/CMakeFiles/HLSL.dir/stub.cpp.o
[INFO] [stderr]   [18/376] Check copyright
[INFO] [stderr]   [19/376] cd /opt/rustwide/target/debug/build/shaderc-sys-13f8072a146e39f3/out/build/shaderc && /usr/bin/cmake -DCHANGES_FILE=/opt/rustwide/cargo-home/registry/src/index.crates.io-6f17d22bba15001f/shaderc-sys-0.7.3/build/shaderc/CHANGES -DTEMPLATE_FILE=/opt/rustwide/cargo-home/registry/src/index.crates.io-6f17d22bba15001f/shaderc-sys-0.7.3/build/shaderc/cmake/shaderc.pc.in -DOUT_FILE=/opt/rustwide/target/debug/build/shaderc-sys-13f8072a146e39f3/out/build/shaderc/shaderc.pc -DCMAKE_INSTALL_PREFIX=/opt/rustwide/target/debug/build/shaderc-sys-13f8072a146e39f3/out -DCMAKE_INSTALL_LIBDIR=lib -DCMAKE_INSTALL_INCLUDEDIR=include -DLIBS=-lshaderc_shared -P /opt/rustwide/cargo-home/registry/src/index.crates.io-6f17d22bba15001f/shaderc-sys-0.7.3/build/shaderc/cmake/write_pkg_config.cmake
[INFO] [stderr]   [20/376] Linking CXX static library spirv-headers/example/libSPIRV-Headers-example.a
[INFO] [stderr]   [21/376] cd /opt/rustwide/target/debug/build/shaderc-sys-13f8072a146e39f3/out/build/shaderc && /usr/bin/cmake -DCHANGES_FILE=/opt/rustwide/cargo-home/registry/src/index.crates.io-6f17d22bba15001f/shaderc-sys-0.7.3/build/shaderc/CHANGES -DTEMPLATE_FILE=/opt/rustwide/cargo-home/registry/src/index.crates.io-6f17d22bba15001f/shaderc-sys-0.7.3/build/shaderc/cmake/shaderc_static.pc.in -DOUT_FILE=/opt/rustwide/target/debug/build/shaderc-sys-13f8072a146e39f3/out/build/shaderc/shaderc_static.pc -DCMAKE_INSTALL_PREFIX=/opt/rustwide/target/debug/build/shaderc-sys-13f8072a146e39f3/out -DCMAKE_INSTALL_LIBDIR=lib -DCMAKE_INSTALL_INCLUDEDIR=include -DLIBS=-lshaderc\ \ -lshaderc_util -P /opt/rustwide/cargo-home/registry/src/index.crates.io-6f17d22bba15001f/shaderc-sys-0.7.3/build/shaderc/cmake/write_pkg_config.cmake
[INFO] [stderr]   [22/376] Generate info tables for GLSL extended instructions and operands vunified1.
[INFO] [stderr]   [23/376] cd /opt/rustwide/target/debug/build/shaderc-sys-13f8072a146e39f3/out/build/shaderc && /usr/bin/cmake -DCHANGES_FILE=/opt/rustwide/cargo-home/registry/src/index.crates.io-6f17d22bba15001f/shaderc-sys-0.7.3/build/shaderc/CHANGES -DTEMPLATE_FILE=/opt/rustwide/cargo-home/registry/src/index.crates.io-6f17d22bba15001f/shaderc-sys-0.7.3/build/shaderc/cmake/shaderc_combined.pc.in -DOUT_FILE=/opt/rustwide/target/debug/build/shaderc-sys-13f8072a146e39f3/out/build/shaderc/shaderc_combined.pc -DCMAKE_INSTALL_PREFIX=/opt/rustwide/target/debug/build/shaderc-sys-13f8072a146e39f3/out -DCMAKE_INSTALL_LIBDIR=lib -DCMAKE_INSTALL_INCLUDEDIR=include -DLIBS=-lshaderc_combined -P /opt/rustwide/cargo-home/registry/src/index.crates.io-6f17d22bba15001f/shaderc-sys-0.7.3/build/shaderc/cmake/write_pkg_config.cmake
[INFO] [stderr]   [24/376] Generate info tables for OpenCL extended instructions and operands vunified1.
[INFO] [stderr]   [25/376] Building CXX object glslang/glslang/OSDependent/Unix/CMakeFiles/OSDependent.dir/ossource.cpp.o
[INFO] [stderr]   [26/376] Update build-version.inc in the Shaderc build directory (if necessary).
[INFO] [stderr]   [27/376] Linking CXX static library glslang/hlsl/libHLSL.a
[INFO] [stderr]   [28/376] Building CXX object glslang/OGLCompilersDLL/CMakeFiles/OGLCompiler.dir/InitializeDll.cpp.o
[INFO] [stderr]   [29/376] Building CXX object glslang/glslang/CMakeFiles/GenericCodeGen.dir/GenericCodeGen/Link.cpp.o
[INFO] [stderr]   [30/376] Building CXX object glslang/glslang/CMakeFiles/GenericCodeGen.dir/GenericCodeGen/CodeGen.cpp.o
[INFO] [stderr]   [31/376] Building CXX object spirv-tools/source/CMakeFiles/SPIRV-Tools-shared.dir/ext_inst.cpp.o
[INFO] [stderr]   [32/376] Building CXX object spirv-tools/source/CMakeFiles/SPIRV-Tools-shared.dir/util/bit_vector.cpp.o
[INFO] [stderr]   [33/376] Building CXX object spirv-tools/source/CMakeFiles/SPIRV-Tools-shared.dir/assembly_grammar.cpp.o
[INFO] [stderr]   [34/376] Building CXX object spirv-tools/source/CMakeFiles/SPIRV-Tools-shared.dir/util/string_utils.cpp.o
[INFO] [stderr]   [35/376] Building CXX object spirv-tools/source/CMakeFiles/SPIRV-Tools-shared.dir/diagnostic.cpp.o
[INFO] [stderr]   [36/376] Building CXX object spirv-tools/source/CMakeFiles/SPIRV-Tools-shared.dir/enum_string_mapping.cpp.o
[INFO] [stderr]   [37/376] Building CXX object spirv-tools/source/CMakeFiles/SPIRV-Tools-shared.dir/software_version.cpp.o
[INFO] [stderr]   [38/376] Building CXX object spirv-tools/source/CMakeFiles/SPIRV-Tools-shared.dir/spirv_endian.cpp.o
[INFO] [stderr]   [39/376] Building CXX object spirv-tools/source/CMakeFiles/SPIRV-Tools-shared.dir/spirv_optimizer_options.cpp.o
[INFO] [stderr]   [40/376] Building CXX object spirv-tools/source/CMakeFiles/SPIRV-Tools-shared.dir/print.cpp.o
[INFO] [stderr]   [41/376] Building CXX object glslang/glslang/CMakeFiles/glslang.dir/CInterface/glslang_c_interface.cpp.o
[INFO] [stderr]   [42/376] Building CXX object spirv-tools/source/CMakeFiles/SPIRV-Tools-shared.dir/libspirv.cpp.o
[INFO] [stderr]   [43/376] Building CXX object spirv-tools/source/CMakeFiles/SPIRV-Tools-shared.dir/spirv_reducer_options.cpp.o
[INFO] [stderr]   [44/376] Building CXX object spirv-tools/source/CMakeFiles/SPIRV-Tools-shared.dir/extensions.cpp.o
[INFO] [stderr]   [45/376] Building CXX object spirv-tools/source/CMakeFiles/SPIRV-Tools-shared.dir/spirv_validator_options.cpp.o
[INFO] [stderr]   [46/376] Building CXX object spirv-tools/source/CMakeFiles/SPIRV-Tools-shared.dir/spirv_fuzzer_options.cpp.o
[INFO] [stderr]   [47/376] Building CXX object spirv-tools/source/CMakeFiles/SPIRV-Tools-shared.dir/opcode.cpp.o
[INFO] [stderr]   [48/376] Building CXX object spirv-tools/source/CMakeFiles/SPIRV-Tools-shared.dir/spirv_target_env.cpp.o
[INFO] [stderr]   [49/376] Building CXX object spirv-tools/source/CMakeFiles/SPIRV-Tools-shared.dir/table.cpp.o
[INFO] [stderr]   [50/376] Building CXX object spirv-tools/source/CMakeFiles/SPIRV-Tools-shared.dir/parsed_operand.cpp.o
[INFO] [stderr]   [51/376] Building CXX object spirv-tools/source/CMakeFiles/SPIRV-Tools-shared.dir/name_mapper.cpp.o
[INFO] [stderr]   [52/376] Building CXX object spirv-tools/source/CMakeFiles/SPIRV-Tools-shared.dir/disassemble.cpp.o
[INFO] [stderr]   [53/376] Building CXX object glslang/glslang/CMakeFiles/MachineIndependent.dir/cmake_pch.hxx.gch
[INFO] [stderr]   FAILED: glslang/glslang/CMakeFiles/MachineIndependent.dir/cmake_pch.hxx.gch 
[INFO] [stderr]   /usr/bin/c++ -DENABLE_HLSL -DENABLE_OPT=1 -DGLSLANG_OSINCLUDE_UNIX -I/opt/rustwide/target/debug/build/shaderc-sys-13f8072a146e39f3/out/build/include -ffunction-sections -fdata-sections -fPIC -m64 -O3 -DNDEBUG -fPIC -Wall -Wmaybe-uninitialized -Wuninitialized -Wunused -Wunused-local-typedefs -Wunused-parameter -Wunused-value -Wunused-variable -Wunused-but-set-parameter -Wunused-but-set-variable -fno-exceptions -Wno-reorder -fno-rtti -Werror=deprecated-copy -std=c++11 -Winvalid-pch -x c++-header -include /opt/rustwide/target/debug/build/shaderc-sys-13f8072a146e39f3/out/build/glslang/glslang/CMakeFiles/MachineIndependent.dir/cmake_pch.hxx -MD -MT glslang/glslang/CMakeFiles/MachineIndependent.dir/cmake_pch.hxx.gch -MF glslang/glslang/CMakeFiles/MachineIndependent.dir/cmake_pch.hxx.gch.d -o glslang/glslang/CMakeFiles/MachineIndependent.dir/cmake_pch.hxx.gch -c /opt/rustwide/target/debug/build/shaderc-sys-13f8072a146e39f3/out/build/glslang/glslang/CMakeFiles/MachineIndependent.dir/cmake_pch.hxx.cxx
[INFO] [stderr]   c++: fatal error: Killed signal terminated program cc1plus
[INFO] [stderr]   compilation terminated.
[INFO] [stderr]   [54/376] Building CXX object spirv-tools/source/CMakeFiles/SPIRV-Tools-shared.dir/operand.cpp.o
[INFO] [stderr]   [55/376] Building CXX object spirv-tools/source/CMakeFiles/SPIRV-Tools-shared.dir/binary.cpp.o
[INFO] [stderr]   [56/376] Building CXX object spirv-tools/source/CMakeFiles/SPIRV-Tools-shared.dir/util/parse_number.cpp.o
[INFO] [stderr]   [57/376] Building CXX object spirv-tools/source/CMakeFiles/SPIRV-Tools-shared.dir/val/validate_adjacency.cpp.o
[INFO] [stderr]   [58/376] Building CXX object spirv-tools/source/CMakeFiles/SPIRV-Tools-shared.dir/val/validate_atomics.cpp.o
[INFO] [stderr]   [59/376] Building CXX object spirv-tools/source/CMakeFiles/SPIRV-Tools-shared.dir/val/validate_barriers.cpp.o
[INFO] [stderr]   [60/376] Building CXX object spirv-tools/source/CMakeFiles/SPIRV-Tools-shared.dir/val/validate_arithmetics.cpp.o
[INFO] [stderr]   [61/376] Building CXX object spirv-tools/source/CMakeFiles/SPIRV-Tools-shared.dir/text_handler.cpp.o
[INFO] [stderr]   [62/376] Building CXX object spirv-tools/source/CMakeFiles/SPIRV-Tools-shared.dir/val/validate_bitwise.cpp.o
[INFO] [stderr]   [63/376] Building CXX object spirv-tools/source/CMakeFiles/SPIRV-Tools-shared.dir/val/validate_annotation.cpp.o
[INFO] [stderr]   [64/376] Building CXX object spirv-tools/source/CMakeFiles/SPIRV-Tools-shared.dir/text.cpp.o
[INFO] [stderr]   [65/376] Building CXX object spirv-tools/source/CMakeFiles/SPIRV-Tools-shared.dir/val/validate_capability.cpp.o
[INFO] [stderr]   [66/376] Building CXX object spirv-tools/source/CMakeFiles/SPIRV-Tools-shared.dir/val/validate.cpp.o
[INFO] [stderr]   [67/376] Building CXX object spirv-tools/source/CMakeFiles/SPIRV-Tools-shared.dir/val/validate_cfg.cpp.o
[INFO] [stderr]   [68/376] Building CXX object spirv-tools/source/CMakeFiles/SPIRV-Tools-shared.dir/val/validate_builtins.cpp.o
[INFO] [stderr]   ninja: build stopped: subcommand failed.
[INFO] [stderr] 
[INFO] [stderr]   --- stderr
[INFO] [stderr]   CMake Warning:
[INFO] [stderr]     Manually-specified variables were not used by the project:
[INFO] [stderr] 
[INFO] [stderr]       CMAKE_ASM_COMPILER
[INFO] [stderr]       CMAKE_ASM_FLAGS
[INFO] [stderr] 
[INFO] [stderr] 
[INFO] [stderr]   thread 'main' panicked at /opt/rustwide/cargo-home/registry/src/index.crates.io-6f17d22bba15001f/cmake-0.1.45/src/lib.rs:894:5:
[INFO] [stderr] 
[INFO] [stderr]   command did not execute successfully, got: exit status: 1
[INFO] [stderr] 
[INFO] [stderr]   build script failed, must exit now
[INFO] [stderr]   stack backtrace:
[INFO] [stderr]      0:     0x558d5b7617bc - std::backtrace_rs::backtrace::libunwind::trace::ha637c64ce894333a
[INFO] [stderr]                                  at /rustc/82e1608dfa6e0b5569232559e3d385fea5a93112/library/std/src/../../backtrace/src/backtrace/libunwind.rs:104:5
[INFO] [stderr]      1:     0x558d5b7617bc - std::backtrace_rs::backtrace::trace_unsynchronized::h47f62dea28e0c88d
[INFO] [stderr]                                  at /rustc/82e1608dfa6e0b5569232559e3d385fea5a93112/library/std/src/../../backtrace/src/backtrace/mod.rs:66:5
[INFO] [stderr]      2:     0x558d5b7617bc - std::sys_common::backtrace::_print_fmt::h9eef0abe20ede486
[INFO] [stderr]                                  at /rustc/82e1608dfa6e0b5569232559e3d385fea5a93112/library/std/src/sys_common/backtrace.rs:67:5
[INFO] [stderr]      3:     0x558d5b7617bc - <std::sys_common::backtrace::_print::DisplayBacktrace as core::fmt::Display>::fmt::hed7f999df88cc644
[INFO] [stderr]                                  at /rustc/82e1608dfa6e0b5569232559e3d385fea5a93112/library/std/src/sys_common/backtrace.rs:44:22
[INFO] [stderr]      4:     0x558d5b787cb0 - core::fmt::rt::Argument::fmt::h1539a9308b8d058d
[INFO] [stderr]                                  at /rustc/82e1608dfa6e0b5569232559e3d385fea5a93112/library/core/src/fmt/rt.rs:142:9
[INFO] [stderr]      5:     0x558d5b787cb0 - core::fmt::write::h3a39390d8560d9c9
[INFO] [stderr]                                  at /rustc/82e1608dfa6e0b5569232559e3d385fea5a93112/library/core/src/fmt/mod.rs:1120:17
[INFO] [stderr]      6:     0x558d5b75ec2f - std::io::Write::write_fmt::h5fc9997dfe05f882
[INFO] [stderr]                                  at /rustc/82e1608dfa6e0b5569232559e3d385fea5a93112/library/std/src/io/mod.rs:1762:15
[INFO] [stderr]      7:     0x558d5b7615a4 - std::sys_common::backtrace::_print::h894006fb5c6f3d45
[INFO] [stderr]                                  at /rustc/82e1608dfa6e0b5569232559e3d385fea5a93112/library/std/src/sys_common/backtrace.rs:47:5
[INFO] [stderr]      8:     0x558d5b7615a4 - std::sys_common::backtrace::print::h23a2d212c6fff936
[INFO] [stderr]                                  at /rustc/82e1608dfa6e0b5569232559e3d385fea5a93112/library/std/src/sys_common/backtrace.rs:34:9
[INFO] [stderr]      9:     0x558d5b762db7 - std::panicking::default_hook::{{closure}}::h8a1d2ee00185001a
[INFO] [stderr]     10:     0x558d5b762b1f - std::panicking::default_hook::h6038f2eba384e475
[INFO] [stderr]                                  at /rustc/82e1608dfa6e0b5569232559e3d385fea5a93112/library/std/src/panicking.rs:292:9
[INFO] [stderr]     11:     0x558d5b763238 - std::panicking::rust_panic_with_hook::h2b5517d590cab22e
[INFO] [stderr]                                  at /rustc/82e1608dfa6e0b5569232559e3d385fea5a93112/library/std/src/panicking.rs:779:13
[INFO] [stderr]     12:     0x558d5b76311e - std::panicking::begin_panic_handler::{{closure}}::h233112c06e0ef43e
[INFO] [stderr]                                  at /rustc/82e1608dfa6e0b5569232559e3d385fea5a93112/library/std/src/panicking.rs:657:13
[INFO] [stderr]     13:     0x558d5b761c86 - std::sys_common::backtrace::__rust_end_short_backtrace::h6e893f24d7ebbff8
[INFO] [stderr]                                  at /rustc/82e1608dfa6e0b5569232559e3d385fea5a93112/library/std/src/sys_common/backtrace.rs:170:18
[INFO] [stderr]     14:     0x558d5b762e82 - rust_begin_unwind
[INFO] [stderr]                                  at /rustc/82e1608dfa6e0b5569232559e3d385fea5a93112/library/std/src/panicking.rs:645:5
[INFO] [stderr]     15:     0x558d5b6e7625 - core::panicking::panic_fmt::hbf0e066aabfa482c
[INFO] [stderr]                                  at /rustc/82e1608dfa6e0b5569232559e3d385fea5a93112/library/core/src/panicking.rs:72:14
[INFO] [stderr]     16:     0x558d5b6fb271 - cmake::fail::h33a8ffb5eb1ae86c
[INFO] [stderr]     17:     0x558d5b6fa977 - cmake::run::hc6c33c97c0a9ba01
[INFO] [stderr]     18:     0x558d5b6f8627 - cmake::Config::build::hbc3e4d63f68d4c1e
[INFO] [stderr]     19:     0x558d5b6ed1c5 - build_script_build::build_shaderc_unix::h8b3a29a185fff259
[INFO] [stderr]     20:     0x558d5b6f04ca - build_script_build::main::h605fc1c8776a6101
[INFO] [stderr]     21:     0x558d5b6e8ec3 - core::ops::function::FnOnce::call_once::h1dd3e26c18df4af7
[INFO] [stderr]     22:     0x558d5b6e8066 - std::sys_common::backtrace::__rust_begin_short_backtrace::hac0b142dcf7b434f
[INFO] [stderr]     23:     0x558d5b6e8809 - std::rt::lang_start::{{closure}}::hb523e3ff14fba284
[INFO] [stderr]     24:     0x558d5b75aaf7 - core::ops::function::impls::<impl core::ops::function::FnOnce<A> for &F>::call_once::hd95060ecd5e1ca24
[INFO] [stderr]                                  at /rustc/82e1608dfa6e0b5569232559e3d385fea5a93112/library/core/src/ops/function.rs:284:13
[INFO] [stderr]     25:     0x558d5b75aaf7 - std::panicking::try::do_call::h6e8cf51db32a6e4b
[INFO] [stderr]                                  at /rustc/82e1608dfa6e0b5569232559e3d385fea5a93112/library/std/src/panicking.rs:552:40
[INFO] [stderr]     26:     0x558d5b75aaf7 - std::panicking::try::h3a52eefe24fe3c29
[INFO] [stderr]                                  at /rustc/82e1608dfa6e0b5569232559e3d385fea5a93112/library/std/src/panicking.rs:516:19
[INFO] [stderr]     27:     0x558d5b75aaf7 - std::panic::catch_unwind::h24c28c23c02c3841
[INFO] [stderr]                                  at /rustc/82e1608dfa6e0b5569232559e3d385fea5a93112/library/std/src/panic.rs:142:14
[INFO] [stderr]     28:     0x558d5b75aaf7 - std::rt::lang_start_internal::{{closure}}::h705d3c9cbc06ef47
[INFO] [stderr]                                  at /rustc/82e1608dfa6e0b5569232559e3d385fea5a93112/library/std/src/rt.rs:148:48
[INFO] [stderr]     29:     0x558d5b75aaf7 - std::panicking::try::do_call::ha21f52ba13158470
[INFO] [stderr]                                  at /rustc/82e1608dfa6e0b5569232559e3d385fea5a93112/library/std/src/panicking.rs:552:40
[INFO] [stderr]     30:     0x558d5b75aaf7 - std::panicking::try::h5581346bf6aeb1f8
[INFO] [stderr]                                  at /rustc/82e1608dfa6e0b5569232559e3d385fea5a93112/library/std/src/panicking.rs:516:19
[INFO] [stderr]     31:     0x558d5b75aaf7 - std::panic::catch_unwind::h7919645a6b72e25b
[INFO] [stderr]                                  at /rustc/82e1608dfa6e0b5569232559e3d385fea5a93112/library/std/src/panic.rs:142:14
[INFO] [stderr]     32:     0x558d5b75aaf7 - std::rt::lang_start_internal::h12de51168669836e
[INFO] [stderr]                                  at /rustc/82e1608dfa6e0b5569232559e3d385fea5a93112/library/std/src/rt.rs:148:20
[INFO] [stderr]     33:     0x558d5b6e87e7 - std::rt::lang_start::hb0c094ffe3a054bd
[INFO] [stderr]     34:     0x558d5b6f0b75 - main
[INFO] [stderr]     35:     0x7fcc81b12d90 - <unknown>
[INFO] [stderr]     36:     0x7fcc81b12e40 - __libc_start_main
[INFO] [stderr]     37:     0x558d5b6e7d45 - _start
[INFO] [stderr]     38:                0x0 - <unknown>
[INFO] running `Command { std: "docker" "inspect" "dbfb06d0629c6b9ff57522860ed9d9b91dd40b1c20eb2a8a1d4692d23a72b043", kill_on_drop: false }`
[INFO] running `Command { std: "docker" "rm" "-f" "dbfb06d0629c6b9ff57522860ed9d9b91dd40b1c20eb2a8a1d4692d23a72b043", kill_on_drop: false }`
[INFO] [stdout] dbfb06d0629c6b9ff57522860ed9d9b91dd40b1c20eb2a8a1d4692d23a72b043
