[INFO] fetching crate n64-hal 0.0.0...
[INFO] documenting n64-hal-0.0.0 against 1.75.0 for beta-1.76-rustdoc-1
[INFO] extracting crate n64-hal 0.0.0 into /workspace/builds/worker-7-tc1/source
[INFO] validating manifest of crates.io crate n64-hal 0.0.0 on toolchain 1.75.0
[INFO] running `Command { std: CARGO_HOME="/workspace/cargo-home" RUSTUP_HOME="/workspace/rustup-home" "/workspace/cargo-home/bin/cargo" "+1.75.0" "metadata" "--manifest-path" "Cargo.toml" "--no-deps", kill_on_drop: false }`
[INFO] removed /workspace/builds/worker-7-tc1/source/.cargo/config.toml
[INFO] removed /workspace/builds/worker-7-tc1/source/rust-toolchain.toml
[INFO] started tweaking crates.io crate n64-hal 0.0.0
[INFO] finished tweaking crates.io crate n64-hal 0.0.0
[INFO] tweaked toml for crates.io crate n64-hal 0.0.0 written to /workspace/builds/worker-7-tc1/source/Cargo.toml
[INFO] running `Command { std: CARGO_HOME="/workspace/cargo-home" RUSTUP_HOME="/workspace/rustup-home" "/workspace/cargo-home/bin/cargo" "+1.75.0" "generate-lockfile" "--manifest-path" "Cargo.toml", kill_on_drop: false }`
[INFO] [stderr]     Updating crates.io index
[INFO] running `Command { std: CARGO_HOME="/workspace/cargo-home" RUSTUP_HOME="/workspace/rustup-home" "/workspace/cargo-home/bin/cargo" "+1.75.0" "fetch" "--manifest-path" "Cargo.toml", kill_on_drop: false }`
[INFO] [stderr]  Downloading crates ...
[INFO] [stderr]   Downloaded proc-bitfield-macros v0.2.3
[INFO] [stderr]   Downloaded proc-bitfield v0.2.4
[INFO] [stderr]   Downloaded n64-pac v0.3.3
[INFO] running `Command { std: "docker" "create" "-v" "/var/lib/crater-agent-workspace/builds/worker-7-tc1/target:/opt/rustwide/target:rw,Z" "-v" "/var/lib/crater-agent-workspace/builds/worker-7-tc1/source:/opt/rustwide/workdir:ro,Z" "-v" "/var/lib/crater-agent-workspace/cargo-home:/opt/rustwide/cargo-home:ro,Z" "-v" "/var/lib/crater-agent-workspace/rustup-home:/opt/rustwide/rustup-home:ro,Z" "-e" "SOURCE_DIR=/opt/rustwide/workdir" "-e" "CARGO_TARGET_DIR=/opt/rustwide/target" "-e" "CARGO_HOME=/opt/rustwide/cargo-home" "-e" "RUSTUP_HOME=/opt/rustwide/rustup-home" "-w" "/opt/rustwide/workdir" "-m" "1610612736" "--user" "0:0" "--network" "none" "ghcr.io/rust-lang/crates-build-env/linux@sha256:2788e3201cd34a07e3172128adcd8b3090168a8e3bcc40d7c032b9dda1df7d1c" "/opt/rustwide/cargo-home/bin/cargo" "+1.75.0" "metadata" "--no-deps" "--format-version=1", kill_on_drop: false }`
[INFO] [stdout] ef927b00bd6167308cc5d4e16fb63079c6e42fa67bd7079207696fea1ee9732c
[INFO] running `Command { std: "docker" "start" "-a" "ef927b00bd6167308cc5d4e16fb63079c6e42fa67bd7079207696fea1ee9732c", kill_on_drop: false }`
[INFO] running `Command { std: "docker" "inspect" "ef927b00bd6167308cc5d4e16fb63079c6e42fa67bd7079207696fea1ee9732c", kill_on_drop: false }`
[INFO] running `Command { std: "docker" "rm" "-f" "ef927b00bd6167308cc5d4e16fb63079c6e42fa67bd7079207696fea1ee9732c", kill_on_drop: false }`
[INFO] [stdout] ef927b00bd6167308cc5d4e16fb63079c6e42fa67bd7079207696fea1ee9732c
[INFO] running `Command { std: "docker" "create" "-v" "/var/lib/crater-agent-workspace/builds/worker-7-tc1/target:/opt/rustwide/target:rw,Z" "-v" "/var/lib/crater-agent-workspace/builds/worker-7-tc1/source:/opt/rustwide/workdir:ro,Z" "-v" "/var/lib/crater-agent-workspace/cargo-home:/opt/rustwide/cargo-home:ro,Z" "-v" "/var/lib/crater-agent-workspace/rustup-home:/opt/rustwide/rustup-home:ro,Z" "-e" "SOURCE_DIR=/opt/rustwide/workdir" "-e" "CARGO_TARGET_DIR=/opt/rustwide/target" "-e" "CARGO_INCREMENTAL=0" "-e" "RUST_BACKTRACE=full" "-e" "RUSTFLAGS=--cap-lints=warn" "-e" "RUSTDOCFLAGS=--cap-lints=warn" "-e" "CARGO_HOME=/opt/rustwide/cargo-home" "-e" "RUSTUP_HOME=/opt/rustwide/rustup-home" "-w" "/opt/rustwide/workdir" "-m" "1610612736" "--user" "0:0" "--network" "none" "ghcr.io/rust-lang/crates-build-env/linux@sha256:2788e3201cd34a07e3172128adcd8b3090168a8e3bcc40d7c032b9dda1df7d1c" "/opt/rustwide/cargo-home/bin/cargo" "+1.75.0" "doc" "--frozen" "--no-deps" "--document-private-items" "--message-format=json", kill_on_drop: false }`
[INFO] [stdout] f7483abc0a252f1929b824ac5dbd989bf7d36aabbbe8a5276b517ef1b530acfc
[INFO] running `Command { std: "docker" "start" "-a" "f7483abc0a252f1929b824ac5dbd989bf7d36aabbbe8a5276b517ef1b530acfc", kill_on_drop: false }`
[INFO] [stderr]    Compiling proc-macro2 v1.0.76
[INFO] [stderr]    Compiling quote v1.0.35
[INFO] [stderr]    Compiling syn v1.0.109
[INFO] [stderr]    Compiling proc-bitfield-macros v0.2.3
[INFO] [stderr]    Compiling num_enum_derive v0.5.11
[INFO] [stderr]     Checking proc-bitfield v0.2.4
[INFO] [stderr]     Checking num_enum v0.5.11
[INFO] [stderr]     Checking n64-pac v0.3.3
[INFO] [stdout] error[E0554]: `#![feature]` may not be used on the stable release channel
[INFO] [stdout]   --> /opt/rustwide/cargo-home/registry/src/index.crates.io-6f17d22bba15001f/n64-pac-0.3.3/src/lib.rs:82:1
[INFO] [stdout]    |
[INFO] [stdout] 82 | #![feature(asm_experimental_arch)]
[INFO] [stdout]    | ^^^^^^^^^^^^^^^^^^^^^^^^^^^^^^^^^^
[INFO] [stdout] 
[INFO] [stdout] 
[INFO] [stdout] error[E0554]: `#![feature]` may not be used on the stable release channel
[INFO] [stdout]   --> /opt/rustwide/cargo-home/registry/src/index.crates.io-6f17d22bba15001f/n64-pac-0.3.3/src/lib.rs:83:1
[INFO] [stdout]    |
[INFO] [stdout] 83 | #![feature(asm_const)]
[INFO] [stdout]    | ^^^^^^^^^^^^^^^^^^^^^^
[INFO] [stdout] 
[INFO] [stdout] 
[INFO] [stdout] error: aborting due to 2 previous errors
[INFO] [stdout] 
[INFO] [stdout] 
[INFO] [stdout] For more information about this error, try `rustc --explain E0554`.
[INFO] [stdout] 
[INFO] [stderr] error: could not compile `n64-pac` (lib) due to 3 previous errors
[INFO] running `Command { std: "docker" "inspect" "f7483abc0a252f1929b824ac5dbd989bf7d36aabbbe8a5276b517ef1b530acfc", kill_on_drop: false }`
[INFO] running `Command { std: "docker" "rm" "-f" "f7483abc0a252f1929b824ac5dbd989bf7d36aabbbe8a5276b517ef1b530acfc", kill_on_drop: false }`
[INFO] [stdout] f7483abc0a252f1929b824ac5dbd989bf7d36aabbbe8a5276b517ef1b530acfc
[INFO] documenting n64-hal-0.0.0 against beta-2023-12-22 for beta-1.76-rustdoc-1
[INFO] extracting crate n64-hal 0.0.0 into /workspace/builds/worker-7-tc2/source
[INFO] validating manifest of crates.io crate n64-hal 0.0.0 on toolchain beta-2023-12-22
[INFO] running `Command { std: CARGO_HOME="/workspace/cargo-home" RUSTUP_HOME="/workspace/rustup-home" "/workspace/cargo-home/bin/cargo" "+beta-2023-12-22" "metadata" "--manifest-path" "Cargo.toml" "--no-deps", kill_on_drop: false }`
[INFO] removed /workspace/builds/worker-7-tc2/source/.cargo/config.toml
[INFO] removed /workspace/builds/worker-7-tc2/source/rust-toolchain.toml
[INFO] started tweaking crates.io crate n64-hal 0.0.0
[INFO] finished tweaking crates.io crate n64-hal 0.0.0
[INFO] tweaked toml for crates.io crate n64-hal 0.0.0 written to /workspace/builds/worker-7-tc2/source/Cargo.toml
[INFO] running `Command { std: CARGO_HOME="/workspace/cargo-home" RUSTUP_HOME="/workspace/rustup-home" "/workspace/cargo-home/bin/cargo" "+beta-2023-12-22" "generate-lockfile" "--manifest-path" "Cargo.toml", kill_on_drop: false }`
[INFO] [stderr]     Updating crates.io index
[INFO] running `Command { std: CARGO_HOME="/workspace/cargo-home" RUSTUP_HOME="/workspace/rustup-home" "/workspace/cargo-home/bin/cargo" "+beta-2023-12-22" "fetch" "--manifest-path" "Cargo.toml", kill_on_drop: false }`
[INFO] running `Command { std: "docker" "create" "-v" "/var/lib/crater-agent-workspace/builds/worker-7-tc2/target:/opt/rustwide/target:rw,Z" "-v" "/var/lib/crater-agent-workspace/builds/worker-7-tc2/source:/opt/rustwide/workdir:ro,Z" "-v" "/var/lib/crater-agent-workspace/cargo-home:/opt/rustwide/cargo-home:ro,Z" "-v" "/var/lib/crater-agent-workspace/rustup-home:/opt/rustwide/rustup-home:ro,Z" "-e" "SOURCE_DIR=/opt/rustwide/workdir" "-e" "CARGO_TARGET_DIR=/opt/rustwide/target" "-e" "CARGO_HOME=/opt/rustwide/cargo-home" "-e" "RUSTUP_HOME=/opt/rustwide/rustup-home" "-w" "/opt/rustwide/workdir" "-m" "1610612736" "--user" "0:0" "--network" "none" "ghcr.io/rust-lang/crates-build-env/linux@sha256:2788e3201cd34a07e3172128adcd8b3090168a8e3bcc40d7c032b9dda1df7d1c" "/opt/rustwide/cargo-home/bin/cargo" "+beta-2023-12-22" "metadata" "--no-deps" "--format-version=1", kill_on_drop: false }`
[INFO] [stdout] ab5c41cdd28bf000a7fd5d7d2beab664c2a8e7140a04135a02c02d405fa41fa5
[INFO] running `Command { std: "docker" "start" "-a" "ab5c41cdd28bf000a7fd5d7d2beab664c2a8e7140a04135a02c02d405fa41fa5", kill_on_drop: false }`
[INFO] running `Command { std: "docker" "inspect" "ab5c41cdd28bf000a7fd5d7d2beab664c2a8e7140a04135a02c02d405fa41fa5", kill_on_drop: false }`
[INFO] running `Command { std: "docker" "rm" "-f" "ab5c41cdd28bf000a7fd5d7d2beab664c2a8e7140a04135a02c02d405fa41fa5", kill_on_drop: false }`
[INFO] [stdout] ab5c41cdd28bf000a7fd5d7d2beab664c2a8e7140a04135a02c02d405fa41fa5
[INFO] running `Command { std: "docker" "create" "-v" "/var/lib/crater-agent-workspace/builds/worker-7-tc2/target:/opt/rustwide/target:rw,Z" "-v" "/var/lib/crater-agent-workspace/builds/worker-7-tc2/source:/opt/rustwide/workdir:ro,Z" "-v" "/var/lib/crater-agent-workspace/cargo-home:/opt/rustwide/cargo-home:ro,Z" "-v" "/var/lib/crater-agent-workspace/rustup-home:/opt/rustwide/rustup-home:ro,Z" "-e" "SOURCE_DIR=/opt/rustwide/workdir" "-e" "CARGO_TARGET_DIR=/opt/rustwide/target" "-e" "CARGO_INCREMENTAL=0" "-e" "RUST_BACKTRACE=full" "-e" "RUSTFLAGS=--cap-lints=warn" "-e" "RUSTDOCFLAGS=--cap-lints=warn" "-e" "CARGO_HOME=/opt/rustwide/cargo-home" "-e" "RUSTUP_HOME=/opt/rustwide/rustup-home" "-w" "/opt/rustwide/workdir" "-m" "1610612736" "--user" "0:0" "--network" "none" "ghcr.io/rust-lang/crates-build-env/linux@sha256:2788e3201cd34a07e3172128adcd8b3090168a8e3bcc40d7c032b9dda1df7d1c" "/opt/rustwide/cargo-home/bin/cargo" "+beta-2023-12-22" "doc" "--frozen" "--no-deps" "--document-private-items" "--message-format=json", kill_on_drop: false }`
[INFO] [stdout] f34f4210d9b8fc56b3c04f876c3a28ff2f6cac3ea5acc8e1e9222a4da3210ca7
[INFO] running `Command { std: "docker" "start" "-a" "f34f4210d9b8fc56b3c04f876c3a28ff2f6cac3ea5acc8e1e9222a4da3210ca7", kill_on_drop: false }`
[INFO] [stderr]    Compiling proc-macro2 v1.0.76
[INFO] [stderr]    Compiling quote v1.0.35
[INFO] [stderr]    Compiling syn v1.0.109
[INFO] [stderr]    Compiling num_enum_derive v0.5.11
[INFO] [stderr]    Compiling proc-bitfield-macros v0.2.3
[INFO] [stderr]     Checking proc-bitfield v0.2.4
[INFO] [stderr]     Checking num_enum v0.5.11
[INFO] [stderr]     Checking n64-pac v0.3.3
[INFO] [stdout] error[E0554]: `#![feature]` may not be used on the beta release channel
[INFO] [stdout]   --> /opt/rustwide/cargo-home/registry/src/index.crates.io-6f17d22bba15001f/n64-pac-0.3.3/src/lib.rs:82:1
[INFO] [stdout]    |
[INFO] [stdout] 82 | #![feature(asm_experimental_arch)]
[INFO] [stdout]    | ^^^^^^^^^^^^^^^^^^^^^^^^^^^^^^^^^^
[INFO] [stdout] 
[INFO] [stdout] 
[INFO] [stdout] error[E0554]: `#![feature]` may not be used on the beta release channel
[INFO] [stdout]   --> /opt/rustwide/cargo-home/registry/src/index.crates.io-6f17d22bba15001f/n64-pac-0.3.3/src/lib.rs:83:1
[INFO] [stdout]    |
[INFO] [stdout] 83 | #![feature(asm_const)]
[INFO] [stdout]    | ^^^^^^^^^^^^^^^^^^^^^^
[INFO] [stdout] 
[INFO] [stdout] 
[INFO] [stdout] error: aborting due to 2 previous errors
[INFO] [stdout] 
[INFO] [stdout] 
[INFO] [stdout] For more information about this error, try `rustc --explain E0554`.
[INFO] [stdout] 
[INFO] [stderr] error: could not compile `n64-pac` (lib) due to 3 previous errors
[INFO] running `Command { std: "docker" "inspect" "f34f4210d9b8fc56b3c04f876c3a28ff2f6cac3ea5acc8e1e9222a4da3210ca7", kill_on_drop: false }`
[INFO] running `Command { std: "docker" "rm" "-f" "f34f4210d9b8fc56b3c04f876c3a28ff2f6cac3ea5acc8e1e9222a4da3210ca7", kill_on_drop: false }`
[INFO] [stdout] f34f4210d9b8fc56b3c04f876c3a28ff2f6cac3ea5acc8e1e9222a4da3210ca7
