[INFO] fetching crate myval 0.1.22...
[INFO] documenting myval-0.1.22 against 1.75.0 for beta-1.76-rustdoc-1
[INFO] extracting crate myval 0.1.22 into /workspace/builds/worker-2-tc1/source
[INFO] validating manifest of crates.io crate myval 0.1.22 on toolchain 1.75.0
[INFO] running `Command { std: CARGO_HOME="/workspace/cargo-home" RUSTUP_HOME="/workspace/rustup-home" "/workspace/cargo-home/bin/cargo" "+1.75.0" "metadata" "--manifest-path" "Cargo.toml" "--no-deps", kill_on_drop: false }`
[INFO] started tweaking crates.io crate myval 0.1.22
[INFO] finished tweaking crates.io crate myval 0.1.22
[INFO] tweaked toml for crates.io crate myval 0.1.22 written to /workspace/builds/worker-2-tc1/source/Cargo.toml
[INFO] running `Command { std: CARGO_HOME="/workspace/cargo-home" RUSTUP_HOME="/workspace/rustup-home" "/workspace/cargo-home/bin/cargo" "+1.75.0" "generate-lockfile" "--manifest-path" "Cargo.toml", kill_on_drop: false }`
[INFO] [stderr]     Blocking waiting for file lock on package cache
[INFO] [stderr]     Updating crates.io index
[INFO] running `Command { std: CARGO_HOME="/workspace/cargo-home" RUSTUP_HOME="/workspace/rustup-home" "/workspace/cargo-home/bin/cargo" "+1.75.0" "fetch" "--manifest-path" "Cargo.toml", kill_on_drop: false }`
[INFO] [stderr]  Downloading crates ...
[INFO] [stderr]   Downloaded polars-io v0.28.0
[INFO] [stderr]   Downloaded polars-utils v0.28.0
[INFO] [stderr]   Downloaded polars-error v0.28.0
[INFO] [stderr]   Downloaded polars-row v0.28.0
[INFO] [stderr]   Downloaded polars-pipe v0.28.0
[INFO] [stderr]   Downloaded polars v0.28.0
[INFO] [stderr]   Downloaded polars-core v0.28.0
[INFO] [stderr]   Downloaded polars-time v0.28.0
[INFO] [stderr]   Downloaded polars-plan v0.28.0
[INFO] [stderr]   Downloaded polars-lazy v0.28.0
[INFO] [stderr]   Downloaded polars-arrow v0.28.0
[INFO] [stderr]   Downloaded polars-ops v0.28.0
[INFO] [stderr]   Downloaded sysinfo v0.28.4
[INFO] running `Command { std: "docker" "create" "-v" "/var/lib/crater-agent-workspace/builds/worker-2-tc1/target:/opt/rustwide/target:rw,Z" "-v" "/var/lib/crater-agent-workspace/builds/worker-2-tc1/source:/opt/rustwide/workdir:ro,Z" "-v" "/var/lib/crater-agent-workspace/cargo-home:/opt/rustwide/cargo-home:ro,Z" "-v" "/var/lib/crater-agent-workspace/rustup-home:/opt/rustwide/rustup-home:ro,Z" "-e" "SOURCE_DIR=/opt/rustwide/workdir" "-e" "CARGO_TARGET_DIR=/opt/rustwide/target" "-e" "CARGO_HOME=/opt/rustwide/cargo-home" "-e" "RUSTUP_HOME=/opt/rustwide/rustup-home" "-w" "/opt/rustwide/workdir" "-m" "1610612736" "--user" "0:0" "--network" "none" "ghcr.io/rust-lang/crates-build-env/linux@sha256:2788e3201cd34a07e3172128adcd8b3090168a8e3bcc40d7c032b9dda1df7d1c" "/opt/rustwide/cargo-home/bin/cargo" "+1.75.0" "metadata" "--no-deps" "--format-version=1", kill_on_drop: false }`
[INFO] [stdout] 624a2001cfc575f2f317bd125d59f7b4d7e1e3716a5f3b56bcfeaad8049b73e1
[INFO] running `Command { std: "docker" "start" "-a" "624a2001cfc575f2f317bd125d59f7b4d7e1e3716a5f3b56bcfeaad8049b73e1", kill_on_drop: false }`
[INFO] running `Command { std: "docker" "inspect" "624a2001cfc575f2f317bd125d59f7b4d7e1e3716a5f3b56bcfeaad8049b73e1", kill_on_drop: false }`
[INFO] running `Command { std: "docker" "rm" "-f" "624a2001cfc575f2f317bd125d59f7b4d7e1e3716a5f3b56bcfeaad8049b73e1", kill_on_drop: false }`
[INFO] [stdout] 624a2001cfc575f2f317bd125d59f7b4d7e1e3716a5f3b56bcfeaad8049b73e1
[INFO] running `Command { std: "docker" "create" "-v" "/var/lib/crater-agent-workspace/builds/worker-2-tc1/target:/opt/rustwide/target:rw,Z" "-v" "/var/lib/crater-agent-workspace/builds/worker-2-tc1/source:/opt/rustwide/workdir:ro,Z" "-v" "/var/lib/crater-agent-workspace/cargo-home:/opt/rustwide/cargo-home:ro,Z" "-v" "/var/lib/crater-agent-workspace/rustup-home:/opt/rustwide/rustup-home:ro,Z" "-e" "SOURCE_DIR=/opt/rustwide/workdir" "-e" "CARGO_TARGET_DIR=/opt/rustwide/target" "-e" "CARGO_INCREMENTAL=0" "-e" "RUST_BACKTRACE=full" "-e" "RUSTFLAGS=--cap-lints=warn" "-e" "RUSTDOCFLAGS=--cap-lints=warn" "-e" "CARGO_HOME=/opt/rustwide/cargo-home" "-e" "RUSTUP_HOME=/opt/rustwide/rustup-home" "-w" "/opt/rustwide/workdir" "-m" "1610612736" "--user" "0:0" "--network" "none" "ghcr.io/rust-lang/crates-build-env/linux@sha256:2788e3201cd34a07e3172128adcd8b3090168a8e3bcc40d7c032b9dda1df7d1c" "/opt/rustwide/cargo-home/bin/cargo" "+1.75.0" "doc" "--frozen" "--no-deps" "--document-private-items" "--message-format=json", kill_on_drop: false }`
[INFO] [stdout] 5ac025be3d7caac75c0ef1d9727be5e4fbff312738635daccbe3d0d2cb681930
[INFO] running `Command { std: "docker" "start" "-a" "5ac025be3d7caac75c0ef1d9727be5e4fbff312738635daccbe3d0d2cb681930", kill_on_drop: false }`
[INFO] [stderr]    Compiling proc-macro2 v1.0.76
[INFO] [stderr]    Compiling semver v1.0.21
[INFO] [stderr]    Compiling libc v0.2.151
[INFO] [stderr]    Compiling num-traits v0.2.17
[INFO] [stderr]    Compiling serde v1.0.195
[INFO] [stderr]     Checking array-init-cursor v0.2.0
[INFO] [stderr]    Compiling ahash v0.8.7
[INFO] [stderr]     Checking iana-time-zone v0.1.59
[INFO] [stderr]     Checking planus v0.3.1
[INFO] [stderr]     Checking zerocopy v0.7.32
[INFO] [stderr]     Checking once_cell v1.19.0
[INFO] [stderr]     Checking ethnum v1.5.0
[INFO] [stderr]     Checking either v1.9.0
[INFO] [stderr]     Checking dyn-clone v1.0.16
[INFO] [stderr]    Compiling quote v1.0.35
[INFO] [stderr]    Compiling rustc_version v0.4.0
[INFO] [stderr]     Checking hash_hasher v2.0.3
[INFO] [stderr]     Checking foreign_vec v0.1.0
[INFO] [stderr]    Compiling syn v2.0.48
[INFO] [stderr]     Checking simdutf8 v0.1.4
[INFO] [stderr]    Compiling arrow2 v0.17.4
[INFO] [stderr]     Checking getrandom v0.2.11
[INFO] [stderr]     Checking chrono v0.4.31
[INFO] [stderr]    Compiling serde_derive v1.0.195
[INFO] [stderr]    Compiling bytemuck_derive v1.5.0
[INFO] [stderr]     Checking bytemuck v1.14.0
[INFO] [stderr]     Checking arrow-format v0.8.1
[INFO] [stderr]  Documenting myval v0.1.22 (/opt/rustwide/workdir)
[INFO] [stderr]     Finished dev [unoptimized + debuginfo] target(s) in 10.08s
[INFO] [stderr]    Generated /opt/rustwide/target/doc/myval/index.html
[INFO] running `Command { std: "docker" "inspect" "5ac025be3d7caac75c0ef1d9727be5e4fbff312738635daccbe3d0d2cb681930", kill_on_drop: false }`
[INFO] running `Command { std: "docker" "rm" "-f" "5ac025be3d7caac75c0ef1d9727be5e4fbff312738635daccbe3d0d2cb681930", kill_on_drop: false }`
[INFO] [stdout] 5ac025be3d7caac75c0ef1d9727be5e4fbff312738635daccbe3d0d2cb681930
[INFO] running `Command { std: "docker" "create" "-v" "/var/lib/crater-agent-workspace/builds/worker-2-tc1/target:/opt/rustwide/target:rw,Z" "-v" "/var/lib/crater-agent-workspace/builds/worker-2-tc1/source:/opt/rustwide/workdir:ro,Z" "-v" "/var/lib/crater-agent-workspace/cargo-home:/opt/rustwide/cargo-home:ro,Z" "-v" "/var/lib/crater-agent-workspace/rustup-home:/opt/rustwide/rustup-home:ro,Z" "-e" "SOURCE_DIR=/opt/rustwide/workdir" "-e" "CARGO_TARGET_DIR=/opt/rustwide/target" "-e" "CARGO_INCREMENTAL=0" "-e" "RUST_BACKTRACE=full" "-e" "RUSTFLAGS=--cap-lints=warn" "-e" "RUSTDOCFLAGS=--cap-lints=warn" "-e" "RUSTC_BOOTSTRAP=1" "-e" "DOCS_RS=1" "-e" "CARGO_HOME=/opt/rustwide/cargo-home" "-e" "RUSTUP_HOME=/opt/rustwide/rustup-home" "-w" "/opt/rustwide/workdir" "-m" "1610612736" "--user" "0:0" "--network" "none" "ghcr.io/rust-lang/crates-build-env/linux@sha256:2788e3201cd34a07e3172128adcd8b3090168a8e3bcc40d7c032b9dda1df7d1c" "/opt/rustwide/cargo-home/bin/cargo" "+1.75.0" "rustdoc" "--lib" "-Zrustdoc-map" "--features" "full" "-Z" "unstable-options" "--config" "build.rustdocflags=[\"-Z\", \"unstable-options\", \"--document-private-items\"]" "--frozen" "--message-format=json", kill_on_drop: false }`
[INFO] [stdout] ac56a0a8cb39fb0bfabf9aac325818812c6db97d40feef21e0e3c82e0facaf68
[INFO] running `Command { std: "docker" "start" "-a" "ac56a0a8cb39fb0bfabf9aac325818812c6db97d40feef21e0e3c82e0facaf68", kill_on_drop: false }`
[INFO] [stderr]    Compiling pkg-config v0.3.28
[INFO] [stderr]    Compiling typenum v1.17.0
[INFO] [stderr]    Compiling proc-macro2 v1.0.76
[INFO] [stderr]     Checking once_cell v1.19.0
[INFO] [stderr]    Compiling generic-array v0.14.7
[INFO] [stderr]    Compiling jobserver v0.1.27
[INFO] [stderr]     Checking getrandom v0.2.11
[INFO] [stderr]    Compiling lock_api v0.4.11
[INFO] [stderr]    Compiling libm v0.2.8
[INFO] [stderr]    Compiling serde v1.0.195
[INFO] [stderr]    Compiling cc v1.0.83
[INFO] [stderr]    Compiling num-traits v0.2.17
[INFO] [stderr]     Checking futures-core v0.3.30
[INFO] [stderr]     Checking static_assertions v1.1.0
[INFO] [stderr]    Compiling syn v1.0.109
[INFO] [stderr]     Checking lexical-util v0.8.5
[INFO] [stderr]    Compiling quote v1.0.35
[INFO] [stderr]    Compiling vcpkg v0.2.15
[INFO] [stderr]    Compiling syn v2.0.48
[INFO] [stderr]    Compiling thiserror v1.0.56
[INFO] [stderr]     Checking futures-sink v0.3.30
[INFO] [stderr]     Checking futures-channel v0.3.30
[INFO] [stderr]     Checking ahash v0.8.7
[INFO] [stderr]     Checking mio v0.8.10
[INFO] [stderr]     Checking futures-io v0.3.30
[INFO] [stderr]     Checking futures-task v0.3.30
[INFO] [stderr]    Compiling target-features v0.1.5
[INFO] [stderr]     Checking smallvec v1.11.2
[INFO] [stderr]     Checking scopeguard v1.2.0
[INFO] [stderr]     Checking lexical-parse-integer v0.8.6
[INFO] [stderr]     Checking lexical-write-integer v0.8.5
[INFO] [stderr]    Compiling zstd-sys v2.0.9+zstd.1.5.5
[INFO] [stderr]    Compiling openssl-sys v0.9.98
[INFO] [stderr]     Checking chrono v0.4.31
[INFO] [stderr]    Compiling lz4-sys v1.9.4
[INFO] [stderr]    Compiling zstd-safe v6.0.6
[INFO] [stderr]     Checking lexical-write-float v0.8.5
[INFO] [stderr]     Checking lexical-parse-float v0.8.5
[INFO] [stderr]    Compiling arrow2 v0.17.4
[INFO] [stderr]     Checking rand_core v0.6.4
[INFO] [stderr]     Checking aho-corasick v1.1.2
[INFO] [stderr]    Compiling openssl v0.10.62
[INFO] [stderr]     Checking ppv-lite86 v0.2.17
[INFO] [stderr]    Compiling unicode-segmentation v1.10.1
[INFO] [stderr]     Checking lexical-core v0.8.5
[INFO] [stderr]    Compiling signal-hook v0.3.17
[INFO] [stderr]     Checking regex-syntax v0.8.2
[INFO] [stderr]    Compiling parking_lot_core v0.9.9
[INFO] [stderr]    Compiling heck v0.4.1
[INFO] [stderr]     Checking rand_chacha v0.3.1
[INFO] [stderr]     Checking rayon v1.8.0
[INFO] [stderr]     Checking signal-hook-registry v1.4.1
[INFO] [stderr]    Compiling smartstring v1.0.1
[INFO] [stderr]    Compiling indexmap v1.9.3
[INFO] [stderr]    Compiling rustversion v1.0.14
[INFO] [stderr]     Checking strength_reduce v0.2.4
[INFO] [stderr]     Checking rand v0.8.5
[INFO] [stderr]     Checking num_cpus v1.16.0
[INFO] [stderr]     Checking socket2 v0.5.5
[INFO] [stderr]    Compiling native-tls v0.2.11
[INFO] [stderr]     Checking hashbrown v0.12.3
[INFO] [stderr]    Compiling parking_lot_core v0.8.6
[INFO] [stderr]     Checking tokio v1.35.1
[INFO] [stderr]     Checking regex-automata v0.4.3
[INFO] [stderr]     Checking parking_lot v0.12.1
[INFO] [stderr]     Checking signal-hook-mio v0.2.3
[INFO] [stderr]     Checking sysinfo v0.28.4
[INFO] [stderr]     Checking crossterm v0.26.1
[INFO] [stderr]     Checking hashbrown v0.13.2
[INFO] [stderr]     Checking polars-utils v0.28.0
[INFO] [stderr]    Compiling crypto-common v0.1.6
[INFO] [stderr]    Compiling block-buffer v0.10.4
[INFO] [stderr]     Checking strum v0.24.1
[INFO] [stderr]    Compiling subtle v2.5.0
[INFO] [stderr]     Checking unicode-width v0.1.11
[INFO] [stderr]    Compiling digest v0.10.7
[INFO] [stderr]     Checking rand_distr v0.4.3
[INFO] [stderr]     Checking dirs-sys v0.3.7
[INFO] [stderr]    Compiling foreign-types-shared v0.1.1
[INFO] [stderr]    Compiling serde_derive v1.0.195
[INFO] [stderr]    Compiling futures-macro v0.3.30
[INFO] [stderr]    Compiling thiserror-impl v1.0.56
[INFO] [stderr]    Compiling bytemuck_derive v1.5.0
[INFO] [stderr]    Compiling openssl-macros v0.1.1
[INFO] [stderr]     Checking regex v1.10.2
[INFO] [stderr]     Checking xxhash-rust v0.8.8
[INFO] [stderr]    Compiling pin-project-lite v0.2.13
[INFO] [stderr]    Compiling tinyvec_macros v0.1.1
[INFO] [stderr]    Compiling tinyvec v1.6.0
[INFO] [stderr]     Checking futures-util v0.3.30
[INFO] [stderr]     Checking bytemuck v1.14.0
[INFO] [stderr]     Checking dirs v4.0.0
[INFO] [stderr]    Compiling foreign-types v0.3.2
[INFO] [stderr]    Compiling multiversion-macros v0.7.3
[INFO] [stderr]    Compiling strum_macros v0.24.3
[INFO] [stderr]    Compiling ahash v0.7.7
[INFO] [stderr]    Compiling bytes v1.5.0
[INFO] [stderr]    Compiling serde_json v1.0.111
[INFO] [stderr]    Compiling bitflags v2.4.1
[INFO] [stderr]    Compiling async-trait v0.1.77
[INFO] [stderr]    Compiling unicode-normalization v0.1.22
[INFO] [stderr]     Checking now v0.1.3
[INFO] [stderr]     Checking multiversion v0.7.3
[INFO] [stderr]     Checking atoi v2.0.0
[INFO] [stderr]    Compiling instant v0.1.12
[INFO] [stderr]     Checking comfy-table v6.2.0
[INFO] [stderr]    Compiling crossbeam-utils v0.8.18
[INFO] [stderr]    Compiling log v0.4.20
[INFO] [stderr]     Checking futures-executor v0.3.30
[INFO] [stderr]    Compiling openssl-probe v0.1.5
[INFO] [stderr]    Compiling zerocopy v0.7.32
[INFO] [stderr]     Checking futures v0.3.30
[INFO] [stderr]    Compiling unicode-bidi v0.3.14
[INFO] [stderr]     Checking lexical v6.1.1
[INFO] [stderr]     Checking memmap2 v0.5.10
[INFO] [stderr]    Compiling minimal-lexical v0.2.1
[INFO] [stderr]    Compiling cpufeatures v0.2.12
[INFO] [stderr]    Compiling either v1.9.0
[INFO] [stderr]    Compiling percent-encoding v2.3.1
[INFO] [stderr]     Checking fast-float v0.2.0
[INFO] [stderr]    Compiling memchr v2.7.1
[INFO] [stderr]    Compiling allocator-api2 v0.2.16
[INFO] [stderr]    Compiling hashbrown v0.14.3
[INFO] [stderr]    Compiling form_urlencoded v1.2.1
[INFO] [stderr]    Compiling nom v7.1.3
[INFO] [stderr]    Compiling itertools v0.12.0
[INFO] [stderr]    Compiling parking_lot v0.11.2
[INFO] [stderr]     Checking arrow-format v0.8.1
[INFO] [stderr]    Compiling idna v0.5.0
[INFO] [stderr]    Compiling tokio-native-tls v0.3.1
[INFO] [stderr]    Compiling hmac v0.12.1
[INFO] [stderr]    Compiling unicode_categories v0.1.1
[INFO] [stderr]    Compiling ryu v1.0.16
[INFO] [stderr]    Compiling finl_unicode v1.2.0
[INFO] [stderr]    Compiling pin-utils v0.1.0
[INFO] [stderr]    Compiling itoa v1.0.10
[INFO] [stderr]    Compiling iana-time-zone v0.1.59
[INFO] [stderr]    Compiling crc-catalog v2.4.0
[INFO] [stderr]    Compiling sqlformat v0.2.3
[INFO] [stderr]    Compiling crc v3.0.1
[INFO] [stderr]    Compiling stringprep v0.1.4
[INFO] [stderr]    Compiling url v2.5.0
[INFO] [stderr]    Compiling hkdf v0.12.4
[INFO] [stderr]    Compiling sqlx-rt v0.6.3
[INFO] [stderr]    Compiling tokio-stream v0.1.14
[INFO] [stderr]    Compiling crossbeam-queue v0.3.10
[INFO] [stderr]    Compiling futures-intrusive v0.4.2
[INFO] [stderr]    Compiling hashlink v0.8.4
[INFO] [stderr]    Compiling atoi v1.0.0
[INFO] [stderr]    Compiling sha1 v0.10.6
[INFO] [stderr]    Compiling sha2 v0.10.8
[INFO] [stderr]    Compiling md-5 v0.10.6
[INFO] [stderr]    Compiling enum_dispatch v0.3.12
[INFO] [stderr]     Checking crossbeam-channel v0.5.10
[INFO] [stderr]    Compiling dotenvy v0.15.7
[INFO] [stderr]    Compiling base64 v0.13.1
[INFO] [stderr]    Compiling event-listener v2.5.3
[INFO] [stderr]    Compiling bitflags v1.3.2
[INFO] [stderr]    Compiling byteorder v1.5.0
[INFO] [stderr]    Compiling hex v0.4.3
[INFO] [stderr]    Compiling whoami v1.4.1
[INFO] [stderr]    Compiling sqlx-core v0.6.3
[INFO] [stderr]    Compiling polars v0.28.0
[INFO] [stderr]     Checking glob v0.3.1
[INFO] [stderr]    Compiling async-stream-impl v0.3.5
[INFO] [stderr]     Checking async-stream v0.3.5
[INFO] [stderr]     Checking zstd v0.12.4
[INFO] [stderr]    Compiling sqlx-macros v0.6.3
[INFO] [stderr]     Checking lz4 v1.24.0
[INFO] [stderr]     Checking sqlx v0.6.3
[INFO] [stderr]     Checking polars-error v0.28.0
[INFO] [stderr]     Checking polars-arrow v0.28.0
[INFO] [stderr]     Checking polars-row v0.28.0
[INFO] [stdout] error[E0034]: multiple applicable items in scope
[INFO] [stdout]   --> /opt/rustwide/cargo-home/registry/src/index.crates.io-6f17d22bba15001f/polars-arrow-0.28.0/src/array/get.rs:31:17
[INFO] [stdout]    |
[INFO] [stdout] 31 |         if self.is_null_unchecked(item) {
[INFO] [stdout]    |                 ^^^^^^^^^^^^^^^^^ multiple `is_null_unchecked` found
[INFO] [stdout]    |
[INFO] [stdout] note: candidate #1 is defined in an impl of the trait `IsValid` for the type `A`
[INFO] [stdout]   --> /opt/rustwide/cargo-home/registry/src/index.crates.io-6f17d22bba15001f/polars-arrow-0.28.0/src/is_valid.rs:31:5
[INFO] [stdout]    |
[INFO] [stdout] 31 |     unsafe fn is_null_unchecked(&self, i: usize) -> bool {
[INFO] [stdout]    |     ^^^^^^^^^^^^^^^^^^^^^^^^^^^^^^^^^^^^^^^^^^^^^^^^^^^^
[INFO] [stdout]    = note: candidate #2 is defined in an impl of the trait `arrow2::array::Array` for the type `arrow2::array::PrimitiveArray<T>`
[INFO] [stdout] help: disambiguate the method for candidate #1
[INFO] [stdout]    |
[INFO] [stdout] 31 |         if IsValid::is_null_unchecked(&self, item) {
[INFO] [stdout]    |            ~~~~~~~~~~~~~~~~~~~~~~~~~~~~~~~~~~~~~~~
[INFO] [stdout] help: disambiguate the method for candidate #2
[INFO] [stdout]    |
[INFO] [stdout] 31 |         if arrow2::array::Array::is_null_unchecked(&self, item) {
[INFO] [stdout]    |            ~~~~~~~~~~~~~~~~~~~~~~~~~~~~~~~~~~~~~~~~~~~~~~~~~~~~
[INFO] [stdout] 
[INFO] [stdout] 
[INFO] [stdout] error[E0034]: multiple applicable items in scope
[INFO] [stdout]   --> /opt/rustwide/cargo-home/registry/src/index.crates.io-6f17d22bba15001f/polars-arrow-0.28.0/src/array/get.rs:54:17
[INFO] [stdout]    |
[INFO] [stdout] 54 |         if self.is_null_unchecked(item) {
[INFO] [stdout]    |                 ^^^^^^^^^^^^^^^^^ multiple `is_null_unchecked` found
[INFO] [stdout]    |
[INFO] [stdout] note: candidate #1 is defined in an impl of the trait `IsValid` for the type `A`
[INFO] [stdout]   --> /opt/rustwide/cargo-home/registry/src/index.crates.io-6f17d22bba15001f/polars-arrow-0.28.0/src/is_valid.rs:31:5
[INFO] [stdout]    |
[INFO] [stdout] 31 |     unsafe fn is_null_unchecked(&self, i: usize) -> bool {
[INFO] [stdout]    |     ^^^^^^^^^^^^^^^^^^^^^^^^^^^^^^^^^^^^^^^^^^^^^^^^^^^^
[INFO] [stdout]    = note: candidate #2 is defined in an impl of the trait `arrow2::array::Array` for the type `arrow2::array::BooleanArray`
[INFO] [stdout] help: disambiguate the method for candidate #1
[INFO] [stdout]    |
[INFO] [stdout] 54 |         if IsValid::is_null_unchecked(&self, item) {
[INFO] [stdout]    |            ~~~~~~~~~~~~~~~~~~~~~~~~~~~~~~~~~~~~~~~
[INFO] [stdout] help: disambiguate the method for candidate #2
[INFO] [stdout]    |
[INFO] [stdout] 54 |         if arrow2::array::Array::is_null_unchecked(&self, item) {
[INFO] [stdout]    |            ~~~~~~~~~~~~~~~~~~~~~~~~~~~~~~~~~~~~~~~~~~~~~~~~~~~~
[INFO] [stdout] 
[INFO] [stdout] 
[INFO] [stdout] error[E0034]: multiple applicable items in scope
[INFO] [stdout]   --> /opt/rustwide/cargo-home/registry/src/index.crates.io-6f17d22bba15001f/polars-arrow-0.28.0/src/array/get.rs:77:17
[INFO] [stdout]    |
[INFO] [stdout] 77 |         if self.is_null_unchecked(item) {
[INFO] [stdout]    |                 ^^^^^^^^^^^^^^^^^ multiple `is_null_unchecked` found
[INFO] [stdout]    |
[INFO] [stdout] note: candidate #1 is defined in an impl of the trait `IsValid` for the type `A`
[INFO] [stdout]   --> /opt/rustwide/cargo-home/registry/src/index.crates.io-6f17d22bba15001f/polars-arrow-0.28.0/src/is_valid.rs:31:5
[INFO] [stdout]    |
[INFO] [stdout] 31 |     unsafe fn is_null_unchecked(&self, i: usize) -> bool {
[INFO] [stdout]    |     ^^^^^^^^^^^^^^^^^^^^^^^^^^^^^^^^^^^^^^^^^^^^^^^^^^^^
[INFO] [stdout]    = note: candidate #2 is defined in an impl of the trait `arrow2::array::Array` for the type `arrow2::array::Utf8Array<O>`
[INFO] [stdout] help: disambiguate the method for candidate #1
[INFO] [stdout]    |
[INFO] [stdout] 77 |         if IsValid::is_null_unchecked(&self, item) {
[INFO] [stdout]    |            ~~~~~~~~~~~~~~~~~~~~~~~~~~~~~~~~~~~~~~~
[INFO] [stdout] help: disambiguate the method for candidate #2
[INFO] [stdout]    |
[INFO] [stdout] 77 |         if arrow2::array::Array::is_null_unchecked(&self, item) {
[INFO] [stdout]    |            ~~~~~~~~~~~~~~~~~~~~~~~~~~~~~~~~~~~~~~~~~~~~~~~~~~~~
[INFO] [stdout] 
[INFO] [stdout] 
[INFO] [stdout] error[E0034]: multiple applicable items in scope
[INFO] [stdout]    --> /opt/rustwide/cargo-home/registry/src/index.crates.io-6f17d22bba15001f/polars-arrow-0.28.0/src/array/get.rs:100:17
[INFO] [stdout]     |
[INFO] [stdout] 100 |         if self.is_null_unchecked(item) {
[INFO] [stdout]     |                 ^^^^^^^^^^^^^^^^^ multiple `is_null_unchecked` found
[INFO] [stdout]     |
[INFO] [stdout] note: candidate #1 is defined in an impl of the trait `IsValid` for the type `A`
[INFO] [stdout]    --> /opt/rustwide/cargo-home/registry/src/index.crates.io-6f17d22bba15001f/polars-arrow-0.28.0/src/is_valid.rs:31:5
[INFO] [stdout]     |
[INFO] [stdout] 31  |     unsafe fn is_null_unchecked(&self, i: usize) -> bool {
[INFO] [stdout]     |     ^^^^^^^^^^^^^^^^^^^^^^^^^^^^^^^^^^^^^^^^^^^^^^^^^^^^
[INFO] [stdout]     = note: candidate #2 is defined in an impl of the trait `arrow2::array::Array` for the type `arrow2::array::BinaryArray<O>`
[INFO] [stdout] help: disambiguate the method for candidate #1
[INFO] [stdout]     |
[INFO] [stdout] 100 |         if IsValid::is_null_unchecked(&self, item) {
[INFO] [stdout]     |            ~~~~~~~~~~~~~~~~~~~~~~~~~~~~~~~~~~~~~~~
[INFO] [stdout] help: disambiguate the method for candidate #2
[INFO] [stdout]     |
[INFO] [stdout] 100 |         if arrow2::array::Array::is_null_unchecked(&self, item) {
[INFO] [stdout]     |            ~~~~~~~~~~~~~~~~~~~~~~~~~~~~~~~~~~~~~~~~~~~~~~~~~~~~
[INFO] [stdout] 
[INFO] [stdout] 
[INFO] [stdout] error[E0034]: multiple applicable items in scope
[INFO] [stdout]    --> /opt/rustwide/cargo-home/registry/src/index.crates.io-6f17d22bba15001f/polars-arrow-0.28.0/src/array/get.rs:124:17
[INFO] [stdout]     |
[INFO] [stdout] 124 |         if self.is_null_unchecked(item) {
[INFO] [stdout]     |                 ^^^^^^^^^^^^^^^^^ multiple `is_null_unchecked` found
[INFO] [stdout]     |
[INFO] [stdout] note: candidate #1 is defined in an impl of the trait `IsValid` for the type `A`
[INFO] [stdout]    --> /opt/rustwide/cargo-home/registry/src/index.crates.io-6f17d22bba15001f/polars-arrow-0.28.0/src/is_valid.rs:31:5
[INFO] [stdout]     |
[INFO] [stdout] 31  |     unsafe fn is_null_unchecked(&self, i: usize) -> bool {
[INFO] [stdout]     |     ^^^^^^^^^^^^^^^^^^^^^^^^^^^^^^^^^^^^^^^^^^^^^^^^^^^^
[INFO] [stdout]     = note: candidate #2 is defined in an impl of the trait `arrow2::array::Array` for the type `arrow2::array::ListArray<O>`
[INFO] [stdout] help: disambiguate the method for candidate #1
[INFO] [stdout]     |
[INFO] [stdout] 124 |         if IsValid::is_null_unchecked(&self, item) {
[INFO] [stdout]     |            ~~~~~~~~~~~~~~~~~~~~~~~~~~~~~~~~~~~~~~~
[INFO] [stdout] help: disambiguate the method for candidate #2
[INFO] [stdout]     |
[INFO] [stdout] 124 |         if arrow2::array::Array::is_null_unchecked(&self, item) {
[INFO] [stdout]     |            ~~~~~~~~~~~~~~~~~~~~~~~~~~~~~~~~~~~~~~~~~~~~~~~~~~~~
[INFO] [stdout] 
[INFO] [stdout] 
[INFO] [stdout] error: aborting due to 5 previous errors
[INFO] [stdout] 
[INFO] [stdout] 
[INFO] [stdout] For more information about this error, try `rustc --explain E0034`.
[INFO] [stdout] 
[INFO] [stderr] error: could not compile `polars-arrow` (lib) due to 6 previous errors
[INFO] running `Command { std: "docker" "inspect" "ac56a0a8cb39fb0bfabf9aac325818812c6db97d40feef21e0e3c82e0facaf68", kill_on_drop: false }`
[INFO] running `Command { std: "docker" "rm" "-f" "ac56a0a8cb39fb0bfabf9aac325818812c6db97d40feef21e0e3c82e0facaf68", kill_on_drop: false }`
[INFO] [stdout] ac56a0a8cb39fb0bfabf9aac325818812c6db97d40feef21e0e3c82e0facaf68
[INFO] documenting myval-0.1.22 against beta-2023-12-22 for beta-1.76-rustdoc-1
[INFO] extracting crate myval 0.1.22 into /workspace/builds/worker-2-tc2/source
[INFO] validating manifest of crates.io crate myval 0.1.22 on toolchain beta-2023-12-22
[INFO] running `Command { std: CARGO_HOME="/workspace/cargo-home" RUSTUP_HOME="/workspace/rustup-home" "/workspace/cargo-home/bin/cargo" "+beta-2023-12-22" "metadata" "--manifest-path" "Cargo.toml" "--no-deps", kill_on_drop: false }`
[INFO] started tweaking crates.io crate myval 0.1.22
[INFO] finished tweaking crates.io crate myval 0.1.22
[INFO] tweaked toml for crates.io crate myval 0.1.22 written to /workspace/builds/worker-2-tc2/source/Cargo.toml
[INFO] running `Command { std: CARGO_HOME="/workspace/cargo-home" RUSTUP_HOME="/workspace/rustup-home" "/workspace/cargo-home/bin/cargo" "+beta-2023-12-22" "generate-lockfile" "--manifest-path" "Cargo.toml", kill_on_drop: false }`
[INFO] [stderr]     Updating crates.io index
[INFO] running `Command { std: CARGO_HOME="/workspace/cargo-home" RUSTUP_HOME="/workspace/rustup-home" "/workspace/cargo-home/bin/cargo" "+beta-2023-12-22" "fetch" "--manifest-path" "Cargo.toml", kill_on_drop: false }`
[INFO] running `Command { std: "docker" "create" "-v" "/var/lib/crater-agent-workspace/builds/worker-2-tc2/target:/opt/rustwide/target:rw,Z" "-v" "/var/lib/crater-agent-workspace/builds/worker-2-tc2/source:/opt/rustwide/workdir:ro,Z" "-v" "/var/lib/crater-agent-workspace/cargo-home:/opt/rustwide/cargo-home:ro,Z" "-v" "/var/lib/crater-agent-workspace/rustup-home:/opt/rustwide/rustup-home:ro,Z" "-e" "SOURCE_DIR=/opt/rustwide/workdir" "-e" "CARGO_TARGET_DIR=/opt/rustwide/target" "-e" "CARGO_HOME=/opt/rustwide/cargo-home" "-e" "RUSTUP_HOME=/opt/rustwide/rustup-home" "-w" "/opt/rustwide/workdir" "-m" "1610612736" "--user" "0:0" "--network" "none" "ghcr.io/rust-lang/crates-build-env/linux@sha256:2788e3201cd34a07e3172128adcd8b3090168a8e3bcc40d7c032b9dda1df7d1c" "/opt/rustwide/cargo-home/bin/cargo" "+beta-2023-12-22" "metadata" "--no-deps" "--format-version=1", kill_on_drop: false }`
[INFO] [stdout] 99681ab83aee202cbc84082914ce46c62d2b475b25eb222dc7c001d0af5f36de
[INFO] running `Command { std: "docker" "start" "-a" "99681ab83aee202cbc84082914ce46c62d2b475b25eb222dc7c001d0af5f36de", kill_on_drop: false }`
[INFO] running `Command { std: "docker" "inspect" "99681ab83aee202cbc84082914ce46c62d2b475b25eb222dc7c001d0af5f36de", kill_on_drop: false }`
[INFO] running `Command { std: "docker" "rm" "-f" "99681ab83aee202cbc84082914ce46c62d2b475b25eb222dc7c001d0af5f36de", kill_on_drop: false }`
[INFO] [stdout] 99681ab83aee202cbc84082914ce46c62d2b475b25eb222dc7c001d0af5f36de
[INFO] running `Command { std: "docker" "create" "-v" "/var/lib/crater-agent-workspace/builds/worker-2-tc2/target:/opt/rustwide/target:rw,Z" "-v" "/var/lib/crater-agent-workspace/builds/worker-2-tc2/source:/opt/rustwide/workdir:ro,Z" "-v" "/var/lib/crater-agent-workspace/cargo-home:/opt/rustwide/cargo-home:ro,Z" "-v" "/var/lib/crater-agent-workspace/rustup-home:/opt/rustwide/rustup-home:ro,Z" "-e" "SOURCE_DIR=/opt/rustwide/workdir" "-e" "CARGO_TARGET_DIR=/opt/rustwide/target" "-e" "CARGO_INCREMENTAL=0" "-e" "RUST_BACKTRACE=full" "-e" "RUSTFLAGS=--cap-lints=warn" "-e" "RUSTDOCFLAGS=--cap-lints=warn" "-e" "CARGO_HOME=/opt/rustwide/cargo-home" "-e" "RUSTUP_HOME=/opt/rustwide/rustup-home" "-w" "/opt/rustwide/workdir" "-m" "1610612736" "--user" "0:0" "--network" "none" "ghcr.io/rust-lang/crates-build-env/linux@sha256:2788e3201cd34a07e3172128adcd8b3090168a8e3bcc40d7c032b9dda1df7d1c" "/opt/rustwide/cargo-home/bin/cargo" "+beta-2023-12-22" "doc" "--frozen" "--no-deps" "--document-private-items" "--message-format=json", kill_on_drop: false }`
[INFO] [stdout] 10375c8c366ad19ff982a4c8614968b4681f4f37d25b4315541c87235ffe0274
[INFO] running `Command { std: "docker" "start" "-a" "10375c8c366ad19ff982a4c8614968b4681f4f37d25b4315541c87235ffe0274", kill_on_drop: false }`
[INFO] [stderr]    Compiling proc-macro2 v1.0.76
[INFO] [stderr]    Compiling semver v1.0.21
[INFO] [stderr]    Compiling libc v0.2.151
[INFO] [stderr]    Compiling serde v1.0.195
[INFO] [stderr]     Checking array-init-cursor v0.2.0
[INFO] [stderr]    Compiling num-traits v0.2.17
[INFO] [stderr]    Compiling ahash v0.8.7
[INFO] [stderr]     Checking once_cell v1.19.0
[INFO] [stderr]     Checking planus v0.3.1
[INFO] [stderr]     Checking zerocopy v0.7.32
[INFO] [stderr]     Checking iana-time-zone v0.1.59
[INFO] [stderr]     Checking simdutf8 v0.1.4
[INFO] [stderr]     Checking foreign_vec v0.1.0
[INFO] [stderr]     Checking dyn-clone v1.0.16
[INFO] [stderr]     Checking ethnum v1.5.0
[INFO] [stderr]     Checking either v1.9.0
[INFO] [stderr]     Checking hash_hasher v2.0.3
[INFO] [stderr]    Compiling rustc_version v0.4.0
[INFO] [stderr]    Compiling quote v1.0.35
[INFO] [stderr]    Compiling arrow2 v0.17.4
[INFO] [stderr]    Compiling syn v2.0.48
[INFO] [stderr]     Checking getrandom v0.2.11
[INFO] [stderr]     Checking chrono v0.4.31
[INFO] [stderr]    Compiling serde_derive v1.0.195
[INFO] [stderr]    Compiling bytemuck_derive v1.5.0
[INFO] [stderr]     Checking bytemuck v1.14.0
[INFO] [stderr]     Checking arrow-format v0.8.1
[INFO] [stderr]  Documenting myval v0.1.22 (/opt/rustwide/workdir)
[INFO] [stderr]     Finished dev [unoptimized + debuginfo] target(s) in 25.03s
[INFO] [stderr]    Generated /opt/rustwide/target/doc/myval/index.html
[INFO] running `Command { std: "docker" "inspect" "10375c8c366ad19ff982a4c8614968b4681f4f37d25b4315541c87235ffe0274", kill_on_drop: false }`
[INFO] running `Command { std: "docker" "rm" "-f" "10375c8c366ad19ff982a4c8614968b4681f4f37d25b4315541c87235ffe0274", kill_on_drop: false }`
[INFO] [stdout] 10375c8c366ad19ff982a4c8614968b4681f4f37d25b4315541c87235ffe0274
[INFO] running `Command { std: "docker" "create" "-v" "/var/lib/crater-agent-workspace/builds/worker-2-tc2/target:/opt/rustwide/target:rw,Z" "-v" "/var/lib/crater-agent-workspace/builds/worker-2-tc2/source:/opt/rustwide/workdir:ro,Z" "-v" "/var/lib/crater-agent-workspace/cargo-home:/opt/rustwide/cargo-home:ro,Z" "-v" "/var/lib/crater-agent-workspace/rustup-home:/opt/rustwide/rustup-home:ro,Z" "-e" "SOURCE_DIR=/opt/rustwide/workdir" "-e" "CARGO_TARGET_DIR=/opt/rustwide/target" "-e" "CARGO_INCREMENTAL=0" "-e" "RUST_BACKTRACE=full" "-e" "RUSTFLAGS=--cap-lints=warn" "-e" "RUSTDOCFLAGS=--cap-lints=warn" "-e" "DOCS_RS=1" "-e" "RUSTC_BOOTSTRAP=1" "-e" "CARGO_HOME=/opt/rustwide/cargo-home" "-e" "RUSTUP_HOME=/opt/rustwide/rustup-home" "-w" "/opt/rustwide/workdir" "-m" "1610612736" "--user" "0:0" "--network" "none" "ghcr.io/rust-lang/crates-build-env/linux@sha256:2788e3201cd34a07e3172128adcd8b3090168a8e3bcc40d7c032b9dda1df7d1c" "/opt/rustwide/cargo-home/bin/cargo" "+beta-2023-12-22" "rustdoc" "--lib" "-Zrustdoc-map" "--features" "full" "-Z" "unstable-options" "--config" "build.rustdocflags=[\"-Z\", \"unstable-options\", \"--document-private-items\"]" "--frozen" "--message-format=json", kill_on_drop: false }`
[INFO] [stdout] c1a064e790928e14a4a2dc4bd223b5e49e3047fd5ca88d904dc7b982e2328b38
[INFO] running `Command { std: "docker" "start" "-a" "c1a064e790928e14a4a2dc4bd223b5e49e3047fd5ca88d904dc7b982e2328b38", kill_on_drop: false }`
[INFO] [stderr]    Compiling pkg-config v0.3.28
[INFO] [stderr]     Checking once_cell v1.19.0
[INFO] [stderr]    Compiling proc-macro2 v1.0.76
[INFO] [stderr]    Compiling typenum v1.17.0
[INFO] [stderr]    Compiling generic-array v0.14.7
[INFO] [stderr]    Compiling jobserver v0.1.27
[INFO] [stderr]     Checking getrandom v0.2.11
[INFO] [stderr]    Compiling lock_api v0.4.11
[INFO] [stderr]    Compiling cc v1.0.83
[INFO] [stderr]    Compiling libm v0.2.8
[INFO] [stderr]    Compiling serde v1.0.195
[INFO] [stderr]    Compiling num-traits v0.2.17
[INFO] [stderr]     Checking static_assertions v1.1.0
[INFO] [stderr]     Checking futures-core v0.3.30
[INFO] [stderr]    Compiling syn v1.0.109
[INFO] [stderr]     Checking lexical-util v0.8.5
[INFO] [stderr]    Compiling quote v1.0.35
[INFO] [stderr]    Compiling vcpkg v0.2.15
[INFO] [stderr]     Checking futures-sink v0.3.30
[INFO] [stderr]    Compiling thiserror v1.0.56
[INFO] [stderr]     Checking futures-channel v0.3.30
[INFO] [stderr]    Compiling syn v2.0.48
[INFO] [stderr]     Checking ahash v0.8.7
[INFO] [stderr]     Checking mio v0.8.10
[INFO] [stderr]    Compiling zstd-sys v2.0.9+zstd.1.5.5
[INFO] [stderr]    Compiling target-features v0.1.5
[INFO] [stderr]     Checking futures-task v0.3.30
[INFO] [stderr]     Checking smallvec v1.11.2
[INFO] [stderr]     Checking futures-io v0.3.30
[INFO] [stderr]     Checking scopeguard v1.2.0
[INFO] [stderr]    Compiling lz4-sys v1.9.4
[INFO] [stderr]     Checking lexical-parse-integer v0.8.6
[INFO] [stderr]    Compiling openssl-sys v0.9.98
[INFO] [stderr]     Checking lexical-write-integer v0.8.5
[INFO] [stderr]    Compiling zstd-safe v6.0.6
[INFO] [stderr]     Checking lexical-parse-float v0.8.5
[INFO] [stderr]     Checking lexical-write-float v0.8.5
[INFO] [stderr]     Checking chrono v0.4.31
[INFO] [stderr]    Compiling arrow2 v0.17.4
[INFO] [stderr]     Checking aho-corasick v1.1.2
[INFO] [stderr]     Checking rand_core v0.6.4
[INFO] [stderr]     Checking regex-syntax v0.8.2
[INFO] [stderr]     Checking lexical-core v0.8.5
[INFO] [stderr]    Compiling unicode-segmentation v1.10.1
[INFO] [stderr]    Compiling openssl v0.10.62
[INFO] [stderr]    Compiling signal-hook v0.3.17
[INFO] [stderr]     Checking ppv-lite86 v0.2.17
[INFO] [stderr]    Compiling parking_lot_core v0.9.9
[INFO] [stderr]    Compiling heck v0.4.1
[INFO] [stderr]     Checking rand_chacha v0.3.1
[INFO] [stderr]     Checking rayon v1.8.0
[INFO] [stderr]     Checking signal-hook-registry v1.4.1
[INFO] [stderr]    Compiling indexmap v1.9.3
[INFO] [stderr]    Compiling smartstring v1.0.1
[INFO] [stderr]     Checking strength_reduce v0.2.4
[INFO] [stderr]    Compiling rustversion v1.0.14
[INFO] [stderr]     Checking rand v0.8.5
[INFO] [stderr]     Checking num_cpus v1.16.0
[INFO] [stderr]     Checking socket2 v0.5.5
[INFO] [stderr]    Compiling parking_lot_core v0.8.6
[INFO] [stderr]     Checking hashbrown v0.12.3
[INFO] [stderr]    Compiling native-tls v0.2.11
[INFO] [stderr]     Checking regex-automata v0.4.3
[INFO] [stderr]     Checking tokio v1.35.1
[INFO] [stderr]     Checking signal-hook-mio v0.2.3
[INFO] [stderr]     Checking parking_lot v0.12.1
[INFO] [stderr]     Checking sysinfo v0.28.4
[INFO] [stderr]     Checking crossterm v0.26.1
[INFO] [stderr]     Checking hashbrown v0.13.2
[INFO] [stderr]     Checking polars-utils v0.28.0
[INFO] [stderr]    Compiling crypto-common v0.1.6
[INFO] [stderr]    Compiling block-buffer v0.10.4
[INFO] [stderr]    Compiling subtle v2.5.0
[INFO] [stderr]     Checking strum v0.24.1
[INFO] [stderr]     Checking unicode-width v0.1.11
[INFO] [stderr]    Compiling digest v0.10.7
[INFO] [stderr]     Checking rand_distr v0.4.3
[INFO] [stderr]     Checking regex v1.10.2
[INFO] [stderr]     Checking dirs-sys v0.3.7
[INFO] [stderr]     Checking xxhash-rust v0.8.8
[INFO] [stderr]    Compiling tinyvec_macros v0.1.1
[INFO] [stderr]    Compiling pin-project-lite v0.2.13
[INFO] [stderr]    Compiling foreign-types-shared v0.1.1
[INFO] [stderr]    Compiling tinyvec v1.6.0
[INFO] [stderr]    Compiling foreign-types v0.3.2
[INFO] [stderr]     Checking dirs v4.0.0
[INFO] [stderr]    Compiling ahash v0.7.7
[INFO] [stderr]    Compiling serde_derive v1.0.195
[INFO] [stderr]    Compiling futures-macro v0.3.30
[INFO] [stderr]    Compiling thiserror-impl v1.0.56
[INFO] [stderr]    Compiling bytemuck_derive v1.5.0
[INFO] [stderr]    Compiling openssl-macros v0.1.1
[INFO] [stderr]    Compiling bitflags v2.4.1
[INFO] [stderr]    Compiling bytes v1.5.0
[INFO] [stderr]    Compiling serde_json v1.0.111
[INFO] [stderr]    Compiling async-trait v0.1.77
[INFO] [stderr]     Checking bytemuck v1.14.0
[INFO] [stderr]     Checking futures-util v0.3.30
[INFO] [stderr]    Compiling multiversion-macros v0.7.3
[INFO] [stderr]    Compiling strum_macros v0.24.3
[INFO] [stderr]    Compiling unicode-normalization v0.1.22
[INFO] [stderr]     Checking now v0.1.3
[INFO] [stderr]     Checking atoi v2.0.0
[INFO] [stderr]    Compiling instant v0.1.12
[INFO] [stderr]    Compiling openssl-probe v0.1.5
[INFO] [stderr]    Compiling zerocopy v0.7.32
[INFO] [stderr]    Compiling log v0.4.20
[INFO] [stderr]    Compiling unicode-bidi v0.3.14
[INFO] [stderr]    Compiling crossbeam-utils v0.8.18
[INFO] [stderr]     Checking futures-executor v0.3.30
[INFO] [stderr]     Checking multiversion v0.7.3
[INFO] [stderr]     Checking futures v0.3.30
[INFO] [stderr]     Checking comfy-table v6.2.0
[INFO] [stderr]     Checking lexical v6.1.1
[INFO] [stderr]     Checking memmap2 v0.5.10
[INFO] [stderr]    Compiling memchr v2.7.1
[INFO] [stderr]    Compiling either v1.9.0
[INFO] [stderr]    Compiling cpufeatures v0.2.12
[INFO] [stderr]    Compiling percent-encoding v2.3.1
[INFO] [stderr]     Checking fast-float v0.2.0
[INFO] [stderr]    Compiling minimal-lexical v0.2.1
[INFO] [stderr]    Compiling allocator-api2 v0.2.16
[INFO] [stderr]    Compiling form_urlencoded v1.2.1
[INFO] [stderr]    Compiling itertools v0.12.0
[INFO] [stderr]    Compiling tokio-native-tls v0.3.1
[INFO] [stderr]    Compiling nom v7.1.3
[INFO] [stderr]    Compiling hashbrown v0.14.3
[INFO] [stderr]    Compiling parking_lot v0.11.2
[INFO] [stderr]    Compiling idna v0.5.0
[INFO] [stderr]    Compiling hmac v0.12.1
[INFO] [stderr]    Compiling crc-catalog v2.4.0
[INFO] [stderr]    Compiling pin-utils v0.1.0
[INFO] [stderr]    Compiling finl_unicode v1.2.0
[INFO] [stderr]    Compiling itoa v1.0.10
[INFO] [stderr]     Checking arrow-format v0.8.1
[INFO] [stderr]    Compiling iana-time-zone v0.1.59
[INFO] [stderr]    Compiling unicode_categories v0.1.1
[INFO] [stderr]    Compiling ryu v1.0.16
[INFO] [stderr]    Compiling stringprep v0.1.4
[INFO] [stderr]    Compiling sqlformat v0.2.3
[INFO] [stderr]    Compiling crc v3.0.1
[INFO] [stderr]    Compiling hkdf v0.12.4
[INFO] [stderr]    Compiling url v2.5.0
[INFO] [stderr]    Compiling crossbeam-queue v0.3.10
[INFO] [stderr]    Compiling futures-intrusive v0.4.2
[INFO] [stderr]    Compiling hashlink v0.8.4
[INFO] [stderr]    Compiling sqlx-rt v0.6.3
[INFO] [stderr]    Compiling sha1 v0.10.6
[INFO] [stderr]    Compiling sha2 v0.10.8
[INFO] [stderr]    Compiling atoi v1.0.0
[INFO] [stderr]    Compiling tokio-stream v0.1.14
[INFO] [stderr]    Compiling enum_dispatch v0.3.12
[INFO] [stderr]    Compiling md-5 v0.10.6
[INFO] [stderr]     Checking crossbeam-channel v0.5.10
[INFO] [stderr]    Compiling bitflags v1.3.2
[INFO] [stderr]    Compiling base64 v0.13.1
[INFO] [stderr]    Compiling whoami v1.4.1
[INFO] [stderr]    Compiling dotenvy v0.15.7
[INFO] [stderr]    Compiling hex v0.4.3
[INFO] [stderr]    Compiling event-listener v2.5.3
[INFO] [stderr]    Compiling byteorder v1.5.0
[INFO] [stderr]    Compiling sqlx-core v0.6.3
[INFO] [stderr]    Compiling polars v0.28.0
[INFO] [stderr]     Checking glob v0.3.1
[INFO] [stderr]    Compiling async-stream-impl v0.3.5
[INFO] [stderr]     Checking async-stream v0.3.5
[INFO] [stderr]     Checking zstd v0.12.4
[INFO] [stderr]    Compiling sqlx-macros v0.6.3
[INFO] [stderr]     Checking lz4 v1.24.0
[INFO] [stderr]     Checking sqlx v0.6.3
[INFO] [stderr]     Checking polars-error v0.28.0
[INFO] [stderr]     Checking polars-arrow v0.28.0
[INFO] [stderr]     Checking polars-row v0.28.0
[INFO] [stdout] error[E0034]: multiple applicable items in scope
[INFO] [stdout]   --> /opt/rustwide/cargo-home/registry/src/index.crates.io-6f17d22bba15001f/polars-arrow-0.28.0/src/array/get.rs:31:17
[INFO] [stdout]    |
[INFO] [stdout] 31 |         if self.is_null_unchecked(item) {
[INFO] [stdout]    |                 ^^^^^^^^^^^^^^^^^ multiple `is_null_unchecked` found
[INFO] [stdout]    |
[INFO] [stdout] note: candidate #1 is defined in an impl of the trait `IsValid` for the type `A`
[INFO] [stdout]   --> /opt/rustwide/cargo-home/registry/src/index.crates.io-6f17d22bba15001f/polars-arrow-0.28.0/src/is_valid.rs:31:5
[INFO] [stdout]    |
[INFO] [stdout] 31 |     unsafe fn is_null_unchecked(&self, i: usize) -> bool {
[INFO] [stdout]    |     ^^^^^^^^^^^^^^^^^^^^^^^^^^^^^^^^^^^^^^^^^^^^^^^^^^^^
[INFO] [stdout]    = note: candidate #2 is defined in an impl of the trait `arrow2::array::Array` for the type `arrow2::array::PrimitiveArray<T>`
[INFO] [stdout] help: disambiguate the method for candidate #1
[INFO] [stdout]    |
[INFO] [stdout] 31 |         if IsValid::is_null_unchecked(&self, item) {
[INFO] [stdout]    |            ~~~~~~~~~~~~~~~~~~~~~~~~~~~~~~~~~~~~~~~
[INFO] [stdout] help: disambiguate the method for candidate #2
[INFO] [stdout]    |
[INFO] [stdout] 31 |         if arrow2::array::Array::is_null_unchecked(&self, item) {
[INFO] [stdout]    |            ~~~~~~~~~~~~~~~~~~~~~~~~~~~~~~~~~~~~~~~~~~~~~~~~~~~~
[INFO] [stdout] 
[INFO] [stdout] 
[INFO] [stdout] error[E0034]: multiple applicable items in scope
[INFO] [stdout]   --> /opt/rustwide/cargo-home/registry/src/index.crates.io-6f17d22bba15001f/polars-arrow-0.28.0/src/array/get.rs:54:17
[INFO] [stdout]    |
[INFO] [stdout] 54 |         if self.is_null_unchecked(item) {
[INFO] [stdout]    |                 ^^^^^^^^^^^^^^^^^ multiple `is_null_unchecked` found
[INFO] [stdout]    |
[INFO] [stdout] note: candidate #1 is defined in an impl of the trait `IsValid` for the type `A`
[INFO] [stdout]   --> /opt/rustwide/cargo-home/registry/src/index.crates.io-6f17d22bba15001f/polars-arrow-0.28.0/src/is_valid.rs:31:5
[INFO] [stdout]    |
[INFO] [stdout] 31 |     unsafe fn is_null_unchecked(&self, i: usize) -> bool {
[INFO] [stdout]    |     ^^^^^^^^^^^^^^^^^^^^^^^^^^^^^^^^^^^^^^^^^^^^^^^^^^^^
[INFO] [stdout]    = note: candidate #2 is defined in an impl of the trait `arrow2::array::Array` for the type `arrow2::array::BooleanArray`
[INFO] [stdout] help: disambiguate the method for candidate #1
[INFO] [stdout]    |
[INFO] [stdout] 54 |         if IsValid::is_null_unchecked(&self, item) {
[INFO] [stdout]    |            ~~~~~~~~~~~~~~~~~~~~~~~~~~~~~~~~~~~~~~~
[INFO] [stdout] help: disambiguate the method for candidate #2
[INFO] [stdout]    |
[INFO] [stdout] 54 |         if arrow2::array::Array::is_null_unchecked(&self, item) {
[INFO] [stdout]    |            ~~~~~~~~~~~~~~~~~~~~~~~~~~~~~~~~~~~~~~~~~~~~~~~~~~~~
[INFO] [stdout] 
[INFO] [stdout] 
[INFO] [stdout] error[E0034]: multiple applicable items in scope
[INFO] [stdout]   --> /opt/rustwide/cargo-home/registry/src/index.crates.io-6f17d22bba15001f/polars-arrow-0.28.0/src/array/get.rs:77:17
[INFO] [stdout]    |
[INFO] [stdout] 77 |         if self.is_null_unchecked(item) {
[INFO] [stdout]    |                 ^^^^^^^^^^^^^^^^^ multiple `is_null_unchecked` found
[INFO] [stdout]    |
[INFO] [stdout] note: candidate #1 is defined in an impl of the trait `IsValid` for the type `A`
[INFO] [stdout]   --> /opt/rustwide/cargo-home/registry/src/index.crates.io-6f17d22bba15001f/polars-arrow-0.28.0/src/is_valid.rs:31:5
[INFO] [stdout]    |
[INFO] [stdout] 31 |     unsafe fn is_null_unchecked(&self, i: usize) -> bool {
[INFO] [stdout]    |     ^^^^^^^^^^^^^^^^^^^^^^^^^^^^^^^^^^^^^^^^^^^^^^^^^^^^
[INFO] [stdout]    = note: candidate #2 is defined in an impl of the trait `arrow2::array::Array` for the type `arrow2::array::Utf8Array<O>`
[INFO] [stdout] help: disambiguate the method for candidate #1
[INFO] [stdout]    |
[INFO] [stdout] 77 |         if IsValid::is_null_unchecked(&self, item) {
[INFO] [stdout]    |            ~~~~~~~~~~~~~~~~~~~~~~~~~~~~~~~~~~~~~~~
[INFO] [stdout] help: disambiguate the method for candidate #2
[INFO] [stdout]    |
[INFO] [stdout] 77 |         if arrow2::array::Array::is_null_unchecked(&self, item) {
[INFO] [stdout]    |            ~~~~~~~~~~~~~~~~~~~~~~~~~~~~~~~~~~~~~~~~~~~~~~~~~~~~
[INFO] [stdout] 
[INFO] [stdout] 
[INFO] [stdout] error[E0034]: multiple applicable items in scope
[INFO] [stdout]    --> /opt/rustwide/cargo-home/registry/src/index.crates.io-6f17d22bba15001f/polars-arrow-0.28.0/src/array/get.rs:100:17
[INFO] [stdout]     |
[INFO] [stdout] 100 |         if self.is_null_unchecked(item) {
[INFO] [stdout]     |                 ^^^^^^^^^^^^^^^^^ multiple `is_null_unchecked` found
[INFO] [stdout]     |
[INFO] [stdout] note: candidate #1 is defined in an impl of the trait `IsValid` for the type `A`
[INFO] [stdout]    --> /opt/rustwide/cargo-home/registry/src/index.crates.io-6f17d22bba15001f/polars-arrow-0.28.0/src/is_valid.rs:31:5
[INFO] [stdout]     |
[INFO] [stdout] 31  |     unsafe fn is_null_unchecked(&self, i: usize) -> bool {
[INFO] [stdout]     |     ^^^^^^^^^^^^^^^^^^^^^^^^^^^^^^^^^^^^^^^^^^^^^^^^^^^^
[INFO] [stdout]     = note: candidate #2 is defined in an impl of the trait `arrow2::array::Array` for the type `arrow2::array::BinaryArray<O>`
[INFO] [stdout] help: disambiguate the method for candidate #1
[INFO] [stdout]     |
[INFO] [stdout] 100 |         if IsValid::is_null_unchecked(&self, item) {
[INFO] [stdout]     |            ~~~~~~~~~~~~~~~~~~~~~~~~~~~~~~~~~~~~~~~
[INFO] [stdout] help: disambiguate the method for candidate #2
[INFO] [stdout]     |
[INFO] [stdout] 100 |         if arrow2::array::Array::is_null_unchecked(&self, item) {
[INFO] [stdout]     |            ~~~~~~~~~~~~~~~~~~~~~~~~~~~~~~~~~~~~~~~~~~~~~~~~~~~~
[INFO] [stdout] 
[INFO] [stdout] 
[INFO] [stdout] error[E0034]: multiple applicable items in scope
[INFO] [stdout]    --> /opt/rustwide/cargo-home/registry/src/index.crates.io-6f17d22bba15001f/polars-arrow-0.28.0/src/array/get.rs:124:17
[INFO] [stdout]     |
[INFO] [stdout] 124 |         if self.is_null_unchecked(item) {
[INFO] [stdout]     |                 ^^^^^^^^^^^^^^^^^ multiple `is_null_unchecked` found
[INFO] [stdout]     |
[INFO] [stdout] note: candidate #1 is defined in an impl of the trait `IsValid` for the type `A`
[INFO] [stdout]    --> /opt/rustwide/cargo-home/registry/src/index.crates.io-6f17d22bba15001f/polars-arrow-0.28.0/src/is_valid.rs:31:5
[INFO] [stdout]     |
[INFO] [stdout] 31  |     unsafe fn is_null_unchecked(&self, i: usize) -> bool {
[INFO] [stdout]     |     ^^^^^^^^^^^^^^^^^^^^^^^^^^^^^^^^^^^^^^^^^^^^^^^^^^^^
[INFO] [stdout]     = note: candidate #2 is defined in an impl of the trait `arrow2::array::Array` for the type `arrow2::array::ListArray<O>`
[INFO] [stdout] help: disambiguate the method for candidate #1
[INFO] [stdout]     |
[INFO] [stdout] 124 |         if IsValid::is_null_unchecked(&self, item) {
[INFO] [stdout]     |            ~~~~~~~~~~~~~~~~~~~~~~~~~~~~~~~~~~~~~~~
[INFO] [stdout] help: disambiguate the method for candidate #2
[INFO] [stdout]     |
[INFO] [stdout] 124 |         if arrow2::array::Array::is_null_unchecked(&self, item) {
[INFO] [stdout]     |            ~~~~~~~~~~~~~~~~~~~~~~~~~~~~~~~~~~~~~~~~~~~~~~~~~~~~
[INFO] [stdout] 
[INFO] [stdout] 
[INFO] [stdout] error: aborting due to 5 previous errors
[INFO] [stdout] 
[INFO] [stdout] 
[INFO] [stdout] For more information about this error, try `rustc --explain E0034`.
[INFO] [stdout] 
[INFO] [stderr] error: could not compile `polars-arrow` (lib) due to 6 previous errors
[INFO] running `Command { std: "docker" "inspect" "c1a064e790928e14a4a2dc4bd223b5e49e3047fd5ca88d904dc7b982e2328b38", kill_on_drop: false }`
[INFO] running `Command { std: "docker" "rm" "-f" "c1a064e790928e14a4a2dc4bd223b5e49e3047fd5ca88d904dc7b982e2328b38", kill_on_drop: false }`
[INFO] [stdout] c1a064e790928e14a4a2dc4bd223b5e49e3047fd5ca88d904dc7b982e2328b38
