[INFO] fetching crate music-player-storage 0.1.10...
[INFO] documenting music-player-storage-0.1.10 against 1.75.0 for beta-1.76-rustdoc-1
[INFO] extracting crate music-player-storage 0.1.10 into /workspace/builds/worker-3-tc1/source
[INFO] validating manifest of crates.io crate music-player-storage 0.1.10 on toolchain 1.75.0
[INFO] running `Command { std: CARGO_HOME="/workspace/cargo-home" RUSTUP_HOME="/workspace/rustup-home" "/workspace/cargo-home/bin/cargo" "+1.75.0" "metadata" "--manifest-path" "Cargo.toml" "--no-deps", kill_on_drop: false }`
[INFO] started tweaking crates.io crate music-player-storage 0.1.10
[INFO] finished tweaking crates.io crate music-player-storage 0.1.10
[INFO] tweaked toml for crates.io crate music-player-storage 0.1.10 written to /workspace/builds/worker-3-tc1/source/Cargo.toml
[INFO] running `Command { std: CARGO_HOME="/workspace/cargo-home" RUSTUP_HOME="/workspace/rustup-home" "/workspace/cargo-home/bin/cargo" "+1.75.0" "generate-lockfile" "--manifest-path" "Cargo.toml", kill_on_drop: false }`
[INFO] [stderr]     Updating crates.io index
[INFO] running `Command { std: CARGO_HOME="/workspace/cargo-home" RUSTUP_HOME="/workspace/rustup-home" "/workspace/cargo-home/bin/cargo" "+1.75.0" "fetch" "--manifest-path" "Cargo.toml", kill_on_drop: false }`
[INFO] [stderr]  Downloading crates ...
[INFO] [stderr]   Downloaded local-ip-addr v0.1.1
[INFO] [stderr]   Downloaded if-addrs v0.7.0
[INFO] [stderr]   Downloaded levenshtein_automata v0.2.1
[INFO] [stderr]   Downloaded fastdivide v0.4.0
[INFO] [stderr]   Downloaded mdns v3.0.0
[INFO] [stderr]   Downloaded ownedbytes v0.4.0
[INFO] [stderr]   Downloaded tantivy-common v0.4.0
[INFO] [stderr]   Downloaded measure_time v0.8.2
[INFO] [stderr]   Downloaded sea-query-driver v0.2.2
[INFO] [stderr]   Downloaded ogg_pager v0.3.2
[INFO] [stderr]   Downloaded music-player-settings v0.1.6
[INFO] [stderr]   Downloaded murmurhash32 v0.2.0
[INFO] [stderr]   Downloaded tantivy-bitpacker v0.3.0
[INFO] [stderr]   Downloaded xml-builder v0.5.2
[INFO] [stderr]   Downloaded music-player-entity v0.1.7
[INFO] [stderr]   Downloaded census v0.4.1
[INFO] [stderr]   Downloaded colored_json v3.2.0
[INFO] [stderr]   Downloaded tantivy-query-grammar v0.19.0
[INFO] [stderr]   Downloaded upnp-client v0.1.9
[INFO] [stderr]   Downloaded oneshot v0.1.6
[INFO] [stderr]   Downloaded mdns-sd v0.5.10
[INFO] [stderr]   Downloaded elementtree v1.2.3
[INFO] [stderr]   Downloaded lofty v0.9.0
[INFO] [stderr]   Downloaded sea-orm v0.9.3
[INFO] [stderr]   Downloaded tantivy-fst v0.4.0
[INFO] [stderr]   Downloaded tantivy v0.19.2
[INFO] [stderr]   Downloaded sea-query v0.26.4
[INFO] [stderr]   Downloaded surf v2.3.2
[INFO] [stderr]   Downloaded err-derive v0.2.4
[INFO] [stderr]   Downloaded libmdns v0.7.5
[INFO] [stderr]   Downloaded fastfield_codecs v0.3.1
[INFO] [stderr]   Downloaded htmlescape v0.3.1
[INFO] [stderr]   Downloaded dns-parser v0.8.0
[INFO] [stderr]   Downloaded music-player-discovery v0.1.3
[INFO] [stderr]   Downloaded sea-orm-macros v0.9.3
[INFO] [stderr]   Downloaded bitpacking v0.8.4
[INFO] [stderr]   Downloaded async-dup v1.2.4
[INFO] [stderr]   Downloaded fail v0.5.1
[INFO] [stderr]   Downloaded music-player-types v0.1.6
[INFO] [stderr]   Downloaded lofty_attr v0.4.0
[INFO] running `Command { std: "docker" "create" "-v" "/var/lib/crater-agent-workspace/builds/worker-3-tc1/target:/opt/rustwide/target:rw,Z" "-v" "/var/lib/crater-agent-workspace/builds/worker-3-tc1/source:/opt/rustwide/workdir:ro,Z" "-v" "/var/lib/crater-agent-workspace/cargo-home:/opt/rustwide/cargo-home:ro,Z" "-v" "/var/lib/crater-agent-workspace/rustup-home:/opt/rustwide/rustup-home:ro,Z" "-e" "SOURCE_DIR=/opt/rustwide/workdir" "-e" "CARGO_TARGET_DIR=/opt/rustwide/target" "-e" "CARGO_HOME=/opt/rustwide/cargo-home" "-e" "RUSTUP_HOME=/opt/rustwide/rustup-home" "-w" "/opt/rustwide/workdir" "-m" "1610612736" "--user" "0:0" "--network" "none" "ghcr.io/rust-lang/crates-build-env/linux@sha256:2788e3201cd34a07e3172128adcd8b3090168a8e3bcc40d7c032b9dda1df7d1c" "/opt/rustwide/cargo-home/bin/cargo" "+1.75.0" "metadata" "--no-deps" "--format-version=1", kill_on_drop: false }`
[INFO] [stdout] 151cc2a33021c4d01b0d72e3154737228c70c474e1fcee0c5c4189e9188dcc65
[INFO] running `Command { std: "docker" "start" "-a" "151cc2a33021c4d01b0d72e3154737228c70c474e1fcee0c5c4189e9188dcc65", kill_on_drop: false }`
[INFO] running `Command { std: "docker" "inspect" "151cc2a33021c4d01b0d72e3154737228c70c474e1fcee0c5c4189e9188dcc65", kill_on_drop: false }`
[INFO] running `Command { std: "docker" "rm" "-f" "151cc2a33021c4d01b0d72e3154737228c70c474e1fcee0c5c4189e9188dcc65", kill_on_drop: false }`
[INFO] [stdout] 151cc2a33021c4d01b0d72e3154737228c70c474e1fcee0c5c4189e9188dcc65
[INFO] running `Command { std: "docker" "create" "-v" "/var/lib/crater-agent-workspace/builds/worker-3-tc1/target:/opt/rustwide/target:rw,Z" "-v" "/var/lib/crater-agent-workspace/builds/worker-3-tc1/source:/opt/rustwide/workdir:ro,Z" "-v" "/var/lib/crater-agent-workspace/cargo-home:/opt/rustwide/cargo-home:ro,Z" "-v" "/var/lib/crater-agent-workspace/rustup-home:/opt/rustwide/rustup-home:ro,Z" "-e" "SOURCE_DIR=/opt/rustwide/workdir" "-e" "CARGO_TARGET_DIR=/opt/rustwide/target" "-e" "CARGO_INCREMENTAL=0" "-e" "RUST_BACKTRACE=full" "-e" "RUSTFLAGS=--cap-lints=warn" "-e" "RUSTDOCFLAGS=--cap-lints=warn" "-e" "CARGO_HOME=/opt/rustwide/cargo-home" "-e" "RUSTUP_HOME=/opt/rustwide/rustup-home" "-w" "/opt/rustwide/workdir" "-m" "1610612736" "--user" "0:0" "--network" "none" "ghcr.io/rust-lang/crates-build-env/linux@sha256:2788e3201cd34a07e3172128adcd8b3090168a8e3bcc40d7c032b9dda1df7d1c" "/opt/rustwide/cargo-home/bin/cargo" "+1.75.0" "doc" "--frozen" "--no-deps" "--document-private-items" "--message-format=json", kill_on_drop: false }`
[INFO] [stdout] bfb1509ea24756a28d3783306254ec79d608715a3481e3d4781994640ad89f91
[INFO] running `Command { std: "docker" "start" "-a" "bfb1509ea24756a28d3783306254ec79d608715a3481e3d4781994640ad89f91", kill_on_drop: false }`
[INFO] [stderr]    Compiling libc v0.2.151
[INFO] [stderr]     Checking value-bag v1.4.3
[INFO] [stderr]    Compiling syn v1.0.109
[INFO] [stderr]     Checking getrandom v0.2.11
[INFO] [stderr]    Compiling serde_derive v1.0.195
[INFO] [stderr]     Checking futures-io v0.3.30
[INFO] [stderr]    Compiling thiserror v1.0.56
[INFO] [stderr]    Compiling thiserror-impl v1.0.56
[INFO] [stderr]     Checking concurrent-queue v2.4.0
[INFO] [stderr]    Compiling tracing-attributes v0.1.27
[INFO] [stderr]    Compiling ahash v0.8.7
[INFO] [stderr]     Checking log v0.4.20
[INFO] [stderr]    Compiling rustix v0.38.28
[INFO] [stderr]    Compiling serde_json v1.0.111
[INFO] [stderr]     Checking event-listener v4.0.3
[INFO] [stderr]     Checking linux-raw-sys v0.4.12
[INFO] [stderr]    Compiling tokio-macros v2.2.0
[INFO] [stderr]    Compiling cc v1.0.83
[INFO] [stderr]     Checking event-listener-strategy v0.4.0
[INFO] [stderr]     Checking async-lock v3.2.0
[INFO] [stderr]    Compiling pin-project-internal v1.1.3
[INFO] [stderr]     Checking tokio v1.35.1
[INFO] [stderr]    Compiling scopeguard v1.2.0
[INFO] [stderr]    Compiling lock_api v0.4.11
[INFO] [stderr]    Compiling ring v0.16.20
[INFO] [stderr]    Compiling ring v0.17.7
[INFO] [stderr]     Checking tracing v0.1.40
[INFO] [stderr]     Checking futures-channel v0.3.30
[INFO] [stderr]     Checking futures-lite v2.2.0
[INFO] [stderr]    Compiling futures-macro v0.3.30
[INFO] [stderr]     Checking futures-task v0.3.30
[INFO] [stderr]     Checking ahash v0.7.7
[INFO] [stderr]     Checking rand_core v0.6.4
[INFO] [stderr]     Checking allocator-api2 v0.2.16
[INFO] [stderr]     Checking futures-util v0.3.30
[INFO] [stderr]     Checking serde v1.0.195
[INFO] [stderr]     Checking hashbrown v0.14.3
[INFO] [stderr]     Checking rand_chacha v0.3.1
[INFO] [stderr]     Checking hashbrown v0.12.3
[INFO] [stderr]     Checking polling v3.3.1
[INFO] [stderr]     Checking polling v2.8.0
[INFO] [stderr]     Checking io-lifetimes v1.0.11
[INFO] [stderr]     Checking async-io v2.2.2
[INFO] [stderr]    Compiling spin v0.9.8
[INFO] [stderr]    Compiling rustls v0.20.9
[INFO] [stderr]     Checking async-task v4.7.0
[INFO] [stderr]     Checking futures-lite v1.13.0
[INFO] [stderr]     Checking piper v0.2.1
[INFO] [stderr]     Checking rustix v0.37.27
[INFO] [stderr]     Checking rand v0.8.5
[INFO] [stderr]     Checking pin-project v1.1.3
[INFO] [stderr]     Checking async-channel v2.1.1
[INFO] [stderr]     Checking cipher v0.2.5
[INFO] [stdout] error[E0554]: `#![feature]` may not be used on the stable release channel
[INFO] [stdout]    --> /opt/rustwide/cargo-home/registry/src/index.crates.io-6f17d22bba15001f/rustix-0.37.27/src/lib.rs:101:26
[INFO] [stdout]     |
[INFO] [stdout] 101 | #![cfg_attr(rustc_attrs, feature(rustc_attrs))]
[INFO] [stdout]     |                          ^^^^^^^^^^^^^^^^^^^^
[INFO] [stdout] 
[INFO] [stdout] 
[INFO] [stdout] error[E0554]: `#![feature]` may not be used on the stable release channel
[INFO] [stdout]    --> /opt/rustwide/cargo-home/registry/src/index.crates.io-6f17d22bba15001f/rustix-0.37.27/src/lib.rs:117:5
[INFO] [stdout]     |
[INFO] [stdout] 117 |     feature(core_intrinsics)
[INFO] [stdout]     |     ^^^^^^^^^^^^^^^^^^^^^^^^
[INFO] [stdout] 
[INFO] [stdout] 
[INFO] [stderr]    Compiling time-core v0.1.2
[INFO] [stdout] error[E0554]: `#![feature]` may not be used on the stable release channel
[INFO] [stdout]    --> /opt/rustwide/cargo-home/registry/src/index.crates.io-6f17d22bba15001f/rustix-0.37.27/src/lib.rs:117:13
[INFO] [stdout]     |
[INFO] [stdout] 117 |     feature(core_intrinsics)
[INFO] [stdout]     |             ^^^^^^^^^^^^^^^
[INFO] [stdout] 
[INFO] [stdout] 
[INFO] [stderr]    Compiling untrusted v0.9.0
[INFO] [stderr]    Compiling time-macros v0.2.16
[INFO] [stderr]     Checking blocking v1.5.1
[INFO] [stderr]     Checking async-signal v0.2.5
[INFO] [stderr]    Compiling proc-macro-error-attr v1.0.4
[INFO] [stderr]     Checking async-executor v1.8.0
[INFO] [stdout] error: aborting due to 3 previous errors
[INFO] [stdout] 
[INFO] [stdout] 
[INFO] [stdout] For more information about this error, try `rustc --explain E0554`.
[INFO] [stdout] 
[INFO] [stderr] error: could not compile `rustix` (lib) due to 4 previous errors
[INFO] [stderr] warning: build failed, waiting for other jobs to finish...
[INFO] running `Command { std: "docker" "inspect" "bfb1509ea24756a28d3783306254ec79d608715a3481e3d4781994640ad89f91", kill_on_drop: false }`
[INFO] running `Command { std: "docker" "rm" "-f" "bfb1509ea24756a28d3783306254ec79d608715a3481e3d4781994640ad89f91", kill_on_drop: false }`
[INFO] [stdout] bfb1509ea24756a28d3783306254ec79d608715a3481e3d4781994640ad89f91
[INFO] documenting music-player-storage-0.1.10 against beta-2023-12-22 for beta-1.76-rustdoc-1
[INFO] extracting crate music-player-storage 0.1.10 into /workspace/builds/worker-3-tc2/source
[INFO] validating manifest of crates.io crate music-player-storage 0.1.10 on toolchain beta-2023-12-22
[INFO] running `Command { std: CARGO_HOME="/workspace/cargo-home" RUSTUP_HOME="/workspace/rustup-home" "/workspace/cargo-home/bin/cargo" "+beta-2023-12-22" "metadata" "--manifest-path" "Cargo.toml" "--no-deps", kill_on_drop: false }`
[INFO] started tweaking crates.io crate music-player-storage 0.1.10
[INFO] finished tweaking crates.io crate music-player-storage 0.1.10
[INFO] tweaked toml for crates.io crate music-player-storage 0.1.10 written to /workspace/builds/worker-3-tc2/source/Cargo.toml
[INFO] running `Command { std: CARGO_HOME="/workspace/cargo-home" RUSTUP_HOME="/workspace/rustup-home" "/workspace/cargo-home/bin/cargo" "+beta-2023-12-22" "generate-lockfile" "--manifest-path" "Cargo.toml", kill_on_drop: false }`
[INFO] [stderr]     Updating crates.io index
[INFO] running `Command { std: CARGO_HOME="/workspace/cargo-home" RUSTUP_HOME="/workspace/rustup-home" "/workspace/cargo-home/bin/cargo" "+beta-2023-12-22" "fetch" "--manifest-path" "Cargo.toml", kill_on_drop: false }`
[INFO] running `Command { std: "docker" "create" "-v" "/var/lib/crater-agent-workspace/builds/worker-3-tc2/target:/opt/rustwide/target:rw,Z" "-v" "/var/lib/crater-agent-workspace/builds/worker-3-tc2/source:/opt/rustwide/workdir:ro,Z" "-v" "/var/lib/crater-agent-workspace/cargo-home:/opt/rustwide/cargo-home:ro,Z" "-v" "/var/lib/crater-agent-workspace/rustup-home:/opt/rustwide/rustup-home:ro,Z" "-e" "SOURCE_DIR=/opt/rustwide/workdir" "-e" "CARGO_TARGET_DIR=/opt/rustwide/target" "-e" "CARGO_HOME=/opt/rustwide/cargo-home" "-e" "RUSTUP_HOME=/opt/rustwide/rustup-home" "-w" "/opt/rustwide/workdir" "-m" "1610612736" "--user" "0:0" "--network" "none" "ghcr.io/rust-lang/crates-build-env/linux@sha256:2788e3201cd34a07e3172128adcd8b3090168a8e3bcc40d7c032b9dda1df7d1c" "/opt/rustwide/cargo-home/bin/cargo" "+beta-2023-12-22" "metadata" "--no-deps" "--format-version=1", kill_on_drop: false }`
[INFO] [stdout] 775a80010ceac29ab07761737a2e91b88a7382976004ff1f6206bfc113317377
[INFO] running `Command { std: "docker" "start" "-a" "775a80010ceac29ab07761737a2e91b88a7382976004ff1f6206bfc113317377", kill_on_drop: false }`
[INFO] running `Command { std: "docker" "inspect" "775a80010ceac29ab07761737a2e91b88a7382976004ff1f6206bfc113317377", kill_on_drop: false }`
[INFO] running `Command { std: "docker" "rm" "-f" "775a80010ceac29ab07761737a2e91b88a7382976004ff1f6206bfc113317377", kill_on_drop: false }`
[INFO] [stdout] 775a80010ceac29ab07761737a2e91b88a7382976004ff1f6206bfc113317377
[INFO] running `Command { std: "docker" "create" "-v" "/var/lib/crater-agent-workspace/builds/worker-3-tc2/target:/opt/rustwide/target:rw,Z" "-v" "/var/lib/crater-agent-workspace/builds/worker-3-tc2/source:/opt/rustwide/workdir:ro,Z" "-v" "/var/lib/crater-agent-workspace/cargo-home:/opt/rustwide/cargo-home:ro,Z" "-v" "/var/lib/crater-agent-workspace/rustup-home:/opt/rustwide/rustup-home:ro,Z" "-e" "SOURCE_DIR=/opt/rustwide/workdir" "-e" "CARGO_TARGET_DIR=/opt/rustwide/target" "-e" "CARGO_INCREMENTAL=0" "-e" "RUST_BACKTRACE=full" "-e" "RUSTFLAGS=--cap-lints=warn" "-e" "RUSTDOCFLAGS=--cap-lints=warn" "-e" "CARGO_HOME=/opt/rustwide/cargo-home" "-e" "RUSTUP_HOME=/opt/rustwide/rustup-home" "-w" "/opt/rustwide/workdir" "-m" "1610612736" "--user" "0:0" "--network" "none" "ghcr.io/rust-lang/crates-build-env/linux@sha256:2788e3201cd34a07e3172128adcd8b3090168a8e3bcc40d7c032b9dda1df7d1c" "/opt/rustwide/cargo-home/bin/cargo" "+beta-2023-12-22" "doc" "--frozen" "--no-deps" "--document-private-items" "--message-format=json", kill_on_drop: false }`
[INFO] [stdout] 6d1d10851731744950edf070008d9bbc6843698e6dcc9c93a2549d94752469b8
[INFO] running `Command { std: "docker" "start" "-a" "6d1d10851731744950edf070008d9bbc6843698e6dcc9c93a2549d94752469b8", kill_on_drop: false }`
[INFO] [stderr]    Compiling libc v0.2.151
[INFO] [stderr]     Checking value-bag v1.4.3
[INFO] [stderr]    Compiling syn v1.0.109
[INFO] [stderr]     Checking getrandom v0.2.11
[INFO] [stderr]    Compiling serde_derive v1.0.195
[INFO] [stderr]     Checking futures-io v0.3.30
[INFO] [stderr]    Compiling thiserror v1.0.56
[INFO] [stderr]    Compiling thiserror-impl v1.0.56
[INFO] [stderr]     Checking concurrent-queue v2.4.0
[INFO] [stderr]    Compiling tracing-attributes v0.1.27
[INFO] [stderr]    Compiling ahash v0.8.7
[INFO] [stderr]     Checking log v0.4.20
[INFO] [stderr]    Compiling rustix v0.38.28
[INFO] [stderr]    Compiling serde_json v1.0.111
[INFO] [stderr]     Checking event-listener v4.0.3
[INFO] [stderr]    Compiling cc v1.0.83
[INFO] [stderr]     Checking linux-raw-sys v0.4.12
[INFO] [stderr]     Checking event-listener-strategy v0.4.0
[INFO] [stderr]    Compiling tokio-macros v2.2.0
[INFO] [stderr]     Checking async-lock v3.2.0
[INFO] [stderr]    Compiling pin-project-internal v1.1.3
[INFO] [stderr]     Checking tokio v1.35.1
[INFO] [stderr]    Compiling ring v0.16.20
[INFO] [stderr]    Compiling ring v0.17.7
[INFO] [stderr]     Checking tracing v0.1.40
[INFO] [stderr]    Compiling scopeguard v1.2.0
[INFO] [stderr]    Compiling lock_api v0.4.11
[INFO] [stderr]     Checking futures-channel v0.3.30
[INFO] [stderr]     Checking futures-lite v2.2.0
[INFO] [stderr]    Compiling futures-macro v0.3.30
[INFO] [stderr]     Checking futures-task v0.3.30
[INFO] [stderr]     Checking ahash v0.7.7
[INFO] [stderr]     Checking rand_core v0.6.4
[INFO] [stderr]     Checking allocator-api2 v0.2.16
[INFO] [stderr]     Checking futures-util v0.3.30
[INFO] [stderr]     Checking hashbrown v0.14.3
[INFO] [stderr]     Checking serde v1.0.195
[INFO] [stderr]     Checking rand_chacha v0.3.1
[INFO] [stderr]     Checking hashbrown v0.12.3
[INFO] [stderr]     Checking polling v2.8.0
[INFO] [stderr]     Checking polling v3.3.1
[INFO] [stderr]     Checking io-lifetimes v1.0.11
[INFO] [stderr]    Compiling spin v0.9.8
[INFO] [stderr]     Checking async-io v2.2.2
[INFO] [stderr]     Checking async-task v4.7.0
[INFO] [stderr]    Compiling rustls v0.20.9
[INFO] [stderr]     Checking piper v0.2.1
[INFO] [stderr]     Checking rustix v0.37.27
[INFO] [stderr]     Checking futures-lite v1.13.0
[INFO] [stderr]     Checking rand v0.8.5
[INFO] [stderr]     Checking pin-project v1.1.3
[INFO] [stderr]     Checking async-channel v2.1.1
[INFO] [stdout] error[E0554]: `#![feature]` may not be used on the beta release channel
[INFO] [stdout]    --> /opt/rustwide/cargo-home/registry/src/index.crates.io-6f17d22bba15001f/rustix-0.37.27/src/lib.rs:101:26
[INFO] [stdout]     |
[INFO] [stdout] 101 | #![cfg_attr(rustc_attrs, feature(rustc_attrs))]
[INFO] [stdout]     |                          ^^^^^^^^^^^^^^^^^^^^
[INFO] [stdout] 
[INFO] [stdout] 
[INFO] [stdout] error[E0554]: `#![feature]` may not be used on the beta release channel
[INFO] [stdout]    --> /opt/rustwide/cargo-home/registry/src/index.crates.io-6f17d22bba15001f/rustix-0.37.27/src/lib.rs:117:5
[INFO] [stdout]     |
[INFO] [stdout] 117 |     feature(core_intrinsics)
[INFO] [stdout]     |     ^^^^^^^^^^^^^^^^^^^^^^^^
[INFO] [stdout] 
[INFO] [stdout] 
[INFO] [stderr]     Checking cipher v0.2.5
[INFO] [stderr]    Compiling untrusted v0.9.0
[INFO] [stdout] error[E0554]: `#![feature]` may not be used on the beta release channel
[INFO] [stdout]    --> /opt/rustwide/cargo-home/registry/src/index.crates.io-6f17d22bba15001f/rustix-0.37.27/src/lib.rs:117:13
[INFO] [stdout]     |
[INFO] [stdout] 117 |     feature(core_intrinsics)
[INFO] [stdout]     |             ^^^^^^^^^^^^^^^
[INFO] [stdout] 
[INFO] [stdout] 
[INFO] [stderr]    Compiling time-core v0.1.2
[INFO] [stderr]    Compiling time-macros v0.2.16
[INFO] [stderr]     Checking blocking v1.5.1
[INFO] [stderr]     Checking async-signal v0.2.5
[INFO] [stdout] error: aborting due to 3 previous errors
[INFO] [stdout] 
[INFO] [stdout] 
[INFO] [stdout] For more information about this error, try `rustc --explain E0554`.
[INFO] [stdout] 
[INFO] [stderr] error: could not compile `rustix` (lib) due to 4 previous errors
[INFO] [stderr] warning: build failed, waiting for other jobs to finish...
[INFO] running `Command { std: "docker" "inspect" "6d1d10851731744950edf070008d9bbc6843698e6dcc9c93a2549d94752469b8", kill_on_drop: false }`
[INFO] running `Command { std: "docker" "rm" "-f" "6d1d10851731744950edf070008d9bbc6843698e6dcc9c93a2549d94752469b8", kill_on_drop: false }`
[INFO] [stdout] 6d1d10851731744950edf070008d9bbc6843698e6dcc9c93a2549d94752469b8
