[INFO] fetching crate mun_lld 110.0.0...
[INFO] documenting mun_lld-110.0.0 against 1.75.0 for beta-1.76-rustdoc-1
[INFO] extracting crate mun_lld 110.0.0 into /workspace/builds/worker-7-tc1/source
[INFO] validating manifest of crates.io crate mun_lld 110.0.0 on toolchain 1.75.0
[INFO] running `Command { std: CARGO_HOME="/workspace/cargo-home" RUSTUP_HOME="/workspace/rustup-home" "/workspace/cargo-home/bin/cargo" "+1.75.0" "metadata" "--manifest-path" "Cargo.toml" "--no-deps", kill_on_drop: false }`
[INFO] started tweaking crates.io crate mun_lld 110.0.0
[INFO] finished tweaking crates.io crate mun_lld 110.0.0
[INFO] tweaked toml for crates.io crate mun_lld 110.0.0 written to /workspace/builds/worker-7-tc1/source/Cargo.toml
[INFO] running `Command { std: CARGO_HOME="/workspace/cargo-home" RUSTUP_HOME="/workspace/rustup-home" "/workspace/cargo-home/bin/cargo" "+1.75.0" "generate-lockfile" "--manifest-path" "Cargo.toml", kill_on_drop: false }`
[INFO] [stderr]     Updating crates.io index
[INFO] running `Command { std: CARGO_HOME="/workspace/cargo-home" RUSTUP_HOME="/workspace/rustup-home" "/workspace/cargo-home/bin/cargo" "+1.75.0" "fetch" "--manifest-path" "Cargo.toml", kill_on_drop: false }`
[INFO] running `Command { std: "docker" "create" "-v" "/var/lib/crater-agent-workspace/builds/worker-7-tc1/target:/opt/rustwide/target:rw,Z" "-v" "/var/lib/crater-agent-workspace/builds/worker-7-tc1/source:/opt/rustwide/workdir:ro,Z" "-v" "/var/lib/crater-agent-workspace/cargo-home:/opt/rustwide/cargo-home:ro,Z" "-v" "/var/lib/crater-agent-workspace/rustup-home:/opt/rustwide/rustup-home:ro,Z" "-e" "SOURCE_DIR=/opt/rustwide/workdir" "-e" "CARGO_TARGET_DIR=/opt/rustwide/target" "-e" "CARGO_HOME=/opt/rustwide/cargo-home" "-e" "RUSTUP_HOME=/opt/rustwide/rustup-home" "-w" "/opt/rustwide/workdir" "-m" "1610612736" "--user" "0:0" "--network" "none" "ghcr.io/rust-lang/crates-build-env/linux@sha256:2788e3201cd34a07e3172128adcd8b3090168a8e3bcc40d7c032b9dda1df7d1c" "/opt/rustwide/cargo-home/bin/cargo" "+1.75.0" "metadata" "--no-deps" "--format-version=1", kill_on_drop: false }`
[INFO] [stdout] 428dc0703a7b345a387d683c4e38f1e4cd062718f979bea2bff774e5898c0026
[INFO] running `Command { std: "docker" "start" "-a" "428dc0703a7b345a387d683c4e38f1e4cd062718f979bea2bff774e5898c0026", kill_on_drop: false }`
[INFO] running `Command { std: "docker" "inspect" "428dc0703a7b345a387d683c4e38f1e4cd062718f979bea2bff774e5898c0026", kill_on_drop: false }`
[INFO] running `Command { std: "docker" "rm" "-f" "428dc0703a7b345a387d683c4e38f1e4cd062718f979bea2bff774e5898c0026", kill_on_drop: false }`
[INFO] [stdout] 428dc0703a7b345a387d683c4e38f1e4cd062718f979bea2bff774e5898c0026
[INFO] running `Command { std: "docker" "create" "-v" "/var/lib/crater-agent-workspace/builds/worker-7-tc1/target:/opt/rustwide/target:rw,Z" "-v" "/var/lib/crater-agent-workspace/builds/worker-7-tc1/source:/opt/rustwide/workdir:ro,Z" "-v" "/var/lib/crater-agent-workspace/cargo-home:/opt/rustwide/cargo-home:ro,Z" "-v" "/var/lib/crater-agent-workspace/rustup-home:/opt/rustwide/rustup-home:ro,Z" "-e" "SOURCE_DIR=/opt/rustwide/workdir" "-e" "CARGO_TARGET_DIR=/opt/rustwide/target" "-e" "CARGO_INCREMENTAL=0" "-e" "RUST_BACKTRACE=full" "-e" "RUSTFLAGS=--cap-lints=warn" "-e" "RUSTDOCFLAGS=--cap-lints=warn" "-e" "CARGO_HOME=/opt/rustwide/cargo-home" "-e" "RUSTUP_HOME=/opt/rustwide/rustup-home" "-w" "/opt/rustwide/workdir" "-m" "1610612736" "--user" "0:0" "--network" "none" "ghcr.io/rust-lang/crates-build-env/linux@sha256:2788e3201cd34a07e3172128adcd8b3090168a8e3bcc40d7c032b9dda1df7d1c" "/opt/rustwide/cargo-home/bin/cargo" "+1.75.0" "doc" "--frozen" "--no-deps" "--document-private-items" "--message-format=json", kill_on_drop: false }`
[INFO] [stdout] 3250c13789fe74c9eafa1c3fd584a929a91ca13b4240aa1acd5431d995ee903f
[INFO] running `Command { std: "docker" "start" "-a" "3250c13789fe74c9eafa1c3fd584a929a91ca13b4240aa1acd5431d995ee903f", kill_on_drop: false }`
[INFO] [stderr]    Compiling libc v0.2.151
[INFO] [stderr]    Compiling regex-syntax v0.8.2
[INFO] [stderr]    Compiling semver-parser v0.7.0
[INFO] [stderr]    Compiling aho-corasick v1.1.2
[INFO] [stderr]    Compiling semver v0.9.0
[INFO] [stderr]    Compiling cc v1.0.83
[INFO] [stderr]    Compiling regex-automata v0.4.3
[INFO] [stderr]    Compiling regex v1.10.2
[INFO] [stderr]    Compiling mun_lld v110.0.0 (/opt/rustwide/workdir)
[INFO] [stderr] The following warnings were emitted during compilation:
[INFO] [stderr] 
[INFO] [stderr] warning: mun_lld@110.0.0: wrapper/lld-c.cpp:2:10: fatal error: lld/Common/Driver.h: No such file or directory
[INFO] [stderr] warning: mun_lld@110.0.0:     2 | #include <lld/Common/Driver.h>
[INFO] [stderr] warning: mun_lld@110.0.0:       |          ^~~~~~~~~~~~~~~~~~~~~
[INFO] [stderr] warning: mun_lld@110.0.0: compilation terminated.
[INFO] [stderr] 
[INFO] [stderr] error: failed to run custom build command for `mun_lld v110.0.0 (/opt/rustwide/workdir)`
[INFO] [stderr] note: To improve backtraces for build dependencies, set the CARGO_PROFILE_DEV_BUILD_OVERRIDE_DEBUG=true environment variable to enable debug information generation.
[INFO] [stderr] 
[INFO] [stderr] Caused by:
[INFO] [stderr]   process didn't exit successfully: `/opt/rustwide/target/debug/build/mun_lld-cb1f88a614d237eb/build-script-build` (exit status: 1)
[INFO] [stderr]   --- stdout
[INFO] [stderr]   TARGET = Some("x86_64-unknown-linux-gnu")
[INFO] [stderr]   OPT_LEVEL = Some("0")
[INFO] [stderr]   HOST = Some("x86_64-unknown-linux-gnu")
[INFO] [stderr]   cargo:rerun-if-env-changed=CXX_x86_64-unknown-linux-gnu
[INFO] [stderr]   CXX_x86_64-unknown-linux-gnu = None
[INFO] [stderr]   cargo:rerun-if-env-changed=CXX_x86_64_unknown_linux_gnu
[INFO] [stderr]   CXX_x86_64_unknown_linux_gnu = None
[INFO] [stderr]   cargo:rerun-if-env-changed=HOST_CXX
[INFO] [stderr]   HOST_CXX = None
[INFO] [stderr]   cargo:rerun-if-env-changed=CXX
[INFO] [stderr]   CXX = None
[INFO] [stderr]   cargo:rerun-if-env-changed=CRATE_CC_NO_DEFAULTS
[INFO] [stderr]   CRATE_CC_NO_DEFAULTS = None
[INFO] [stderr]   DEBUG = Some("true")
[INFO] [stderr]   CARGO_CFG_TARGET_FEATURE = Some("fxsr,sse,sse2")
[INFO] [stderr]   cargo:rerun-if-env-changed=CXXFLAGS_x86_64-unknown-linux-gnu
[INFO] [stderr]   CXXFLAGS_x86_64-unknown-linux-gnu = None
[INFO] [stderr]   cargo:rerun-if-env-changed=CXXFLAGS_x86_64_unknown_linux_gnu
[INFO] [stderr]   CXXFLAGS_x86_64_unknown_linux_gnu = None
[INFO] [stderr]   cargo:rerun-if-env-changed=HOST_CXXFLAGS
[INFO] [stderr]   HOST_CXXFLAGS = None
[INFO] [stderr]   cargo:rerun-if-env-changed=CXXFLAGS
[INFO] [stderr]   CXXFLAGS = Some("-I/usr/lib/llvm-14/include -std=c++14   -fno-exceptions -D_GNU_SOURCE -D__STDC_CONSTANT_MACROS -D__STDC_FORMAT_MACROS -D__STDC_LIMIT_MACROS ")
[INFO] [stderr]   running: "c++" "-O0" "-ffunction-sections" "-fdata-sections" "-fPIC" "-gdwarf-4" "-fno-omit-frame-pointer" "-m64" "-I/usr/lib/llvm-14/include" "-std=c++14" "-fno-exceptions" "-D_GNU_SOURCE" "-D__STDC_CONSTANT_MACROS" "-D__STDC_FORMAT_MACROS" "-D__STDC_LIMIT_MACROS" "-o" "/opt/rustwide/target/debug/build/mun_lld-1e96733a259e6ecf/out/wrapper/lld-c.o" "-c" "wrapper/lld-c.cpp"
[INFO] [stderr]   cargo:warning=wrapper/lld-c.cpp:2:10: fatal error: lld/Common/Driver.h: No such file or directory
[INFO] [stderr] 
[INFO] [stderr]   cargo:warning=    2 | #include <lld/Common/Driver.h>
[INFO] [stderr] 
[INFO] [stderr]   cargo:warning=      |          ^~~~~~~~~~~~~~~~~~~~~
[INFO] [stderr] 
[INFO] [stderr]   cargo:warning=compilation terminated.
[INFO] [stderr] 
[INFO] [stderr]   exit status: 1
[INFO] [stderr] 
[INFO] [stderr]   --- stderr
[INFO] [stderr] 
[INFO] [stderr] 
[INFO] [stderr]   error occurred: Command "c++" "-O0" "-ffunction-sections" "-fdata-sections" "-fPIC" "-gdwarf-4" "-fno-omit-frame-pointer" "-m64" "-I/usr/lib/llvm-14/include" "-std=c++14" "-fno-exceptions" "-D_GNU_SOURCE" "-D__STDC_CONSTANT_MACROS" "-D__STDC_FORMAT_MACROS" "-D__STDC_LIMIT_MACROS" "-o" "/opt/rustwide/target/debug/build/mun_lld-1e96733a259e6ecf/out/wrapper/lld-c.o" "-c" "wrapper/lld-c.cpp" with args "c++" did not execute successfully (status code exit status: 1).
[INFO] [stderr] 
[INFO] [stderr] 
[INFO] running `Command { std: "docker" "inspect" "3250c13789fe74c9eafa1c3fd584a929a91ca13b4240aa1acd5431d995ee903f", kill_on_drop: false }`
[INFO] running `Command { std: "docker" "rm" "-f" "3250c13789fe74c9eafa1c3fd584a929a91ca13b4240aa1acd5431d995ee903f", kill_on_drop: false }`
[INFO] [stdout] 3250c13789fe74c9eafa1c3fd584a929a91ca13b4240aa1acd5431d995ee903f
[INFO] documenting mun_lld-110.0.0 against beta-2023-12-22 for beta-1.76-rustdoc-1
[INFO] extracting crate mun_lld 110.0.0 into /workspace/builds/worker-7-tc2/source
[INFO] validating manifest of crates.io crate mun_lld 110.0.0 on toolchain beta-2023-12-22
[INFO] running `Command { std: CARGO_HOME="/workspace/cargo-home" RUSTUP_HOME="/workspace/rustup-home" "/workspace/cargo-home/bin/cargo" "+beta-2023-12-22" "metadata" "--manifest-path" "Cargo.toml" "--no-deps", kill_on_drop: false }`
[INFO] started tweaking crates.io crate mun_lld 110.0.0
[INFO] finished tweaking crates.io crate mun_lld 110.0.0
[INFO] tweaked toml for crates.io crate mun_lld 110.0.0 written to /workspace/builds/worker-7-tc2/source/Cargo.toml
[INFO] running `Command { std: CARGO_HOME="/workspace/cargo-home" RUSTUP_HOME="/workspace/rustup-home" "/workspace/cargo-home/bin/cargo" "+beta-2023-12-22" "generate-lockfile" "--manifest-path" "Cargo.toml", kill_on_drop: false }`
[INFO] [stderr]     Updating crates.io index
[INFO] running `Command { std: CARGO_HOME="/workspace/cargo-home" RUSTUP_HOME="/workspace/rustup-home" "/workspace/cargo-home/bin/cargo" "+beta-2023-12-22" "fetch" "--manifest-path" "Cargo.toml", kill_on_drop: false }`
[INFO] running `Command { std: "docker" "create" "-v" "/var/lib/crater-agent-workspace/builds/worker-7-tc2/target:/opt/rustwide/target:rw,Z" "-v" "/var/lib/crater-agent-workspace/builds/worker-7-tc2/source:/opt/rustwide/workdir:ro,Z" "-v" "/var/lib/crater-agent-workspace/cargo-home:/opt/rustwide/cargo-home:ro,Z" "-v" "/var/lib/crater-agent-workspace/rustup-home:/opt/rustwide/rustup-home:ro,Z" "-e" "SOURCE_DIR=/opt/rustwide/workdir" "-e" "CARGO_TARGET_DIR=/opt/rustwide/target" "-e" "CARGO_HOME=/opt/rustwide/cargo-home" "-e" "RUSTUP_HOME=/opt/rustwide/rustup-home" "-w" "/opt/rustwide/workdir" "-m" "1610612736" "--user" "0:0" "--network" "none" "ghcr.io/rust-lang/crates-build-env/linux@sha256:2788e3201cd34a07e3172128adcd8b3090168a8e3bcc40d7c032b9dda1df7d1c" "/opt/rustwide/cargo-home/bin/cargo" "+beta-2023-12-22" "metadata" "--no-deps" "--format-version=1", kill_on_drop: false }`
[INFO] [stdout] 174d423aa9a1316ff2ec14c39897050447cc0ed62a43bf2f6a4f047debf43455
[INFO] running `Command { std: "docker" "start" "-a" "174d423aa9a1316ff2ec14c39897050447cc0ed62a43bf2f6a4f047debf43455", kill_on_drop: false }`
[INFO] running `Command { std: "docker" "inspect" "174d423aa9a1316ff2ec14c39897050447cc0ed62a43bf2f6a4f047debf43455", kill_on_drop: false }`
[INFO] running `Command { std: "docker" "rm" "-f" "174d423aa9a1316ff2ec14c39897050447cc0ed62a43bf2f6a4f047debf43455", kill_on_drop: false }`
[INFO] [stdout] 174d423aa9a1316ff2ec14c39897050447cc0ed62a43bf2f6a4f047debf43455
[INFO] running `Command { std: "docker" "create" "-v" "/var/lib/crater-agent-workspace/builds/worker-7-tc2/target:/opt/rustwide/target:rw,Z" "-v" "/var/lib/crater-agent-workspace/builds/worker-7-tc2/source:/opt/rustwide/workdir:ro,Z" "-v" "/var/lib/crater-agent-workspace/cargo-home:/opt/rustwide/cargo-home:ro,Z" "-v" "/var/lib/crater-agent-workspace/rustup-home:/opt/rustwide/rustup-home:ro,Z" "-e" "SOURCE_DIR=/opt/rustwide/workdir" "-e" "CARGO_TARGET_DIR=/opt/rustwide/target" "-e" "CARGO_INCREMENTAL=0" "-e" "RUST_BACKTRACE=full" "-e" "RUSTFLAGS=--cap-lints=warn" "-e" "RUSTDOCFLAGS=--cap-lints=warn" "-e" "CARGO_HOME=/opt/rustwide/cargo-home" "-e" "RUSTUP_HOME=/opt/rustwide/rustup-home" "-w" "/opt/rustwide/workdir" "-m" "1610612736" "--user" "0:0" "--network" "none" "ghcr.io/rust-lang/crates-build-env/linux@sha256:2788e3201cd34a07e3172128adcd8b3090168a8e3bcc40d7c032b9dda1df7d1c" "/opt/rustwide/cargo-home/bin/cargo" "+beta-2023-12-22" "doc" "--frozen" "--no-deps" "--document-private-items" "--message-format=json", kill_on_drop: false }`
[INFO] [stdout] 24b4f0fe0729d99a5b4672ab7d47dd41095f0a65e107329e593cd6088eb0a59a
[INFO] running `Command { std: "docker" "start" "-a" "24b4f0fe0729d99a5b4672ab7d47dd41095f0a65e107329e593cd6088eb0a59a", kill_on_drop: false }`
[INFO] [stderr]    Compiling libc v0.2.151
[INFO] [stderr]    Compiling regex-syntax v0.8.2
[INFO] [stderr]    Compiling semver-parser v0.7.0
[INFO] [stderr]    Compiling aho-corasick v1.1.2
[INFO] [stderr]    Compiling semver v0.9.0
[INFO] [stderr]    Compiling cc v1.0.83
[INFO] [stderr]    Compiling regex-automata v0.4.3
[INFO] [stderr]    Compiling regex v1.10.2
[INFO] [stderr]    Compiling mun_lld v110.0.0 (/opt/rustwide/workdir)
[INFO] [stderr] The following warnings were emitted during compilation:
[INFO] [stderr] 
[INFO] [stderr] warning: mun_lld@110.0.0: wrapper/lld-c.cpp:2:10: fatal error: lld/Common/Driver.h: No such file or directory
[INFO] [stderr] warning: mun_lld@110.0.0:     2 | #include <lld/Common/Driver.h>
[INFO] [stderr] warning: mun_lld@110.0.0:       |          ^~~~~~~~~~~~~~~~~~~~~
[INFO] [stderr] warning: mun_lld@110.0.0: compilation terminated.
[INFO] [stderr] 
[INFO] [stderr] error: failed to run custom build command for `mun_lld v110.0.0 (/opt/rustwide/workdir)`
[INFO] [stderr] note: To improve backtraces for build dependencies, set the CARGO_PROFILE_DEV_BUILD_OVERRIDE_DEBUG=true environment variable to enable debug information generation.
[INFO] [stderr] 
[INFO] [stderr] Caused by:
[INFO] [stderr]   process didn't exit successfully: `/opt/rustwide/target/debug/build/mun_lld-7a870bbf7dafb1ee/build-script-build` (exit status: 1)
[INFO] [stderr]   --- stdout
[INFO] [stderr]   TARGET = Some("x86_64-unknown-linux-gnu")
[INFO] [stderr]   OPT_LEVEL = Some("0")
[INFO] [stderr]   HOST = Some("x86_64-unknown-linux-gnu")
[INFO] [stderr]   cargo:rerun-if-env-changed=CXX_x86_64-unknown-linux-gnu
[INFO] [stderr]   CXX_x86_64-unknown-linux-gnu = None
[INFO] [stderr]   cargo:rerun-if-env-changed=CXX_x86_64_unknown_linux_gnu
[INFO] [stderr]   CXX_x86_64_unknown_linux_gnu = None
[INFO] [stderr]   cargo:rerun-if-env-changed=HOST_CXX
[INFO] [stderr]   HOST_CXX = None
[INFO] [stderr]   cargo:rerun-if-env-changed=CXX
[INFO] [stderr]   CXX = None
[INFO] [stderr]   cargo:rerun-if-env-changed=CRATE_CC_NO_DEFAULTS
[INFO] [stderr]   CRATE_CC_NO_DEFAULTS = None
[INFO] [stderr]   DEBUG = Some("true")
[INFO] [stderr]   CARGO_CFG_TARGET_FEATURE = Some("fxsr,sse,sse2")
[INFO] [stderr]   cargo:rerun-if-env-changed=CXXFLAGS_x86_64-unknown-linux-gnu
[INFO] [stderr]   CXXFLAGS_x86_64-unknown-linux-gnu = None
[INFO] [stderr]   cargo:rerun-if-env-changed=CXXFLAGS_x86_64_unknown_linux_gnu
[INFO] [stderr]   CXXFLAGS_x86_64_unknown_linux_gnu = None
[INFO] [stderr]   cargo:rerun-if-env-changed=HOST_CXXFLAGS
[INFO] [stderr]   HOST_CXXFLAGS = None
[INFO] [stderr]   cargo:rerun-if-env-changed=CXXFLAGS
[INFO] [stderr]   CXXFLAGS = Some("-I/usr/lib/llvm-14/include -std=c++14   -fno-exceptions -D_GNU_SOURCE -D__STDC_CONSTANT_MACROS -D__STDC_FORMAT_MACROS -D__STDC_LIMIT_MACROS ")
[INFO] [stderr]   running: "c++" "-O0" "-ffunction-sections" "-fdata-sections" "-fPIC" "-gdwarf-4" "-fno-omit-frame-pointer" "-m64" "-I/usr/lib/llvm-14/include" "-std=c++14" "-fno-exceptions" "-D_GNU_SOURCE" "-D__STDC_CONSTANT_MACROS" "-D__STDC_FORMAT_MACROS" "-D__STDC_LIMIT_MACROS" "-o" "/opt/rustwide/target/debug/build/mun_lld-face9336481f107c/out/wrapper/lld-c.o" "-c" "wrapper/lld-c.cpp"
[INFO] [stderr]   cargo:warning=wrapper/lld-c.cpp:2:10: fatal error: lld/Common/Driver.h: No such file or directory
[INFO] [stderr] 
[INFO] [stderr]   cargo:warning=    2 | #include <lld/Common/Driver.h>
[INFO] [stderr] 
[INFO] [stderr]   cargo:warning=      |          ^~~~~~~~~~~~~~~~~~~~~
[INFO] [stderr] 
[INFO] [stderr]   cargo:warning=compilation terminated.
[INFO] [stderr] 
[INFO] [stderr]   exit status: 1
[INFO] [stderr] 
[INFO] [stderr]   --- stderr
[INFO] [stderr] 
[INFO] [stderr] 
[INFO] [stderr]   error occurred: Command "c++" "-O0" "-ffunction-sections" "-fdata-sections" "-fPIC" "-gdwarf-4" "-fno-omit-frame-pointer" "-m64" "-I/usr/lib/llvm-14/include" "-std=c++14" "-fno-exceptions" "-D_GNU_SOURCE" "-D__STDC_CONSTANT_MACROS" "-D__STDC_FORMAT_MACROS" "-D__STDC_LIMIT_MACROS" "-o" "/opt/rustwide/target/debug/build/mun_lld-face9336481f107c/out/wrapper/lld-c.o" "-c" "wrapper/lld-c.cpp" with args "c++" did not execute successfully (status code exit status: 1).
[INFO] [stderr] 
[INFO] [stderr] 
[INFO] running `Command { std: "docker" "inspect" "24b4f0fe0729d99a5b4672ab7d47dd41095f0a65e107329e593cd6088eb0a59a", kill_on_drop: false }`
[INFO] running `Command { std: "docker" "rm" "-f" "24b4f0fe0729d99a5b4672ab7d47dd41095f0a65e107329e593cd6088eb0a59a", kill_on_drop: false }`
[INFO] [stdout] 24b4f0fe0729d99a5b4672ab7d47dd41095f0a65e107329e593cd6088eb0a59a
