[INFO] fetching crate msp430fr4133 0.1.1...
[INFO] documenting msp430fr4133-0.1.1 against 1.75.0 for beta-1.76-rustdoc-1
[INFO] extracting crate msp430fr4133 0.1.1 into /workspace/builds/worker-2-tc1/source
[INFO] validating manifest of crates.io crate msp430fr4133 0.1.1 on toolchain 1.75.0
[INFO] running `Command { std: CARGO_HOME="/workspace/cargo-home" RUSTUP_HOME="/workspace/rustup-home" "/workspace/cargo-home/bin/cargo" "+1.75.0" "metadata" "--manifest-path" "Cargo.toml" "--no-deps", kill_on_drop: false }`
[INFO] started tweaking crates.io crate msp430fr4133 0.1.1
[INFO] finished tweaking crates.io crate msp430fr4133 0.1.1
[INFO] tweaked toml for crates.io crate msp430fr4133 0.1.1 written to /workspace/builds/worker-2-tc1/source/Cargo.toml
[INFO] running `Command { std: CARGO_HOME="/workspace/cargo-home" RUSTUP_HOME="/workspace/rustup-home" "/workspace/cargo-home/bin/cargo" "+1.75.0" "generate-lockfile" "--manifest-path" "Cargo.toml", kill_on_drop: false }`
[INFO] [stderr]     Updating crates.io index
[INFO] running `Command { std: CARGO_HOME="/workspace/cargo-home" RUSTUP_HOME="/workspace/rustup-home" "/workspace/cargo-home/bin/cargo" "+1.75.0" "fetch" "--manifest-path" "Cargo.toml", kill_on_drop: false }`
[INFO] [stderr]  Downloading crates ...
[INFO] [stderr]   Downloaded msp430-rt v0.2.5
[INFO] [stderr]   Downloaded msp430 v0.2.2
[INFO] [stderr]   Downloaded msp430-rt-macros v0.2.4
[INFO] running `Command { std: "docker" "create" "-v" "/var/lib/crater-agent-workspace/builds/worker-2-tc1/target:/opt/rustwide/target:rw,Z" "-v" "/var/lib/crater-agent-workspace/builds/worker-2-tc1/source:/opt/rustwide/workdir:ro,Z" "-v" "/var/lib/crater-agent-workspace/cargo-home:/opt/rustwide/cargo-home:ro,Z" "-v" "/var/lib/crater-agent-workspace/rustup-home:/opt/rustwide/rustup-home:ro,Z" "-e" "SOURCE_DIR=/opt/rustwide/workdir" "-e" "CARGO_TARGET_DIR=/opt/rustwide/target" "-e" "CARGO_HOME=/opt/rustwide/cargo-home" "-e" "RUSTUP_HOME=/opt/rustwide/rustup-home" "-w" "/opt/rustwide/workdir" "-m" "1610612736" "--user" "0:0" "--network" "none" "ghcr.io/rust-lang/crates-build-env/linux@sha256:2788e3201cd34a07e3172128adcd8b3090168a8e3bcc40d7c032b9dda1df7d1c" "/opt/rustwide/cargo-home/bin/cargo" "+1.75.0" "metadata" "--no-deps" "--format-version=1", kill_on_drop: false }`
[INFO] [stdout] 8f5834ba989911ec7a54c90b7b4862a7b7b6b4e4ac94b4712da0a1fd195c581e
[INFO] running `Command { std: "docker" "start" "-a" "8f5834ba989911ec7a54c90b7b4862a7b7b6b4e4ac94b4712da0a1fd195c581e", kill_on_drop: false }`
[INFO] running `Command { std: "docker" "inspect" "8f5834ba989911ec7a54c90b7b4862a7b7b6b4e4ac94b4712da0a1fd195c581e", kill_on_drop: false }`
[INFO] running `Command { std: "docker" "rm" "-f" "8f5834ba989911ec7a54c90b7b4862a7b7b6b4e4ac94b4712da0a1fd195c581e", kill_on_drop: false }`
[INFO] [stdout] 8f5834ba989911ec7a54c90b7b4862a7b7b6b4e4ac94b4712da0a1fd195c581e
[INFO] running `Command { std: "docker" "create" "-v" "/var/lib/crater-agent-workspace/builds/worker-2-tc1/target:/opt/rustwide/target:rw,Z" "-v" "/var/lib/crater-agent-workspace/builds/worker-2-tc1/source:/opt/rustwide/workdir:ro,Z" "-v" "/var/lib/crater-agent-workspace/cargo-home:/opt/rustwide/cargo-home:ro,Z" "-v" "/var/lib/crater-agent-workspace/rustup-home:/opt/rustwide/rustup-home:ro,Z" "-e" "SOURCE_DIR=/opt/rustwide/workdir" "-e" "CARGO_TARGET_DIR=/opt/rustwide/target" "-e" "CARGO_INCREMENTAL=0" "-e" "RUST_BACKTRACE=full" "-e" "RUSTFLAGS=--cap-lints=warn" "-e" "RUSTDOCFLAGS=--cap-lints=warn" "-e" "CARGO_HOME=/opt/rustwide/cargo-home" "-e" "RUSTUP_HOME=/opt/rustwide/rustup-home" "-w" "/opt/rustwide/workdir" "-m" "1610612736" "--user" "0:0" "--network" "none" "ghcr.io/rust-lang/crates-build-env/linux@sha256:2788e3201cd34a07e3172128adcd8b3090168a8e3bcc40d7c032b9dda1df7d1c" "/opt/rustwide/cargo-home/bin/cargo" "+1.75.0" "doc" "--frozen" "--no-deps" "--document-private-items" "--message-format=json", kill_on_drop: false }`
[INFO] [stdout] df73570fb9d02f7dc9ae28bbd12d797367620330c45b92a75224a6f26ed1be7d
[INFO] running `Command { std: "docker" "start" "-a" "df73570fb9d02f7dc9ae28bbd12d797367620330c45b92a75224a6f26ed1be7d", kill_on_drop: false }`
[INFO] [stderr]    Compiling semver-parser v0.7.0
[INFO] [stderr]     Checking vcell v0.1.3
[INFO] [stderr]    Compiling semver v0.9.0
[INFO] [stderr]    Compiling rustc_version v0.2.3
[INFO] [stderr]    Compiling bare-metal v0.2.5
[INFO] [stderr]     Checking msp430 v0.2.2
[INFO] [stdout] error: cannot find macro `llvm_asm` in this scope
[INFO] [stdout]  --> /opt/rustwide/cargo-home/registry/src/index.crates.io-6f17d22bba15001f/msp430-0.2.2/src/asm.rs:7:9
[INFO] [stdout]   |
[INFO] [stdout] 7 |         llvm_asm!("nop"
[INFO] [stdout]   |         ^^^^^^^^
[INFO] [stdout] 
[INFO] [stdout] 
[INFO] [stdout] error: cannot find macro `llvm_asm` in this scope
[INFO] [stdout]   --> /opt/rustwide/cargo-home/registry/src/index.crates.io-6f17d22bba15001f/msp430-0.2.2/src/asm.rs:19:9
[INFO] [stdout]    |
[INFO] [stdout] 19 |         llvm_asm!("" ::: "memory" : "volatile");
[INFO] [stdout]    |         ^^^^^^^^
[INFO] [stdout] 
[INFO] [stdout] 
[INFO] [stdout] error: cannot find macro `llvm_asm` in this scope
[INFO] [stdout]  --> /opt/rustwide/cargo-home/registry/src/index.crates.io-6f17d22bba15001f/msp430-0.2.2/src/register/sp.rs:8:9
[INFO] [stdout]   |
[INFO] [stdout] 8 |         llvm_asm!("mov R1,$0"
[INFO] [stdout]   |         ^^^^^^^^
[INFO] [stdout] 
[INFO] [stdout] 
[INFO] [stdout] error: cannot find macro `llvm_asm` in this scope
[INFO] [stdout]   --> /opt/rustwide/cargo-home/registry/src/index.crates.io-6f17d22bba15001f/msp430-0.2.2/src/register/sp.rs:20:5
[INFO] [stdout]    |
[INFO] [stdout] 20 |     llvm_asm!("mov $0,R1"
[INFO] [stdout]    |     ^^^^^^^^
[INFO] [stdout] 
[INFO] [stdout] 
[INFO] [stdout] error: cannot find macro `llvm_asm` in this scope
[INFO] [stdout]  --> /opt/rustwide/cargo-home/registry/src/index.crates.io-6f17d22bba15001f/msp430-0.2.2/src/register/pc.rs:8:9
[INFO] [stdout]   |
[INFO] [stdout] 8 |         llvm_asm!("mov R0,$0"
[INFO] [stdout]   |         ^^^^^^^^
[INFO] [stdout] 
[INFO] [stdout] 
[INFO] [stdout] error: cannot find macro `llvm_asm` in this scope
[INFO] [stdout]   --> /opt/rustwide/cargo-home/registry/src/index.crates.io-6f17d22bba15001f/msp430-0.2.2/src/register/pc.rs:20:5
[INFO] [stdout]    |
[INFO] [stdout] 20 |     llvm_asm!("mov $0,R0"
[INFO] [stdout]    |     ^^^^^^^^
[INFO] [stdout] 
[INFO] [stdout] 
[INFO] [stdout] error: cannot find macro `llvm_asm` in this scope
[INFO] [stdout]   --> /opt/rustwide/cargo-home/registry/src/index.crates.io-6f17d22bba15001f/msp430-0.2.2/src/register/sr.rs:80:9
[INFO] [stdout]    |
[INFO] [stdout] 80 |         llvm_asm!("mov R2, $0"
[INFO] [stdout]    |         ^^^^^^^^
[INFO] [stdout] 
[INFO] [stdout] 
[INFO] [stdout] error[E0554]: `#![feature]` may not be used on the stable release channel
[INFO] [stdout]   --> /opt/rustwide/cargo-home/registry/src/index.crates.io-6f17d22bba15001f/msp430-0.2.2/src/lib.rs:13:12
[INFO] [stdout]    |
[INFO] [stdout] 13 | #![feature(llvm_asm)]
[INFO] [stdout]    |            ^^^^^^^^
[INFO] [stdout] 
[INFO] [stdout] 
[INFO] [stdout] error[E0635]: unknown feature `llvm_asm`
[INFO] [stdout]   --> /opt/rustwide/cargo-home/registry/src/index.crates.io-6f17d22bba15001f/msp430-0.2.2/src/lib.rs:13:12
[INFO] [stdout]    |
[INFO] [stdout] 13 | #![feature(llvm_asm)]
[INFO] [stdout]    |            ^^^^^^^^
[INFO] [stdout] 
[INFO] [stdout] 
[INFO] [stdout] error: aborting due to 9 previous errors
[INFO] [stdout] 
[INFO] [stdout] 
[INFO] [stdout] Some errors have detailed explanations: E0554, E0635.
[INFO] [stdout] 
[INFO] [stdout] For more information about an error, try `rustc --explain E0554`.
[INFO] [stdout] 
[INFO] [stderr] error: could not compile `msp430` (lib) due to 10 previous errors
[INFO] running `Command { std: "docker" "inspect" "df73570fb9d02f7dc9ae28bbd12d797367620330c45b92a75224a6f26ed1be7d", kill_on_drop: false }`
[INFO] running `Command { std: "docker" "rm" "-f" "df73570fb9d02f7dc9ae28bbd12d797367620330c45b92a75224a6f26ed1be7d", kill_on_drop: false }`
[INFO] [stdout] df73570fb9d02f7dc9ae28bbd12d797367620330c45b92a75224a6f26ed1be7d
[INFO] documenting msp430fr4133-0.1.1 against beta-2023-12-22 for beta-1.76-rustdoc-1
[INFO] extracting crate msp430fr4133 0.1.1 into /workspace/builds/worker-2-tc2/source
[INFO] validating manifest of crates.io crate msp430fr4133 0.1.1 on toolchain beta-2023-12-22
[INFO] running `Command { std: CARGO_HOME="/workspace/cargo-home" RUSTUP_HOME="/workspace/rustup-home" "/workspace/cargo-home/bin/cargo" "+beta-2023-12-22" "metadata" "--manifest-path" "Cargo.toml" "--no-deps", kill_on_drop: false }`
[INFO] started tweaking crates.io crate msp430fr4133 0.1.1
[INFO] finished tweaking crates.io crate msp430fr4133 0.1.1
[INFO] tweaked toml for crates.io crate msp430fr4133 0.1.1 written to /workspace/builds/worker-2-tc2/source/Cargo.toml
[INFO] running `Command { std: CARGO_HOME="/workspace/cargo-home" RUSTUP_HOME="/workspace/rustup-home" "/workspace/cargo-home/bin/cargo" "+beta-2023-12-22" "generate-lockfile" "--manifest-path" "Cargo.toml", kill_on_drop: false }`
[INFO] [stderr]     Updating crates.io index
[INFO] running `Command { std: CARGO_HOME="/workspace/cargo-home" RUSTUP_HOME="/workspace/rustup-home" "/workspace/cargo-home/bin/cargo" "+beta-2023-12-22" "fetch" "--manifest-path" "Cargo.toml", kill_on_drop: false }`
[INFO] running `Command { std: "docker" "create" "-v" "/var/lib/crater-agent-workspace/builds/worker-2-tc2/target:/opt/rustwide/target:rw,Z" "-v" "/var/lib/crater-agent-workspace/builds/worker-2-tc2/source:/opt/rustwide/workdir:ro,Z" "-v" "/var/lib/crater-agent-workspace/cargo-home:/opt/rustwide/cargo-home:ro,Z" "-v" "/var/lib/crater-agent-workspace/rustup-home:/opt/rustwide/rustup-home:ro,Z" "-e" "SOURCE_DIR=/opt/rustwide/workdir" "-e" "CARGO_TARGET_DIR=/opt/rustwide/target" "-e" "CARGO_HOME=/opt/rustwide/cargo-home" "-e" "RUSTUP_HOME=/opt/rustwide/rustup-home" "-w" "/opt/rustwide/workdir" "-m" "1610612736" "--user" "0:0" "--network" "none" "ghcr.io/rust-lang/crates-build-env/linux@sha256:2788e3201cd34a07e3172128adcd8b3090168a8e3bcc40d7c032b9dda1df7d1c" "/opt/rustwide/cargo-home/bin/cargo" "+beta-2023-12-22" "metadata" "--no-deps" "--format-version=1", kill_on_drop: false }`
[INFO] [stdout] 0008736ca7470762760da21a52d22cbc4aed29dc773595ffee052fddb2f1521b
[INFO] running `Command { std: "docker" "start" "-a" "0008736ca7470762760da21a52d22cbc4aed29dc773595ffee052fddb2f1521b", kill_on_drop: false }`
[INFO] running `Command { std: "docker" "inspect" "0008736ca7470762760da21a52d22cbc4aed29dc773595ffee052fddb2f1521b", kill_on_drop: false }`
[INFO] running `Command { std: "docker" "rm" "-f" "0008736ca7470762760da21a52d22cbc4aed29dc773595ffee052fddb2f1521b", kill_on_drop: false }`
[INFO] [stdout] 0008736ca7470762760da21a52d22cbc4aed29dc773595ffee052fddb2f1521b
[INFO] running `Command { std: "docker" "create" "-v" "/var/lib/crater-agent-workspace/builds/worker-2-tc2/target:/opt/rustwide/target:rw,Z" "-v" "/var/lib/crater-agent-workspace/builds/worker-2-tc2/source:/opt/rustwide/workdir:ro,Z" "-v" "/var/lib/crater-agent-workspace/cargo-home:/opt/rustwide/cargo-home:ro,Z" "-v" "/var/lib/crater-agent-workspace/rustup-home:/opt/rustwide/rustup-home:ro,Z" "-e" "SOURCE_DIR=/opt/rustwide/workdir" "-e" "CARGO_TARGET_DIR=/opt/rustwide/target" "-e" "CARGO_INCREMENTAL=0" "-e" "RUST_BACKTRACE=full" "-e" "RUSTFLAGS=--cap-lints=warn" "-e" "RUSTDOCFLAGS=--cap-lints=warn" "-e" "CARGO_HOME=/opt/rustwide/cargo-home" "-e" "RUSTUP_HOME=/opt/rustwide/rustup-home" "-w" "/opt/rustwide/workdir" "-m" "1610612736" "--user" "0:0" "--network" "none" "ghcr.io/rust-lang/crates-build-env/linux@sha256:2788e3201cd34a07e3172128adcd8b3090168a8e3bcc40d7c032b9dda1df7d1c" "/opt/rustwide/cargo-home/bin/cargo" "+beta-2023-12-22" "doc" "--frozen" "--no-deps" "--document-private-items" "--message-format=json", kill_on_drop: false }`
[INFO] [stdout] 024eb41fa8aecc244d8beb1bebd81a3709bd876a378d72ac3e08acfd79147721
[INFO] running `Command { std: "docker" "start" "-a" "024eb41fa8aecc244d8beb1bebd81a3709bd876a378d72ac3e08acfd79147721", kill_on_drop: false }`
[INFO] [stderr]    Compiling semver-parser v0.7.0
[INFO] [stderr]     Checking vcell v0.1.3
[INFO] [stderr]    Compiling semver v0.9.0
[INFO] [stderr]    Compiling rustc_version v0.2.3
[INFO] [stderr]    Compiling bare-metal v0.2.5
[INFO] [stderr]     Checking msp430 v0.2.2
[INFO] [stdout] error: cannot find macro `llvm_asm` in this scope
[INFO] [stdout]  --> /opt/rustwide/cargo-home/registry/src/index.crates.io-6f17d22bba15001f/msp430-0.2.2/src/asm.rs:7:9
[INFO] [stdout]   |
[INFO] [stdout] 7 |         llvm_asm!("nop"
[INFO] [stdout]   |         ^^^^^^^^
[INFO] [stdout] 
[INFO] [stdout] 
[INFO] [stdout] error: cannot find macro `llvm_asm` in this scope
[INFO] [stdout]   --> /opt/rustwide/cargo-home/registry/src/index.crates.io-6f17d22bba15001f/msp430-0.2.2/src/asm.rs:19:9
[INFO] [stdout]    |
[INFO] [stdout] 19 |         llvm_asm!("" ::: "memory" : "volatile");
[INFO] [stdout]    |         ^^^^^^^^
[INFO] [stdout] 
[INFO] [stdout] 
[INFO] [stdout] error: cannot find macro `llvm_asm` in this scope
[INFO] [stdout]  --> /opt/rustwide/cargo-home/registry/src/index.crates.io-6f17d22bba15001f/msp430-0.2.2/src/register/sp.rs:8:9
[INFO] [stdout]   |
[INFO] [stdout] 8 |         llvm_asm!("mov R1,$0"
[INFO] [stdout]   |         ^^^^^^^^
[INFO] [stdout] 
[INFO] [stdout] 
[INFO] [stdout] error: cannot find macro `llvm_asm` in this scope
[INFO] [stdout]   --> /opt/rustwide/cargo-home/registry/src/index.crates.io-6f17d22bba15001f/msp430-0.2.2/src/register/sp.rs:20:5
[INFO] [stdout]    |
[INFO] [stdout] 20 |     llvm_asm!("mov $0,R1"
[INFO] [stdout]    |     ^^^^^^^^
[INFO] [stdout] 
[INFO] [stdout] 
[INFO] [stdout] error: cannot find macro `llvm_asm` in this scope
[INFO] [stdout]  --> /opt/rustwide/cargo-home/registry/src/index.crates.io-6f17d22bba15001f/msp430-0.2.2/src/register/pc.rs:8:9
[INFO] [stdout]   |
[INFO] [stdout] 8 |         llvm_asm!("mov R0,$0"
[INFO] [stdout]   |         ^^^^^^^^
[INFO] [stdout] 
[INFO] [stdout] 
[INFO] [stdout] error: cannot find macro `llvm_asm` in this scope
[INFO] [stdout]   --> /opt/rustwide/cargo-home/registry/src/index.crates.io-6f17d22bba15001f/msp430-0.2.2/src/register/pc.rs:20:5
[INFO] [stdout]    |
[INFO] [stdout] 20 |     llvm_asm!("mov $0,R0"
[INFO] [stdout]    |     ^^^^^^^^
[INFO] [stdout] 
[INFO] [stdout] 
[INFO] [stdout] error: cannot find macro `llvm_asm` in this scope
[INFO] [stdout]   --> /opt/rustwide/cargo-home/registry/src/index.crates.io-6f17d22bba15001f/msp430-0.2.2/src/register/sr.rs:80:9
[INFO] [stdout]    |
[INFO] [stdout] 80 |         llvm_asm!("mov R2, $0"
[INFO] [stdout]    |         ^^^^^^^^
[INFO] [stdout] 
[INFO] [stdout] 
[INFO] [stdout] error[E0554]: `#![feature]` may not be used on the beta release channel
[INFO] [stdout]   --> /opt/rustwide/cargo-home/registry/src/index.crates.io-6f17d22bba15001f/msp430-0.2.2/src/lib.rs:13:12
[INFO] [stdout]    |
[INFO] [stdout] 13 | #![feature(llvm_asm)]
[INFO] [stdout]    |            ^^^^^^^^
[INFO] [stdout] 
[INFO] [stdout] 
[INFO] [stdout] error[E0635]: unknown feature `llvm_asm`
[INFO] [stdout]   --> /opt/rustwide/cargo-home/registry/src/index.crates.io-6f17d22bba15001f/msp430-0.2.2/src/lib.rs:13:12
[INFO] [stdout]    |
[INFO] [stdout] 13 | #![feature(llvm_asm)]
[INFO] [stdout]    |            ^^^^^^^^
[INFO] [stdout] 
[INFO] [stdout] 
[INFO] [stdout] error: aborting due to 9 previous errors
[INFO] [stdout] 
[INFO] [stdout] 
[INFO] [stdout] Some errors have detailed explanations: E0554, E0635.
[INFO] [stdout] 
[INFO] [stdout] For more information about an error, try `rustc --explain E0554`.
[INFO] [stdout] 
[INFO] [stderr] error: could not compile `msp430` (lib) due to 10 previous errors
[INFO] running `Command { std: "docker" "inspect" "024eb41fa8aecc244d8beb1bebd81a3709bd876a378d72ac3e08acfd79147721", kill_on_drop: false }`
[INFO] running `Command { std: "docker" "rm" "-f" "024eb41fa8aecc244d8beb1bebd81a3709bd876a378d72ac3e08acfd79147721", kill_on_drop: false }`
[INFO] [stdout] 024eb41fa8aecc244d8beb1bebd81a3709bd876a378d72ac3e08acfd79147721
