[INFO] fetching crate mpl-candy-machine 4.5.1...
[INFO] documenting mpl-candy-machine-4.5.1 against 1.75.0 for beta-1.76-rustdoc-1
[INFO] extracting crate mpl-candy-machine 4.5.1 into /workspace/builds/worker-6-tc1/source
[INFO] validating manifest of crates.io crate mpl-candy-machine 4.5.1 on toolchain 1.75.0
[INFO] running `Command { std: CARGO_HOME="/workspace/cargo-home" RUSTUP_HOME="/workspace/rustup-home" "/workspace/cargo-home/bin/cargo" "+1.75.0" "metadata" "--manifest-path" "Cargo.toml" "--no-deps", kill_on_drop: false }`
[INFO] started tweaking crates.io crate mpl-candy-machine 4.5.1
[INFO] finished tweaking crates.io crate mpl-candy-machine 4.5.1
[INFO] tweaked toml for crates.io crate mpl-candy-machine 4.5.1 written to /workspace/builds/worker-6-tc1/source/Cargo.toml
[INFO] running `Command { std: CARGO_HOME="/workspace/cargo-home" RUSTUP_HOME="/workspace/rustup-home" "/workspace/cargo-home/bin/cargo" "+1.75.0" "generate-lockfile" "--manifest-path" "Cargo.toml", kill_on_drop: false }`
[INFO] [stderr]     Updating crates.io index
[INFO] running `Command { std: CARGO_HOME="/workspace/cargo-home" RUSTUP_HOME="/workspace/rustup-home" "/workspace/cargo-home/bin/cargo" "+1.75.0" "fetch" "--manifest-path" "Cargo.toml", kill_on_drop: false }`
[INFO] [stderr]     Blocking waiting for file lock on package cache
[INFO] [stderr]     Blocking waiting for file lock on package cache
[INFO] [stderr]  Downloading crates ...
[INFO] [stderr]   Downloaded solana-logger v1.16.24
[INFO] [stderr]   Downloaded spl-memo v3.0.1
[INFO] [stderr]   Downloaded spl-associated-token-account v1.1.3
[INFO] [stderr]   Downloaded solana-version v1.16.24
[INFO] [stderr]   Downloaded solana-pubsub-client v1.16.24
[INFO] [stderr]   Downloaded solana-frozen-abi v1.16.24
[INFO] [stderr]   Downloaded solana-clap-utils v1.16.24
[INFO] [stderr]   Downloaded solana-program v1.16.24
[INFO] [stderr]   Downloaded array-bytes v1.4.1
[INFO] [stderr]   Downloaded quinn v0.9.4
[INFO] [stderr]   Downloaded solana-perf v1.16.24
[INFO] [stderr]   Downloaded solana-sdk-macro v1.16.24
[INFO] [stderr]   Downloaded anchor-spl v0.26.0
[INFO] [stderr]   Downloaded solana-rpc-client-nonce-utils v1.16.24
[INFO] [stderr]   Downloaded quinn-udp v0.3.2
[INFO] [stderr]   Downloaded solana-udp-client v1.16.24
[INFO] [stderr]   Downloaded solana-net-utils v1.16.24
[INFO] [stderr]   Downloaded solana_rbpf v0.6.1
[INFO] [stderr]   Downloaded spl-token-2022 v0.9.0
[INFO] [stderr]   Downloaded solana-sdk v1.16.24
[INFO] [stderr]   Downloaded solana-runtime v1.16.24
[INFO] [stderr]   Downloaded solana-zk-token-sdk v1.16.24
[INFO] [stderr]   Downloaded mpl-token-metadata v1.13.2
[INFO] [stderr]   Downloaded solana-loader-v4-program v1.16.24
[INFO] [stderr]   Downloaded solana-rpc-client v1.16.24
[INFO] [stderr]   Downloaded solana-rpc-client-api v1.16.24
[INFO] [stderr]   Downloaded tungstenite v0.17.3
[INFO] [stderr]   Downloaded solana-bucket-map v1.16.24
[INFO] [stderr]   Downloaded solana-stake-program v1.16.24
[INFO] [stderr]   Downloaded solana-system-program v1.16.24
[INFO] [stderr]   Downloaded solana-vote-program v1.16.24
[INFO] [stderr]   Downloaded mpl-token-metadata-context-derive v0.2.1
[INFO] [stderr]   Downloaded mpl-utils v0.3.1
[INFO] [stderr]   Downloaded solana-remote-wallet v1.16.24
[INFO] [stderr]   Downloaded solana-streamer v1.16.24
[INFO] [stderr]   Downloaded solana-client v1.16.24
[INFO] [stderr]   Downloaded solana-connection-cache v1.16.24
[INFO] [stderr]   Downloaded spl-associated-token-account v2.2.0
[INFO] [stderr]   Downloaded spl-program-error-derive v0.3.1
[INFO] [stderr]   Downloaded solana-banks-interface v1.16.24
[INFO] [stderr]   Downloaded solana-measure v1.16.24
[INFO] [stderr]   Downloaded spl-discriminator-syn v0.1.1
[INFO] [stderr]   Downloaded spl-tlv-account-resolution v0.4.0
[INFO] [stderr]   Downloaded spl-transfer-hook-interface v0.3.0
[INFO] [stderr]   Downloaded solana-account-decoder v1.16.24
[INFO] [stderr]   Downloaded spl-type-length-value v0.3.0
[INFO] [stderr]   Downloaded solana-thin-client v1.16.24
[INFO] [stderr]   Downloaded solana-compute-budget-program v1.16.24
[INFO] [stderr]   Downloaded solana-quic-client v1.16.24
[INFO] [stderr]   Downloaded spl-token-metadata-interface v0.2.0
[INFO] [stderr]   Downloaded solana-banks-server v1.16.24
[INFO] [stderr]   Downloaded solana-zk-token-proof-program v1.16.24
[INFO] [stderr]   Downloaded spl-program-error v0.3.0
[INFO] [stderr]   Downloaded spl-token-2022 v0.6.1
[INFO] [stderr]   Downloaded solana-config-program v1.16.24
[INFO] [stderr]   Downloaded solana-send-transaction-service v1.16.24
[INFO] [stderr]   Downloaded tokio-tungstenite v0.17.2
[INFO] [stderr]   Downloaded anchor-lang v0.26.0
[INFO] [stderr]   Downloaded solana-gateway v0.2.2
[INFO] [stderr]   Downloaded solana-banks-client v1.16.24
[INFO] [stderr]   Downloaded spl-memo v4.0.0
[INFO] [stderr]   Downloaded solana-address-lookup-table-program v1.16.24
[INFO] [stderr]   Downloaded solana-rayon-threadlimit v1.16.24
[INFO] [stderr]   Downloaded solana-tpu-client v1.16.24
[INFO] [stderr]   Downloaded solana-program-runtime v1.16.24
[INFO] [stderr]   Downloaded spl-pod v0.1.0
[INFO] [stderr]   Downloaded spl-discriminator-derive v0.1.1
[INFO] [stderr]   Downloaded solana-metrics v1.16.24
[INFO] [stderr]   Downloaded spl-token v4.0.0
[INFO] [stderr]   Downloaded solana-frozen-abi-macro v1.16.24
[INFO] [stderr]   Downloaded spl-discriminator v0.1.0
[INFO] [stderr]   Downloaded solana-program-test v1.16.24
[INFO] [stderr]   Downloaded mpl-token-auth-rules v1.4.3-beta.1
[INFO] [stderr]   Downloaded mpl-token-metadata-context-derive v0.3.0
[INFO] [stderr]   Downloaded sol-did v0.2.0
[INFO] [stderr]   Downloaded solana-transaction-status v1.16.24
[INFO] [stderr]   Downloaded solana-bpf-loader-program v1.16.24
[INFO] [stderr]   Downloaded anchor-client v0.26.0
[INFO] running `Command { std: "docker" "create" "-v" "/var/lib/crater-agent-workspace/builds/worker-6-tc1/target:/opt/rustwide/target:rw,Z" "-v" "/var/lib/crater-agent-workspace/builds/worker-6-tc1/source:/opt/rustwide/workdir:ro,Z" "-v" "/var/lib/crater-agent-workspace/cargo-home:/opt/rustwide/cargo-home:ro,Z" "-v" "/var/lib/crater-agent-workspace/rustup-home:/opt/rustwide/rustup-home:ro,Z" "-e" "SOURCE_DIR=/opt/rustwide/workdir" "-e" "CARGO_TARGET_DIR=/opt/rustwide/target" "-e" "CARGO_HOME=/opt/rustwide/cargo-home" "-e" "RUSTUP_HOME=/opt/rustwide/rustup-home" "-w" "/opt/rustwide/workdir" "-m" "1610612736" "--user" "0:0" "--network" "none" "ghcr.io/rust-lang/crates-build-env/linux@sha256:2788e3201cd34a07e3172128adcd8b3090168a8e3bcc40d7c032b9dda1df7d1c" "/opt/rustwide/cargo-home/bin/cargo" "+1.75.0" "metadata" "--no-deps" "--format-version=1", kill_on_drop: false }`
[INFO] [stdout] a51c2281c5e098566b464ebb5d45e7e4d9133abc09e849ddc134a794927f9867
[INFO] running `Command { std: "docker" "start" "-a" "a51c2281c5e098566b464ebb5d45e7e4d9133abc09e849ddc134a794927f9867", kill_on_drop: false }`
[INFO] running `Command { std: "docker" "inspect" "a51c2281c5e098566b464ebb5d45e7e4d9133abc09e849ddc134a794927f9867", kill_on_drop: false }`
[INFO] running `Command { std: "docker" "rm" "-f" "a51c2281c5e098566b464ebb5d45e7e4d9133abc09e849ddc134a794927f9867", kill_on_drop: false }`
[INFO] [stdout] a51c2281c5e098566b464ebb5d45e7e4d9133abc09e849ddc134a794927f9867
[INFO] running `Command { std: "docker" "create" "-v" "/var/lib/crater-agent-workspace/builds/worker-6-tc1/target:/opt/rustwide/target:rw,Z" "-v" "/var/lib/crater-agent-workspace/builds/worker-6-tc1/source:/opt/rustwide/workdir:ro,Z" "-v" "/var/lib/crater-agent-workspace/cargo-home:/opt/rustwide/cargo-home:ro,Z" "-v" "/var/lib/crater-agent-workspace/rustup-home:/opt/rustwide/rustup-home:ro,Z" "-e" "SOURCE_DIR=/opt/rustwide/workdir" "-e" "CARGO_TARGET_DIR=/opt/rustwide/target" "-e" "CARGO_INCREMENTAL=0" "-e" "RUST_BACKTRACE=full" "-e" "RUSTFLAGS=--cap-lints=warn" "-e" "RUSTDOCFLAGS=--cap-lints=warn" "-e" "CARGO_HOME=/opt/rustwide/cargo-home" "-e" "RUSTUP_HOME=/opt/rustwide/rustup-home" "-w" "/opt/rustwide/workdir" "-m" "1610612736" "--user" "0:0" "--network" "none" "ghcr.io/rust-lang/crates-build-env/linux@sha256:2788e3201cd34a07e3172128adcd8b3090168a8e3bcc40d7c032b9dda1df7d1c" "/opt/rustwide/cargo-home/bin/cargo" "+1.75.0" "doc" "--frozen" "--no-deps" "--document-private-items" "--message-format=json", kill_on_drop: false }`
[INFO] [stdout] 1926a07bfe366e285be136af9c39ce24385c99ca4ac5197ac2aff40c195df600
[INFO] running `Command { std: "docker" "start" "-a" "1926a07bfe366e285be136af9c39ce24385c99ca4ac5197ac2aff40c195df600", kill_on_drop: false }`
[INFO] [stderr]    Compiling proc-macro2 v1.0.76
[INFO] [stderr]    Compiling getrandom v0.1.16
[INFO] [stderr]    Compiling anyhow v1.0.79
[INFO] [stderr]    Compiling thiserror v1.0.56
[INFO] [stderr]    Compiling subtle v2.4.1
[INFO] [stderr]     Checking getrandom v0.2.11
[INFO] [stderr]    Compiling libc v0.2.151
[INFO] [stderr]    Compiling ahash v0.8.7
[INFO] [stderr]    Compiling num-traits v0.2.17
[INFO] [stderr]    Compiling log v0.4.20
[INFO] [stderr]    Compiling solana-frozen-abi-macro v1.16.24
[INFO] [stderr]    Compiling solana-frozen-abi v1.16.24
[INFO] [stderr]     Checking jobserver v0.1.27
[INFO] [stderr]    Compiling cpufeatures v0.2.12
[INFO] [stderr]     Checking array-bytes v1.4.1
[INFO] [stderr]     Checking memchr v2.7.1
[INFO] [stderr]    Compiling solana-sdk v1.16.24
[INFO] [stderr]     Checking iana-time-zone v0.1.59
[INFO] [stderr]     Checking rand_core v0.6.4
[INFO] [stderr]     Checking ahash v0.7.7
[INFO] [stderr]    Compiling proc-macro2-diagnostics v0.9.1
[INFO] [stderr]     Checking cc v1.0.83
[INFO] [stderr]    Compiling block-padding v0.2.1
[INFO] [stderr]    Compiling ryu v1.0.16
[INFO] [stderr]     Checking rand_chacha v0.3.1
[INFO] [stderr]     Checking rand_xoshiro v0.6.0
[INFO] [stderr]     Checking hashbrown v0.11.2
[INFO] [stderr]    Compiling opaque-debug v0.3.0
[INFO] [stderr]    Compiling yansi v0.5.1
[INFO] [stderr]    Compiling unicode-segmentation v1.10.1
[INFO] [stderr]    Compiling itoa v1.0.10
[INFO] [stderr]     Checking rand_core v0.5.1
[INFO] [stderr]    Compiling bs58 v0.3.1
[INFO] [stderr]     Checking rand v0.8.5
[INFO] [stderr]    Compiling toml_edit v0.20.7
[INFO] [stderr]    Compiling regex-syntax v0.8.2
[INFO] [stderr]     Checking aho-corasick v1.1.2
[INFO] [stderr]     Checking rand_chacha v0.2.2
[INFO] [stderr]     Checking hashbrown v0.13.2
[INFO] [stderr]     Checking rand v0.7.3
[INFO] [stderr]    Compiling heck v0.3.3
[INFO] [stderr]    Compiling num-integer v0.1.45
[INFO] [stderr]    Compiling quote v1.0.35
[INFO] [stderr]    Compiling syn v2.0.48
[INFO] [stderr]    Compiling syn v1.0.109
[INFO] [stderr]    Compiling num-bigint v0.4.4
[INFO] [stderr]     Checking ark-std v0.4.0
[INFO] [stderr]     Checking regex-automata v0.4.3
[INFO] [stderr]    Compiling proc-macro-crate v2.0.0
[INFO] [stderr]    Compiling blake3 v1.5.0
[INFO] [stderr]    Compiling solana-program v1.16.24
[INFO] [stderr]     Checking regex v1.10.2
[INFO] [stderr]     Checking env_logger v0.9.3
[INFO] [stderr]     Checking solana-logger v1.16.24
[INFO] [stderr]    Compiling wasm-bindgen-backend v0.2.89
[INFO] [stderr]    Compiling darling_core v0.20.3
[INFO] [stderr]    Compiling borsh-schema-derive-internal v0.9.3
[INFO] [stderr]    Compiling borsh-derive-internal v0.10.3
[INFO] [stderr]    Compiling borsh-derive-internal v0.9.3
[INFO] [stderr]    Compiling borsh-schema-derive-internal v0.10.3
[INFO] [stderr]    Compiling serde_derive v1.0.195
[INFO] [stderr]    Compiling thiserror-impl v1.0.56
[INFO] [stderr]    Compiling zeroize_derive v1.4.2
[INFO] [stderr]    Compiling wasm-bindgen-macro-support v0.2.89
[INFO] [stderr]    Compiling bytemuck_derive v1.5.0
[INFO] [stderr]    Compiling solana-sdk-macro v1.16.24
[INFO] [stderr]    Compiling num_enum_derive v0.6.1
[INFO] [stderr]    Compiling num-derive v0.4.1
[INFO] [stderr]    Compiling num_enum_derive v0.7.1
[INFO] [stderr]    Compiling ark-serialize-derive v0.4.2
[INFO] [stderr]    Compiling derivative v2.2.0
[INFO] [stderr]    Compiling ark-ff-macros v0.4.2
[INFO] [stderr]    Compiling ark-ff-asm v0.4.2
[INFO] [stderr]    Compiling num-derive v0.3.3
[INFO] [stderr]     Checking zeroize v1.3.0
[INFO] [stderr]    Compiling wasm-bindgen-macro v0.2.89
[INFO] [stderr]     Checking merlin v3.0.0
[INFO] [stderr]    Compiling num_enum_derive v0.5.11
[INFO] [stderr]    Compiling mpl-token-metadata-context-derive v0.2.1
[INFO] [stderr]    Compiling mpl-token-metadata-context-derive v0.3.0
[INFO] [stderr]    Compiling darling_macro v0.20.3
[INFO] [stderr]     Checking bytemuck v1.14.0
[INFO] [stderr]     Checking wasm-bindgen v0.2.89
[INFO] [stderr]     Checking num_enum v0.6.1
[INFO] [stderr]     Checking num_enum v0.7.1
[INFO] [stderr]    Compiling darling v0.20.3
[INFO] [stderr]    Compiling serde_with_macros v2.3.3
[INFO] [stderr]     Checking num_enum v0.5.11
[INFO] [stderr]     Checking serde v1.0.195
[INFO] [stderr]     Checking generic-array v0.14.7
[INFO] [stderr]     Checking im v15.1.0
[INFO] [stderr]     Checking bv v0.11.1
[INFO] [stderr]     Checking serde_bytes v0.11.14
[INFO] [stderr]     Checking serde_json v1.0.111
[INFO] [stderr]     Checking bincode v1.3.3
[INFO] [stderr]     Checking serde_with v2.3.3
[INFO] [stderr]     Checking chrono v0.4.31
[INFO] [stderr]     Checking rmp-serde v1.1.2
[INFO] [stderr]    Compiling toml v0.5.11
[INFO] [stderr]    Compiling shank_macro_impl v0.0.11
[INFO] [stderr]     Checking crypto-common v0.1.6
[INFO] [stderr]     Checking block-buffer v0.10.4
[INFO] [stderr]     Checking digest v0.9.0
[INFO] [stderr]     Checking block-buffer v0.9.0
[INFO] [stderr]     Checking crypto-mac v0.8.0
[INFO] [stderr]     Checking cipher v0.3.0
[INFO] [stderr]     Checking universal-hash v0.4.1
[INFO] [stderr]     Checking aead v0.4.3
[INFO] [stderr]     Checking pbkdf2 v0.4.0
[INFO] [stderr]     Checking sha2 v0.9.9
[INFO] [stderr]     Checking hmac v0.8.1
[INFO] [stderr]     Checking curve25519-dalek v3.2.1
[INFO] [stderr]     Checking libsecp256k1-core v0.2.2
[INFO] [stderr]     Checking digest v0.10.7
[INFO] [stderr]     Checking aes v0.7.5
[INFO] [stderr]     Checking polyval v0.5.3
[INFO] [stderr]     Checking hmac-drbg v0.3.0
[INFO] [stderr]     Checking ctr v0.8.0
[INFO] [stderr]     Checking sha3 v0.9.1
[INFO] [stderr]     Checking ark-serialize v0.4.2
[INFO] [stderr]     Checking sha2 v0.10.8
[INFO] [stderr]     Checking sha3 v0.10.8
[INFO] [stderr]     Checking hmac v0.12.1
[INFO] [stderr]     Checking tiny-bip39 v0.8.2
[INFO] [stderr]     Checking pbkdf2 v0.11.0
[INFO] [stderr]     Checking aes-gcm-siv v0.10.3
[INFO] [stderr]     Checking ark-ff v0.4.2
[INFO] [stderr]    Compiling proc-macro-crate v0.1.5
[INFO] [stderr]    Compiling shank_macro v0.0.11
[INFO] [stderr]     Checking ed25519-dalek v1.0.1
[INFO] [stderr]    Compiling borsh-derive v0.10.3
[INFO] [stderr]    Compiling borsh-derive v0.9.3
[INFO] [stderr]    Compiling anchor-syn v0.26.0
[INFO] [stderr]     Checking ed25519-dalek-bip32 v0.2.0
[INFO] [stderr]    Compiling spl-program-error-derive v0.3.1
[INFO] [stderr]    Compiling spl-discriminator-syn v0.1.1
[INFO] [stderr]    Compiling libsecp256k1-gen-genmult v0.2.1
[INFO] [stderr]    Compiling libsecp256k1-gen-ecmult v0.2.1
[INFO] [stderr]    Compiling libsecp256k1 v0.6.0
[INFO] [stderr]     Checking shank v0.0.11
[INFO] [stderr]     Checking borsh v0.10.3
[INFO] [stderr]     Checking borsh v0.9.3
[INFO] [stderr]    Compiling spl-discriminator-derive v0.1.1
[INFO] [stderr]    Compiling anchor-attribute-constant v0.26.0
[INFO] [stderr]    Compiling anchor-attribute-event v0.26.0
[INFO] [stderr]    Compiling anchor-attribute-access-control v0.26.0
[INFO] [stderr]    Compiling anchor-attribute-interface v0.26.0
[INFO] [stderr]    Compiling anchor-attribute-state v0.26.0
[INFO] [stderr]    Compiling anchor-attribute-program v0.26.0
[INFO] [stderr]    Compiling anchor-attribute-error v0.26.0
[INFO] [stderr]    Compiling anchor-derive-accounts v0.26.0
[INFO] [stderr]    Compiling anchor-attribute-account v0.26.0
[INFO] [stderr]     Checking ark-poly v0.4.2
[INFO] [stderr]     Checking ark-ec v0.4.2
[INFO] [stderr]     Checking ark-bn254 v0.4.0
[INFO] [stderr]     Checking spl-program-error v0.3.0
[INFO] [stderr]     Checking spl-discriminator v0.1.0
[INFO] [stderr]     Checking spl-memo v3.0.1
[INFO] [stderr]     Checking spl-token v3.5.0
[INFO] [stderr]     Checking spl-memo v4.0.0
[INFO] [stderr]     Checking spl-token v4.0.0
[INFO] [stderr]     Checking anchor-lang v0.26.0
[INFO] [stderr]     Checking sol-did v0.2.0
[INFO] [stdout] error[E0277]: the trait bound `SolInstruction: borsh::ser::BorshSerialize` is not satisfied
[INFO] [stdout]    --> /opt/rustwide/cargo-home/registry/src/index.crates.io-6f17d22bba15001f/sol-did-0.2.0/src/instruction.rs:68:9
[INFO] [stdout]     |
[INFO] [stdout] 66  |     Instruction::new_with_borsh(
[INFO] [stdout]     |     --------------------------- required by a bound introduced by this call
[INFO] [stdout] 67  |         id(),
[INFO] [stdout] 68  |         &SolInstruction::Initialize { size, init_data },
[INFO] [stdout]     |         ^^^^^^^^^^^^^^^^^^^^^^^^^^^^^^^^^^^^^^^^^^^^^^^ the trait `borsh::ser::BorshSerialize` is not implemented for `SolInstruction`
[INFO] [stdout]     |
[INFO] [stdout]     = help: the following other types implement trait `borsh::ser::BorshSerialize`:
[INFO] [stdout]               bool
[INFO] [stdout]               isize
[INFO] [stdout]               i8
[INFO] [stdout]               i16
[INFO] [stdout]               i32
[INFO] [stdout]               i64
[INFO] [stdout]               i128
[INFO] [stdout]               usize
[INFO] [stdout]             and 77 others
[INFO] [stdout] note: required by a bound in `Instruction::new_with_borsh`
[INFO] [stdout]    --> /opt/rustwide/cargo-home/registry/src/index.crates.io-6f17d22bba15001f/solana-program-1.16.24/src/instruction.rs:389:30
[INFO] [stdout]     |
[INFO] [stdout] 389 |     pub fn new_with_borsh<T: BorshSerialize>(
[INFO] [stdout]     |                              ^^^^^^^^^^^^^^ required by this bound in `Instruction::new_with_borsh`
[INFO] [stdout] 
[INFO] [stdout] 
[INFO] [stdout] error[E0277]: the trait bound `SolInstruction: borsh::ser::BorshSerialize` is not satisfied
[INFO] [stdout]    --> /opt/rustwide/cargo-home/registry/src/index.crates.io-6f17d22bba15001f/sol-did-0.2.0/src/instruction.rs:83:9
[INFO] [stdout]     |
[INFO] [stdout] 81  |     Instruction::new_with_borsh(
[INFO] [stdout]     |     --------------------------- required by a bound introduced by this call
[INFO] [stdout] 82  |         id(),
[INFO] [stdout] 83  |         &SolInstruction::Write { offset, data },
[INFO] [stdout]     |         ^^^^^^^^^^^^^^^^^^^^^^^^^^^^^^^^^^^^^^^ the trait `borsh::ser::BorshSerialize` is not implemented for `SolInstruction`
[INFO] [stdout]     |
[INFO] [stdout]     = help: the following other types implement trait `borsh::ser::BorshSerialize`:
[INFO] [stdout]               bool
[INFO] [stdout]               isize
[INFO] [stdout]               i8
[INFO] [stdout]               i16
[INFO] [stdout]               i32
[INFO] [stdout]               i64
[INFO] [stdout]               i128
[INFO] [stdout]               usize
[INFO] [stdout]             and 77 others
[INFO] [stdout] note: required by a bound in `Instruction::new_with_borsh`
[INFO] [stdout]    --> /opt/rustwide/cargo-home/registry/src/index.crates.io-6f17d22bba15001f/solana-program-1.16.24/src/instruction.rs:389:30
[INFO] [stdout]     |
[INFO] [stdout] 389 |     pub fn new_with_borsh<T: BorshSerialize>(
[INFO] [stdout]     |                              ^^^^^^^^^^^^^^ required by this bound in `Instruction::new_with_borsh`
[INFO] [stdout] 
[INFO] [stdout] 
[INFO] [stdout] error[E0277]: the trait bound `SolInstruction: borsh::ser::BorshSerialize` is not satisfied
[INFO] [stdout]    --> /opt/rustwide/cargo-home/registry/src/index.crates.io-6f17d22bba15001f/sol-did-0.2.0/src/instruction.rs:95:9
[INFO] [stdout]     |
[INFO] [stdout] 93  |     Instruction::new_with_borsh(
[INFO] [stdout]     |     --------------------------- required by a bound introduced by this call
[INFO] [stdout] 94  |         id(),
[INFO] [stdout] 95  |         &SolInstruction::CloseAccount,
[INFO] [stdout]     |         ^^^^^^^^^^^^^^^^^^^^^^^^^^^^^ the trait `borsh::ser::BorshSerialize` is not implemented for `SolInstruction`
[INFO] [stdout]     |
[INFO] [stdout]     = help: the following other types implement trait `borsh::ser::BorshSerialize`:
[INFO] [stdout]               bool
[INFO] [stdout]               isize
[INFO] [stdout]               i8
[INFO] [stdout]               i16
[INFO] [stdout]               i32
[INFO] [stdout]               i64
[INFO] [stdout]               i128
[INFO] [stdout]               usize
[INFO] [stdout]             and 77 others
[INFO] [stdout] note: required by a bound in `Instruction::new_with_borsh`
[INFO] [stdout]    --> /opt/rustwide/cargo-home/registry/src/index.crates.io-6f17d22bba15001f/solana-program-1.16.24/src/instruction.rs:389:30
[INFO] [stdout]     |
[INFO] [stdout] 389 |     pub fn new_with_borsh<T: BorshSerialize>(
[INFO] [stdout]     |                              ^^^^^^^^^^^^^^ required by this bound in `Instruction::new_with_borsh`
[INFO] [stdout] 
[INFO] [stdout] 
[INFO] [stdout] error: aborting due to 3 previous errors
[INFO] [stdout] 
[INFO] [stdout] 
[INFO] [stdout] For more information about this error, try `rustc --explain E0277`.
[INFO] [stdout] 
[INFO] [stderr] error: could not compile `sol-did` (lib) due to 4 previous errors
[INFO] [stderr] warning: build failed, waiting for other jobs to finish...
[INFO] running `Command { std: "docker" "inspect" "1926a07bfe366e285be136af9c39ce24385c99ca4ac5197ac2aff40c195df600", kill_on_drop: false }`
[INFO] running `Command { std: "docker" "rm" "-f" "1926a07bfe366e285be136af9c39ce24385c99ca4ac5197ac2aff40c195df600", kill_on_drop: false }`
[INFO] [stdout] 1926a07bfe366e285be136af9c39ce24385c99ca4ac5197ac2aff40c195df600
