[INFO] fetching crate moonramp-sale 0.1.22...
[INFO] documenting moonramp-sale-0.1.22 against 1.75.0 for beta-1.76-rustdoc-1
[INFO] extracting crate moonramp-sale 0.1.22 into /workspace/builds/worker-1-tc1/source
[INFO] validating manifest of crates.io crate moonramp-sale 0.1.22 on toolchain 1.75.0
[INFO] running `Command { std: CARGO_HOME="/workspace/cargo-home" RUSTUP_HOME="/workspace/rustup-home" "/workspace/cargo-home/bin/cargo" "+1.75.0" "metadata" "--manifest-path" "Cargo.toml" "--no-deps", kill_on_drop: false }`
[INFO] started tweaking crates.io crate moonramp-sale 0.1.22
[INFO] finished tweaking crates.io crate moonramp-sale 0.1.22
[INFO] tweaked toml for crates.io crate moonramp-sale 0.1.22 written to /workspace/builds/worker-1-tc1/source/Cargo.toml
[INFO] running `Command { std: CARGO_HOME="/workspace/cargo-home" RUSTUP_HOME="/workspace/rustup-home" "/workspace/cargo-home/bin/cargo" "+1.75.0" "generate-lockfile" "--manifest-path" "Cargo.toml", kill_on_drop: false }`
[INFO] [stderr]     Updating crates.io index
[INFO] running `Command { std: CARGO_HOME="/workspace/cargo-home" RUSTUP_HOME="/workspace/rustup-home" "/workspace/cargo-home/bin/cargo" "+1.75.0" "fetch" "--manifest-path" "Cargo.toml", kill_on_drop: false }`
[INFO] [stderr]  Downloading crates ...
[INFO] [stderr]   Downloaded moonramp-core v0.1.22
[INFO] [stderr]   Downloaded bae v0.1.7
[INFO] [stderr]   Downloaded fs-set-times v0.15.0
[INFO] [stderr]   Downloaded wasi-cap-std-sync v0.35.3
[INFO] [stderr]   Downloaded maybe-owned v0.3.4
[INFO] [stderr]   Downloaded io-lifetimes v0.5.3
[INFO] [stderr]   Downloaded wasmtime-jit-debug v0.35.3
[INFO] [stderr]   Downloaded moonramp-entity v0.1.22
[INFO] [stderr]   Downloaded moonramp-lunar-core v0.1.22
[INFO] [stderr]   Downloaded atoi v0.4.0
[INFO] [stderr]   Downloaded sea-strum_macros v0.23.0
[INFO] [stderr]   Downloaded moonramp-wallet v0.1.22
[INFO] [stderr]   Downloaded sqlx-rt v0.5.13
[INFO] [stderr]   Downloaded wiggle-macro v0.35.3
[INFO] [stderr]   Downloaded winx v0.31.0
[INFO] [stderr]   Downloaded wasi-tokio v0.35.3
[INFO] [stderr]   Downloaded system-interface v0.20.0
[INFO] [stderr]   Downloaded witx v0.9.1
[INFO] [stderr]   Downloaded wiggle v0.35.3
[INFO] [stderr]   Downloaded wasmtime-fiber v0.35.3
[INFO] [stderr]   Downloaded shellexpand v2.1.2
[INFO] [stderr]   Downloaded rustix v0.33.7
[INFO] [stderr]   Downloaded wasmtime v0.35.3
[INFO] [stderr]   Downloaded sqlx-core v0.5.13
[INFO] [stderr]   Downloaded bitcoin v0.28.2
[INFO] [stderr]   Downloaded sea-query v0.24.6
[INFO] [stderr]   Downloaded sqlx v0.5.13
[INFO] [stderr]   Downloaded sea-orm v0.8.0
[INFO] [stderr]   Downloaded wasi-common v0.35.3
[INFO] [stderr]   Downloaded linux-raw-sys v0.0.42
[INFO] [stderr]   Downloaded wasmtime-runtime v0.35.3
[INFO] [stderr]   Downloaded url v2.3.0
[INFO] [stderr]   Downloaded wasmtime-environ v0.35.3
[INFO] [stderr]   Downloaded cap-primitives v0.24.4
[INFO] [stderr]   Downloaded cap-std v0.24.4
[INFO] [stderr]   Downloaded wasmtime-jit v0.35.3
[INFO] [stderr]   Downloaded chacha20 v0.8.2
[INFO] [stderr]   Downloaded cap-rand v0.24.4
[INFO] [stderr]   Downloaded wasmtime-types v0.35.3
[INFO] [stderr]   Downloaded wiggle-generate v0.35.3
[INFO] [stderr]   Downloaded sqlx-macros v0.5.13
[INFO] [stderr]   Downloaded chacha20poly1305 v0.9.1
[INFO] [stderr]   Downloaded lz4_flex v0.9.5
[INFO] [stderr]   Downloaded sea-orm-macros v0.8.0
[INFO] [stderr]   Downloaded sea-query-derive v0.2.0
[INFO] [stderr]   Downloaded sea-strum v0.23.0
[INFO] [stderr]   Downloaded is-terminal v0.1.0
[INFO] [stderr]   Downloaded ambient-authority v0.0.1
[INFO] [stderr]   Downloaded io-extras v0.13.2
[INFO] [stderr]   Downloaded wast v35.0.2
[INFO] [stderr]   Downloaded bitcoincore-rpc-json v0.15.0
[INFO] [stderr]   Downloaded cap-time-ext v0.24.4
[INFO] [stderr]   Downloaded bitcoin_hashes v0.10.0
[INFO] [stderr]   Downloaded moonramp-lunar-macro v0.1.22
[INFO] [stderr]   Downloaded moonramp-lunar v0.1.22
[INFO] [stderr]   Downloaded sea-query-driver v0.1.1
[INFO] [stderr]   Downloaded cranelift-entity v0.82.3
[INFO] [stderr]   Downloaded cap-fs-ext v0.24.4
[INFO] [stderr]   Downloaded wasmtime-wasi v0.35.3
[INFO] running `Command { std: "docker" "create" "-v" "/var/lib/crater-agent-workspace/builds/worker-1-tc1/target:/opt/rustwide/target:rw,Z" "-v" "/var/lib/crater-agent-workspace/builds/worker-1-tc1/source:/opt/rustwide/workdir:ro,Z" "-v" "/var/lib/crater-agent-workspace/cargo-home:/opt/rustwide/cargo-home:ro,Z" "-v" "/var/lib/crater-agent-workspace/rustup-home:/opt/rustwide/rustup-home:ro,Z" "-e" "SOURCE_DIR=/opt/rustwide/workdir" "-e" "CARGO_TARGET_DIR=/opt/rustwide/target" "-e" "CARGO_HOME=/opt/rustwide/cargo-home" "-e" "RUSTUP_HOME=/opt/rustwide/rustup-home" "-w" "/opt/rustwide/workdir" "-m" "1610612736" "--user" "0:0" "--network" "none" "ghcr.io/rust-lang/crates-build-env/linux@sha256:2788e3201cd34a07e3172128adcd8b3090168a8e3bcc40d7c032b9dda1df7d1c" "/opt/rustwide/cargo-home/bin/cargo" "+1.75.0" "metadata" "--no-deps" "--format-version=1", kill_on_drop: false }`
[INFO] [stdout] 30c34aa45ea2407633fd5918f56ca04d51d34e4f61e3ebe524228d3d34700878
[INFO] running `Command { std: "docker" "start" "-a" "30c34aa45ea2407633fd5918f56ca04d51d34e4f61e3ebe524228d3d34700878", kill_on_drop: false }`
[INFO] running `Command { std: "docker" "inspect" "30c34aa45ea2407633fd5918f56ca04d51d34e4f61e3ebe524228d3d34700878", kill_on_drop: false }`
[INFO] running `Command { std: "docker" "rm" "-f" "30c34aa45ea2407633fd5918f56ca04d51d34e4f61e3ebe524228d3d34700878", kill_on_drop: false }`
[INFO] [stdout] 30c34aa45ea2407633fd5918f56ca04d51d34e4f61e3ebe524228d3d34700878
[INFO] running `Command { std: "docker" "create" "-v" "/var/lib/crater-agent-workspace/builds/worker-1-tc1/target:/opt/rustwide/target:rw,Z" "-v" "/var/lib/crater-agent-workspace/builds/worker-1-tc1/source:/opt/rustwide/workdir:ro,Z" "-v" "/var/lib/crater-agent-workspace/cargo-home:/opt/rustwide/cargo-home:ro,Z" "-v" "/var/lib/crater-agent-workspace/rustup-home:/opt/rustwide/rustup-home:ro,Z" "-e" "SOURCE_DIR=/opt/rustwide/workdir" "-e" "CARGO_TARGET_DIR=/opt/rustwide/target" "-e" "CARGO_INCREMENTAL=0" "-e" "RUST_BACKTRACE=full" "-e" "RUSTFLAGS=--cap-lints=warn" "-e" "RUSTDOCFLAGS=--cap-lints=warn" "-e" "CARGO_HOME=/opt/rustwide/cargo-home" "-e" "RUSTUP_HOME=/opt/rustwide/rustup-home" "-w" "/opt/rustwide/workdir" "-m" "1610612736" "--user" "0:0" "--network" "none" "ghcr.io/rust-lang/crates-build-env/linux@sha256:2788e3201cd34a07e3172128adcd8b3090168a8e3bcc40d7c032b9dda1df7d1c" "/opt/rustwide/cargo-home/bin/cargo" "+1.75.0" "doc" "--frozen" "--no-deps" "--document-private-items" "--message-format=json", kill_on_drop: false }`
[INFO] [stdout] ada661108b56bd8080a4163b7e726a754a31aa081b80ded36865a2e49252b56e
[INFO] running `Command { std: "docker" "start" "-a" "ada661108b56bd8080a4163b7e726a754a31aa081b80ded36865a2e49252b56e", kill_on_drop: false }`
[INFO] [stderr]    Compiling libc v0.2.151
[INFO] [stderr]    Compiling serde v1.0.195
[INFO] [stderr]    Compiling proc-macro2 v1.0.76
[INFO] [stderr]     Checking once_cell v1.19.0
[INFO] [stderr]    Compiling syn v1.0.109
[INFO] [stderr]    Compiling thiserror v1.0.56
[INFO] [stderr]     Checking itoa v1.0.10
[INFO] [stderr]    Compiling num-traits v0.2.17
[INFO] [stderr]    Compiling io-lifetimes v0.5.3
[INFO] [stderr]    Compiling maybe-uninit v2.0.0
[INFO] [stderr]    Compiling unicode-segmentation v1.10.1
[INFO] [stderr]     Checking subtle v2.4.1
[INFO] [stderr]    Compiling rustix v0.33.7
[INFO] [stderr]     Checking linux-raw-sys v0.0.42
[INFO] [stderr]     Checking pin-project-lite v0.2.13
[INFO] [stderr]    Compiling quote v1.0.35
[INFO] [stderr]    Compiling anyhow v1.0.79
[INFO] [stderr]    Compiling syn v2.0.48
[INFO] [stderr]    Compiling indexmap v1.9.3
[INFO] [stderr]    Compiling heck v0.3.3
[INFO] [stderr]    Compiling standback v0.2.17
[INFO] [stderr]    Compiling typenum v1.17.0
[INFO] [stderr]    Compiling cc v1.0.83
[INFO] [stderr]     Checking getrandom v0.2.11
[INFO] [stderr]    Compiling dirs-sys v0.3.7
[INFO] [stderr]     Checking rand_core v0.6.4
[INFO] [stderr]     Checking rand_chacha v0.3.1
[INFO] [stderr]    Compiling proc-macro-hack v0.5.20+deprecated
[INFO] [stderr]    Compiling dirs v4.0.0
[INFO] [stderr]    Compiling lock_api v0.4.11
[INFO] [stderr]     Checking rand v0.8.5
[INFO] [stderr]    Compiling ahash v0.7.7
[INFO] [stderr]    Compiling crc32fast v1.3.2
[INFO] [stderr]    Compiling generic-array v0.14.7
[INFO] [stderr]    Compiling parking_lot_core v0.8.6
[INFO] [stderr]     Checking digest v0.10.7
[INFO] [stderr]    Compiling spin v0.5.2
[INFO] [stderr]    Compiling io-extras v0.13.2
[INFO] [stderr]    Compiling ring v0.16.20
[INFO] [stderr]    Compiling wasmtime-fiber v0.35.3
[INFO] [stderr]     Checking cpufeatures v0.2.12
[INFO] [stderr]     Checking stable_deref_trait v1.2.0
[INFO] [stderr]    Compiling target-lexicon v0.12.13
[INFO] [stderr]    Compiling untrusted v0.7.1
[INFO] [stderr]     Checking fallible-iterator v0.2.0
[INFO] [stderr]    Compiling backtrace v0.3.69
[INFO] [stderr]    Compiling block-buffer v0.10.4
[INFO] [stderr]    Compiling crypto-common v0.1.6
[INFO] [stderr]     Checking gimli v0.26.2
[INFO] [stderr]    Compiling memoffset v0.6.5
[INFO] [stderr]     Checking futures-core v0.3.30
[INFO] [stderr]     Checking wasmparser v0.83.0
[INFO] [stderr]    Compiling const_fn v0.4.9
[INFO] [stderr]    Compiling crossbeam-utils v0.8.18
[INFO] [stderr]    Compiling cap-primitives v0.24.4
[INFO] [stderr]    Compiling serde_json v1.0.111
[INFO] [stderr]     Checking ambient-authority v0.0.1
[INFO] [stderr]     Checking gimli v0.28.1
[INFO] [stderr]     Checking miniz_oxide v0.7.1
[INFO] [stderr]     Checking fs-set-times v0.15.0
[INFO] [stderr]    Compiling wasmtime-runtime v0.35.3
[INFO] [stderr]     Checking num_cpus v1.16.0
[INFO] [stderr]     Checking socket2 v0.5.5
[INFO] [stderr]     Checking mio v0.8.10
[INFO] [stderr]     Checking object v0.32.2
[INFO] [stderr]    Compiling time v0.2.27
[INFO] [stderr]     Checking rustc-demangle v0.1.23
[INFO] [stderr]     Checking bytes v1.5.0
[INFO] [stderr]     Checking more-asserts v0.2.2
[INFO] [stderr]    Compiling async-trait v0.1.77
[INFO] [stderr]    Compiling rust_decimal v1.33.1
[INFO] [stderr]     Checking addr2line v0.21.0
[INFO] [stderr]     Checking ipnet v2.9.0
[INFO] [stderr]    Compiling leb128 v0.2.5
[INFO] [stderr]     Checking maybe-owned v0.3.4
[INFO] [stderr]    Compiling cpp_demangle v0.3.5
[INFO] [stderr]    Compiling wast v35.0.2
[INFO] [stderr]     Checking wasmtime-jit-debug v0.35.3
[INFO] [stderr]    Compiling webpki v0.21.4
[INFO] [stdout] error[E0061]: this method takes 1 argument but 2 arguments were supplied
[INFO] [stdout]   --> /opt/rustwide/cargo-home/registry/src/index.crates.io-6f17d22bba15001f/cap-primitives-0.24.4/src/rustix/linux/fs/set_times_impl.rs:20:25
[INFO] [stdout]    |
[INFO] [stdout] 20 |             return file.set_times(
[INFO] [stdout]    |                         ^^^^^^^^^
[INFO] [stdout] 21 |                 atime.map(SystemTimeSpec::into_std),
[INFO] [stdout] 22 |                 mtime.map(SystemTimeSpec::into_std),
[INFO] [stdout]    |                 ----------------------------------- unexpected argument of type `Option<fs_set_times::SystemTimeSpec>`
[INFO] [stdout]    |
[INFO] [stdout] note: expected `FileTimes`, found `Option<SystemTimeSpec>`
[INFO] [stdout]   --> /opt/rustwide/cargo-home/registry/src/index.crates.io-6f17d22bba15001f/cap-primitives-0.24.4/src/rustix/linux/fs/set_times_impl.rs:21:17
[INFO] [stdout]    |
[INFO] [stdout] 21 |                 atime.map(SystemTimeSpec::into_std),
[INFO] [stdout]    |                 ^^^^^^^^^^^^^^^^^^^^^^^^^^^^^^^^^^^
[INFO] [stdout]    = note: expected struct `FileTimes`
[INFO] [stdout]                 found enum `Option<fs_set_times::SystemTimeSpec>`
[INFO] [stdout] note: method defined here
[INFO] [stdout]   --> /rustc/82e1608dfa6e0b5569232559e3d385fea5a93112/library/std/src/fs.rs:695:12
[INFO] [stdout] help: remove the extra argument
[INFO] [stdout]    |
[INFO] [stdout] 21 -                 atime.map(SystemTimeSpec::into_std),
[INFO] [stdout] 21 +                 /* FileTimes */,
[INFO] [stdout]    |
[INFO] [stdout] 
[INFO] [stdout] 
[INFO] [stdout] error[E0061]: this method takes 1 argument but 2 arguments were supplied
[INFO] [stdout]   --> /opt/rustwide/cargo-home/registry/src/index.crates.io-6f17d22bba15001f/cap-primitives-0.24.4/src/rustix/linux/fs/set_times_impl.rs:34:25
[INFO] [stdout]    |
[INFO] [stdout] 34 |             return file.set_times(
[INFO] [stdout]    |                         ^^^^^^^^^
[INFO] [stdout] 35 |                 atime.map(SystemTimeSpec::into_std),
[INFO] [stdout] 36 |                 mtime.map(SystemTimeSpec::into_std),
[INFO] [stdout]    |                 ----------------------------------- unexpected argument of type `Option<fs_set_times::SystemTimeSpec>`
[INFO] [stdout]    |
[INFO] [stdout] note: expected `FileTimes`, found `Option<SystemTimeSpec>`
[INFO] [stdout]   --> /opt/rustwide/cargo-home/registry/src/index.crates.io-6f17d22bba15001f/cap-primitives-0.24.4/src/rustix/linux/fs/set_times_impl.rs:35:17
[INFO] [stdout]    |
[INFO] [stdout] 35 |                 atime.map(SystemTimeSpec::into_std),
[INFO] [stdout]    |                 ^^^^^^^^^^^^^^^^^^^^^^^^^^^^^^^^^^^
[INFO] [stdout]    = note: expected struct `FileTimes`
[INFO] [stdout]                 found enum `Option<fs_set_times::SystemTimeSpec>`
[INFO] [stdout] note: method defined here
[INFO] [stdout]   --> /rustc/82e1608dfa6e0b5569232559e3d385fea5a93112/library/std/src/fs.rs:695:12
[INFO] [stdout] help: remove the extra argument
[INFO] [stdout]    |
[INFO] [stdout] 35 -                 atime.map(SystemTimeSpec::into_std),
[INFO] [stdout] 35 +                 /* FileTimes */,
[INFO] [stdout]    |
[INFO] [stdout] 
[INFO] [stdout] 
[INFO] [stdout] error: aborting due to 2 previous errors
[INFO] [stdout] 
[INFO] [stdout] 
[INFO] [stdout] For more information about this error, try `rustc --explain E0061`.
[INFO] [stdout] 
[INFO] [stderr] error: could not compile `cap-primitives` (lib) due to 3 previous errors
[INFO] [stderr] warning: build failed, waiting for other jobs to finish...
[INFO] running `Command { std: "docker" "inspect" "ada661108b56bd8080a4163b7e726a754a31aa081b80ded36865a2e49252b56e", kill_on_drop: false }`
[INFO] running `Command { std: "docker" "rm" "-f" "ada661108b56bd8080a4163b7e726a754a31aa081b80ded36865a2e49252b56e", kill_on_drop: false }`
[INFO] [stdout] ada661108b56bd8080a4163b7e726a754a31aa081b80ded36865a2e49252b56e
[INFO] documenting moonramp-sale-0.1.22 against beta-2023-12-22 for beta-1.76-rustdoc-1
[INFO] extracting crate moonramp-sale 0.1.22 into /workspace/builds/worker-1-tc2/source
[INFO] validating manifest of crates.io crate moonramp-sale 0.1.22 on toolchain beta-2023-12-22
[INFO] running `Command { std: CARGO_HOME="/workspace/cargo-home" RUSTUP_HOME="/workspace/rustup-home" "/workspace/cargo-home/bin/cargo" "+beta-2023-12-22" "metadata" "--manifest-path" "Cargo.toml" "--no-deps", kill_on_drop: false }`
[INFO] started tweaking crates.io crate moonramp-sale 0.1.22
[INFO] finished tweaking crates.io crate moonramp-sale 0.1.22
[INFO] tweaked toml for crates.io crate moonramp-sale 0.1.22 written to /workspace/builds/worker-1-tc2/source/Cargo.toml
[INFO] running `Command { std: CARGO_HOME="/workspace/cargo-home" RUSTUP_HOME="/workspace/rustup-home" "/workspace/cargo-home/bin/cargo" "+beta-2023-12-22" "generate-lockfile" "--manifest-path" "Cargo.toml", kill_on_drop: false }`
[INFO] [stderr]     Updating crates.io index
[INFO] running `Command { std: CARGO_HOME="/workspace/cargo-home" RUSTUP_HOME="/workspace/rustup-home" "/workspace/cargo-home/bin/cargo" "+beta-2023-12-22" "fetch" "--manifest-path" "Cargo.toml", kill_on_drop: false }`
[INFO] running `Command { std: "docker" "create" "-v" "/var/lib/crater-agent-workspace/builds/worker-1-tc2/target:/opt/rustwide/target:rw,Z" "-v" "/var/lib/crater-agent-workspace/builds/worker-1-tc2/source:/opt/rustwide/workdir:ro,Z" "-v" "/var/lib/crater-agent-workspace/cargo-home:/opt/rustwide/cargo-home:ro,Z" "-v" "/var/lib/crater-agent-workspace/rustup-home:/opt/rustwide/rustup-home:ro,Z" "-e" "SOURCE_DIR=/opt/rustwide/workdir" "-e" "CARGO_TARGET_DIR=/opt/rustwide/target" "-e" "CARGO_HOME=/opt/rustwide/cargo-home" "-e" "RUSTUP_HOME=/opt/rustwide/rustup-home" "-w" "/opt/rustwide/workdir" "-m" "1610612736" "--user" "0:0" "--network" "none" "ghcr.io/rust-lang/crates-build-env/linux@sha256:2788e3201cd34a07e3172128adcd8b3090168a8e3bcc40d7c032b9dda1df7d1c" "/opt/rustwide/cargo-home/bin/cargo" "+beta-2023-12-22" "metadata" "--no-deps" "--format-version=1", kill_on_drop: false }`
[INFO] [stdout] e3c7654e4704b7818d8eb13e45a27a3b2c7a46cebc67cb21b07adf58463144bc
[INFO] running `Command { std: "docker" "start" "-a" "e3c7654e4704b7818d8eb13e45a27a3b2c7a46cebc67cb21b07adf58463144bc", kill_on_drop: false }`
[INFO] running `Command { std: "docker" "inspect" "e3c7654e4704b7818d8eb13e45a27a3b2c7a46cebc67cb21b07adf58463144bc", kill_on_drop: false }`
[INFO] running `Command { std: "docker" "rm" "-f" "e3c7654e4704b7818d8eb13e45a27a3b2c7a46cebc67cb21b07adf58463144bc", kill_on_drop: false }`
[INFO] [stdout] e3c7654e4704b7818d8eb13e45a27a3b2c7a46cebc67cb21b07adf58463144bc
[INFO] running `Command { std: "docker" "create" "-v" "/var/lib/crater-agent-workspace/builds/worker-1-tc2/target:/opt/rustwide/target:rw,Z" "-v" "/var/lib/crater-agent-workspace/builds/worker-1-tc2/source:/opt/rustwide/workdir:ro,Z" "-v" "/var/lib/crater-agent-workspace/cargo-home:/opt/rustwide/cargo-home:ro,Z" "-v" "/var/lib/crater-agent-workspace/rustup-home:/opt/rustwide/rustup-home:ro,Z" "-e" "SOURCE_DIR=/opt/rustwide/workdir" "-e" "CARGO_TARGET_DIR=/opt/rustwide/target" "-e" "CARGO_INCREMENTAL=0" "-e" "RUST_BACKTRACE=full" "-e" "RUSTFLAGS=--cap-lints=warn" "-e" "RUSTDOCFLAGS=--cap-lints=warn" "-e" "CARGO_HOME=/opt/rustwide/cargo-home" "-e" "RUSTUP_HOME=/opt/rustwide/rustup-home" "-w" "/opt/rustwide/workdir" "-m" "1610612736" "--user" "0:0" "--network" "none" "ghcr.io/rust-lang/crates-build-env/linux@sha256:2788e3201cd34a07e3172128adcd8b3090168a8e3bcc40d7c032b9dda1df7d1c" "/opt/rustwide/cargo-home/bin/cargo" "+beta-2023-12-22" "doc" "--frozen" "--no-deps" "--document-private-items" "--message-format=json", kill_on_drop: false }`
[INFO] [stdout] f4221454eafd62d3db287406275a24819c109372cdca3ba83e6b4af8bd7e4d75
[INFO] running `Command { std: "docker" "start" "-a" "f4221454eafd62d3db287406275a24819c109372cdca3ba83e6b4af8bd7e4d75", kill_on_drop: false }`
[INFO] [stderr]    Compiling libc v0.2.151
[INFO] [stderr]    Compiling serde v1.0.195
[INFO] [stderr]    Compiling proc-macro2 v1.0.76
[INFO] [stderr]     Checking once_cell v1.19.0
[INFO] [stderr]    Compiling syn v1.0.109
[INFO] [stderr]    Compiling thiserror v1.0.56
[INFO] [stderr]     Checking itoa v1.0.10
[INFO] [stderr]    Compiling num-traits v0.2.17
[INFO] [stderr]    Compiling io-lifetimes v0.5.3
[INFO] [stderr]    Compiling maybe-uninit v2.0.0
[INFO] [stderr]    Compiling rustix v0.33.7
[INFO] [stderr]     Checking subtle v2.4.1
[INFO] [stderr]    Compiling unicode-segmentation v1.10.1
[INFO] [stderr]     Checking pin-project-lite v0.2.13
[INFO] [stderr]     Checking linux-raw-sys v0.0.42
[INFO] [stderr]    Compiling anyhow v1.0.79
[INFO] [stderr]    Compiling quote v1.0.35
[INFO] [stderr]    Compiling syn v2.0.48
[INFO] [stderr]    Compiling indexmap v1.9.3
[INFO] [stderr]    Compiling heck v0.3.3
[INFO] [stderr]    Compiling standback v0.2.17
[INFO] [stderr]    Compiling typenum v1.17.0
[INFO] [stderr]    Compiling proc-macro-hack v0.5.20+deprecated
[INFO] [stderr]    Compiling lock_api v0.4.11
[INFO] [stderr]    Compiling cc v1.0.83
[INFO] [stderr]     Checking getrandom v0.2.11
[INFO] [stderr]    Compiling dirs-sys v0.3.7
[INFO] [stderr]    Compiling ahash v0.7.7
[INFO] [stderr]     Checking rand_core v0.6.4
[INFO] [stderr]     Checking rand_chacha v0.3.1
[INFO] [stderr]    Compiling generic-array v0.14.7
[INFO] [stderr]    Compiling dirs v4.0.0
[INFO] [stderr]    Compiling crc32fast v1.3.2
[INFO] [stderr]     Checking rand v0.8.5
[INFO] [stderr]    Compiling parking_lot_core v0.8.6
[INFO] [stderr]     Checking digest v0.10.7
[INFO] [stderr]     Checking stable_deref_trait v1.2.0
[INFO] [stderr]    Compiling target-lexicon v0.12.13
[INFO] [stderr]     Checking cpufeatures v0.2.12
[INFO] [stderr]    Compiling untrusted v0.7.1
[INFO] [stderr]    Compiling spin v0.5.2
[INFO] [stderr]    Compiling io-extras v0.13.2
[INFO] [stderr]    Compiling ring v0.16.20
[INFO] [stderr]    Compiling wasmtime-fiber v0.35.3
[INFO] [stderr]     Checking fallible-iterator v0.2.0
[INFO] [stderr]    Compiling backtrace v0.3.69
[INFO] [stderr]    Compiling crypto-common v0.1.6
[INFO] [stderr]    Compiling block-buffer v0.10.4
[INFO] [stderr]     Checking gimli v0.26.2
[INFO] [stderr]    Compiling memoffset v0.6.5
[INFO] [stderr]     Checking futures-core v0.3.30
[INFO] [stderr]     Checking ambient-authority v0.0.1
[INFO] [stderr]    Compiling const_fn v0.4.9
[INFO] [stderr]     Checking wasmparser v0.83.0
[INFO] [stderr]    Compiling crossbeam-utils v0.8.18
[INFO] [stderr]    Compiling cap-primitives v0.24.4
[INFO] [stderr]     Checking gimli v0.28.1
[INFO] [stderr]    Compiling serde_json v1.0.111
[INFO] [stderr]     Checking miniz_oxide v0.7.1
[INFO] [stderr]     Checking fs-set-times v0.15.0
[INFO] [stderr]    Compiling wasmtime-runtime v0.35.3
[INFO] [stderr]     Checking socket2 v0.5.5
[INFO] [stderr]     Checking mio v0.8.10
[INFO] [stderr]     Checking num_cpus v1.16.0
[INFO] [stderr]     Checking object v0.32.2
[INFO] [stderr]    Compiling time v0.2.27
[INFO] [stderr]     Checking bytes v1.5.0
[INFO] [stderr]     Checking rustc-demangle v0.1.23
[INFO] [stderr]     Checking ipnet v2.9.0
[INFO] [stderr]    Compiling rust_decimal v1.33.1
[INFO] [stderr]    Compiling async-trait v0.1.77
[INFO] [stderr]     Checking addr2line v0.21.0
[INFO] [stderr]     Checking maybe-owned v0.3.4
[INFO] [stderr]    Compiling leb128 v0.2.5
[INFO] [stderr]    Compiling cpp_demangle v0.3.5
[INFO] [stderr]     Checking more-asserts v0.2.2
[INFO] [stderr]    Compiling wast v35.0.2
[INFO] [stdout] error[E0061]: this method takes 1 argument but 2 arguments were supplied
[INFO] [stdout]   --> /opt/rustwide/cargo-home/registry/src/index.crates.io-6f17d22bba15001f/cap-primitives-0.24.4/src/rustix/linux/fs/set_times_impl.rs:20:25
[INFO] [stdout]    |
[INFO] [stdout] 20 |             return file.set_times(
[INFO] [stdout]    |                         ^^^^^^^^^
[INFO] [stdout] 21 |                 atime.map(SystemTimeSpec::into_std),
[INFO] [stdout] 22 |                 mtime.map(SystemTimeSpec::into_std),
[INFO] [stdout]    |                 ----------------------------------- unexpected argument of type `Option<fs_set_times::SystemTimeSpec>`
[INFO] [stdout]    |
[INFO] [stdout] note: expected `FileTimes`, found `Option<SystemTimeSpec>`
[INFO] [stdout]   --> /opt/rustwide/cargo-home/registry/src/index.crates.io-6f17d22bba15001f/cap-primitives-0.24.4/src/rustix/linux/fs/set_times_impl.rs:21:17
[INFO] [stdout]    |
[INFO] [stdout] 21 |                 atime.map(SystemTimeSpec::into_std),
[INFO] [stdout]    |                 ^^^^^^^^^^^^^^^^^^^^^^^^^^^^^^^^^^^
[INFO] [stdout]    = note: expected struct `FileTimes`
[INFO] [stdout]                 found enum `Option<fs_set_times::SystemTimeSpec>`
[INFO] [stdout] note: method defined here
[INFO] [stdout]   --> /rustc/0e09125c6c3c2fd70d7de961bcf0e51575235fad/library/std/src/fs.rs:695:12
[INFO] [stdout] help: remove the extra argument
[INFO] [stdout]    |
[INFO] [stdout] 21 -                 atime.map(SystemTimeSpec::into_std),
[INFO] [stdout] 21 +                 /* FileTimes */,
[INFO] [stdout]    |
[INFO] [stdout] 
[INFO] [stdout] 
[INFO] [stdout] error[E0061]: this method takes 1 argument but 2 arguments were supplied
[INFO] [stdout]   --> /opt/rustwide/cargo-home/registry/src/index.crates.io-6f17d22bba15001f/cap-primitives-0.24.4/src/rustix/linux/fs/set_times_impl.rs:34:25
[INFO] [stdout]    |
[INFO] [stdout] 34 |             return file.set_times(
[INFO] [stdout]    |                         ^^^^^^^^^
[INFO] [stdout] 35 |                 atime.map(SystemTimeSpec::into_std),
[INFO] [stdout] 36 |                 mtime.map(SystemTimeSpec::into_std),
[INFO] [stdout]    |                 ----------------------------------- unexpected argument of type `Option<fs_set_times::SystemTimeSpec>`
[INFO] [stdout]    |
[INFO] [stdout] note: expected `FileTimes`, found `Option<SystemTimeSpec>`
[INFO] [stdout]   --> /opt/rustwide/cargo-home/registry/src/index.crates.io-6f17d22bba15001f/cap-primitives-0.24.4/src/rustix/linux/fs/set_times_impl.rs:35:17
[INFO] [stdout]    |
[INFO] [stdout] 35 |                 atime.map(SystemTimeSpec::into_std),
[INFO] [stdout]    |                 ^^^^^^^^^^^^^^^^^^^^^^^^^^^^^^^^^^^
[INFO] [stdout]    = note: expected struct `FileTimes`
[INFO] [stdout]                 found enum `Option<fs_set_times::SystemTimeSpec>`
[INFO] [stdout] note: method defined here
[INFO] [stdout]   --> /rustc/0e09125c6c3c2fd70d7de961bcf0e51575235fad/library/std/src/fs.rs:695:12
[INFO] [stdout] help: remove the extra argument
[INFO] [stdout]    |
[INFO] [stdout] 35 -                 atime.map(SystemTimeSpec::into_std),
[INFO] [stdout] 35 +                 /* FileTimes */,
[INFO] [stdout]    |
[INFO] [stdout] 
[INFO] [stdout] 
[INFO] [stdout] error: aborting due to 2 previous errors
[INFO] [stdout] 
[INFO] [stdout] 
[INFO] [stdout] For more information about this error, try `rustc --explain E0061`.
[INFO] [stdout] 
[INFO] [stderr] error: could not compile `cap-primitives` (lib) due to 3 previous errors
[INFO] [stderr] warning: build failed, waiting for other jobs to finish...
[INFO] running `Command { std: "docker" "inspect" "f4221454eafd62d3db287406275a24819c109372cdca3ba83e6b4af8bd7e4d75", kill_on_drop: false }`
[INFO] running `Command { std: "docker" "rm" "-f" "f4221454eafd62d3db287406275a24819c109372cdca3ba83e6b4af8bd7e4d75", kill_on_drop: false }`
[INFO] [stdout] f4221454eafd62d3db287406275a24819c109372cdca3ba83e6b4af8bd7e4d75
