[INFO] fetching crate moonramp-registry 0.1.22...
[INFO] documenting moonramp-registry-0.1.22 against 1.75.0 for beta-1.76-rustdoc-1
[INFO] extracting crate moonramp-registry 0.1.22 into /workspace/builds/worker-7-tc1/source
[INFO] validating manifest of crates.io crate moonramp-registry 0.1.22 on toolchain 1.75.0
[INFO] running `Command { std: CARGO_HOME="/workspace/cargo-home" RUSTUP_HOME="/workspace/rustup-home" "/workspace/cargo-home/bin/cargo" "+1.75.0" "metadata" "--manifest-path" "Cargo.toml" "--no-deps", kill_on_drop: false }`
[INFO] started tweaking crates.io crate moonramp-registry 0.1.22
[INFO] finished tweaking crates.io crate moonramp-registry 0.1.22
[INFO] tweaked toml for crates.io crate moonramp-registry 0.1.22 written to /workspace/builds/worker-7-tc1/source/Cargo.toml
[INFO] running `Command { std: CARGO_HOME="/workspace/cargo-home" RUSTUP_HOME="/workspace/rustup-home" "/workspace/cargo-home/bin/cargo" "+1.75.0" "generate-lockfile" "--manifest-path" "Cargo.toml", kill_on_drop: false }`
[INFO] [stderr]     Updating crates.io index
[INFO] running `Command { std: CARGO_HOME="/workspace/cargo-home" RUSTUP_HOME="/workspace/rustup-home" "/workspace/cargo-home/bin/cargo" "+1.75.0" "fetch" "--manifest-path" "Cargo.toml", kill_on_drop: false }`
[INFO] [stderr]  Downloading crates ...
[INFO] [stderr]   Downloaded argon2 v0.4.1
[INFO] [stderr]   Downloaded wiggle-macro v0.35.3
[INFO] [stderr]   Downloaded system-interface v0.20.0
[INFO] [stderr]   Downloaded moonramp-core v0.1.22
[INFO] [stderr]   Downloaded bitcoin_hashes v0.10.0
[INFO] [stderr]   Downloaded io-extras v0.13.2
[INFO] [stderr]   Downloaded wasmtime-environ v0.35.3
[INFO] [stderr]   Downloaded wasi-tokio v0.35.3
[INFO] [stderr]   Downloaded cap-fs-ext v0.24.4
[INFO] [stderr]   Downloaded cap-rand v0.24.4
[INFO] [stderr]   Downloaded ambient-authority v0.0.1
[INFO] [stderr]   Downloaded lz4_flex v0.9.5
[INFO] [stderr]   Downloaded cap-primitives v0.24.4
[INFO] [stderr]   Downloaded wasi-common v0.35.3
[INFO] [stderr]   Downloaded bitcoin v0.28.2
[INFO] [stderr]   Downloaded linux-raw-sys v0.0.42
[INFO] [stderr]   Downloaded wasmtime v0.35.3
[INFO] [stderr]   Downloaded rustix v0.33.7
[INFO] [stderr]   Downloaded wasmtime-runtime v0.35.3
[INFO] [stderr]   Downloaded wasmparser v0.83.0
[INFO] [stderr]   Downloaded wasi-cap-std-sync v0.35.3
[INFO] [stderr]   Downloaded wasmtime-types v0.35.3
[INFO] [stderr]   Downloaded io-lifetimes v0.5.3
[INFO] [stderr]   Downloaded cranelift-entity v0.82.3
[INFO] [stderr]   Downloaded fs-set-times v0.15.0
[INFO] [stderr]   Downloaded winx v0.31.0
[INFO] [stderr]   Downloaded cap-std v0.24.4
[INFO] [stderr]   Downloaded wiggle v0.35.3
[INFO] [stderr]   Downloaded wasmtime-jit v0.35.3
[INFO] [stderr]   Downloaded wasmtime-fiber v0.35.3
[INFO] [stderr]   Downloaded wasmtime-wasi v0.35.3
[INFO] [stderr]   Downloaded wasmtime-jit-debug v0.35.3
[INFO] [stderr]   Downloaded wiggle-generate v0.35.3
[INFO] [stderr]   Downloaded cap-time-ext v0.24.4
[INFO] [stderr]   Downloaded is-terminal v0.1.0
[INFO] running `Command { std: "docker" "create" "-v" "/var/lib/crater-agent-workspace/builds/worker-7-tc1/target:/opt/rustwide/target:rw,Z" "-v" "/var/lib/crater-agent-workspace/builds/worker-7-tc1/source:/opt/rustwide/workdir:ro,Z" "-v" "/var/lib/crater-agent-workspace/cargo-home:/opt/rustwide/cargo-home:ro,Z" "-v" "/var/lib/crater-agent-workspace/rustup-home:/opt/rustwide/rustup-home:ro,Z" "-e" "SOURCE_DIR=/opt/rustwide/workdir" "-e" "CARGO_TARGET_DIR=/opt/rustwide/target" "-e" "CARGO_HOME=/opt/rustwide/cargo-home" "-e" "RUSTUP_HOME=/opt/rustwide/rustup-home" "-w" "/opt/rustwide/workdir" "-m" "1610612736" "--user" "0:0" "--network" "none" "ghcr.io/rust-lang/crates-build-env/linux@sha256:2788e3201cd34a07e3172128adcd8b3090168a8e3bcc40d7c032b9dda1df7d1c" "/opt/rustwide/cargo-home/bin/cargo" "+1.75.0" "metadata" "--no-deps" "--format-version=1", kill_on_drop: false }`
[INFO] [stdout] e2b884e6b50550b0c9aea9b6c21c1caac95b16db9f9c0131026afdc02278d2cc
[INFO] running `Command { std: "docker" "start" "-a" "e2b884e6b50550b0c9aea9b6c21c1caac95b16db9f9c0131026afdc02278d2cc", kill_on_drop: false }`
[INFO] running `Command { std: "docker" "inspect" "e2b884e6b50550b0c9aea9b6c21c1caac95b16db9f9c0131026afdc02278d2cc", kill_on_drop: false }`
[INFO] running `Command { std: "docker" "rm" "-f" "e2b884e6b50550b0c9aea9b6c21c1caac95b16db9f9c0131026afdc02278d2cc", kill_on_drop: false }`
[INFO] [stdout] e2b884e6b50550b0c9aea9b6c21c1caac95b16db9f9c0131026afdc02278d2cc
[INFO] running `Command { std: "docker" "create" "-v" "/var/lib/crater-agent-workspace/builds/worker-7-tc1/target:/opt/rustwide/target:rw,Z" "-v" "/var/lib/crater-agent-workspace/builds/worker-7-tc1/source:/opt/rustwide/workdir:ro,Z" "-v" "/var/lib/crater-agent-workspace/cargo-home:/opt/rustwide/cargo-home:ro,Z" "-v" "/var/lib/crater-agent-workspace/rustup-home:/opt/rustwide/rustup-home:ro,Z" "-e" "SOURCE_DIR=/opt/rustwide/workdir" "-e" "CARGO_TARGET_DIR=/opt/rustwide/target" "-e" "CARGO_INCREMENTAL=0" "-e" "RUST_BACKTRACE=full" "-e" "RUSTFLAGS=--cap-lints=warn" "-e" "RUSTDOCFLAGS=--cap-lints=warn" "-e" "CARGO_HOME=/opt/rustwide/cargo-home" "-e" "RUSTUP_HOME=/opt/rustwide/rustup-home" "-w" "/opt/rustwide/workdir" "-m" "1610612736" "--user" "0:0" "--network" "none" "ghcr.io/rust-lang/crates-build-env/linux@sha256:2788e3201cd34a07e3172128adcd8b3090168a8e3bcc40d7c032b9dda1df7d1c" "/opt/rustwide/cargo-home/bin/cargo" "+1.75.0" "doc" "--frozen" "--no-deps" "--document-private-items" "--message-format=json", kill_on_drop: false }`
[INFO] [stdout] c76f24177e38acdec2b4a3429920ec2d4cddbd85bb26b3b547f005daee7aaaa9
[INFO] running `Command { std: "docker" "start" "-a" "c76f24177e38acdec2b4a3429920ec2d4cddbd85bb26b3b547f005daee7aaaa9", kill_on_drop: false }`
[INFO] [stderr]    Compiling libc v0.2.151
[INFO] [stderr]    Compiling proc-macro2 v1.0.76
[INFO] [stderr]    Compiling unicode-ident v1.0.12
[INFO] [stderr]    Compiling typenum v1.17.0
[INFO] [stderr]    Compiling version_check v0.9.4
[INFO] [stderr]    Compiling io-lifetimes v0.5.3
[INFO] [stderr]    Compiling serde v1.0.195
[INFO] [stderr]     Checking once_cell v1.19.0
[INFO] [stderr]     Checking itoa v1.0.10
[INFO] [stderr]    Compiling rustix v0.33.7
[INFO] [stderr]     Checking linux-raw-sys v0.0.42
[INFO] [stderr]    Compiling thiserror v1.0.56
[INFO] [stderr]    Compiling anyhow v1.0.79
[INFO] [stderr]    Compiling indexmap v1.9.3
[INFO] [stderr]    Compiling crc32fast v1.3.2
[INFO] [stderr]     Checking memchr v2.7.1
[INFO] [stderr]     Checking subtle v2.4.1
[INFO] [stderr]     Checking stable_deref_trait v1.2.0
[INFO] [stderr]     Checking hashbrown v0.12.3
[INFO] [stderr]     Checking log v0.4.20
[INFO] [stderr]     Checking fallible-iterator v0.2.0
[INFO] [stderr]     Checking ppv-lite86 v0.2.17
[INFO] [stderr]    Compiling target-lexicon v0.12.13
[INFO] [stderr]    Compiling io-extras v0.13.2
[INFO] [stderr]    Compiling generic-array v0.14.7
[INFO] [stderr]    Compiling memoffset v0.6.5
[INFO] [stderr]     Checking gimli v0.28.1
[INFO] [stderr]     Checking ambient-authority v0.0.1
[INFO] [stderr]    Compiling cap-primitives v0.24.4
[INFO] [stderr]     Checking wasmparser v0.83.0
[INFO] [stderr]    Compiling paste v1.0.14
[INFO] [stderr]     Checking adler v1.0.2
[INFO] [stderr]     Checking object v0.32.2
[INFO] [stderr]     Checking gimli v0.26.2
[INFO] [stderr]    Compiling syn v1.0.109
[INFO] [stderr]     Checking more-asserts v0.2.2
[INFO] [stderr]     Checking rustc-demangle v0.1.23
[INFO] [stderr]    Compiling quote v1.0.35
[INFO] [stderr]     Checking miniz_oxide v0.7.1
[INFO] [stderr]    Compiling leb128 v0.2.5
[INFO] [stderr]    Compiling syn v2.0.48
[INFO] [stderr]     Checking ipnet v2.9.0
[INFO] [stderr]     Checking pin-project-lite v0.2.13
[INFO] [stderr]     Checking maybe-owned v0.3.4
[INFO] [stderr]    Compiling cpp_demangle v0.3.5
[INFO] [stderr]    Compiling wast v35.0.2
[INFO] [stderr]     Checking wasmtime-jit-debug v0.35.3
[INFO] [stderr]    Compiling unicode-segmentation v1.10.1
[INFO] [stderr]    Compiling cap-std v0.24.4
[INFO] [stderr]    Compiling async-trait v0.1.77
[INFO] [stderr]    Compiling cc v1.0.83
[INFO] [stderr]     Checking getrandom v0.2.11
[INFO] [stderr]     Checking rand_core v0.6.4
[INFO] [stderr]    Compiling dirs-sys v0.3.7
[INFO] [stderr]     Checking region v2.2.0
[INFO] [stderr]     Checking rand_chacha v0.3.1
[INFO] [stderr]    Compiling dirs v4.0.0
[INFO] [stderr]    Compiling shellexpand v2.1.2
[INFO] [stderr]    Compiling heck v0.3.3
[INFO] [stderr]    Compiling wasmtime v0.35.3
[INFO] [stderr]     Checking tracing-core v0.1.32
[INFO] [stderr]    Compiling wasi-common v0.35.3
[INFO] [stderr]     Checking rand v0.8.5
[INFO] [stderr]     Checking cpufeatures v0.2.12
[INFO] [stderr]    Compiling num-traits v0.2.17
[INFO] [stderr]    Compiling maybe-uninit v2.0.0
[INFO] [stderr]     Checking opaque-debug v0.3.0
[INFO] [stderr]    Compiling cap-fs-ext v0.24.4
[INFO] [stderr]    Compiling system-interface v0.20.0
[INFO] [stderr]     Checking crypto-common v0.1.6
[INFO] [stderr]     Checking block-buffer v0.10.4
[INFO] [stderr]     Checking cipher v0.3.0
[INFO] [stderr]     Checking digest v0.10.7
[INFO] [stderr]     Checking universal-hash v0.4.1
[INFO] [stderr]     Checking num_cpus v1.16.0
[INFO] [stderr]     Checking socket2 v0.5.5
[INFO] [stderr]     Checking mio v0.8.10
[INFO] [stderr]     Checking cap-rand v0.24.4
[INFO] [stderr]     Checking futures-sink v0.3.30
[INFO] [stderr]     Checking addr2line v0.21.0
[INFO] [stderr]     Checking futures-core v0.3.30
[INFO] [stderr]    Compiling wasmtime-fiber v0.35.3
[INFO] [stderr]    Compiling backtrace v0.3.69
[INFO] [stderr]    Compiling wasmtime-runtime v0.35.3
[INFO] [stderr]    Compiling psm v0.1.21
[INFO] [stderr]    Compiling secp256k1-sys v0.5.2
[INFO] [stderr]     Checking addr2line v0.17.0
[INFO] [stderr]     Checking bytes v1.5.0
[INFO] [stderr]     Checking zeroize v1.3.0
[INFO] [stderr]     Checking smallvec v0.6.14
[INFO] [stderr]     Checking aead v0.4.3
[INFO] [stderr]     Checking byteorder v1.5.0
[INFO] [stderr]    Compiling serde_json v1.0.111
[INFO] [stderr]    Compiling wasmtime-wasi v0.35.3
[INFO] [stderr]     Checking base64ct v1.6.0
[INFO] [stderr]     Checking fs-set-times v0.15.0
[INFO] [stderr]     Checking is-terminal v0.1.0
[INFO] [stderr]     Checking futures-task v0.3.30
[INFO] [stderr]     Checking unicode-normalization v0.1.9
[INFO] [stderr]     Checking chacha20 v0.8.2
[INFO] [stderr]     Checking futures-channel v0.3.30
[INFO] [stderr]     Checking hmac v0.12.1
[INFO] [stderr]     Checking blake2 v0.10.6
[INFO] [stderr]     Checking futures-util v0.3.30
[INFO] [stderr]     Checking poly1305 v0.7.2
[INFO] [stderr]     Checking polyval v0.5.3
[INFO] [stderr]     Checking aes v0.7.5
[INFO] [stderr]     Checking ctr v0.8.0
[INFO] [stderr]     Checking password-hash v0.4.2
[INFO] [stderr]     Checking bitcoin_hashes v0.10.0
[INFO] [stdout] error[E0061]: this method takes 1 argument but 2 arguments were supplied
[INFO] [stdout]   --> /opt/rustwide/cargo-home/registry/src/index.crates.io-6f17d22bba15001f/cap-primitives-0.24.4/src/rustix/linux/fs/set_times_impl.rs:20:25
[INFO] [stdout]    |
[INFO] [stdout] 20 |             return file.set_times(
[INFO] [stdout]    |                         ^^^^^^^^^
[INFO] [stdout] 21 |                 atime.map(SystemTimeSpec::into_std),
[INFO] [stdout] 22 |                 mtime.map(SystemTimeSpec::into_std),
[INFO] [stdout]    |                 ----------------------------------- unexpected argument of type `Option<fs_set_times::SystemTimeSpec>`
[INFO] [stdout]    |
[INFO] [stdout] note: expected `FileTimes`, found `Option<SystemTimeSpec>`
[INFO] [stdout]   --> /opt/rustwide/cargo-home/registry/src/index.crates.io-6f17d22bba15001f/cap-primitives-0.24.4/src/rustix/linux/fs/set_times_impl.rs:21:17
[INFO] [stdout]    |
[INFO] [stdout] 21 |                 atime.map(SystemTimeSpec::into_std),
[INFO] [stdout]    |                 ^^^^^^^^^^^^^^^^^^^^^^^^^^^^^^^^^^^
[INFO] [stdout]    = note: expected struct `FileTimes`
[INFO] [stdout]                 found enum `Option<fs_set_times::SystemTimeSpec>`
[INFO] [stdout] note: method defined here
[INFO] [stdout]   --> /rustc/82e1608dfa6e0b5569232559e3d385fea5a93112/library/std/src/fs.rs:695:12
[INFO] [stdout] help: remove the extra argument
[INFO] [stdout]    |
[INFO] [stdout] 21 -                 atime.map(SystemTimeSpec::into_std),
[INFO] [stdout] 21 +                 /* FileTimes */,
[INFO] [stdout]    |
[INFO] [stdout] 
[INFO] [stdout] 
[INFO] [stdout] error[E0061]: this method takes 1 argument but 2 arguments were supplied
[INFO] [stdout]   --> /opt/rustwide/cargo-home/registry/src/index.crates.io-6f17d22bba15001f/cap-primitives-0.24.4/src/rustix/linux/fs/set_times_impl.rs:34:25
[INFO] [stdout]    |
[INFO] [stdout] 34 |             return file.set_times(
[INFO] [stdout]    |                         ^^^^^^^^^
[INFO] [stdout] 35 |                 atime.map(SystemTimeSpec::into_std),
[INFO] [stdout] 36 |                 mtime.map(SystemTimeSpec::into_std),
[INFO] [stdout]    |                 ----------------------------------- unexpected argument of type `Option<fs_set_times::SystemTimeSpec>`
[INFO] [stdout]    |
[INFO] [stdout] note: expected `FileTimes`, found `Option<SystemTimeSpec>`
[INFO] [stdout]   --> /opt/rustwide/cargo-home/registry/src/index.crates.io-6f17d22bba15001f/cap-primitives-0.24.4/src/rustix/linux/fs/set_times_impl.rs:35:17
[INFO] [stdout]    |
[INFO] [stdout] 35 |                 atime.map(SystemTimeSpec::into_std),
[INFO] [stdout]    |                 ^^^^^^^^^^^^^^^^^^^^^^^^^^^^^^^^^^^
[INFO] [stdout]    = note: expected struct `FileTimes`
[INFO] [stdout]                 found enum `Option<fs_set_times::SystemTimeSpec>`
[INFO] [stdout] note: method defined here
[INFO] [stdout]   --> /rustc/82e1608dfa6e0b5569232559e3d385fea5a93112/library/std/src/fs.rs:695:12
[INFO] [stdout] help: remove the extra argument
[INFO] [stdout]    |
[INFO] [stdout] 35 -                 atime.map(SystemTimeSpec::into_std),
[INFO] [stdout] 35 +                 /* FileTimes */,
[INFO] [stdout]    |
[INFO] [stdout] 
[INFO] [stdout] 
[INFO] [stderr]     Checking bitcoin_hashes v0.11.0
[INFO] [stderr]     Checking keccak v0.1.4
[INFO] [stderr]     Checking ryu v1.0.16
[INFO] [stdout] error: aborting due to 2 previous errors
[INFO] [stdout] 
[INFO] [stdout] 
[INFO] [stdout] For more information about this error, try `rustc --explain E0061`.
[INFO] [stdout] 
[INFO] [stderr] error: could not compile `cap-primitives` (lib) due to 3 previous errors
[INFO] [stderr] warning: build failed, waiting for other jobs to finish...
[INFO] running `Command { std: "docker" "inspect" "c76f24177e38acdec2b4a3429920ec2d4cddbd85bb26b3b547f005daee7aaaa9", kill_on_drop: false }`
[INFO] running `Command { std: "docker" "rm" "-f" "c76f24177e38acdec2b4a3429920ec2d4cddbd85bb26b3b547f005daee7aaaa9", kill_on_drop: false }`
[INFO] [stdout] c76f24177e38acdec2b4a3429920ec2d4cddbd85bb26b3b547f005daee7aaaa9
[INFO] documenting moonramp-registry-0.1.22 against beta-2023-12-22 for beta-1.76-rustdoc-1
[INFO] extracting crate moonramp-registry 0.1.22 into /workspace/builds/worker-7-tc2/source
[INFO] validating manifest of crates.io crate moonramp-registry 0.1.22 on toolchain beta-2023-12-22
[INFO] running `Command { std: CARGO_HOME="/workspace/cargo-home" RUSTUP_HOME="/workspace/rustup-home" "/workspace/cargo-home/bin/cargo" "+beta-2023-12-22" "metadata" "--manifest-path" "Cargo.toml" "--no-deps", kill_on_drop: false }`
[INFO] started tweaking crates.io crate moonramp-registry 0.1.22
[INFO] finished tweaking crates.io crate moonramp-registry 0.1.22
[INFO] tweaked toml for crates.io crate moonramp-registry 0.1.22 written to /workspace/builds/worker-7-tc2/source/Cargo.toml
[INFO] running `Command { std: CARGO_HOME="/workspace/cargo-home" RUSTUP_HOME="/workspace/rustup-home" "/workspace/cargo-home/bin/cargo" "+beta-2023-12-22" "generate-lockfile" "--manifest-path" "Cargo.toml", kill_on_drop: false }`
[INFO] [stderr]     Updating crates.io index
[INFO] running `Command { std: CARGO_HOME="/workspace/cargo-home" RUSTUP_HOME="/workspace/rustup-home" "/workspace/cargo-home/bin/cargo" "+beta-2023-12-22" "fetch" "--manifest-path" "Cargo.toml", kill_on_drop: false }`
[INFO] running `Command { std: "docker" "create" "-v" "/var/lib/crater-agent-workspace/builds/worker-7-tc2/target:/opt/rustwide/target:rw,Z" "-v" "/var/lib/crater-agent-workspace/builds/worker-7-tc2/source:/opt/rustwide/workdir:ro,Z" "-v" "/var/lib/crater-agent-workspace/cargo-home:/opt/rustwide/cargo-home:ro,Z" "-v" "/var/lib/crater-agent-workspace/rustup-home:/opt/rustwide/rustup-home:ro,Z" "-e" "SOURCE_DIR=/opt/rustwide/workdir" "-e" "CARGO_TARGET_DIR=/opt/rustwide/target" "-e" "CARGO_HOME=/opt/rustwide/cargo-home" "-e" "RUSTUP_HOME=/opt/rustwide/rustup-home" "-w" "/opt/rustwide/workdir" "-m" "1610612736" "--user" "0:0" "--network" "none" "ghcr.io/rust-lang/crates-build-env/linux@sha256:2788e3201cd34a07e3172128adcd8b3090168a8e3bcc40d7c032b9dda1df7d1c" "/opt/rustwide/cargo-home/bin/cargo" "+beta-2023-12-22" "metadata" "--no-deps" "--format-version=1", kill_on_drop: false }`
[INFO] [stdout] c00153b614e71e5f1394f5c1423fd4c880b540f193d21dc7c1e730d29f4cbeb9
[INFO] running `Command { std: "docker" "start" "-a" "c00153b614e71e5f1394f5c1423fd4c880b540f193d21dc7c1e730d29f4cbeb9", kill_on_drop: false }`
[INFO] running `Command { std: "docker" "inspect" "c00153b614e71e5f1394f5c1423fd4c880b540f193d21dc7c1e730d29f4cbeb9", kill_on_drop: false }`
[INFO] running `Command { std: "docker" "rm" "-f" "c00153b614e71e5f1394f5c1423fd4c880b540f193d21dc7c1e730d29f4cbeb9", kill_on_drop: false }`
[INFO] [stdout] c00153b614e71e5f1394f5c1423fd4c880b540f193d21dc7c1e730d29f4cbeb9
[INFO] running `Command { std: "docker" "create" "-v" "/var/lib/crater-agent-workspace/builds/worker-7-tc2/target:/opt/rustwide/target:rw,Z" "-v" "/var/lib/crater-agent-workspace/builds/worker-7-tc2/source:/opt/rustwide/workdir:ro,Z" "-v" "/var/lib/crater-agent-workspace/cargo-home:/opt/rustwide/cargo-home:ro,Z" "-v" "/var/lib/crater-agent-workspace/rustup-home:/opt/rustwide/rustup-home:ro,Z" "-e" "SOURCE_DIR=/opt/rustwide/workdir" "-e" "CARGO_TARGET_DIR=/opt/rustwide/target" "-e" "CARGO_INCREMENTAL=0" "-e" "RUST_BACKTRACE=full" "-e" "RUSTFLAGS=--cap-lints=warn" "-e" "RUSTDOCFLAGS=--cap-lints=warn" "-e" "CARGO_HOME=/opt/rustwide/cargo-home" "-e" "RUSTUP_HOME=/opt/rustwide/rustup-home" "-w" "/opt/rustwide/workdir" "-m" "1610612736" "--user" "0:0" "--network" "none" "ghcr.io/rust-lang/crates-build-env/linux@sha256:2788e3201cd34a07e3172128adcd8b3090168a8e3bcc40d7c032b9dda1df7d1c" "/opt/rustwide/cargo-home/bin/cargo" "+beta-2023-12-22" "doc" "--frozen" "--no-deps" "--document-private-items" "--message-format=json", kill_on_drop: false }`
[INFO] [stdout] 50fa7b44af39b63828b14629d1adbd5a6a2abadeff0851b7a9b8992090a4d1d3
[INFO] running `Command { std: "docker" "start" "-a" "50fa7b44af39b63828b14629d1adbd5a6a2abadeff0851b7a9b8992090a4d1d3", kill_on_drop: false }`
[INFO] [stderr]    Compiling libc v0.2.151
[INFO] [stderr]    Compiling proc-macro2 v1.0.76
[INFO] [stderr]    Compiling unicode-ident v1.0.12
[INFO] [stderr]    Compiling typenum v1.17.0
[INFO] [stderr]    Compiling version_check v0.9.4
[INFO] [stderr]    Compiling io-lifetimes v0.5.3
[INFO] [stderr]    Compiling serde v1.0.195
[INFO] [stderr]     Checking once_cell v1.19.0
[INFO] [stderr]    Compiling rustix v0.33.7
[INFO] [stderr]     Checking itoa v1.0.10
[INFO] [stderr]    Compiling thiserror v1.0.56
[INFO] [stderr]     Checking linux-raw-sys v0.0.42
[INFO] [stderr]    Compiling anyhow v1.0.79
[INFO] [stderr]    Compiling indexmap v1.9.3
[INFO] [stderr]     Checking memchr v2.7.1
[INFO] [stderr]     Checking subtle v2.4.1
[INFO] [stderr]    Compiling crc32fast v1.3.2
[INFO] [stderr]     Checking ppv-lite86 v0.2.17
[INFO] [stderr]    Compiling io-extras v0.13.2
[INFO] [stderr]     Checking log v0.4.20
[INFO] [stderr]     Checking hashbrown v0.12.3
[INFO] [stderr]    Compiling target-lexicon v0.12.13
[INFO] [stderr]     Checking stable_deref_trait v1.2.0
[INFO] [stderr]     Checking fallible-iterator v0.2.0
[INFO] [stderr]    Compiling generic-array v0.14.7
[INFO] [stderr]    Compiling memoffset v0.6.5
[INFO] [stderr]    Compiling paste v1.0.14
[INFO] [stderr]     Checking wasmparser v0.83.0
[INFO] [stderr]    Compiling cap-primitives v0.24.4
[INFO] [stderr]     Checking gimli v0.28.1
[INFO] [stderr]     Checking ambient-authority v0.0.1
[INFO] [stderr]     Checking adler v1.0.2
[INFO] [stderr]     Checking object v0.32.2
[INFO] [stderr]    Compiling leb128 v0.2.5
[INFO] [stderr]     Checking gimli v0.26.2
[INFO] [stderr]    Compiling syn v1.0.109
[INFO] [stderr]     Checking miniz_oxide v0.7.1
[INFO] [stderr]     Checking pin-project-lite v0.2.13
[INFO] [stderr]     Checking rustc-demangle v0.1.23
[INFO] [stderr]     Checking maybe-owned v0.3.4
[INFO] [stderr]     Checking more-asserts v0.2.2
[INFO] [stderr]     Checking ipnet v2.9.0
[INFO] [stderr]    Compiling cpp_demangle v0.3.5
[INFO] [stderr]    Compiling quote v1.0.35
[INFO] [stderr]     Checking wasmtime-jit-debug v0.35.3
[INFO] [stderr]    Compiling wast v35.0.2
[INFO] [stderr]    Compiling async-trait v0.1.77
[INFO] [stderr]    Compiling syn v2.0.48
[INFO] [stderr]     Checking getrandom v0.2.11
[INFO] [stderr]    Compiling cc v1.0.83
[INFO] [stderr]    Compiling dirs-sys v0.3.7
[INFO] [stderr]     Checking region v2.2.0
[INFO] [stderr]     Checking rand_core v0.6.4
[INFO] [stderr]    Compiling dirs v4.0.0
[INFO] [stderr]    Compiling unicode-segmentation v1.10.1
[INFO] [stderr]    Compiling cap-std v0.24.4
[INFO] [stderr]    Compiling shellexpand v2.1.2
[INFO] [stderr]     Checking rand_chacha v0.3.1
[INFO] [stderr]    Compiling wasmtime v0.35.3
[INFO] [stderr]     Checking tracing-core v0.1.32
[INFO] [stderr]     Checking rand v0.8.5
[INFO] [stderr]    Compiling heck v0.3.3
[INFO] [stderr]    Compiling wasi-common v0.35.3
[INFO] [stderr]     Checking cpufeatures v0.2.12
[INFO] [stderr]    Compiling num-traits v0.2.17
[INFO] [stderr]     Checking crypto-common v0.1.6
[INFO] [stderr]     Checking block-buffer v0.10.4
[INFO] [stderr]     Checking cipher v0.3.0
[INFO] [stderr]    Compiling system-interface v0.20.0
[INFO] [stderr]     Checking digest v0.10.7
[INFO] [stderr]    Compiling maybe-uninit v2.0.0
[INFO] [stderr]    Compiling cap-fs-ext v0.24.4
[INFO] [stderr]     Checking opaque-debug v0.3.0
[INFO] [stderr]     Checking universal-hash v0.4.1
[INFO] [stderr]     Checking mio v0.8.10
[INFO] [stderr]     Checking num_cpus v1.16.0
[INFO] [stderr]     Checking cap-rand v0.24.4
[INFO] [stderr]     Checking socket2 v0.5.5
[INFO] [stderr]     Checking zeroize v1.3.0
[INFO] [stderr]     Checking futures-core v0.3.30
[INFO] [stderr]     Checking bytes v1.5.0
[INFO] [stderr]     Checking futures-sink v0.3.30
[INFO] [stderr]     Checking smallvec v0.6.14
[INFO] [stderr]     Checking aead v0.4.3
[INFO] [stderr]    Compiling serde_json v1.0.111
[INFO] [stderr]    Compiling wasmtime-fiber v0.35.3
[INFO] [stderr]    Compiling backtrace v0.3.69
[INFO] [stderr]    Compiling wasmtime-runtime v0.35.3
[INFO] [stderr]    Compiling psm v0.1.21
[INFO] [stderr]     Checking addr2line v0.17.0
[INFO] [stderr]     Checking addr2line v0.21.0
[INFO] [stderr]    Compiling secp256k1-sys v0.5.2
[INFO] [stderr]     Checking byteorder v1.5.0
[INFO] [stderr]    Compiling wasmtime-wasi v0.35.3
[INFO] [stderr]     Checking base64ct v1.6.0
[INFO] [stderr]     Checking futures-task v0.3.30
[INFO] [stderr]     Checking futures-util v0.3.30
[INFO] [stderr]     Checking unicode-normalization v0.1.9
[INFO] [stderr]     Checking futures-channel v0.3.30
[INFO] [stderr]     Checking chacha20 v0.8.2
[INFO] [stderr]     Checking poly1305 v0.7.2
[INFO] [stderr]     Checking polyval v0.5.3
[INFO] [stderr]     Checking fs-set-times v0.15.0
[INFO] [stderr]     Checking is-terminal v0.1.0
[INFO] [stderr]     Checking hmac v0.12.1
[INFO] [stderr]     Checking password-hash v0.4.2
[INFO] [stderr]     Checking blake2 v0.10.6
[INFO] [stderr]     Checking aes v0.7.5
[INFO] [stderr]     Checking ctr v0.8.0
[INFO] [stderr]     Checking ryu v1.0.16
[INFO] [stderr]     Checking bitcoin_hashes v0.10.0
[INFO] [stderr]     Checking keccak v0.1.4
[INFO] [stderr]     Checking bech32 v0.8.1
[INFO] [stderr]     Checking bitcoin_hashes v0.11.0
[INFO] [stderr]     Checking rand_core v0.4.2
[INFO] [stdout] error[E0061]: this method takes 1 argument but 2 arguments were supplied
[INFO] [stdout]   --> /opt/rustwide/cargo-home/registry/src/index.crates.io-6f17d22bba15001f/cap-primitives-0.24.4/src/rustix/linux/fs/set_times_impl.rs:20:25
[INFO] [stdout]    |
[INFO] [stdout] 20 |             return file.set_times(
[INFO] [stdout]    |                         ^^^^^^^^^
[INFO] [stdout] 21 |                 atime.map(SystemTimeSpec::into_std),
[INFO] [stdout] 22 |                 mtime.map(SystemTimeSpec::into_std),
[INFO] [stdout]    |                 ----------------------------------- unexpected argument of type `Option<fs_set_times::SystemTimeSpec>`
[INFO] [stdout]    |
[INFO] [stdout] note: expected `FileTimes`, found `Option<SystemTimeSpec>`
[INFO] [stdout]   --> /opt/rustwide/cargo-home/registry/src/index.crates.io-6f17d22bba15001f/cap-primitives-0.24.4/src/rustix/linux/fs/set_times_impl.rs:21:17
[INFO] [stdout]    |
[INFO] [stdout] 21 |                 atime.map(SystemTimeSpec::into_std),
[INFO] [stdout]    |                 ^^^^^^^^^^^^^^^^^^^^^^^^^^^^^^^^^^^
[INFO] [stdout]    = note: expected struct `FileTimes`
[INFO] [stdout]                 found enum `Option<fs_set_times::SystemTimeSpec>`
[INFO] [stdout] note: method defined here
[INFO] [stdout]   --> /rustc/0e09125c6c3c2fd70d7de961bcf0e51575235fad/library/std/src/fs.rs:695:12
[INFO] [stdout] help: remove the extra argument
[INFO] [stdout]    |
[INFO] [stdout] 21 -                 atime.map(SystemTimeSpec::into_std),
[INFO] [stdout] 21 +                 /* FileTimes */,
[INFO] [stdout]    |
[INFO] [stdout] 
[INFO] [stdout] 
[INFO] [stdout] error[E0061]: this method takes 1 argument but 2 arguments were supplied
[INFO] [stdout]   --> /opt/rustwide/cargo-home/registry/src/index.crates.io-6f17d22bba15001f/cap-primitives-0.24.4/src/rustix/linux/fs/set_times_impl.rs:34:25
[INFO] [stdout]    |
[INFO] [stdout] 34 |             return file.set_times(
[INFO] [stdout]    |                         ^^^^^^^^^
[INFO] [stdout] 35 |                 atime.map(SystemTimeSpec::into_std),
[INFO] [stdout] 36 |                 mtime.map(SystemTimeSpec::into_std),
[INFO] [stdout]    |                 ----------------------------------- unexpected argument of type `Option<fs_set_times::SystemTimeSpec>`
[INFO] [stdout]    |
[INFO] [stdout] note: expected `FileTimes`, found `Option<SystemTimeSpec>`
[INFO] [stdout]   --> /opt/rustwide/cargo-home/registry/src/index.crates.io-6f17d22bba15001f/cap-primitives-0.24.4/src/rustix/linux/fs/set_times_impl.rs:35:17
[INFO] [stdout]    |
[INFO] [stdout] 35 |                 atime.map(SystemTimeSpec::into_std),
[INFO] [stdout]    |                 ^^^^^^^^^^^^^^^^^^^^^^^^^^^^^^^^^^^
[INFO] [stdout]    = note: expected struct `FileTimes`
[INFO] [stdout]                 found enum `Option<fs_set_times::SystemTimeSpec>`
[INFO] [stdout] note: method defined here
[INFO] [stdout]   --> /rustc/0e09125c6c3c2fd70d7de961bcf0e51575235fad/library/std/src/fs.rs:695:12
[INFO] [stdout] help: remove the extra argument
[INFO] [stdout]    |
[INFO] [stdout] 35 -                 atime.map(SystemTimeSpec::into_std),
[INFO] [stdout] 35 +                 /* FileTimes */,
[INFO] [stdout]    |
[INFO] [stdout] 
[INFO] [stdout] 
[INFO] [stderr]     Checking futures-io v0.3.30
[INFO] [stderr]     Checking hkdf v0.12.4
[INFO] [stderr]     Checking sha3 v0.10.8
[INFO] [stdout] error: aborting due to 2 previous errors
[INFO] [stdout] 
[INFO] [stdout] 
[INFO] [stdout] For more information about this error, try `rustc --explain E0061`.
[INFO] [stdout] 
[INFO] [stderr]     Checking chacha20poly1305 v0.9.1
[INFO] [stderr] error: could not compile `cap-primitives` (lib) due to 3 previous errors
[INFO] [stderr] warning: build failed, waiting for other jobs to finish...
[INFO] running `Command { std: "docker" "inspect" "50fa7b44af39b63828b14629d1adbd5a6a2abadeff0851b7a9b8992090a4d1d3", kill_on_drop: false }`
[INFO] running `Command { std: "docker" "rm" "-f" "50fa7b44af39b63828b14629d1adbd5a6a2abadeff0851b7a9b8992090a4d1d3", kill_on_drop: false }`
[INFO] [stdout] 50fa7b44af39b63828b14629d1adbd5a6a2abadeff0851b7a9b8992090a4d1d3
