[INFO] fetching crate mechtron-host 0.3.6...
[INFO] documenting mechtron-host-0.3.6 against 1.75.0 for beta-1.76-rustdoc-1
[INFO] extracting crate mechtron-host 0.3.6 into /workspace/builds/worker-7-tc1/source
[INFO] validating manifest of crates.io crate mechtron-host 0.3.6 on toolchain 1.75.0
[INFO] running `Command { std: CARGO_HOME="/workspace/cargo-home" RUSTUP_HOME="/workspace/rustup-home" "/workspace/cargo-home/bin/cargo" "+1.75.0" "metadata" "--manifest-path" "Cargo.toml" "--no-deps", kill_on_drop: false }`
[INFO] started tweaking crates.io crate mechtron-host 0.3.6
[INFO] finished tweaking crates.io crate mechtron-host 0.3.6
[INFO] tweaked toml for crates.io crate mechtron-host 0.3.6 written to /workspace/builds/worker-7-tc1/source/Cargo.toml
[INFO] running `Command { std: CARGO_HOME="/workspace/cargo-home" RUSTUP_HOME="/workspace/rustup-home" "/workspace/cargo-home/bin/cargo" "+1.75.0" "generate-lockfile" "--manifest-path" "Cargo.toml", kill_on_drop: false }`
[INFO] [stderr]     Updating crates.io index
[INFO] running `Command { std: CARGO_HOME="/workspace/cargo-home" RUSTUP_HOME="/workspace/rustup-home" "/workspace/cargo-home/bin/cargo" "+1.75.0" "fetch" "--manifest-path" "Cargo.toml", kill_on_drop: false }`
[INFO] [stderr]     Blocking waiting for file lock on package cache
[INFO] [stderr]  Downloading crates ...
[INFO] [stderr]   Downloaded cosmic-macros-primitive v0.3.6
[INFO] [stderr]   Downloaded nom-supreme v0.6.0
[INFO] [stderr]   Downloaded cosmic-nom v0.3.6
[INFO] [stderr]   Downloaded brownstone v1.1.0
[INFO] [stderr]   Downloaded ariadne v0.1.5
[INFO] [stderr]   Downloaded nom_locate v4.2.0
[INFO] [stderr]   Downloaded wasmer-compiler-singlepass v2.3.0
[INFO] [stderr]   Downloaded cosmic-space v0.3.6
[INFO] running `Command { std: "docker" "create" "-v" "/var/lib/crater-agent-workspace/builds/worker-7-tc1/target:/opt/rustwide/target:rw,Z" "-v" "/var/lib/crater-agent-workspace/builds/worker-7-tc1/source:/opt/rustwide/workdir:ro,Z" "-v" "/var/lib/crater-agent-workspace/cargo-home:/opt/rustwide/cargo-home:ro,Z" "-v" "/var/lib/crater-agent-workspace/rustup-home:/opt/rustwide/rustup-home:ro,Z" "-e" "SOURCE_DIR=/opt/rustwide/workdir" "-e" "CARGO_TARGET_DIR=/opt/rustwide/target" "-e" "CARGO_HOME=/opt/rustwide/cargo-home" "-e" "RUSTUP_HOME=/opt/rustwide/rustup-home" "-w" "/opt/rustwide/workdir" "-m" "1610612736" "--user" "0:0" "--network" "none" "ghcr.io/rust-lang/crates-build-env/linux@sha256:2788e3201cd34a07e3172128adcd8b3090168a8e3bcc40d7c032b9dda1df7d1c" "/opt/rustwide/cargo-home/bin/cargo" "+1.75.0" "metadata" "--no-deps" "--format-version=1", kill_on_drop: false }`
[INFO] [stdout] 1659a810dbebdb28453078af36944a7e896958fdde4de02c92049792211922da
[INFO] running `Command { std: "docker" "start" "-a" "1659a810dbebdb28453078af36944a7e896958fdde4de02c92049792211922da", kill_on_drop: false }`
[INFO] running `Command { std: "docker" "inspect" "1659a810dbebdb28453078af36944a7e896958fdde4de02c92049792211922da", kill_on_drop: false }`
[INFO] running `Command { std: "docker" "rm" "-f" "1659a810dbebdb28453078af36944a7e896958fdde4de02c92049792211922da", kill_on_drop: false }`
[INFO] [stdout] 1659a810dbebdb28453078af36944a7e896958fdde4de02c92049792211922da
[INFO] running `Command { std: "docker" "create" "-v" "/var/lib/crater-agent-workspace/builds/worker-7-tc1/target:/opt/rustwide/target:rw,Z" "-v" "/var/lib/crater-agent-workspace/builds/worker-7-tc1/source:/opt/rustwide/workdir:ro,Z" "-v" "/var/lib/crater-agent-workspace/cargo-home:/opt/rustwide/cargo-home:ro,Z" "-v" "/var/lib/crater-agent-workspace/rustup-home:/opt/rustwide/rustup-home:ro,Z" "-e" "SOURCE_DIR=/opt/rustwide/workdir" "-e" "CARGO_TARGET_DIR=/opt/rustwide/target" "-e" "CARGO_INCREMENTAL=0" "-e" "RUST_BACKTRACE=full" "-e" "RUSTFLAGS=--cap-lints=warn" "-e" "RUSTDOCFLAGS=--cap-lints=warn" "-e" "CARGO_HOME=/opt/rustwide/cargo-home" "-e" "RUSTUP_HOME=/opt/rustwide/rustup-home" "-w" "/opt/rustwide/workdir" "-m" "1610612736" "--user" "0:0" "--network" "none" "ghcr.io/rust-lang/crates-build-env/linux@sha256:2788e3201cd34a07e3172128adcd8b3090168a8e3bcc40d7c032b9dda1df7d1c" "/opt/rustwide/cargo-home/bin/cargo" "+1.75.0" "doc" "--frozen" "--no-deps" "--document-private-items" "--message-format=json", kill_on_drop: false }`
[INFO] [stdout] 96e65f6b5d5b3491270a379e361f6d1a407858323d778afb5f910b6a7038ca51
[INFO] running `Command { std: "docker" "start" "-a" "96e65f6b5d5b3491270a379e361f6d1a407858323d778afb5f910b6a7038ca51", kill_on_drop: false }`
[INFO] [stderr]    Compiling proc-macro2 v1.0.76
[INFO] [stderr]    Compiling serde v1.0.195
[INFO] [stderr]     Checking memchr v2.7.1
[INFO] [stderr]    Compiling target-lexicon v0.12.13
[INFO] [stderr]    Compiling ahash v0.7.7
[INFO] [stderr]    Compiling indexmap v1.9.3
[INFO] [stderr]    Compiling rkyv v0.7.43
[INFO] [stderr]     Checking seahash v4.1.0
[INFO] [stderr]     Checking more-asserts v0.2.2
[INFO] [stderr]     Checking scopeguard v1.2.0
[INFO] [stderr]     Checking wasmparser v0.83.0
[INFO] [stderr]     Checking getrandom v0.2.11
[INFO] [stderr]    Compiling crossbeam-utils v0.8.18
[INFO] [stderr]    Compiling num-traits v0.2.17
[INFO] [stderr]    Compiling memoffset v0.6.5
[INFO] [stderr]    Compiling corosensei v0.1.4
[INFO] [stderr]    Compiling cranelift-codegen-shared v0.82.3
[INFO] [stderr]     Checking memmap2 v0.5.10
[INFO] [stderr]    Compiling crc32fast v1.3.2
[INFO] [stderr]    Compiling cranelift-codegen-meta v0.82.3
[INFO] [stderr]     Checking fallible-iterator v0.2.0
[INFO] [stderr]     Checking leb128 v0.2.5
[INFO] [stderr]    Compiling rayon-core v1.12.0
[INFO] [stderr]     Checking stable_deref_trait v1.2.0
[INFO] [stderr]     Checking region v3.0.0
[INFO] [stderr]     Checking cranelift-entity v0.82.3
[INFO] [stderr]     Checking regalloc v0.0.34
[INFO] [stderr]    Compiling num-integer v0.1.45
[INFO] [stderr]     Checking lock_api v0.4.11
[INFO] [stderr]    Compiling quote v1.0.35
[INFO] [stderr]     Checking tracing-core v0.1.32
[INFO] [stderr]     Checking hashbrown v0.12.3
[INFO] [stderr]     Checking hashbrown v0.11.2
[INFO] [stderr]     Checking object v0.32.2
[INFO] [stderr]     Checking cranelift-bforest v0.82.3
[INFO] [stderr]     Checking aho-corasick v1.1.2
[INFO] [stderr]     Checking nom v7.1.3
[INFO] [stderr]    Compiling syn v2.0.48
[INFO] [stderr]    Compiling syn v1.0.109
[INFO] [stderr]     Checking crossbeam-epoch v0.9.17
[INFO] [stderr]     Checking arrayvec v0.7.4
[INFO] [stderr]    Compiling num-bigint v0.4.4
[INFO] [stderr]    Compiling proc-macro-error-attr v1.0.4
[INFO] [stderr]     Checking idna v0.5.0
[INFO] [stderr]     Checking wasm-encoder v0.38.1
[INFO] [stderr]     Checking brownstone v1.1.0
[INFO] [stderr]     Checking crossbeam-deque v0.8.4
[INFO] [stderr]     Checking joinery v2.1.0
[INFO] [stderr]     Checking home v0.5.9
[INFO] [stderr]     Checking indent_write v2.2.0
[INFO] [stderr]    Compiling byteorder v1.5.0
[INFO] [stderr]    Compiling wasmer-compiler-cranelift v2.3.0
[INFO] [stderr]     Checking bytecount v0.6.7
[INFO] [stderr]    Compiling semver v1.0.21
[INFO] [stderr]    Compiling async-trait v0.1.77
[INFO] [stderr]     Checking idna v0.2.3
[INFO] [stderr]     Checking which v4.4.2
[INFO] [stderr]     Checking parking_lot v0.12.1
[INFO] [stderr]     Checking libloading v0.7.4
[INFO] [stderr]     Checking hashbrown v0.14.3
[INFO] [stderr]     Checking yansi v0.5.1
[INFO] [stderr]     Checking rayon v1.8.0
[INFO] [stderr]     Checking regex-automata v0.4.3
[INFO] [stderr]     Checking convert_case v0.5.0
[INFO] [stderr]     Checking strum v0.24.1
[INFO] [stderr]     Checking ariadne v0.1.5
[INFO] [stderr]     Checking threadpool v1.8.1
[INFO] [stderr]     Checking uuid v1.6.1
[INFO] [stderr]     Checking oneshot v0.1.6
[INFO] [stderr]     Checking wast v69.0.1
[INFO] [stderr]     Checking dashmap v5.5.3
[INFO] [stderr]     Checking nom_locate v4.2.0
[INFO] [stderr]     Checking nom-supreme v0.6.0
[INFO] [stderr]    Compiling cranelift-codegen v0.82.3
[INFO] [stderr]     Checking backtrace v0.3.69
[INFO] [stderr]     Checking regex v1.10.2
[INFO] [stderr]    Compiling proc-macro-error v1.0.4
[INFO] [stderr]    Compiling darling_core v0.20.3
[INFO] [stderr]    Compiling ptr_meta_derive v0.1.4
[INFO] [stderr]    Compiling enum-iterator-derive v0.7.0
[INFO] [stderr]    Compiling rkyv_derive v0.7.43
[INFO] [stderr]    Compiling loupe-derive v0.1.3
[INFO] [stderr]    Compiling dynasm v1.2.3
[INFO] [stderr]    Compiling cosmic-macros-primitive v0.3.6
[INFO] [stderr]    Compiling strum_macros v0.24.3
[INFO] [stderr]    Compiling wasmer-derive v2.3.0
[INFO] [stderr]     Checking ptr_meta v0.1.4
[INFO] [stderr]    Compiling serde_derive v1.0.195
[INFO] [stderr]    Compiling thiserror-impl v1.0.56
[INFO] [stderr]    Compiling tracing-attributes v0.1.27
[INFO] [stderr]    Compiling tokio-macros v2.2.0
[INFO] [stderr]    Compiling enum-ordinalize v3.1.15
[INFO] [stderr]     Checking enum-iterator v0.7.0
[INFO] [stderr]     Checking tokio v1.35.1
[INFO] [stderr]     Checking wat v1.0.82
[INFO] [stderr]    Compiling darling_macro v0.20.3
[INFO] [stderr]     Checking thiserror v1.0.56
[INFO] [stderr]     Checking tracing v0.1.40
[INFO] [stderr]    Compiling darling v0.20.3
[INFO] [stderr]    Compiling enumset_derive v0.8.1
[INFO] [stderr]     Checking enumset v1.1.3
[INFO] [stderr]     Checking dynasmrt v1.2.3
[INFO] [stderr]     Checking serde_bytes v0.11.14
[INFO] [stderr]     Checking serde_json v1.0.111
[INFO] [stderr]     Checking url v2.5.0
[INFO] [stderr]     Checking serde_urlencoded v0.7.1
[INFO] [stderr]     Checking cosmic-nom v0.3.6
[INFO] [stderr]     Checking bincode v1.3.3
[INFO] [stderr]     Checking chrono v0.4.31
[INFO] [stderr]     Checking loupe v0.1.3
[INFO] [stderr]     Checking gimli v0.26.2
[INFO] [stderr]     Checking object v0.28.4
[INFO] [stderr]     Checking wasmer-types v2.3.0
[INFO] [stderr]     Checking validator v0.15.0
[INFO] [stderr]     Checking cosmic-space v0.3.6
[INFO] [stdout] error[E0432]: unresolved import `regex::internal`
[INFO] [stdout]   --> /opt/rustwide/cargo-home/registry/src/index.crates.io-6f17d22bba15001f/cosmic-space-0.3.6/src/parse.rs:41:12
[INFO] [stdout]    |
[INFO] [stdout] 41 | use regex::internal::Input;
[INFO] [stdout]    |            ^^^^^^^^ could not find `internal` in `regex`
[INFO] [stdout] 
[INFO] [stdout] 
[INFO] [stdout] error[E0432]: unresolved import `regex::internal`
[INFO] [stdout]     --> /opt/rustwide/cargo-home/registry/src/index.crates.io-6f17d22bba15001f/cosmic-space-0.3.6/src/parse.rs:4838:16
[INFO] [stdout]      |
[INFO] [stdout] 4838 |     use regex::internal::Input;
[INFO] [stdout]      |                ^^^^^^^^ could not find `internal` in `regex`
[INFO] [stdout] 
[INFO] [stdout] 
[INFO] [stderr]     Checking wasmer-compiler v2.3.0
[INFO] [stderr]     Checking wasmer-artifact v2.3.0
[INFO] [stderr]     Checking wasmer-object v2.3.0
[INFO] [stderr]     Checking wasmer-compiler-singlepass v2.3.0
[INFO] [stderr]     Checking wasmer-vm v2.3.0
[INFO] [stderr]     Checking wasmer-engine-universal-artifact v2.3.0
[INFO] [stderr]     Checking wasmer-engine v2.3.0
[INFO] [stderr]     Checking wasmer-engine-universal v2.3.0
[INFO] [stderr]     Checking wasmer-engine-dylib v2.3.0
[INFO] [stdout] error[E0599]: no variant or associated item named `__Nonexhaustive` found for enum `regex::Error` in the current scope
[INFO] [stdout]     --> /opt/rustwide/cargo-home/registry/src/index.crates.io-6f17d22bba15001f/cosmic-space-0.3.6/src/parse.rs:4970:56
[INFO] [stdout]      |
[INFO] [stdout] 4970 | ...                   Error::__Nonexhaustive => {
[INFO] [stdout]      |                              ^^^^^^^^^^^^^^^ variant or associated item not found in `Error`
[INFO] [stdout] 
[INFO] [stdout] 
[INFO] [stdout] error: aborting due to 3 previous errors
[INFO] [stdout] 
[INFO] [stdout] 
[INFO] [stdout] Some errors have detailed explanations: E0432, E0599.
[INFO] [stdout] 
[INFO] [stdout] For more information about an error, try `rustc --explain E0432`.
[INFO] [stdout] 
[INFO] [stderr] error: could not compile `cosmic-space` (lib) due to 4 previous errors
[INFO] [stderr] warning: build failed, waiting for other jobs to finish...
[INFO] running `Command { std: "docker" "inspect" "96e65f6b5d5b3491270a379e361f6d1a407858323d778afb5f910b6a7038ca51", kill_on_drop: false }`
[INFO] running `Command { std: "docker" "rm" "-f" "96e65f6b5d5b3491270a379e361f6d1a407858323d778afb5f910b6a7038ca51", kill_on_drop: false }`
[INFO] [stdout] 96e65f6b5d5b3491270a379e361f6d1a407858323d778afb5f910b6a7038ca51
