[INFO] fetching crate makepad-media 0.3.0...
[INFO] documenting makepad-media-0.3.0 against 1.75.0 for beta-1.76-rustdoc-1
[INFO] extracting crate makepad-media 0.3.0 into /workspace/builds/worker-4-tc1/source
[INFO] validating manifest of crates.io crate makepad-media 0.3.0 on toolchain 1.75.0
[INFO] running `Command { std: CARGO_HOME="/workspace/cargo-home" RUSTUP_HOME="/workspace/rustup-home" "/workspace/cargo-home/bin/cargo" "+1.75.0" "metadata" "--manifest-path" "Cargo.toml" "--no-deps", kill_on_drop: false }`
[INFO] started tweaking crates.io crate makepad-media 0.3.0
[INFO] finished tweaking crates.io crate makepad-media 0.3.0
[INFO] tweaked toml for crates.io crate makepad-media 0.3.0 written to /workspace/builds/worker-4-tc1/source/Cargo.toml
[INFO] running `Command { std: CARGO_HOME="/workspace/cargo-home" RUSTUP_HOME="/workspace/rustup-home" "/workspace/cargo-home/bin/cargo" "+1.75.0" "generate-lockfile" "--manifest-path" "Cargo.toml", kill_on_drop: false }`
[INFO] [stderr]     Updating crates.io index
[INFO] running `Command { std: CARGO_HOME="/workspace/cargo-home" RUSTUP_HOME="/workspace/rustup-home" "/workspace/cargo-home/bin/cargo" "+1.75.0" "fetch" "--manifest-path" "Cargo.toml", kill_on_drop: false }`
[INFO] [stderr]  Downloading crates ...
[INFO] [stderr]   Downloaded makepad-derive-live v0.3.0
[INFO] [stderr]   Downloaded makepad-live-tokenizer v0.3.0
[INFO] [stderr]   Downloaded makepad-micro-serde-derive v0.3.0
[INFO] [stderr]   Downloaded makepad-micro-serde v0.3.0
[INFO] [stderr]   Downloaded makepad-live-id v0.3.0
[INFO] [stderr]   Downloaded makepad-error-log v0.3.0
[INFO] [stderr]   Downloaded makepad-live-id-macros v0.3.0
[INFO] [stderr]   Downloaded makepad-derive-wasm-bridge v0.3.0
[INFO] [stderr]   Downloaded makepad-micro-proc-macro v0.3.0
[INFO] [stderr]   Downloaded makepad-live-compiler v0.3.0
[INFO] [stderr]   Downloaded makepad-math v0.3.0
[INFO] [stderr]   Downloaded makepad-objc-sys v0.3.0
[INFO] [stderr]   Downloaded makepad-wasm-bridge v0.3.0
[INFO] [stderr]   Downloaded makepad-shader-compiler v0.3.0
[INFO] [stderr]   Downloaded makepad-platform v0.3.0
[INFO] running `Command { std: "docker" "create" "-v" "/var/lib/crater-agent-workspace/builds/worker-4-tc1/target:/opt/rustwide/target:rw,Z" "-v" "/var/lib/crater-agent-workspace/builds/worker-4-tc1/source:/opt/rustwide/workdir:ro,Z" "-v" "/var/lib/crater-agent-workspace/cargo-home:/opt/rustwide/cargo-home:ro,Z" "-v" "/var/lib/crater-agent-workspace/rustup-home:/opt/rustwide/rustup-home:ro,Z" "-e" "SOURCE_DIR=/opt/rustwide/workdir" "-e" "CARGO_TARGET_DIR=/opt/rustwide/target" "-e" "CARGO_HOME=/opt/rustwide/cargo-home" "-e" "RUSTUP_HOME=/opt/rustwide/rustup-home" "-w" "/opt/rustwide/workdir" "-m" "1610612736" "--user" "0:0" "--network" "none" "ghcr.io/rust-lang/crates-build-env/linux@sha256:2788e3201cd34a07e3172128adcd8b3090168a8e3bcc40d7c032b9dda1df7d1c" "/opt/rustwide/cargo-home/bin/cargo" "+1.75.0" "metadata" "--no-deps" "--format-version=1", kill_on_drop: false }`
[INFO] [stdout] 02824bbff88281e0cd42f17bde0f9ac763d85368e63c84217a8ee89115e7ecf6
[INFO] running `Command { std: "docker" "start" "-a" "02824bbff88281e0cd42f17bde0f9ac763d85368e63c84217a8ee89115e7ecf6", kill_on_drop: false }`
[INFO] running `Command { std: "docker" "inspect" "02824bbff88281e0cd42f17bde0f9ac763d85368e63c84217a8ee89115e7ecf6", kill_on_drop: false }`
[INFO] running `Command { std: "docker" "rm" "-f" "02824bbff88281e0cd42f17bde0f9ac763d85368e63c84217a8ee89115e7ecf6", kill_on_drop: false }`
[INFO] [stdout] 02824bbff88281e0cd42f17bde0f9ac763d85368e63c84217a8ee89115e7ecf6
[INFO] running `Command { std: "docker" "create" "-v" "/var/lib/crater-agent-workspace/builds/worker-4-tc1/target:/opt/rustwide/target:rw,Z" "-v" "/var/lib/crater-agent-workspace/builds/worker-4-tc1/source:/opt/rustwide/workdir:ro,Z" "-v" "/var/lib/crater-agent-workspace/cargo-home:/opt/rustwide/cargo-home:ro,Z" "-v" "/var/lib/crater-agent-workspace/rustup-home:/opt/rustwide/rustup-home:ro,Z" "-e" "SOURCE_DIR=/opt/rustwide/workdir" "-e" "CARGO_TARGET_DIR=/opt/rustwide/target" "-e" "CARGO_INCREMENTAL=0" "-e" "RUST_BACKTRACE=full" "-e" "RUSTFLAGS=--cap-lints=warn" "-e" "RUSTDOCFLAGS=--cap-lints=warn" "-e" "CARGO_HOME=/opt/rustwide/cargo-home" "-e" "RUSTUP_HOME=/opt/rustwide/rustup-home" "-w" "/opt/rustwide/workdir" "-m" "1610612736" "--user" "0:0" "--network" "none" "ghcr.io/rust-lang/crates-build-env/linux@sha256:2788e3201cd34a07e3172128adcd8b3090168a8e3bcc40d7c032b9dda1df7d1c" "/opt/rustwide/cargo-home/bin/cargo" "+1.75.0" "doc" "--frozen" "--no-deps" "--document-private-items" "--message-format=json", kill_on_drop: false }`
[INFO] [stdout] fa10b671b459eb03c0a6df21d259cb57f67e2d67041ff25f0a544589e2135d2f
[INFO] running `Command { std: "docker" "start" "-a" "fa10b671b459eb03c0a6df21d259cb57f67e2d67041ff25f0a544589e2135d2f", kill_on_drop: false }`
[INFO] [stderr]    Compiling makepad-micro-proc-macro v0.3.0
[INFO] [stderr]    Compiling makepad-error-log v0.3.0
[INFO] [stderr]     Checking makepad-math v0.3.0
[INFO] [stderr]    Compiling makepad-platform v0.3.0
[INFO] [stderr]    Compiling makepad-live-id-macros v0.3.0
[INFO] [stderr]    Compiling makepad-micro-serde-derive v0.3.0
[INFO] [stderr]    Compiling makepad-live-id v0.3.0
[INFO] [stderr]     Checking makepad-micro-serde v0.3.0
[INFO] [stderr]    Compiling makepad-derive-live v0.3.0
[INFO] [stderr]     Checking makepad-live-tokenizer v0.3.0
[INFO] [stderr]     Checking makepad-live-compiler v0.3.0
[INFO] [stderr]     Checking makepad-shader-compiler v0.3.0
[INFO] [stdout] error[E0432]: unresolved import `crate::os::CxOs`
[INFO] [stdout]   --> /opt/rustwide/cargo-home/registry/src/index.crates.io-6f17d22bba15001f/makepad-platform-0.3.0/src/cx.rs:23:13
[INFO] [stdout]    |
[INFO] [stdout] 23 |             CxOs,
[INFO] [stdout]    |             ^^^^ no `CxOs` in `os`
[INFO] [stdout] 
[INFO] [stdout] 
[INFO] [stdout] error[E0432]: unresolved import `crate::os::CxOsDrawShader`
[INFO] [stdout]   --> /opt/rustwide/cargo-home/registry/src/index.crates.io-6f17d22bba15001f/makepad-platform-0.3.0/src/cx_draw_shaders.rs:19:13
[INFO] [stdout]    |
[INFO] [stdout] 19 |             CxOsDrawShader,
[INFO] [stdout]    |             ^^^^^^^^^^^^^^ no `CxOsDrawShader` in `os`
[INFO] [stdout] 
[INFO] [stdout] 
[INFO] [stdout] error[E0432]: unresolved import `crate::os::CxOsPass`
[INFO] [stdout]   --> /opt/rustwide/cargo-home/registry/src/index.crates.io-6f17d22bba15001f/makepad-platform-0.3.0/src/pass.rs:20:13
[INFO] [stdout]    |
[INFO] [stdout] 20 |             CxOsPass,
[INFO] [stdout]    |             ^^^^^^^^ no `CxOsPass` in `os`
[INFO] [stdout] 
[INFO] [stdout] 
[INFO] [stdout] error[E0432]: unresolved import `crate::os::CxOsTexture`
[INFO] [stdout]   --> /opt/rustwide/cargo-home/registry/src/index.crates.io-6f17d22bba15001f/makepad-platform-0.3.0/src/texture.rs:17:14
[INFO] [stdout]    |
[INFO] [stdout] 17 |         os::{CxOsTexture},
[INFO] [stdout]    |              ^^^^^^^^^^^ no `CxOsTexture` in `os`
[INFO] [stdout] 
[INFO] [stdout] 
[INFO] [stdout] error[E0432]: unresolved import `crate::os::CxOsGeometry`
[INFO] [stdout]   --> /opt/rustwide/cargo-home/registry/src/index.crates.io-6f17d22bba15001f/makepad-platform-0.3.0/src/geometry.rs:14:9
[INFO] [stdout]    |
[INFO] [stdout] 14 |         os::CxOsGeometry,
[INFO] [stdout]    |         ^^^^^^^^^^^^^^^^ no `CxOsGeometry` in `os`
[INFO] [stdout] 
[INFO] [stdout] 
[INFO] [stdout] error[E0432]: unresolved imports `crate::os::CxOsDrawCall`, `crate::os::CxOsView`
[INFO] [stdout]   --> /opt/rustwide/cargo-home/registry/src/index.crates.io-6f17d22bba15001f/makepad-platform-0.3.0/src/draw_list.rs:9:13
[INFO] [stdout]    |
[INFO] [stdout] 9  |             CxOsDrawCall,
[INFO] [stdout]    |             ^^^^^^^^^^^^ no `CxOsDrawCall` in `os`
[INFO] [stdout] 10 |             CxOsView,
[INFO] [stdout]    |             ^^^^^^^^ no `CxOsView` in `os`
[INFO] [stdout] 
[INFO] [stdout] 
[INFO] [stdout] error: aborting due to 6 previous errors
[INFO] [stdout] 
[INFO] [stdout] 
[INFO] [stdout] For more information about this error, try `rustc --explain E0432`.
[INFO] [stdout] 
[INFO] [stderr] error: could not compile `makepad-platform` (lib) due to 7 previous errors
[INFO] running `Command { std: "docker" "inspect" "fa10b671b459eb03c0a6df21d259cb57f67e2d67041ff25f0a544589e2135d2f", kill_on_drop: false }`
[INFO] running `Command { std: "docker" "rm" "-f" "fa10b671b459eb03c0a6df21d259cb57f67e2d67041ff25f0a544589e2135d2f", kill_on_drop: false }`
[INFO] [stdout] fa10b671b459eb03c0a6df21d259cb57f67e2d67041ff25f0a544589e2135d2f
