[INFO] fetching crate librdkafka-sys 0.9.2-0...
[INFO] documenting librdkafka-sys-0.9.2-0 against 1.75.0 for beta-1.76-rustdoc-1
[INFO] extracting crate librdkafka-sys 0.9.2-0 into /workspace/builds/worker-7-tc1/source
[INFO] validating manifest of crates.io crate librdkafka-sys 0.9.2-0 on toolchain 1.75.0
[INFO] running `Command { std: CARGO_HOME="/workspace/cargo-home" RUSTUP_HOME="/workspace/rustup-home" "/workspace/cargo-home/bin/cargo" "+1.75.0" "metadata" "--manifest-path" "Cargo.toml" "--no-deps", kill_on_drop: false }`
[INFO] started tweaking crates.io crate librdkafka-sys 0.9.2-0
[INFO] finished tweaking crates.io crate librdkafka-sys 0.9.2-0
[INFO] tweaked toml for crates.io crate librdkafka-sys 0.9.2-0 written to /workspace/builds/worker-7-tc1/source/Cargo.toml
[INFO] running `Command { std: CARGO_HOME="/workspace/cargo-home" RUSTUP_HOME="/workspace/rustup-home" "/workspace/cargo-home/bin/cargo" "+1.75.0" "generate-lockfile" "--manifest-path" "Cargo.toml", kill_on_drop: false }`
[INFO] [stderr]     Updating crates.io index
[INFO] running `Command { std: CARGO_HOME="/workspace/cargo-home" RUSTUP_HOME="/workspace/rustup-home" "/workspace/cargo-home/bin/cargo" "+1.75.0" "fetch" "--manifest-path" "Cargo.toml", kill_on_drop: false }`
[INFO] [stderr]  Downloading crates ...
[INFO] [stderr]   Downloaded num_cpus v0.2.13
[INFO] running `Command { std: "docker" "create" "-v" "/var/lib/crater-agent-workspace/builds/worker-7-tc1/target:/opt/rustwide/target:rw,Z" "-v" "/var/lib/crater-agent-workspace/builds/worker-7-tc1/source:/opt/rustwide/workdir:ro,Z" "-v" "/var/lib/crater-agent-workspace/cargo-home:/opt/rustwide/cargo-home:ro,Z" "-v" "/var/lib/crater-agent-workspace/rustup-home:/opt/rustwide/rustup-home:ro,Z" "-e" "SOURCE_DIR=/opt/rustwide/workdir" "-e" "CARGO_TARGET_DIR=/opt/rustwide/target" "-e" "CARGO_HOME=/opt/rustwide/cargo-home" "-e" "RUSTUP_HOME=/opt/rustwide/rustup-home" "-w" "/opt/rustwide/workdir" "-m" "1610612736" "--user" "0:0" "--network" "none" "ghcr.io/rust-lang/crates-build-env/linux@sha256:2788e3201cd34a07e3172128adcd8b3090168a8e3bcc40d7c032b9dda1df7d1c" "/opt/rustwide/cargo-home/bin/cargo" "+1.75.0" "metadata" "--no-deps" "--format-version=1", kill_on_drop: false }`
[INFO] [stdout] 5ee96a2996f53180360889d6f5ade9d7cd9c82f58cb52d314f030983e7797cfe
[INFO] running `Command { std: "docker" "start" "-a" "5ee96a2996f53180360889d6f5ade9d7cd9c82f58cb52d314f030983e7797cfe", kill_on_drop: false }`
[INFO] running `Command { std: "docker" "inspect" "5ee96a2996f53180360889d6f5ade9d7cd9c82f58cb52d314f030983e7797cfe", kill_on_drop: false }`
[INFO] running `Command { std: "docker" "rm" "-f" "5ee96a2996f53180360889d6f5ade9d7cd9c82f58cb52d314f030983e7797cfe", kill_on_drop: false }`
[INFO] [stdout] 5ee96a2996f53180360889d6f5ade9d7cd9c82f58cb52d314f030983e7797cfe
[INFO] running `Command { std: "docker" "create" "-v" "/var/lib/crater-agent-workspace/builds/worker-7-tc1/target:/opt/rustwide/target:rw,Z" "-v" "/var/lib/crater-agent-workspace/builds/worker-7-tc1/source:/opt/rustwide/workdir:ro,Z" "-v" "/var/lib/crater-agent-workspace/cargo-home:/opt/rustwide/cargo-home:ro,Z" "-v" "/var/lib/crater-agent-workspace/rustup-home:/opt/rustwide/rustup-home:ro,Z" "-e" "SOURCE_DIR=/opt/rustwide/workdir" "-e" "CARGO_TARGET_DIR=/opt/rustwide/target" "-e" "CARGO_INCREMENTAL=0" "-e" "RUST_BACKTRACE=full" "-e" "RUSTFLAGS=--cap-lints=warn" "-e" "RUSTDOCFLAGS=--cap-lints=warn" "-e" "CARGO_HOME=/opt/rustwide/cargo-home" "-e" "RUSTUP_HOME=/opt/rustwide/rustup-home" "-w" "/opt/rustwide/workdir" "-m" "1610612736" "--user" "0:0" "--network" "none" "ghcr.io/rust-lang/crates-build-env/linux@sha256:2788e3201cd34a07e3172128adcd8b3090168a8e3bcc40d7c032b9dda1df7d1c" "/opt/rustwide/cargo-home/bin/cargo" "+1.75.0" "doc" "--frozen" "--no-deps" "--document-private-items" "--message-format=json", kill_on_drop: false }`
[INFO] [stdout] 7e33f47ef4b2a6294c3cb3da16f78c17c44c128eaa528f7832a48423dded228d
[INFO] running `Command { std: "docker" "start" "-a" "7e33f47ef4b2a6294c3cb3da16f78c17c44c128eaa528f7832a48423dded228d", kill_on_drop: false }`
[INFO] [stderr]    Compiling libc v0.2.151
[INFO] [stderr]    Compiling num_cpus v0.2.13
[INFO] [stderr]    Compiling librdkafka-sys v0.9.2-0 (/opt/rustwide/workdir)
[INFO] [stderr] error: failed to run custom build command for `librdkafka-sys v0.9.2-0 (/opt/rustwide/workdir)`
[INFO] [stderr] note: To improve backtraces for build dependencies, set the CARGO_PROFILE_DEV_BUILD_OVERRIDE_DEBUG=true environment variable to enable debug information generation.
[INFO] [stderr] 
[INFO] [stderr] Caused by:
[INFO] [stderr]   process didn't exit successfully: `/opt/rustwide/target/debug/build/librdkafka-sys-6676a179aaf11cea/build-script-build` (exit status: 101)
[INFO] [stderr]   --- stdout
[INFO] [stderr]   Configuring librdkafka
[INFO] [stderr]   checking for OS or distribution... ok (Linux)
[INFO] [stderr]   checking for C compiler from CC env... failed
[INFO] [stderr]   checking for gcc (by command)... ok
[INFO] [stderr]   checking for C++ compiler from CXX env... failed
[INFO] [stderr]   checking for C++ compiler (g++)... ok
[INFO] [stderr]   checking executable ld... ok
[INFO] [stderr]   checking executable nm... ok
[INFO] [stderr]   checking executable objdump... ok
[INFO] [stderr]   checking executable strip... ok
[INFO] [stderr]   checking for pkgconfig (by command)... ok
[INFO] [stderr]   checking for install (by command)... ok
[INFO] [stderr]   checking for PIC (by compile)... failed (disable)
[INFO] [stderr]   checking for GNU-compatible linker options... failed
[INFO] [stderr]   checking for OSX linker options... failed
[INFO] [stderr]   checking for GNU linker-script ld flag... failed
[INFO] [stderr]   checking for Solaris linker-script ld flag... failed (ignore)
[INFO] [stderr]   checking for __atomic_32 (by compile)... failed
[INFO] [stderr]   checking for __atomic_32_lib (by compile)... failed
[INFO] [stderr]   checking for __sync_32 (by compile)... failed (disable)
[INFO] [stderr]   checking for __atomic_64 (by compile)... failed
[INFO] [stderr]   checking for __atomic_64_lib (by compile)... failed
[INFO] [stderr]   checking for __sync_64 (by compile)... failed (disable)
[INFO] [stderr]   checking for socket (by compile)... failed
[INFO] [stderr]   checking for socket_nsl (by compile)... failed (fail)
[INFO] [stderr]   parsing version '0x000902ff'... ok (0.9.2)
[INFO] [stderr]   checking for libpthread (by pkg-config)... failed
[INFO] [stderr]   checking for libpthread (by compile)... failed (fail)
[INFO] [stderr]   checking for zlib (by pkg-config)... ok
[INFO] [stderr]   checking for libcrypto (by pkg-config)... ok
[INFO] [stderr]   checking for liblz4 (by pkg-config)... ok
[INFO] [stderr]   checking for regex (by compile)... failed (disable)
[INFO] [stderr]   checking for librt (by pkg-config)... failed
[INFO] [stderr]   checking for librt (by compile)... failed
[INFO] [stderr]   checking for strndup (by compile)... failed (disable)
[INFO] [stderr]   checking for nm (by env NM)... ok (cached)
[INFO] [stderr] 
[INFO] [stderr] 
[INFO] [stderr] 
[INFO] [stderr] 
[INFO] [stderr]   --- stderr
[INFO] [stderr]   Running command: "./configure --disable-sasl --disable-ssl" in dir: librdkafka
[INFO] [stderr]   mklove/modules/configure.base: line 568: config.log: Read-only file system
[INFO] [stderr]   mklove/modules/configure.base: line 568: config.log: Read-only file system
[INFO] [stderr]   mklove/modules/configure.base: line 568: config.log: Read-only file system
[INFO] [stderr]   mklove/modules/configure.base: line 568: config.log: Read-only file system
[INFO] [stderr]   mklove/modules/configure.base: line 568: config.log: Read-only file system
[INFO] [stderr]   mklove/modules/configure.base: line 568: config.log: Read-only file system
[INFO] [stderr]   mklove/modules/configure.base: line 568: config.log: Read-only file system
[INFO] [stderr]   mklove/modules/configure.base: line 568: config.log: Read-only file system
[INFO] [stderr]   mklove/modules/configure.base: line 568: config.log: Read-only file system
[INFO] [stderr]   mklove/modules/configure.base: line 568: config.log: Read-only file system
[INFO] [stderr]   mklove/modules/configure.base: line 568: config.log: Read-only file system
[INFO] [stderr]   mklove/modules/configure.base: line 568: config.log: Read-only file system
[INFO] [stderr]   mklove/modules/configure.base: line 568: config.log: Read-only file system
[INFO] [stderr]   ./configure: line 186: config.log: Read-only file system
[INFO] [stderr]   ./configure: line 187: config.log: Read-only file system
[INFO] [stderr]   mklove/modules/configure.base: line 568: config.log: Read-only file system
[INFO] [stderr]   mklove/modules/configure.base: line 568: config.log: Read-only file system
[INFO] [stderr]   mklove/modules/configure.base: line 568: config.log: Read-only file system
[INFO] [stderr]   mklove/modules/configure.base: line 568: config.log: Read-only file system
[INFO] [stderr]   mktemp: failed to create file via template '_mkltmpXXXXXX': Read-only file system
[INFO] [stderr]   mv: cannot stat '': No such file or directory
[INFO] [stderr]   mklove/modules/configure.base: line 908: .c: Read-only file system
[INFO] [stderr]   mklove/modules/configure.base: line 911: .c: Read-only file system
[INFO] [stderr]   mklove/modules/configure.base: line 568: config.log: Read-only file system
[INFO] [stderr]   mklove/modules/configure.base: line 568: config.log: Read-only file system
[INFO] [stderr]   mklove/modules/configure.base: line 568: config.log: Read-only file system
[INFO] [stderr]   mktemp: failed to create file via template '_mkltmpXXXXXX': Read-only file system
[INFO] [stderr]   mv: cannot stat '': No such file or directory
[INFO] [stderr]   mklove/modules/configure.base: line 908: .c: Read-only file system
[INFO] [stderr]   mklove/modules/configure.base: line 911: .c: Read-only file system
[INFO] [stderr]   mklove/modules/configure.base: line 568: config.log: Read-only file system
[INFO] [stderr]   mklove/modules/configure.base: line 568: config.log: Read-only file system
[INFO] [stderr]   mklove/modules/configure.base: line 568: config.log: Read-only file system
[INFO] [stderr]   mktemp: failed to create file via template '_mkltmpXXXXXX': Read-only file system
[INFO] [stderr]   mv: cannot stat '': No such file or directory
[INFO] [stderr]   mklove/modules/configure.base: line 908: .c: Read-only file system
[INFO] [stderr]   mklove/modules/configure.base: line 911: .c: Read-only file system
[INFO] [stderr]   mklove/modules/configure.base: line 568: config.log: Read-only file system
[INFO] [stderr]   mklove/modules/configure.base: line 568: config.log: Read-only file system
[INFO] [stderr]   mklove/modules/configure.base: line 568: config.log: Read-only file system
[INFO] [stderr]   mktemp: failed to create file via template '_mkltmpXXXXXX': Read-only file system
[INFO] [stderr]   mklove/modules/configure.base: line 650: $ldsfile: ambiguous redirect
[INFO] [stderr]   mktemp: failed to create file via template '_mkltmpXXXXXX': Read-only file system
[INFO] [stderr]   mv: cannot stat '': No such file or directory
[INFO] [stderr]   mklove/modules/configure.base: line 908: .c: Read-only file system
[INFO] [stderr]   mklove/modules/configure.base: line 911: .c: Read-only file system
[INFO] [stderr]   mklove/modules/configure.base: line 568: config.log: Read-only file system
[INFO] [stderr]   mklove/modules/configure.base: line 568: config.log: Read-only file system
[INFO] [stderr]   mklove/modules/configure.base: line 568: config.log: Read-only file system
[INFO] [stderr]   mktemp: failed to create file via template '_mkltmpXXXXXX': Read-only file system
[INFO] [stderr]   mv: cannot stat '': No such file or directory
[INFO] [stderr]   mklove/modules/configure.base: line 908: .c: Read-only file system
[INFO] [stderr]   mklove/modules/configure.base: line 911: .c: Read-only file system
[INFO] [stderr]   mklove/modules/configure.base: line 568: config.log: Read-only file system
[INFO] [stderr]   mklove/modules/configure.base: line 568: config.log: Read-only file system
[INFO] [stderr]   mklove/modules/configure.base: line 568: config.log: Read-only file system
[INFO] [stderr]   mktemp: failed to create file via template '_mkltmpXXXXXX': Read-only file system
[INFO] [stderr]   mv: cannot stat '': No such file or directory
[INFO] [stderr]   mklove/modules/configure.base: line 908: .c: Read-only file system
[INFO] [stderr]   mklove/modules/configure.base: line 911: .c: Read-only file system
[INFO] [stderr]   mklove/modules/configure.base: line 568: config.log: Read-only file system
[INFO] [stderr]   mklove/modules/configure.base: line 568: config.log: Read-only file system
[INFO] [stderr]   mklove/modules/configure.base: line 568: config.log: Read-only file system
[INFO] [stderr]   mktemp: failed to create file via template '_mkltmpXXXXXX': Read-only file system
[INFO] [stderr]   mv: cannot stat '': No such file or directory
[INFO] [stderr]   mklove/modules/configure.base: line 908: .c: Read-only file system
[INFO] [stderr]   mklove/modules/configure.base: line 911: .c: Read-only file system
[INFO] [stderr]   mklove/modules/configure.base: line 568: config.log: Read-only file system
[INFO] [stderr]   mklove/modules/configure.base: line 568: config.log: Read-only file system
[INFO] [stderr]   mklove/modules/configure.base: line 568: config.log: Read-only file system
[INFO] [stderr]   mktemp: failed to create file via template '_mkltmpXXXXXX': Read-only file system
[INFO] [stderr]   mv: cannot stat '': No such file or directory
[INFO] [stderr]   mklove/modules/configure.base: line 908: .c: Read-only file system
[INFO] [stderr]   mklove/modules/configure.base: line 911: .c: Read-only file system
[INFO] [stderr]   mklove/modules/configure.base: line 568: config.log: Read-only file system
[INFO] [stderr]   mklove/modules/configure.base: line 568: config.log: Read-only file system
[INFO] [stderr]   mklove/modules/configure.base: line 568: config.log: Read-only file system
[INFO] [stderr]   mktemp: failed to create file via template '_mkltmpXXXXXX': Read-only file system
[INFO] [stderr]   mv: cannot stat '': No such file or directory
[INFO] [stderr]   mklove/modules/configure.base: line 908: .c: Read-only file system
[INFO] [stderr]   mklove/modules/configure.base: line 911: .c: Read-only file system
[INFO] [stderr]   mklove/modules/configure.base: line 568: config.log: Read-only file system
[INFO] [stderr]   mklove/modules/configure.base: line 568: config.log: Read-only file system
[INFO] [stderr]   mklove/modules/configure.base: line 568: config.log: Read-only file system
[INFO] [stderr]   mktemp: failed to create file via template '_mkltmpXXXXXX': Read-only file system
[INFO] [stderr]   mv: cannot stat '': No such file or directory
[INFO] [stderr]   mklove/modules/configure.base: line 908: .c: Read-only file system
[INFO] [stderr]   mklove/modules/configure.base: line 911: .c: Read-only file system
[INFO] [stderr]   mklove/modules/configure.base: line 568: config.log: Read-only file system
[INFO] [stderr]   mklove/modules/configure.base: line 568: config.log: Read-only file system
[INFO] [stderr]   mklove/modules/configure.base: line 568: config.log: Read-only file system
[INFO] [stderr]   mktemp: failed to create file via template '_mkltmpXXXXXX': Read-only file system
[INFO] [stderr]   mv: cannot stat '': No such file or directory
[INFO] [stderr]   mklove/modules/configure.base: line 908: .c: Read-only file system
[INFO] [stderr]   mklove/modules/configure.base: line 911: .c: Read-only file system
[INFO] [stderr]   mklove/modules/configure.base: line 568: config.log: Read-only file system
[INFO] [stderr]   mklove/modules/configure.base: line 568: config.log: Read-only file system
[INFO] [stderr]   mklove/modules/configure.base: line 568: config.log: Read-only file system
[INFO] [stderr]   mktemp: failed to create file via template '_mkltmpXXXXXX': Read-only file system
[INFO] [stderr]   mv: cannot stat '': No such file or directory
[INFO] [stderr]   mklove/modules/configure.base: line 908: .c: Read-only file system
[INFO] [stderr]   mklove/modules/configure.base: line 911: .c: Read-only file system
[INFO] [stderr]   mklove/modules/configure.base: line 568: config.log: Read-only file system
[INFO] [stderr]   mklove/modules/configure.base: line 568: config.log: Read-only file system
[INFO] [stderr]   mklove/modules/configure.base: line 568: config.log: Read-only file system
[INFO] [stderr]   mktemp: failed to create file via template '_mkltmpXXXXXX': Read-only file system
[INFO] [stderr]   mv: cannot stat '': No such file or directory
[INFO] [stderr]   mklove/modules/configure.base: line 908: .c: Read-only file system
[INFO] [stderr]   mklove/modules/configure.base: line 911: .c: Read-only file system
[INFO] [stderr]   mklove/modules/configure.base: line 568: config.log: Read-only file system
[INFO] [stderr]   mklove/modules/configure.base: line 568: config.log: Read-only file system
[INFO] [stderr]   mklove/modules/configure.base: line 568: config.log: Read-only file system
[INFO] [stderr]   mklove/modules/configure.base: line 568: config.log: Read-only file system
[INFO] [stderr]   mklove/modules/configure.base: line 568: config.log: Read-only file system
[INFO] [stderr]   mklove/modules/configure.base: line 568: config.log: Read-only file system
[INFO] [stderr]   mktemp: failed to create file via template '_mkltmpXXXXXX': Read-only file system
[INFO] [stderr]   mv: cannot stat '': No such file or directory
[INFO] [stderr]   mklove/modules/configure.base: line 908: .c: Read-only file system
[INFO] [stderr]   mklove/modules/configure.base: line 911: .c: Read-only file system
[INFO] [stderr]   mklove/modules/configure.base: line 568: config.log: Read-only file system
[INFO] [stderr]   mklove/modules/configure.base: line 568: config.log: Read-only file system
[INFO] [stderr]   mklove/modules/configure.base: line 568: config.log: Read-only file system
[INFO] [stderr]   mklove/modules/configure.base: line 568: config.log: Read-only file system
[INFO] [stderr]   mklove/modules/configure.base: line 568: config.log: Read-only file system
[INFO] [stderr]   mklove/modules/configure.base: line 568: config.log: Read-only file system
[INFO] [stderr]   mktemp: failed to create file via template '_mkltmpXXXXXX': Read-only file system
[INFO] [stderr]   mv: cannot stat '': No such file or directory
[INFO] [stderr]   mklove/modules/configure.base: line 908: .c: Read-only file system
[INFO] [stderr]   mklove/modules/configure.base: line 911: .c: Read-only file system
[INFO] [stderr]   mklove/modules/configure.base: line 568: config.log: Read-only file system
[INFO] [stderr]   mklove/modules/configure.base: line 568: config.log: Read-only file system
[INFO] [stderr]   mklove/modules/configure.base: line 568: config.log: Read-only file system
[INFO] [stderr]   mklove/modules/configure.base: line 568: config.log: Read-only file system
[INFO] [stderr]   mklove/modules/configure.base: line 568: config.log: Read-only file system
[INFO] [stderr]   mklove/modules/configure.base: line 568: config.log: Read-only file system
[INFO] [stderr]   mktemp: failed to create file via template '_mkltmpXXXXXX': Read-only file system
[INFO] [stderr]   mv: cannot stat '': No such file or directory
[INFO] [stderr]   mklove/modules/configure.base: line 908: .c: Read-only file system
[INFO] [stderr]   mklove/modules/configure.base: line 911: .c: Read-only file system
[INFO] [stderr]   mklove/modules/configure.base: line 568: config.log: Read-only file system
[INFO] [stderr]   mklove/modules/configure.base: line 568: config.log: Read-only file system
[INFO] [stderr]   mklove/modules/configure.base: line 568: config.log: Read-only file system
[INFO] [stderr]   mktemp: failed to create file via template '_mkltmpXXXXXX': Read-only file system
[INFO] [stderr]   mv: cannot stat '': No such file or directory
[INFO] [stderr]   mklove/modules/configure.base: line 908: .c: Read-only file system
[INFO] [stderr]   mklove/modules/configure.base: line 911: .c: Read-only file system
[INFO] [stderr]   mklove/modules/configure.base: line 568: config.log: Read-only file system
[INFO] [stderr]   mklove/modules/configure.base: line 568: config.log: Read-only file system
[INFO] [stderr]   mklove/modules/configure.base: line 568: config.log: Read-only file system
[INFO] [stderr]   ###########################################################
[INFO] [stderr]   mklove/modules/configure.base: line 577: config.log: Read-only file system
[INFO] [stderr]   ###                  Configure failed                   ###
[INFO] [stderr]   mklove/modules/configure.base: line 577: config.log: Read-only file system
[INFO] [stderr]   ###########################################################
[INFO] [stderr]   mklove/modules/configure.base: line 577: config.log: Read-only file system
[INFO] [stderr]   ### Accumulated failures:                               ###
[INFO] [stderr]   mklove/modules/configure.base: line 577: config.log: Read-only file system
[INFO] [stderr]   ###########################################################
[INFO] [stderr]   mklove/modules/configure.base: line 577: config.log: Read-only file system
[INFO] [stderr]    socket_nsl () 
[INFO] [stderr]   mklove/modules/configure.base: line 577: config.log: Read-only file system
[INFO] [stderr]       module: socket
[INFO] [stderr]   mklove/modules/configure.base: line 585: config.log: Read-only file system
[INFO] [stderr]       action: fail
[INFO] [stderr]   mklove/modules/configure.base: line 585: config.log: Read-only file system
[INFO] [stderr]       reason:
[INFO] [stderr]   compile check failed:
[INFO] [stderr]   CC: CC
[INFO] [stderr]   flags: 
[INFO] [stderr]   gcc  -g -O2 -Wall -Wsign-compare -Wfloat-equal -Wpointer-arith -Wall -Werror  .c -o .c.o -lsocket -lnsl :
[INFO] [stderr]   /usr/bin/ld: cannot open output file .c.o: Read-only file system
[INFO] [stderr]   collect2: error: ld returned 1 exit status
[INFO] [stderr]   source: 
[INFO] [stderr]   #include <sys/types.h>
[INFO] [stderr]   #include <sys/socket.h>
[INFO] [stderr]   #include <unistd.h>
[INFO] [stderr]   void foo (void) {
[INFO] [stderr]      int s = socket(0, 0, 0);
[INFO] [stderr]      close(s);
[INFO] [stderr]   }
[INFO] [stderr] 
[INFO] [stderr]   mklove/modules/configure.base: line 585: config.log: Read-only file system
[INFO] [stderr]    libpthread () 
[INFO] [stderr]   mklove/modules/configure.base: line 577: config.log: Read-only file system
[INFO] [stderr]       module: librdkafka
[INFO] [stderr]   mklove/modules/configure.base: line 585: config.log: Read-only file system
[INFO] [stderr]       action: fail
[INFO] [stderr]   mklove/modules/configure.base: line 585: config.log: Read-only file system
[INFO] [stderr]       reason:
[INFO] [stderr]   compile check failed:
[INFO] [stderr]   CC: CC
[INFO] [stderr]   flags: -lpthread
[INFO] [stderr]   gcc  -g -O2 -Wall -Wsign-compare -Wfloat-equal -Wpointer-arith -Wall -Werror -lpthread .c -o .c.o  :
[INFO] [stderr]   /usr/bin/ld: cannot open output file .c.o: Read-only file system
[INFO] [stderr]   collect2: error: ld returned 1 exit status
[INFO] [stderr]   source: 
[INFO] [stderr] 
[INFO] [stderr]   mklove/modules/configure.base: line 585: config.log: Read-only file system
[INFO] [stderr]   thread 'main' panicked at build.rs:20:35:
[INFO] [stderr]   Command failed with error code 1
[INFO] [stderr]   stack backtrace:
[INFO] [stderr]      0:     0x555dd35f692c - std::backtrace_rs::backtrace::libunwind::trace::ha637c64ce894333a
[INFO] [stderr]                                  at /rustc/82e1608dfa6e0b5569232559e3d385fea5a93112/library/std/src/../../backtrace/src/backtrace/libunwind.rs:104:5
[INFO] [stderr]      1:     0x555dd35f692c - std::backtrace_rs::backtrace::trace_unsynchronized::h47f62dea28e0c88d
[INFO] [stderr]                                  at /rustc/82e1608dfa6e0b5569232559e3d385fea5a93112/library/std/src/../../backtrace/src/backtrace/mod.rs:66:5
[INFO] [stderr]      2:     0x555dd35f692c - std::sys_common::backtrace::_print_fmt::h9eef0abe20ede486
[INFO] [stderr]                                  at /rustc/82e1608dfa6e0b5569232559e3d385fea5a93112/library/std/src/sys_common/backtrace.rs:67:5
[INFO] [stderr]      3:     0x555dd35f692c - <std::sys_common::backtrace::_print::DisplayBacktrace as core::fmt::Display>::fmt::hed7f999df88cc644
[INFO] [stderr]                                  at /rustc/82e1608dfa6e0b5569232559e3d385fea5a93112/library/std/src/sys_common/backtrace.rs:44:22
[INFO] [stderr]      4:     0x555dd3619670 - core::fmt::rt::Argument::fmt::h1539a9308b8d058d
[INFO] [stderr]                                  at /rustc/82e1608dfa6e0b5569232559e3d385fea5a93112/library/core/src/fmt/rt.rs:142:9
[INFO] [stderr]      5:     0x555dd3619670 - core::fmt::write::h3a39390d8560d9c9
[INFO] [stderr]                                  at /rustc/82e1608dfa6e0b5569232559e3d385fea5a93112/library/core/src/fmt/mod.rs:1120:17
[INFO] [stderr]      6:     0x555dd35f4adf - std::io::Write::write_fmt::h5fc9997dfe05f882
[INFO] [stderr]                                  at /rustc/82e1608dfa6e0b5569232559e3d385fea5a93112/library/std/src/io/mod.rs:1762:15
[INFO] [stderr]      7:     0x555dd35f6714 - std::sys_common::backtrace::_print::h894006fb5c6f3d45
[INFO] [stderr]                                  at /rustc/82e1608dfa6e0b5569232559e3d385fea5a93112/library/std/src/sys_common/backtrace.rs:47:5
[INFO] [stderr]      8:     0x555dd35f6714 - std::sys_common::backtrace::print::h23a2d212c6fff936
[INFO] [stderr]                                  at /rustc/82e1608dfa6e0b5569232559e3d385fea5a93112/library/std/src/sys_common/backtrace.rs:34:9
[INFO] [stderr]      9:     0x555dd35f7c27 - std::panicking::default_hook::{{closure}}::h8a1d2ee00185001a
[INFO] [stderr]     10:     0x555dd35f798f - std::panicking::default_hook::h6038f2eba384e475
[INFO] [stderr]                                  at /rustc/82e1608dfa6e0b5569232559e3d385fea5a93112/library/std/src/panicking.rs:292:9
[INFO] [stderr]     11:     0x555dd35f80a8 - std::panicking::rust_panic_with_hook::h2b5517d590cab22e
[INFO] [stderr]                                  at /rustc/82e1608dfa6e0b5569232559e3d385fea5a93112/library/std/src/panicking.rs:779:13
[INFO] [stderr]     12:     0x555dd35f7f8e - std::panicking::begin_panic_handler::{{closure}}::h233112c06e0ef43e
[INFO] [stderr]                                  at /rustc/82e1608dfa6e0b5569232559e3d385fea5a93112/library/std/src/panicking.rs:657:13
[INFO] [stderr]     13:     0x555dd35f6df6 - std::sys_common::backtrace::__rust_end_short_backtrace::h6e893f24d7ebbff8
[INFO] [stderr]                                  at /rustc/82e1608dfa6e0b5569232559e3d385fea5a93112/library/std/src/sys_common/backtrace.rs:170:18
[INFO] [stderr]     14:     0x555dd35f7cf2 - rust_begin_unwind
[INFO] [stderr]                                  at /rustc/82e1608dfa6e0b5569232559e3d385fea5a93112/library/std/src/panicking.rs:645:5
[INFO] [stderr]     15:     0x555dd35cf205 - core::panicking::panic_fmt::hbf0e066aabfa482c
[INFO] [stderr]                                  at /rustc/82e1608dfa6e0b5569232559e3d385fea5a93112/library/core/src/panicking.rs:72:14
[INFO] [stderr]     16:     0x555dd35d710e - build_script_build::run_command_or_fail::ha3d138ad4e18706c
[INFO] [stderr]     17:     0x555dd35d744b - build_script_build::main::h3f18ba2e0de7bbce
[INFO] [stderr]     18:     0x555dd35d4d13 - core::ops::function::FnOnce::call_once::h8d87b3374e635c4d
[INFO] [stderr]     19:     0x555dd35d4876 - std::sys_common::backtrace::__rust_begin_short_backtrace::h92d4bd8c0547e137
[INFO] [stderr]     20:     0x555dd35d48e9 - std::rt::lang_start::{{closure}}::h363524a406a3ef9a
[INFO] [stderr]     21:     0x555dd35f1607 - core::ops::function::impls::<impl core::ops::function::FnOnce<A> for &F>::call_once::hd95060ecd5e1ca24
[INFO] [stderr]                                  at /rustc/82e1608dfa6e0b5569232559e3d385fea5a93112/library/core/src/ops/function.rs:284:13
[INFO] [stderr]     22:     0x555dd35f1607 - std::panicking::try::do_call::h6e8cf51db32a6e4b
[INFO] [stderr]                                  at /rustc/82e1608dfa6e0b5569232559e3d385fea5a93112/library/std/src/panicking.rs:552:40
[INFO] [stderr]     23:     0x555dd35f1607 - std::panicking::try::h3a52eefe24fe3c29
[INFO] [stderr]                                  at /rustc/82e1608dfa6e0b5569232559e3d385fea5a93112/library/std/src/panicking.rs:516:19
[INFO] [stderr]     24:     0x555dd35f1607 - std::panic::catch_unwind::h24c28c23c02c3841
[INFO] [stderr]                                  at /rustc/82e1608dfa6e0b5569232559e3d385fea5a93112/library/std/src/panic.rs:142:14
[INFO] [stderr]     25:     0x555dd35f1607 - std::rt::lang_start_internal::{{closure}}::h705d3c9cbc06ef47
[INFO] [stderr]                                  at /rustc/82e1608dfa6e0b5569232559e3d385fea5a93112/library/std/src/rt.rs:148:48
[INFO] [stderr]     26:     0x555dd35f1607 - std::panicking::try::do_call::ha21f52ba13158470
[INFO] [stderr]                                  at /rustc/82e1608dfa6e0b5569232559e3d385fea5a93112/library/std/src/panicking.rs:552:40
[INFO] [stderr]     27:     0x555dd35f1607 - std::panicking::try::h5581346bf6aeb1f8
[INFO] [stderr]                                  at /rustc/82e1608dfa6e0b5569232559e3d385fea5a93112/library/std/src/panicking.rs:516:19
[INFO] [stderr]     28:     0x555dd35f1607 - std::panic::catch_unwind::h7919645a6b72e25b
[INFO] [stderr]                                  at /rustc/82e1608dfa6e0b5569232559e3d385fea5a93112/library/std/src/panic.rs:142:14
[INFO] [stderr]     29:     0x555dd35f1607 - std::rt::lang_start_internal::h12de51168669836e
[INFO] [stderr]                                  at /rustc/82e1608dfa6e0b5569232559e3d385fea5a93112/library/std/src/rt.rs:148:20
[INFO] [stderr]     30:     0x555dd35d48c7 - std::rt::lang_start::h477b3bdf8cc3bfad
[INFO] [stderr]     31:     0x555dd35d77c5 - main
[INFO] [stderr]     32:     0x7fb71f17cd90 - <unknown>
[INFO] [stderr]     33:     0x7fb71f17ce40 - __libc_start_main
[INFO] [stderr]     34:     0x555dd35cf925 - _start
[INFO] [stderr]     35:                0x0 - <unknown>
[INFO] running `Command { std: "docker" "inspect" "7e33f47ef4b2a6294c3cb3da16f78c17c44c128eaa528f7832a48423dded228d", kill_on_drop: false }`
[INFO] running `Command { std: "docker" "rm" "-f" "7e33f47ef4b2a6294c3cb3da16f78c17c44c128eaa528f7832a48423dded228d", kill_on_drop: false }`
[INFO] [stdout] 7e33f47ef4b2a6294c3cb3da16f78c17c44c128eaa528f7832a48423dded228d
[INFO] documenting librdkafka-sys-0.9.2-0 against beta-2023-12-22 for beta-1.76-rustdoc-1
[INFO] extracting crate librdkafka-sys 0.9.2-0 into /workspace/builds/worker-7-tc2/source
[INFO] validating manifest of crates.io crate librdkafka-sys 0.9.2-0 on toolchain beta-2023-12-22
[INFO] running `Command { std: CARGO_HOME="/workspace/cargo-home" RUSTUP_HOME="/workspace/rustup-home" "/workspace/cargo-home/bin/cargo" "+beta-2023-12-22" "metadata" "--manifest-path" "Cargo.toml" "--no-deps", kill_on_drop: false }`
[INFO] started tweaking crates.io crate librdkafka-sys 0.9.2-0
[INFO] finished tweaking crates.io crate librdkafka-sys 0.9.2-0
[INFO] tweaked toml for crates.io crate librdkafka-sys 0.9.2-0 written to /workspace/builds/worker-7-tc2/source/Cargo.toml
[INFO] running `Command { std: CARGO_HOME="/workspace/cargo-home" RUSTUP_HOME="/workspace/rustup-home" "/workspace/cargo-home/bin/cargo" "+beta-2023-12-22" "generate-lockfile" "--manifest-path" "Cargo.toml", kill_on_drop: false }`
[INFO] [stderr]     Updating crates.io index
[INFO] running `Command { std: CARGO_HOME="/workspace/cargo-home" RUSTUP_HOME="/workspace/rustup-home" "/workspace/cargo-home/bin/cargo" "+beta-2023-12-22" "fetch" "--manifest-path" "Cargo.toml", kill_on_drop: false }`
[INFO] running `Command { std: "docker" "create" "-v" "/var/lib/crater-agent-workspace/builds/worker-7-tc2/target:/opt/rustwide/target:rw,Z" "-v" "/var/lib/crater-agent-workspace/builds/worker-7-tc2/source:/opt/rustwide/workdir:ro,Z" "-v" "/var/lib/crater-agent-workspace/cargo-home:/opt/rustwide/cargo-home:ro,Z" "-v" "/var/lib/crater-agent-workspace/rustup-home:/opt/rustwide/rustup-home:ro,Z" "-e" "SOURCE_DIR=/opt/rustwide/workdir" "-e" "CARGO_TARGET_DIR=/opt/rustwide/target" "-e" "CARGO_HOME=/opt/rustwide/cargo-home" "-e" "RUSTUP_HOME=/opt/rustwide/rustup-home" "-w" "/opt/rustwide/workdir" "-m" "1610612736" "--user" "0:0" "--network" "none" "ghcr.io/rust-lang/crates-build-env/linux@sha256:2788e3201cd34a07e3172128adcd8b3090168a8e3bcc40d7c032b9dda1df7d1c" "/opt/rustwide/cargo-home/bin/cargo" "+beta-2023-12-22" "metadata" "--no-deps" "--format-version=1", kill_on_drop: false }`
[INFO] [stdout] 9d4ccc96e83b3d922e6c6386ba8a5236f74a4500d82661ee098035b4a0fc63c2
[INFO] running `Command { std: "docker" "start" "-a" "9d4ccc96e83b3d922e6c6386ba8a5236f74a4500d82661ee098035b4a0fc63c2", kill_on_drop: false }`
[INFO] running `Command { std: "docker" "inspect" "9d4ccc96e83b3d922e6c6386ba8a5236f74a4500d82661ee098035b4a0fc63c2", kill_on_drop: false }`
[INFO] running `Command { std: "docker" "rm" "-f" "9d4ccc96e83b3d922e6c6386ba8a5236f74a4500d82661ee098035b4a0fc63c2", kill_on_drop: false }`
[INFO] [stdout] 9d4ccc96e83b3d922e6c6386ba8a5236f74a4500d82661ee098035b4a0fc63c2
[INFO] running `Command { std: "docker" "create" "-v" "/var/lib/crater-agent-workspace/builds/worker-7-tc2/target:/opt/rustwide/target:rw,Z" "-v" "/var/lib/crater-agent-workspace/builds/worker-7-tc2/source:/opt/rustwide/workdir:ro,Z" "-v" "/var/lib/crater-agent-workspace/cargo-home:/opt/rustwide/cargo-home:ro,Z" "-v" "/var/lib/crater-agent-workspace/rustup-home:/opt/rustwide/rustup-home:ro,Z" "-e" "SOURCE_DIR=/opt/rustwide/workdir" "-e" "CARGO_TARGET_DIR=/opt/rustwide/target" "-e" "CARGO_INCREMENTAL=0" "-e" "RUST_BACKTRACE=full" "-e" "RUSTFLAGS=--cap-lints=warn" "-e" "RUSTDOCFLAGS=--cap-lints=warn" "-e" "CARGO_HOME=/opt/rustwide/cargo-home" "-e" "RUSTUP_HOME=/opt/rustwide/rustup-home" "-w" "/opt/rustwide/workdir" "-m" "1610612736" "--user" "0:0" "--network" "none" "ghcr.io/rust-lang/crates-build-env/linux@sha256:2788e3201cd34a07e3172128adcd8b3090168a8e3bcc40d7c032b9dda1df7d1c" "/opt/rustwide/cargo-home/bin/cargo" "+beta-2023-12-22" "doc" "--frozen" "--no-deps" "--document-private-items" "--message-format=json", kill_on_drop: false }`
[INFO] [stdout] 7b6698bc5523e3b50584bde8c52d57ec6ec9e0985ae3cab563465169d7417a7d
[INFO] running `Command { std: "docker" "start" "-a" "7b6698bc5523e3b50584bde8c52d57ec6ec9e0985ae3cab563465169d7417a7d", kill_on_drop: false }`
[INFO] [stderr]    Compiling libc v0.2.151
[INFO] [stderr]    Compiling num_cpus v0.2.13
[INFO] [stderr]    Compiling librdkafka-sys v0.9.2-0 (/opt/rustwide/workdir)
[INFO] [stderr] error: failed to run custom build command for `librdkafka-sys v0.9.2-0 (/opt/rustwide/workdir)`
[INFO] [stderr] note: To improve backtraces for build dependencies, set the CARGO_PROFILE_DEV_BUILD_OVERRIDE_DEBUG=true environment variable to enable debug information generation.
[INFO] [stderr] 
[INFO] [stderr] Caused by:
[INFO] [stderr]   process didn't exit successfully: `/opt/rustwide/target/debug/build/librdkafka-sys-90b73318b7417509/build-script-build` (exit status: 101)
[INFO] [stderr]   --- stdout
[INFO] [stderr]   Configuring librdkafka
[INFO] [stderr]   checking for OS or distribution... ok (Linux)
[INFO] [stderr]   checking for C compiler from CC env... failed
[INFO] [stderr]   checking for gcc (by command)... ok
[INFO] [stderr]   checking for C++ compiler from CXX env... failed
[INFO] [stderr]   checking for C++ compiler (g++)... ok
[INFO] [stderr]   checking executable ld... ok
[INFO] [stderr]   checking executable nm... ok
[INFO] [stderr]   checking executable objdump... ok
[INFO] [stderr]   checking executable strip... ok
[INFO] [stderr]   checking for pkgconfig (by command)... ok
[INFO] [stderr]   checking for install (by command)... ok
[INFO] [stderr]   checking for PIC (by compile)... failed (disable)
[INFO] [stderr]   checking for GNU-compatible linker options... failed
[INFO] [stderr]   checking for OSX linker options... failed
[INFO] [stderr]   checking for GNU linker-script ld flag... failed
[INFO] [stderr]   checking for Solaris linker-script ld flag... failed (ignore)
[INFO] [stderr]   checking for __atomic_32 (by compile)... failed
[INFO] [stderr]   checking for __atomic_32_lib (by compile)... failed
[INFO] [stderr]   checking for __sync_32 (by compile)... failed (disable)
[INFO] [stderr]   checking for __atomic_64 (by compile)... failed
[INFO] [stderr]   checking for __atomic_64_lib (by compile)... failed
[INFO] [stderr]   checking for __sync_64 (by compile)... failed (disable)
[INFO] [stderr]   checking for socket (by compile)... failed
[INFO] [stderr]   checking for socket_nsl (by compile)... failed (fail)
[INFO] [stderr]   parsing version '0x000902ff'... ok (0.9.2)
[INFO] [stderr]   checking for libpthread (by pkg-config)... failed
[INFO] [stderr]   checking for libpthread (by compile)... failed (fail)
[INFO] [stderr]   checking for zlib (by pkg-config)... ok
[INFO] [stderr]   checking for libcrypto (by pkg-config)... ok
[INFO] [stderr]   checking for liblz4 (by pkg-config)... ok
[INFO] [stderr]   checking for regex (by compile)... failed (disable)
[INFO] [stderr]   checking for librt (by pkg-config)... failed
[INFO] [stderr]   checking for librt (by compile)... failed
[INFO] [stderr]   checking for strndup (by compile)... failed (disable)
[INFO] [stderr]   checking for nm (by env NM)... ok (cached)
[INFO] [stderr] 
[INFO] [stderr] 
[INFO] [stderr] 
[INFO] [stderr] 
[INFO] [stderr]   --- stderr
[INFO] [stderr]   Running command: "./configure --disable-sasl --disable-ssl" in dir: librdkafka
[INFO] [stderr]   mklove/modules/configure.base: line 568: config.log: Read-only file system
[INFO] [stderr]   mklove/modules/configure.base: line 568: config.log: Read-only file system
[INFO] [stderr]   mklove/modules/configure.base: line 568: config.log: Read-only file system
[INFO] [stderr]   mklove/modules/configure.base: line 568: config.log: Read-only file system
[INFO] [stderr]   mklove/modules/configure.base: line 568: config.log: Read-only file system
[INFO] [stderr]   mklove/modules/configure.base: line 568: config.log: Read-only file system
[INFO] [stderr]   mklove/modules/configure.base: line 568: config.log: Read-only file system
[INFO] [stderr]   mklove/modules/configure.base: line 568: config.log: Read-only file system
[INFO] [stderr]   mklove/modules/configure.base: line 568: config.log: Read-only file system
[INFO] [stderr]   mklove/modules/configure.base: line 568: config.log: Read-only file system
[INFO] [stderr]   mklove/modules/configure.base: line 568: config.log: Read-only file system
[INFO] [stderr]   mklove/modules/configure.base: line 568: config.log: Read-only file system
[INFO] [stderr]   mklove/modules/configure.base: line 568: config.log: Read-only file system
[INFO] [stderr]   ./configure: line 186: config.log: Read-only file system
[INFO] [stderr]   ./configure: line 187: config.log: Read-only file system
[INFO] [stderr]   mklove/modules/configure.base: line 568: config.log: Read-only file system
[INFO] [stderr]   mklove/modules/configure.base: line 568: config.log: Read-only file system
[INFO] [stderr]   mklove/modules/configure.base: line 568: config.log: Read-only file system
[INFO] [stderr]   mklove/modules/configure.base: line 568: config.log: Read-only file system
[INFO] [stderr]   mktemp: failed to create file via template '_mkltmpXXXXXX': Read-only file system
[INFO] [stderr]   mv: cannot stat '': No such file or directory
[INFO] [stderr]   mklove/modules/configure.base: line 908: .c: Read-only file system
[INFO] [stderr]   mklove/modules/configure.base: line 911: .c: Read-only file system
[INFO] [stderr]   mklove/modules/configure.base: line 568: config.log: Read-only file system
[INFO] [stderr]   mklove/modules/configure.base: line 568: config.log: Read-only file system
[INFO] [stderr]   mklove/modules/configure.base: line 568: config.log: Read-only file system
[INFO] [stderr]   mktemp: failed to create file via template '_mkltmpXXXXXX': Read-only file system
[INFO] [stderr]   mv: cannot stat '': No such file or directory
[INFO] [stderr]   mklove/modules/configure.base: line 908: .c: Read-only file system
[INFO] [stderr]   mklove/modules/configure.base: line 911: .c: Read-only file system
[INFO] [stderr]   mklove/modules/configure.base: line 568: config.log: Read-only file system
[INFO] [stderr]   mklove/modules/configure.base: line 568: config.log: Read-only file system
[INFO] [stderr]   mklove/modules/configure.base: line 568: config.log: Read-only file system
[INFO] [stderr]   mktemp: failed to create file via template '_mkltmpXXXXXX': Read-only file system
[INFO] [stderr]   mv: cannot stat '': No such file or directory
[INFO] [stderr]   mklove/modules/configure.base: line 908: .c: Read-only file system
[INFO] [stderr]   mklove/modules/configure.base: line 911: .c: Read-only file system
[INFO] [stderr]   mklove/modules/configure.base: line 568: config.log: Read-only file system
[INFO] [stderr]   mklove/modules/configure.base: line 568: config.log: Read-only file system
[INFO] [stderr]   mklove/modules/configure.base: line 568: config.log: Read-only file system
[INFO] [stderr]   mktemp: failed to create file via template '_mkltmpXXXXXX': Read-only file system
[INFO] [stderr]   mklove/modules/configure.base: line 650: $ldsfile: ambiguous redirect
[INFO] [stderr]   mktemp: failed to create file via template '_mkltmpXXXXXX': Read-only file system
[INFO] [stderr]   mv: cannot stat '': No such file or directory
[INFO] [stderr]   mklove/modules/configure.base: line 908: .c: Read-only file system
[INFO] [stderr]   mklove/modules/configure.base: line 911: .c: Read-only file system
[INFO] [stderr]   mklove/modules/configure.base: line 568: config.log: Read-only file system
[INFO] [stderr]   mklove/modules/configure.base: line 568: config.log: Read-only file system
[INFO] [stderr]   mklove/modules/configure.base: line 568: config.log: Read-only file system
[INFO] [stderr]   mktemp: failed to create file via template '_mkltmpXXXXXX': Read-only file system
[INFO] [stderr]   mv: cannot stat '': No such file or directory
[INFO] [stderr]   mklove/modules/configure.base: line 908: .c: Read-only file system
[INFO] [stderr]   mklove/modules/configure.base: line 911: .c: Read-only file system
[INFO] [stderr]   mklove/modules/configure.base: line 568: config.log: Read-only file system
[INFO] [stderr]   mklove/modules/configure.base: line 568: config.log: Read-only file system
[INFO] [stderr]   mklove/modules/configure.base: line 568: config.log: Read-only file system
[INFO] [stderr]   mktemp: failed to create file via template '_mkltmpXXXXXX': Read-only file system
[INFO] [stderr]   mv: cannot stat '': No such file or directory
[INFO] [stderr]   mklove/modules/configure.base: line 908: .c: Read-only file system
[INFO] [stderr]   mklove/modules/configure.base: line 911: .c: Read-only file system
[INFO] [stderr]   mklove/modules/configure.base: line 568: config.log: Read-only file system
[INFO] [stderr]   mklove/modules/configure.base: line 568: config.log: Read-only file system
[INFO] [stderr]   mklove/modules/configure.base: line 568: config.log: Read-only file system
[INFO] [stderr]   mktemp: failed to create file via template '_mkltmpXXXXXX': Read-only file system
[INFO] [stderr]   mv: cannot stat '': No such file or directory
[INFO] [stderr]   mklove/modules/configure.base: line 908: .c: Read-only file system
[INFO] [stderr]   mklove/modules/configure.base: line 911: .c: Read-only file system
[INFO] [stderr]   mklove/modules/configure.base: line 568: config.log: Read-only file system
[INFO] [stderr]   mklove/modules/configure.base: line 568: config.log: Read-only file system
[INFO] [stderr]   mklove/modules/configure.base: line 568: config.log: Read-only file system
[INFO] [stderr]   mktemp: failed to create file via template '_mkltmpXXXXXX': Read-only file system
[INFO] [stderr]   mv: cannot stat '': No such file or directory
[INFO] [stderr]   mklove/modules/configure.base: line 908: .c: Read-only file system
[INFO] [stderr]   mklove/modules/configure.base: line 911: .c: Read-only file system
[INFO] [stderr]   mklove/modules/configure.base: line 568: config.log: Read-only file system
[INFO] [stderr]   mklove/modules/configure.base: line 568: config.log: Read-only file system
[INFO] [stderr]   mklove/modules/configure.base: line 568: config.log: Read-only file system
[INFO] [stderr]   mktemp: failed to create file via template '_mkltmpXXXXXX': Read-only file system
[INFO] [stderr]   mv: cannot stat '': No such file or directory
[INFO] [stderr]   mklove/modules/configure.base: line 908: .c: Read-only file system
[INFO] [stderr]   mklove/modules/configure.base: line 911: .c: Read-only file system
[INFO] [stderr]   mklove/modules/configure.base: line 568: config.log: Read-only file system
[INFO] [stderr]   mklove/modules/configure.base: line 568: config.log: Read-only file system
[INFO] [stderr]   mklove/modules/configure.base: line 568: config.log: Read-only file system
[INFO] [stderr]   mktemp: failed to create file via template '_mkltmpXXXXXX': Read-only file system
[INFO] [stderr]   mv: cannot stat '': No such file or directory
[INFO] [stderr]   mklove/modules/configure.base: line 908: .c: Read-only file system
[INFO] [stderr]   mklove/modules/configure.base: line 911: .c: Read-only file system
[INFO] [stderr]   mklove/modules/configure.base: line 568: config.log: Read-only file system
[INFO] [stderr]   mklove/modules/configure.base: line 568: config.log: Read-only file system
[INFO] [stderr]   mklove/modules/configure.base: line 568: config.log: Read-only file system
[INFO] [stderr]   mktemp: failed to create file via template '_mkltmpXXXXXX': Read-only file system
[INFO] [stderr]   mv: cannot stat '': No such file or directory
[INFO] [stderr]   mklove/modules/configure.base: line 908: .c: Read-only file system
[INFO] [stderr]   mklove/modules/configure.base: line 911: .c: Read-only file system
[INFO] [stderr]   mklove/modules/configure.base: line 568: config.log: Read-only file system
[INFO] [stderr]   mklove/modules/configure.base: line 568: config.log: Read-only file system
[INFO] [stderr]   mklove/modules/configure.base: line 568: config.log: Read-only file system
[INFO] [stderr]   mktemp: failed to create file via template '_mkltmpXXXXXX': Read-only file system
[INFO] [stderr]   mv: cannot stat '': No such file or directory
[INFO] [stderr]   mklove/modules/configure.base: line 908: .c: Read-only file system
[INFO] [stderr]   mklove/modules/configure.base: line 911: .c: Read-only file system
[INFO] [stderr]   mklove/modules/configure.base: line 568: config.log: Read-only file system
[INFO] [stderr]   mklove/modules/configure.base: line 568: config.log: Read-only file system
[INFO] [stderr]   mklove/modules/configure.base: line 568: config.log: Read-only file system
[INFO] [stderr]   mktemp: failed to create file via template '_mkltmpXXXXXX': Read-only file system
[INFO] [stderr]   mv: cannot stat '': No such file or directory
[INFO] [stderr]   mklove/modules/configure.base: line 908: .c: Read-only file system
[INFO] [stderr]   mklove/modules/configure.base: line 911: .c: Read-only file system
[INFO] [stderr]   mklove/modules/configure.base: line 568: config.log: Read-only file system
[INFO] [stderr]   mklove/modules/configure.base: line 568: config.log: Read-only file system
[INFO] [stderr]   mklove/modules/configure.base: line 568: config.log: Read-only file system
[INFO] [stderr]   mklove/modules/configure.base: line 568: config.log: Read-only file system
[INFO] [stderr]   mklove/modules/configure.base: line 568: config.log: Read-only file system
[INFO] [stderr]   mklove/modules/configure.base: line 568: config.log: Read-only file system
[INFO] [stderr]   mktemp: failed to create file via template '_mkltmpXXXXXX': Read-only file system
[INFO] [stderr]   mv: cannot stat '': No such file or directory
[INFO] [stderr]   mklove/modules/configure.base: line 908: .c: Read-only file system
[INFO] [stderr]   mklove/modules/configure.base: line 911: .c: Read-only file system
[INFO] [stderr]   mklove/modules/configure.base: line 568: config.log: Read-only file system
[INFO] [stderr]   mklove/modules/configure.base: line 568: config.log: Read-only file system
[INFO] [stderr]   mklove/modules/configure.base: line 568: config.log: Read-only file system
[INFO] [stderr]   mklove/modules/configure.base: line 568: config.log: Read-only file system
[INFO] [stderr]   mklove/modules/configure.base: line 568: config.log: Read-only file system
[INFO] [stderr]   mklove/modules/configure.base: line 568: config.log: Read-only file system
[INFO] [stderr]   mktemp: failed to create file via template '_mkltmpXXXXXX': Read-only file system
[INFO] [stderr]   mv: cannot stat '': No such file or directory
[INFO] [stderr]   mklove/modules/configure.base: line 908: .c: Read-only file system
[INFO] [stderr]   mklove/modules/configure.base: line 911: .c: Read-only file system
[INFO] [stderr]   mklove/modules/configure.base: line 568: config.log: Read-only file system
[INFO] [stderr]   mklove/modules/configure.base: line 568: config.log: Read-only file system
[INFO] [stderr]   mklove/modules/configure.base: line 568: config.log: Read-only file system
[INFO] [stderr]   mklove/modules/configure.base: line 568: config.log: Read-only file system
[INFO] [stderr]   mklove/modules/configure.base: line 568: config.log: Read-only file system
[INFO] [stderr]   mklove/modules/configure.base: line 568: config.log: Read-only file system
[INFO] [stderr]   mktemp: failed to create file via template '_mkltmpXXXXXX': Read-only file system
[INFO] [stderr]   mv: cannot stat '': No such file or directory
[INFO] [stderr]   mklove/modules/configure.base: line 908: .c: Read-only file system
[INFO] [stderr]   mklove/modules/configure.base: line 911: .c: Read-only file system
[INFO] [stderr]   mklove/modules/configure.base: line 568: config.log: Read-only file system
[INFO] [stderr]   mklove/modules/configure.base: line 568: config.log: Read-only file system
[INFO] [stderr]   mklove/modules/configure.base: line 568: config.log: Read-only file system
[INFO] [stderr]   mktemp: failed to create file via template '_mkltmpXXXXXX': Read-only file system
[INFO] [stderr]   mv: cannot stat '': No such file or directory
[INFO] [stderr]   mklove/modules/configure.base: line 908: .c: Read-only file system
[INFO] [stderr]   mklove/modules/configure.base: line 911: .c: Read-only file system
[INFO] [stderr]   mklove/modules/configure.base: line 568: config.log: Read-only file system
[INFO] [stderr]   mklove/modules/configure.base: line 568: config.log: Read-only file system
[INFO] [stderr]   mklove/modules/configure.base: line 568: config.log: Read-only file system
[INFO] [stderr]   ###########################################################
[INFO] [stderr]   mklove/modules/configure.base: line 577: config.log: Read-only file system
[INFO] [stderr]   ###                  Configure failed                   ###
[INFO] [stderr]   mklove/modules/configure.base: line 577: config.log: Read-only file system
[INFO] [stderr]   ###########################################################
[INFO] [stderr]   mklove/modules/configure.base: line 577: config.log: Read-only file system
[INFO] [stderr]   ### Accumulated failures:                               ###
[INFO] [stderr]   mklove/modules/configure.base: line 577: config.log: Read-only file system
[INFO] [stderr]   ###########################################################
[INFO] [stderr]   mklove/modules/configure.base: line 577: config.log: Read-only file system
[INFO] [stderr]    socket_nsl () 
[INFO] [stderr]   mklove/modules/configure.base: line 577: config.log: Read-only file system
[INFO] [stderr]       module: socket
[INFO] [stderr]   mklove/modules/configure.base: line 585: config.log: Read-only file system
[INFO] [stderr]       action: fail
[INFO] [stderr]   mklove/modules/configure.base: line 585: config.log: Read-only file system
[INFO] [stderr]       reason:
[INFO] [stderr]   compile check failed:
[INFO] [stderr]   CC: CC
[INFO] [stderr]   flags: 
[INFO] [stderr]   gcc  -g -O2 -Wall -Wsign-compare -Wfloat-equal -Wpointer-arith -Wall -Werror  .c -o .c.o -lsocket -lnsl :
[INFO] [stderr]   /usr/bin/ld: cannot open output file .c.o: Read-only file system
[INFO] [stderr]   collect2: error: ld returned 1 exit status
[INFO] [stderr]   source: 
[INFO] [stderr]   #include <sys/types.h>
[INFO] [stderr]   #include <sys/socket.h>
[INFO] [stderr]   #include <unistd.h>
[INFO] [stderr]   void foo (void) {
[INFO] [stderr]      int s = socket(0, 0, 0);
[INFO] [stderr]      close(s);
[INFO] [stderr]   }
[INFO] [stderr] 
[INFO] [stderr]   mklove/modules/configure.base: line 585: config.log: Read-only file system
[INFO] [stderr]    libpthread () 
[INFO] [stderr]   mklove/modules/configure.base: line 577: config.log: Read-only file system
[INFO] [stderr]       module: librdkafka
[INFO] [stderr]   mklove/modules/configure.base: line 585: config.log: Read-only file system
[INFO] [stderr]       action: fail
[INFO] [stderr]   mklove/modules/configure.base: line 585: config.log: Read-only file system
[INFO] [stderr]       reason:
[INFO] [stderr]   compile check failed:
[INFO] [stderr]   CC: CC
[INFO] [stderr]   flags: -lpthread
[INFO] [stderr]   gcc  -g -O2 -Wall -Wsign-compare -Wfloat-equal -Wpointer-arith -Wall -Werror -lpthread .c -o .c.o  :
[INFO] [stderr]   /usr/bin/ld: cannot open output file .c.o: Read-only file system
[INFO] [stderr]   collect2: error: ld returned 1 exit status
[INFO] [stderr]   source: 
[INFO] [stderr] 
[INFO] [stderr]   mklove/modules/configure.base: line 585: config.log: Read-only file system
[INFO] [stderr]   thread 'main' panicked at build.rs:20:35:
[INFO] [stderr]   Command failed with error code 1
[INFO] [stderr]   stack backtrace:
[INFO] [stderr]      0:     0x5602d51749d6 - std::backtrace_rs::backtrace::libunwind::trace::h261606ad26a499c1
[INFO] [stderr]                                  at /rustc/0e09125c6c3c2fd70d7de961bcf0e51575235fad/library/std/src/../../backtrace/src/backtrace/libunwind.rs:104:5
[INFO] [stderr]      1:     0x5602d51749d6 - std::backtrace_rs::backtrace::trace_unsynchronized::hd183f0625477fb28
[INFO] [stderr]                                  at /rustc/0e09125c6c3c2fd70d7de961bcf0e51575235fad/library/std/src/../../backtrace/src/backtrace/mod.rs:66:5
[INFO] [stderr]      2:     0x5602d51749d6 - std::sys_common::backtrace::_print_fmt::hd7f8fef21b4eda67
[INFO] [stderr]                                  at /rustc/0e09125c6c3c2fd70d7de961bcf0e51575235fad/library/std/src/sys_common/backtrace.rs:68:5
[INFO] [stderr]      3:     0x5602d51749d6 - <std::sys_common::backtrace::_print::DisplayBacktrace as core::fmt::Display>::fmt::h623d9b51f2f453f1
[INFO] [stderr]                                  at /rustc/0e09125c6c3c2fd70d7de961bcf0e51575235fad/library/std/src/sys_common/backtrace.rs:44:22
[INFO] [stderr]      4:     0x5602d5196a50 - core::fmt::rt::Argument::fmt::h9f417ac76a86f368
[INFO] [stderr]                                  at /rustc/0e09125c6c3c2fd70d7de961bcf0e51575235fad/library/core/src/fmt/rt.rs:142:9
[INFO] [stderr]      5:     0x5602d5196a50 - core::fmt::write::hc9b6faf4ac2aeff7
[INFO] [stderr]                                  at /rustc/0e09125c6c3c2fd70d7de961bcf0e51575235fad/library/core/src/fmt/mod.rs:1120:17
[INFO] [stderr]      6:     0x5602d5172c2f - std::io::Write::write_fmt::hfead1eee52c2e65e
[INFO] [stderr]                                  at /rustc/0e09125c6c3c2fd70d7de961bcf0e51575235fad/library/std/src/io/mod.rs:1810:15
[INFO] [stderr]      7:     0x5602d51747b4 - std::sys_common::backtrace::_print::hd5d66399c7df88a2
[INFO] [stderr]                                  at /rustc/0e09125c6c3c2fd70d7de961bcf0e51575235fad/library/std/src/sys_common/backtrace.rs:47:5
[INFO] [stderr]      8:     0x5602d51747b4 - std::sys_common::backtrace::print::he81ed2da642d37e5
[INFO] [stderr]                                  at /rustc/0e09125c6c3c2fd70d7de961bcf0e51575235fad/library/std/src/sys_common/backtrace.rs:34:9
[INFO] [stderr]      9:     0x5602d5175d17 - std::panicking::default_hook::{{closure}}::h85773f4fa117163d
[INFO] [stderr]     10:     0x5602d5175a79 - std::panicking::default_hook::h6a1694a91d09b278
[INFO] [stderr]                                  at /rustc/0e09125c6c3c2fd70d7de961bcf0e51575235fad/library/std/src/panicking.rs:292:9
[INFO] [stderr]     11:     0x5602d51761a8 - std::panicking::rust_panic_with_hook::h0a7ad96e90f7145b
[INFO] [stderr]                                  at /rustc/0e09125c6c3c2fd70d7de961bcf0e51575235fad/library/std/src/panicking.rs:779:13
[INFO] [stderr]     12:     0x5602d5176082 - std::panicking::begin_panic_handler::{{closure}}::h7919090525c6485e
[INFO] [stderr]                                  at /rustc/0e09125c6c3c2fd70d7de961bcf0e51575235fad/library/std/src/panicking.rs:657:13
[INFO] [stderr]     13:     0x5602d5174ed6 - std::sys_common::backtrace::__rust_end_short_backtrace::hf3289479464f7dfe
[INFO] [stderr]                                  at /rustc/0e09125c6c3c2fd70d7de961bcf0e51575235fad/library/std/src/sys_common/backtrace.rs:171:18
[INFO] [stderr]     14:     0x5602d5175de0 - rust_begin_unwind
[INFO] [stderr]                                  at /rustc/0e09125c6c3c2fd70d7de961bcf0e51575235fad/library/std/src/panicking.rs:645:5
[INFO] [stderr]     15:     0x5602d514d1f5 - core::panicking::panic_fmt::hcc9f77c5c132af55
[INFO] [stderr]                                  at /rustc/0e09125c6c3c2fd70d7de961bcf0e51575235fad/library/core/src/panicking.rs:72:14
[INFO] [stderr]     16:     0x5602d51550fc - build_script_build::run_command_or_fail::hef7fc21316ff36c2
[INFO] [stderr]     17:     0x5602d515543b - build_script_build::main::h0675749264e08d60
[INFO] [stderr]     18:     0x5602d5152ce3 - core::ops::function::FnOnce::call_once::hf12ce7d4bb4046d2
[INFO] [stderr]     19:     0x5602d5152876 - std::sys_common::backtrace::__rust_begin_short_backtrace::h4982a349ca06da11
[INFO] [stderr]     20:     0x5602d51528e9 - std::rt::lang_start::{{closure}}::heab6581ba69a7ca8
[INFO] [stderr]     21:     0x5602d516f621 - core::ops::function::impls::<impl core::ops::function::FnOnce<A> for &F>::call_once::h4eb4c5e1620f29b0
[INFO] [stderr]                                  at /rustc/0e09125c6c3c2fd70d7de961bcf0e51575235fad/library/core/src/ops/function.rs:284:13
[INFO] [stderr]     22:     0x5602d516f621 - std::panicking::try::do_call::h73fd26535faffcdf
[INFO] [stderr]                                  at /rustc/0e09125c6c3c2fd70d7de961bcf0e51575235fad/library/std/src/panicking.rs:552:40
[INFO] [stderr]     23:     0x5602d516f621 - std::panicking::try::h77ff1d98f0fb9f39
[INFO] [stderr]                                  at /rustc/0e09125c6c3c2fd70d7de961bcf0e51575235fad/library/std/src/panicking.rs:516:19
[INFO] [stderr]     24:     0x5602d516f621 - std::panic::catch_unwind::hab3caf2448b95e37
[INFO] [stderr]                                  at /rustc/0e09125c6c3c2fd70d7de961bcf0e51575235fad/library/std/src/panic.rs:142:14
[INFO] [stderr]     25:     0x5602d516f621 - std::rt::lang_start_internal::{{closure}}::h8086711f9c783f78
[INFO] [stderr]                                  at /rustc/0e09125c6c3c2fd70d7de961bcf0e51575235fad/library/std/src/rt.rs:148:48
[INFO] [stderr]     26:     0x5602d516f621 - std::panicking::try::do_call::hf920d4dc291cd6ca
[INFO] [stderr]                                  at /rustc/0e09125c6c3c2fd70d7de961bcf0e51575235fad/library/std/src/panicking.rs:552:40
[INFO] [stderr]     27:     0x5602d516f621 - std::panicking::try::h2b806ccc0a85db74
[INFO] [stderr]                                  at /rustc/0e09125c6c3c2fd70d7de961bcf0e51575235fad/library/std/src/panicking.rs:516:19
[INFO] [stderr]     28:     0x5602d516f621 - std::panic::catch_unwind::h038489539c507df2
[INFO] [stderr]                                  at /rustc/0e09125c6c3c2fd70d7de961bcf0e51575235fad/library/std/src/panic.rs:142:14
[INFO] [stderr]     29:     0x5602d516f621 - std::rt::lang_start_internal::h28503b88912e8a5c
[INFO] [stderr]                                  at /rustc/0e09125c6c3c2fd70d7de961bcf0e51575235fad/library/std/src/rt.rs:148:20
[INFO] [stderr]     30:     0x5602d51528c7 - std::rt::lang_start::h99553612af6d7fe7
[INFO] [stderr]     31:     0x5602d51557b5 - main
[INFO] [stderr]     32:     0x7f7921b7dd90 - <unknown>
[INFO] [stderr]     33:     0x7f7921b7de40 - __libc_start_main
[INFO] [stderr]     34:     0x5602d514d925 - _start
[INFO] [stderr]     35:                0x0 - <unknown>
[INFO] running `Command { std: "docker" "inspect" "7b6698bc5523e3b50584bde8c52d57ec6ec9e0985ae3cab563465169d7417a7d", kill_on_drop: false }`
[INFO] running `Command { std: "docker" "rm" "-f" "7b6698bc5523e3b50584bde8c52d57ec6ec9e0985ae3cab563465169d7417a7d", kill_on_drop: false }`
[INFO] [stdout] 7b6698bc5523e3b50584bde8c52d57ec6ec9e0985ae3cab563465169d7417a7d
