[INFO] fetching crate libalpm 0.1.2...
[INFO] documenting libalpm-0.1.2 against 1.75.0 for beta-1.76-rustdoc-1
[INFO] extracting crate libalpm 0.1.2 into /workspace/builds/worker-6-tc1/source
[INFO] validating manifest of crates.io crate libalpm 0.1.2 on toolchain 1.75.0
[INFO] running `Command { std: CARGO_HOME="/workspace/cargo-home" RUSTUP_HOME="/workspace/rustup-home" "/workspace/cargo-home/bin/cargo" "+1.75.0" "metadata" "--manifest-path" "Cargo.toml" "--no-deps", kill_on_drop: false }`
[INFO] started tweaking crates.io crate libalpm 0.1.2
[INFO] finished tweaking crates.io crate libalpm 0.1.2
[INFO] tweaked toml for crates.io crate libalpm 0.1.2 written to /workspace/builds/worker-6-tc1/source/Cargo.toml
[INFO] running `Command { std: CARGO_HOME="/workspace/cargo-home" RUSTUP_HOME="/workspace/rustup-home" "/workspace/cargo-home/bin/cargo" "+1.75.0" "generate-lockfile" "--manifest-path" "Cargo.toml", kill_on_drop: false }`
[INFO] [stderr]     Updating crates.io index
[INFO] running `Command { std: CARGO_HOME="/workspace/cargo-home" RUSTUP_HOME="/workspace/rustup-home" "/workspace/cargo-home/bin/cargo" "+1.75.0" "fetch" "--manifest-path" "Cargo.toml", kill_on_drop: false }`
[INFO] [stderr]  Downloading crates ...
[INFO] [stderr]   Downloaded chrono v0.3.0
[INFO] [stderr]   Downloaded printf v0.1.0
[INFO] [stderr]   Downloaded libarchive3-sys v0.1.2
[INFO] [stderr]   Downloaded alpm-sys v0.1.2
[INFO] running `Command { std: "docker" "create" "-v" "/var/lib/crater-agent-workspace/builds/worker-6-tc1/target:/opt/rustwide/target:rw,Z" "-v" "/var/lib/crater-agent-workspace/builds/worker-6-tc1/source:/opt/rustwide/workdir:ro,Z" "-v" "/var/lib/crater-agent-workspace/cargo-home:/opt/rustwide/cargo-home:ro,Z" "-v" "/var/lib/crater-agent-workspace/rustup-home:/opt/rustwide/rustup-home:ro,Z" "-e" "SOURCE_DIR=/opt/rustwide/workdir" "-e" "CARGO_TARGET_DIR=/opt/rustwide/target" "-e" "CARGO_HOME=/opt/rustwide/cargo-home" "-e" "RUSTUP_HOME=/opt/rustwide/rustup-home" "-w" "/opt/rustwide/workdir" "-m" "1610612736" "--user" "0:0" "--network" "none" "ghcr.io/rust-lang/crates-build-env/linux@sha256:2788e3201cd34a07e3172128adcd8b3090168a8e3bcc40d7c032b9dda1df7d1c" "/opt/rustwide/cargo-home/bin/cargo" "+1.75.0" "metadata" "--no-deps" "--format-version=1", kill_on_drop: false }`
[INFO] [stdout] cf77d1219accb929dacac926551d7bb45bd717ad232fda57a19f6ce6c1a5b81c
[INFO] running `Command { std: "docker" "start" "-a" "cf77d1219accb929dacac926551d7bb45bd717ad232fda57a19f6ce6c1a5b81c", kill_on_drop: false }`
[INFO] running `Command { std: "docker" "inspect" "cf77d1219accb929dacac926551d7bb45bd717ad232fda57a19f6ce6c1a5b81c", kill_on_drop: false }`
[INFO] running `Command { std: "docker" "rm" "-f" "cf77d1219accb929dacac926551d7bb45bd717ad232fda57a19f6ce6c1a5b81c", kill_on_drop: false }`
[INFO] [stdout] cf77d1219accb929dacac926551d7bb45bd717ad232fda57a19f6ce6c1a5b81c
[INFO] running `Command { std: "docker" "create" "-v" "/var/lib/crater-agent-workspace/builds/worker-6-tc1/target:/opt/rustwide/target:rw,Z" "-v" "/var/lib/crater-agent-workspace/builds/worker-6-tc1/source:/opt/rustwide/workdir:ro,Z" "-v" "/var/lib/crater-agent-workspace/cargo-home:/opt/rustwide/cargo-home:ro,Z" "-v" "/var/lib/crater-agent-workspace/rustup-home:/opt/rustwide/rustup-home:ro,Z" "-e" "SOURCE_DIR=/opt/rustwide/workdir" "-e" "CARGO_TARGET_DIR=/opt/rustwide/target" "-e" "CARGO_INCREMENTAL=0" "-e" "RUST_BACKTRACE=full" "-e" "RUSTFLAGS=--cap-lints=warn" "-e" "RUSTDOCFLAGS=--cap-lints=warn" "-e" "CARGO_HOME=/opt/rustwide/cargo-home" "-e" "RUSTUP_HOME=/opt/rustwide/rustup-home" "-w" "/opt/rustwide/workdir" "-m" "1610612736" "--user" "0:0" "--network" "none" "ghcr.io/rust-lang/crates-build-env/linux@sha256:2788e3201cd34a07e3172128adcd8b3090168a8e3bcc40d7c032b9dda1df7d1c" "/opt/rustwide/cargo-home/bin/cargo" "+1.75.0" "doc" "--frozen" "--no-deps" "--document-private-items" "--message-format=json", kill_on_drop: false }`
[INFO] [stdout] 794fae344f0dc9f8137301d113a1c745b39eaf44f7f2848695326767e7aff66f
[INFO] running `Command { std: "docker" "start" "-a" "794fae344f0dc9f8137301d113a1c745b39eaf44f7f2848695326767e7aff66f", kill_on_drop: false }`
[INFO] [stderr]    Compiling num-integer v0.1.45
[INFO] [stderr]    Compiling num-iter v0.1.43
[INFO] [stderr]    Compiling gcc v0.3.55
[INFO] [stderr]    Compiling libarchive3-sys v0.1.2
[INFO] [stderr]     Checking time v0.1.45
[INFO] [stderr]     Checking percent-encoding v1.0.1
[INFO] [stderr]     Checking lazy_static v0.2.11
[INFO] [stderr]     Checking unicode-normalization v0.1.22
[INFO] [stderr]     Checking alpm-sys v0.1.2
[INFO] [stderr]     Checking idna v0.1.5
[INFO] [stdout] error[E0557]: feature has been removed
[INFO] [stdout]  --> /opt/rustwide/cargo-home/registry/src/index.crates.io-6f17d22bba15001f/alpm-sys-0.1.2/src/lib.rs:1:12
[INFO] [stdout]   |
[INFO] [stdout] 1 | #![feature(untagged_unions)]
[INFO] [stdout]   |            ^^^^^^^^^^^^^^^ feature has been removed
[INFO] [stdout]   |
[INFO] [stdout]   = note: unions with `Copy` and `ManuallyDrop` fields are stable; there is no intent to stabilize more
[INFO] [stdout] 
[INFO] [stdout] 
[INFO] [stderr]    Compiling printf v0.1.0
[INFO] [stdout] error[E0740]: field must implement `Copy` or be wrapped in `ManuallyDrop<...>` to be used in a union
[INFO] [stdout]    --> /opt/rustwide/cargo-home/registry/src/index.crates.io-6f17d22bba15001f/alpm-sys-0.1.2/src/ffi.rs:446:5
[INFO] [stdout]     |
[INFO] [stdout] 446 |     pub any: alpm_event_any_t,
[INFO] [stdout]     |     ^^^^^^^^^^^^^^^^^^^^^^^^^
[INFO] [stdout]     |
[INFO] [stdout]     = note: union fields must not have drop side-effects, which is currently enforced via either `Copy` or `ManuallyDrop<...>`
[INFO] [stdout] help: wrap the field type in `ManuallyDrop<...>`
[INFO] [stdout]     |
[INFO] [stdout] 446 |     pub any: std::mem::ManuallyDrop<alpm_event_any_t>,
[INFO] [stdout]     |              +++++++++++++++++++++++                +
[INFO] [stdout] 
[INFO] [stdout] 
[INFO] [stdout] error[E0740]: field must implement `Copy` or be wrapped in `ManuallyDrop<...>` to be used in a union
[INFO] [stdout]    --> /opt/rustwide/cargo-home/registry/src/index.crates.io-6f17d22bba15001f/alpm-sys-0.1.2/src/ffi.rs:521:5
[INFO] [stdout]     |
[INFO] [stdout] 521 |     pub any: alpm_question_any_t,
[INFO] [stdout]     |     ^^^^^^^^^^^^^^^^^^^^^^^^^^^^
[INFO] [stdout]     |
[INFO] [stdout]     = note: union fields must not have drop side-effects, which is currently enforced via either `Copy` or `ManuallyDrop<...>`
[INFO] [stdout] help: wrap the field type in `ManuallyDrop<...>`
[INFO] [stdout]     |
[INFO] [stdout] 521 |     pub any: std::mem::ManuallyDrop<alpm_question_any_t>,
[INFO] [stdout]     |              +++++++++++++++++++++++                   +
[INFO] [stdout] 
[INFO] [stdout] 
[INFO] [stdout] error: aborting due to 3 previous errors
[INFO] [stdout] 
[INFO] [stdout] 
[INFO] [stdout] Some errors have detailed explanations: E0557, E0740.
[INFO] [stdout] 
[INFO] [stdout] For more information about an error, try `rustc --explain E0557`.
[INFO] [stdout] 
[INFO] [stderr] error: could not compile `alpm-sys` (lib) due to 4 previous errors
[INFO] [stderr] warning: build failed, waiting for other jobs to finish...
[INFO] running `Command { std: "docker" "inspect" "794fae344f0dc9f8137301d113a1c745b39eaf44f7f2848695326767e7aff66f", kill_on_drop: false }`
[INFO] running `Command { std: "docker" "rm" "-f" "794fae344f0dc9f8137301d113a1c745b39eaf44f7f2848695326767e7aff66f", kill_on_drop: false }`
[INFO] [stdout] 794fae344f0dc9f8137301d113a1c745b39eaf44f7f2848695326767e7aff66f
[INFO] documenting libalpm-0.1.2 against beta-2023-12-22 for beta-1.76-rustdoc-1
[INFO] extracting crate libalpm 0.1.2 into /workspace/builds/worker-6-tc2/source
[INFO] validating manifest of crates.io crate libalpm 0.1.2 on toolchain beta-2023-12-22
[INFO] running `Command { std: CARGO_HOME="/workspace/cargo-home" RUSTUP_HOME="/workspace/rustup-home" "/workspace/cargo-home/bin/cargo" "+beta-2023-12-22" "metadata" "--manifest-path" "Cargo.toml" "--no-deps", kill_on_drop: false }`
[INFO] started tweaking crates.io crate libalpm 0.1.2
[INFO] finished tweaking crates.io crate libalpm 0.1.2
[INFO] tweaked toml for crates.io crate libalpm 0.1.2 written to /workspace/builds/worker-6-tc2/source/Cargo.toml
[INFO] running `Command { std: CARGO_HOME="/workspace/cargo-home" RUSTUP_HOME="/workspace/rustup-home" "/workspace/cargo-home/bin/cargo" "+beta-2023-12-22" "generate-lockfile" "--manifest-path" "Cargo.toml", kill_on_drop: false }`
[INFO] [stderr]     Blocking waiting for file lock on package cache
[INFO] [stderr]     Updating crates.io index
[INFO] running `Command { std: CARGO_HOME="/workspace/cargo-home" RUSTUP_HOME="/workspace/rustup-home" "/workspace/cargo-home/bin/cargo" "+beta-2023-12-22" "fetch" "--manifest-path" "Cargo.toml", kill_on_drop: false }`
[INFO] running `Command { std: "docker" "create" "-v" "/var/lib/crater-agent-workspace/builds/worker-6-tc2/target:/opt/rustwide/target:rw,Z" "-v" "/var/lib/crater-agent-workspace/builds/worker-6-tc2/source:/opt/rustwide/workdir:ro,Z" "-v" "/var/lib/crater-agent-workspace/cargo-home:/opt/rustwide/cargo-home:ro,Z" "-v" "/var/lib/crater-agent-workspace/rustup-home:/opt/rustwide/rustup-home:ro,Z" "-e" "SOURCE_DIR=/opt/rustwide/workdir" "-e" "CARGO_TARGET_DIR=/opt/rustwide/target" "-e" "CARGO_HOME=/opt/rustwide/cargo-home" "-e" "RUSTUP_HOME=/opt/rustwide/rustup-home" "-w" "/opt/rustwide/workdir" "-m" "1610612736" "--user" "0:0" "--network" "none" "ghcr.io/rust-lang/crates-build-env/linux@sha256:2788e3201cd34a07e3172128adcd8b3090168a8e3bcc40d7c032b9dda1df7d1c" "/opt/rustwide/cargo-home/bin/cargo" "+beta-2023-12-22" "metadata" "--no-deps" "--format-version=1", kill_on_drop: false }`
[INFO] [stdout] f8e77b8cde9466e1aa4a42e0ddc0636a69b68457d7e37d593ee6aad3f47843ce
[INFO] running `Command { std: "docker" "start" "-a" "f8e77b8cde9466e1aa4a42e0ddc0636a69b68457d7e37d593ee6aad3f47843ce", kill_on_drop: false }`
[INFO] running `Command { std: "docker" "inspect" "f8e77b8cde9466e1aa4a42e0ddc0636a69b68457d7e37d593ee6aad3f47843ce", kill_on_drop: false }`
[INFO] running `Command { std: "docker" "rm" "-f" "f8e77b8cde9466e1aa4a42e0ddc0636a69b68457d7e37d593ee6aad3f47843ce", kill_on_drop: false }`
[INFO] [stdout] f8e77b8cde9466e1aa4a42e0ddc0636a69b68457d7e37d593ee6aad3f47843ce
[INFO] running `Command { std: "docker" "create" "-v" "/var/lib/crater-agent-workspace/builds/worker-6-tc2/target:/opt/rustwide/target:rw,Z" "-v" "/var/lib/crater-agent-workspace/builds/worker-6-tc2/source:/opt/rustwide/workdir:ro,Z" "-v" "/var/lib/crater-agent-workspace/cargo-home:/opt/rustwide/cargo-home:ro,Z" "-v" "/var/lib/crater-agent-workspace/rustup-home:/opt/rustwide/rustup-home:ro,Z" "-e" "SOURCE_DIR=/opt/rustwide/workdir" "-e" "CARGO_TARGET_DIR=/opt/rustwide/target" "-e" "CARGO_INCREMENTAL=0" "-e" "RUST_BACKTRACE=full" "-e" "RUSTFLAGS=--cap-lints=warn" "-e" "RUSTDOCFLAGS=--cap-lints=warn" "-e" "CARGO_HOME=/opt/rustwide/cargo-home" "-e" "RUSTUP_HOME=/opt/rustwide/rustup-home" "-w" "/opt/rustwide/workdir" "-m" "1610612736" "--user" "0:0" "--network" "none" "ghcr.io/rust-lang/crates-build-env/linux@sha256:2788e3201cd34a07e3172128adcd8b3090168a8e3bcc40d7c032b9dda1df7d1c" "/opt/rustwide/cargo-home/bin/cargo" "+beta-2023-12-22" "doc" "--frozen" "--no-deps" "--document-private-items" "--message-format=json", kill_on_drop: false }`
[INFO] [stdout] 8685bf7a516d6049311e3b6a94af060aff86c73ecb509cbead6d6a8a9986158b
[INFO] running `Command { std: "docker" "start" "-a" "8685bf7a516d6049311e3b6a94af060aff86c73ecb509cbead6d6a8a9986158b", kill_on_drop: false }`
[INFO] [stderr]    Compiling num-integer v0.1.45
[INFO] [stderr]    Compiling num-iter v0.1.43
[INFO] [stderr]    Compiling gcc v0.3.55
[INFO] [stderr]    Compiling libarchive3-sys v0.1.2
[INFO] [stderr]     Checking unicode-normalization v0.1.22
[INFO] [stderr]     Checking time v0.1.45
[INFO] [stderr]     Checking percent-encoding v1.0.1
[INFO] [stderr]     Checking lazy_static v0.2.11
[INFO] [stderr]     Checking alpm-sys v0.1.2
[INFO] [stderr]     Checking idna v0.1.5
[INFO] [stderr]    Compiling printf v0.1.0
[INFO] [stdout] error[E0557]: feature has been removed
[INFO] [stdout]  --> /opt/rustwide/cargo-home/registry/src/index.crates.io-6f17d22bba15001f/alpm-sys-0.1.2/src/lib.rs:1:12
[INFO] [stdout]   |
[INFO] [stdout] 1 | #![feature(untagged_unions)]
[INFO] [stdout]   |            ^^^^^^^^^^^^^^^ feature has been removed
[INFO] [stdout]   |
[INFO] [stdout]   = note: unions with `Copy` and `ManuallyDrop` fields are stable; there is no intent to stabilize more
[INFO] [stdout] 
[INFO] [stdout] 
[INFO] [stdout] error[E0740]: field must implement `Copy` or be wrapped in `ManuallyDrop<...>` to be used in a union
[INFO] [stdout]    --> /opt/rustwide/cargo-home/registry/src/index.crates.io-6f17d22bba15001f/alpm-sys-0.1.2/src/ffi.rs:446:5
[INFO] [stdout]     |
[INFO] [stdout] 446 |     pub any: alpm_event_any_t,
[INFO] [stdout]     |     ^^^^^^^^^^^^^^^^^^^^^^^^^
[INFO] [stdout]     |
[INFO] [stdout]     = note: union fields must not have drop side-effects, which is currently enforced via either `Copy` or `ManuallyDrop<...>`
[INFO] [stdout] help: wrap the field type in `ManuallyDrop<...>`
[INFO] [stdout]     |
[INFO] [stdout] 446 |     pub any: std::mem::ManuallyDrop<alpm_event_any_t>,
[INFO] [stdout]     |              +++++++++++++++++++++++                +
[INFO] [stdout] 
[INFO] [stdout] 
[INFO] [stdout] error[E0740]: field must implement `Copy` or be wrapped in `ManuallyDrop<...>` to be used in a union
[INFO] [stdout]    --> /opt/rustwide/cargo-home/registry/src/index.crates.io-6f17d22bba15001f/alpm-sys-0.1.2/src/ffi.rs:521:5
[INFO] [stdout]     |
[INFO] [stdout] 521 |     pub any: alpm_question_any_t,
[INFO] [stdout]     |     ^^^^^^^^^^^^^^^^^^^^^^^^^^^^
[INFO] [stdout]     |
[INFO] [stdout]     = note: union fields must not have drop side-effects, which is currently enforced via either `Copy` or `ManuallyDrop<...>`
[INFO] [stdout] help: wrap the field type in `ManuallyDrop<...>`
[INFO] [stdout]     |
[INFO] [stdout] 521 |     pub any: std::mem::ManuallyDrop<alpm_question_any_t>,
[INFO] [stdout]     |              +++++++++++++++++++++++                   +
[INFO] [stdout] 
[INFO] [stdout] 
[INFO] [stdout] error: aborting due to 3 previous errors
[INFO] [stdout] 
[INFO] [stdout] 
[INFO] [stdout] Some errors have detailed explanations: E0557, E0740.
[INFO] [stdout] 
[INFO] [stdout] For more information about an error, try `rustc --explain E0557`.
[INFO] [stdout] 
[INFO] [stderr] error: could not compile `alpm-sys` (lib) due to 4 previous errors
[INFO] [stderr] warning: build failed, waiting for other jobs to finish...
[INFO] running `Command { std: "docker" "inspect" "8685bf7a516d6049311e3b6a94af060aff86c73ecb509cbead6d6a8a9986158b", kill_on_drop: false }`
[INFO] running `Command { std: "docker" "rm" "-f" "8685bf7a516d6049311e3b6a94af060aff86c73ecb509cbead6d6a8a9986158b", kill_on_drop: false }`
[INFO] [stdout] 8685bf7a516d6049311e3b6a94af060aff86c73ecb509cbead6d6a8a9986158b
