[INFO] fetching crate jitash-bdk 0.28.1...
[INFO] documenting jitash-bdk-0.28.1 against 1.75.0 for beta-1.76-rustdoc-1
[INFO] extracting crate jitash-bdk 0.28.1 into /workspace/builds/worker-2-tc1/source
[INFO] validating manifest of crates.io crate jitash-bdk 0.28.1 on toolchain 1.75.0
[INFO] running `Command { std: CARGO_HOME="/workspace/cargo-home" RUSTUP_HOME="/workspace/rustup-home" "/workspace/cargo-home/bin/cargo" "+1.75.0" "metadata" "--manifest-path" "Cargo.toml" "--no-deps", kill_on_drop: false }`
[INFO] started tweaking crates.io crate jitash-bdk 0.28.1
[INFO] removed 0 missing examples
[INFO] finished tweaking crates.io crate jitash-bdk 0.28.1
[INFO] tweaked toml for crates.io crate jitash-bdk 0.28.1 written to /workspace/builds/worker-2-tc1/source/Cargo.toml
[INFO] crate crates.io crate jitash-bdk 0.28.1 already has a lockfile, it will not be regenerated
[INFO] running `Command { std: CARGO_HOME="/workspace/cargo-home" RUSTUP_HOME="/workspace/rustup-home" "/workspace/cargo-home/bin/cargo" "+1.75.0" "fetch" "--manifest-path" "Cargo.toml", kill_on_drop: false }`
[INFO] [stderr]     Blocking waiting for file lock on package cache
[INFO] [stderr]     Updating crates.io index
[INFO] [stderr]  Downloading crates ...
[INFO] [stderr]   Downloaded pyo3-build-config v0.15.2
[INFO] [stderr]   Downloaded pyo3-macros v0.15.2
[INFO] [stderr]   Downloaded bitcoind v0.30.0
[INFO] [stderr]   Downloaded secp256k1 v0.27.0
[INFO] [stderr]   Downloaded bdk-macros v0.6.0
[INFO] [stderr]   Downloaded filetime v0.2.21
[INFO] [stderr]   Downloaded tar v0.4.39
[INFO] [stderr]   Downloaded jsonrpc v0.12.1
[INFO] [stderr]   Downloaded bitcoin_hashes v0.12.0
[INFO] [stderr]   Downloaded esplora-client v0.5.0
[INFO] [stderr]   Downloaded rustls v0.21.5
[INFO] [stderr]   Downloaded miniscript v10.0.0
[INFO] [stderr]   Downloaded pyo3 v0.15.2
[INFO] [stderr]   Downloaded secp256k1-sys v0.8.1
[INFO] [stderr]   Downloaded bitcoin v0.29.2
[INFO] [stderr]   Downloaded hwi v0.5.0
[INFO] [stderr]   Downloaded librocksdb-sys v6.20.3
[INFO] [stderr]   Downloaded electrsd v0.24.0
[INFO] [stderr]   Downloaded bitcoinconsensus v0.19.0-3
[INFO] [stderr]   Downloaded miniscript v9.0.1
[INFO] [stderr]   Downloaded idna v0.2.1
[INFO] [stderr]   Downloaded time v0.3.10
[INFO] [stderr]   Downloaded bitcoin v0.30.1
[INFO] [stderr]   Downloaded pyo3-macros-backend v0.15.2
[INFO] [stderr]   Downloaded base64-compat v1.0.0
[INFO] [stderr]   Downloaded core-rpc-json v0.17.0
[INFO] [stderr]   Downloaded rocksdb v0.14.0
[INFO] [stderr]   Downloaded zip v0.6.3
[INFO] [stderr]   Downloaded electrum-client v0.15.1
[INFO] [stderr]   Downloaded minreq v2.8.1
[INFO] [stderr]   Downloaded async-trait v0.1.71
[INFO] [stderr]   Downloaded bitcoin-private v0.1.0
[INFO] [stderr]   Downloaded indoc v0.3.6
[INFO] [stderr]   Downloaded core-rpc v0.17.0
[INFO] [stderr]   Downloaded electrum-client v0.12.1
[INFO] [stderr]   Downloaded bitcoincore-rpc-json v0.16.0
[INFO] [stderr]   Downloaded socks v0.3.4
[INFO] [stderr]   Downloaded hex_lit v0.1.1
[INFO] [stderr]   Downloaded indoc-impl v0.3.6
[INFO] [stderr]   Downloaded jsonrpc v0.13.0
[INFO] [stderr]   Downloaded rustls-webpki v0.101.1
[INFO] [stderr]   Downloaded bitcoincore-rpc v0.16.0
[INFO] running `Command { std: "docker" "create" "-v" "/var/lib/crater-agent-workspace/builds/worker-2-tc1/target:/opt/rustwide/target:rw,Z" "-v" "/var/lib/crater-agent-workspace/builds/worker-2-tc1/source:/opt/rustwide/workdir:ro,Z" "-v" "/var/lib/crater-agent-workspace/cargo-home:/opt/rustwide/cargo-home:ro,Z" "-v" "/var/lib/crater-agent-workspace/rustup-home:/opt/rustwide/rustup-home:ro,Z" "-e" "SOURCE_DIR=/opt/rustwide/workdir" "-e" "CARGO_TARGET_DIR=/opt/rustwide/target" "-e" "CARGO_HOME=/opt/rustwide/cargo-home" "-e" "RUSTUP_HOME=/opt/rustwide/rustup-home" "-w" "/opt/rustwide/workdir" "-m" "1610612736" "--user" "0:0" "--network" "none" "ghcr.io/rust-lang/crates-build-env/linux@sha256:2788e3201cd34a07e3172128adcd8b3090168a8e3bcc40d7c032b9dda1df7d1c" "/opt/rustwide/cargo-home/bin/cargo" "+1.75.0" "metadata" "--no-deps" "--format-version=1", kill_on_drop: false }`
[INFO] [stdout] 4468a1aa0f3fb7697d4da4a3a5c481ff39c341d2c3bb9cc7cdd85acdc9a4d1ce
[INFO] running `Command { std: "docker" "start" "-a" "4468a1aa0f3fb7697d4da4a3a5c481ff39c341d2c3bb9cc7cdd85acdc9a4d1ce", kill_on_drop: false }`
[INFO] running `Command { std: "docker" "inspect" "4468a1aa0f3fb7697d4da4a3a5c481ff39c341d2c3bb9cc7cdd85acdc9a4d1ce", kill_on_drop: false }`
[INFO] running `Command { std: "docker" "rm" "-f" "4468a1aa0f3fb7697d4da4a3a5c481ff39c341d2c3bb9cc7cdd85acdc9a4d1ce", kill_on_drop: false }`
[INFO] [stdout] 4468a1aa0f3fb7697d4da4a3a5c481ff39c341d2c3bb9cc7cdd85acdc9a4d1ce
[INFO] running `Command { std: "docker" "create" "-v" "/var/lib/crater-agent-workspace/builds/worker-2-tc1/target:/opt/rustwide/target:rw,Z" "-v" "/var/lib/crater-agent-workspace/builds/worker-2-tc1/source:/opt/rustwide/workdir:ro,Z" "-v" "/var/lib/crater-agent-workspace/cargo-home:/opt/rustwide/cargo-home:ro,Z" "-v" "/var/lib/crater-agent-workspace/rustup-home:/opt/rustwide/rustup-home:ro,Z" "-e" "SOURCE_DIR=/opt/rustwide/workdir" "-e" "CARGO_TARGET_DIR=/opt/rustwide/target" "-e" "CARGO_INCREMENTAL=0" "-e" "RUST_BACKTRACE=full" "-e" "RUSTFLAGS=--cap-lints=warn" "-e" "RUSTDOCFLAGS=--cap-lints=warn" "-e" "CARGO_HOME=/opt/rustwide/cargo-home" "-e" "RUSTUP_HOME=/opt/rustwide/rustup-home" "-w" "/opt/rustwide/workdir" "-m" "1610612736" "--user" "0:0" "--network" "none" "ghcr.io/rust-lang/crates-build-env/linux@sha256:2788e3201cd34a07e3172128adcd8b3090168a8e3bcc40d7c032b9dda1df7d1c" "/opt/rustwide/cargo-home/bin/cargo" "+1.75.0" "doc" "--frozen" "--no-deps" "--document-private-items" "--message-format=json", kill_on_drop: false }`
[INFO] [stdout] 5fbb1c19606bfc3aa3ec4727d064b4521f4347126f1f0f14029bb5c46d38d677
[INFO] running `Command { std: "docker" "start" "-a" "5fbb1c19606bfc3aa3ec4727d064b4521f4347126f1f0f14029bb5c46d38d677", kill_on_drop: false }`
[INFO] [stderr]    Compiling libc v0.2.147
[INFO] [stderr]    Compiling proc-macro2 v1.0.64
[INFO] [stderr]     Checking cfg-if v1.0.0
[INFO] [stderr]    Compiling unicode-ident v1.0.10
[INFO] [stderr]    Compiling quote v1.0.29
[INFO] [stderr]    Compiling serde v1.0.171
[INFO] [stderr]     Checking untrusted v0.7.1
[INFO] [stderr]     Checking once_cell v1.14.0
[INFO] [stderr]     Checking ppv-lite86 v0.2.17
[INFO] [stderr]     Checking spin v0.5.2
[INFO] [stderr]    Compiling log v0.4.18
[INFO] [stderr]     Checking scopeguard v1.1.0
[INFO] [stderr]    Compiling parking_lot_core v0.8.6
[INFO] [stderr]    Compiling crossbeam-utils v0.8.16
[INFO] [stderr]    Compiling lock_api v0.4.10
[INFO] [stderr]    Compiling memoffset v0.9.0
[INFO] [stderr]     Checking instant v0.1.12
[INFO] [stderr]    Compiling crossbeam-epoch v0.9.15
[INFO] [stderr]     Checking bech32 v0.9.1
[INFO] [stderr]     Checking smallvec v1.11.0
[INFO] [stderr]    Compiling rustls v0.20.8
[INFO] [stderr]     Checking byteorder v1.4.3
[INFO] [stderr]    Compiling serde_json v1.0.102
[INFO] [stderr]     Checking base64 v0.13.1
[INFO] [stderr]    Compiling crc32fast v1.3.2
[INFO] [stderr]    Compiling tokio v1.29.1
[INFO] [stderr]     Checking ryu v1.0.14
[INFO] [stderr]     Checking itoa v1.0.8
[INFO] [stderr]    Compiling syn v2.0.25
[INFO] [stderr]    Compiling syn v1.0.109
[INFO] [stderr]     Checking fxhash v0.2.1
[INFO] [stderr]     Checking pin-project-lite v0.2.10
[INFO] [stderr]     Checking getrandom v0.2.10
[INFO] [stderr]     Checking fs2 v0.4.3
[INFO] [stderr]    Compiling jobserver v0.1.26
[INFO] [stderr]     Checking rand_core v0.6.4
[INFO] [stderr]     Checking parking_lot v0.11.2
[INFO] [stderr]     Checking rand_chacha v0.3.1
[INFO] [stderr]    Compiling cc v1.0.79
[INFO] [stderr]     Checking sled v0.34.7
[INFO] [stderr]     Checking rand v0.8.5
[INFO] [stderr]    Compiling ring v0.16.20
[INFO] [stderr]    Compiling secp256k1-sys v0.6.1
[INFO] [stderr]    Compiling bdk-macros v0.6.0
[INFO] [stderr]    Compiling serde_derive v1.0.171
[INFO] [stderr]    Compiling tokio-macros v2.1.0
[INFO] [stderr]     Checking webpki v0.22.0
[INFO] [stderr]     Checking sct v0.7.0
[INFO] [stderr]     Checking webpki-roots v0.22.6
[INFO] [stderr]     Checking bitcoin_hashes v0.11.0
[INFO] [stderr]     Checking secp256k1 v0.24.3
[INFO] [stderr]     Checking bitcoin v0.29.2
[INFO] [stderr]     Checking miniscript v9.0.1
[INFO] [stderr]     Checking electrum-client v0.12.1
[INFO] [stderr]  Documenting jitash-bdk v0.28.1 (/opt/rustwide/workdir)
[INFO] [stdout] warning: missing documentation for a method
[INFO] [stdout]     --> src/wallet/mod.rs:1596:5
[INFO] [stdout]      |
[INFO] [stdout] 1596 | /     pub fn cus_complete_transaction(
[INFO] [stdout] 1597 | |         &self,
[INFO] [stdout] 1598 | |         tx: Transaction,
[INFO] [stdout] 1599 | |     ) -> Result<psbt::PartiallySignedTransaction, Error> {
[INFO] [stdout]      | |________________________________________________________^
[INFO] [stdout]      |
[INFO] [stdout] note: the lint level is defined here
[INFO] [stdout]     --> src/lib.rs:13:9
[INFO] [stdout]      |
[INFO] [stdout] 13   | #![warn(missing_docs)]
[INFO] [stdout]      |         ^^^^^^^^^^^^
[INFO] [stdout] 
[INFO] [stdout] 
[INFO] [stdout] warning: unresolved link to `crate::blockchain::compact_filters`
[INFO] [stdout]    --> src/lib.rs:22:1
[INFO] [stdout]     |
[INFO] [stdout] 22  | / //! A modern, lightweight, descriptor-based wallet library written in Rust.
[INFO] [stdout] 23  | | //!
[INFO] [stdout] 24  | | //! # About
[INFO] [stdout] 25  | | //!
[INFO] [stdout] ...   |
[INFO] [stdout] 197 | | //! * `esplora`: [`esplora`](crate::blockchain::esplora) client protocol for interacting with blockstream [electrs](https://github.com/Bl...
[INFO] [stdout] 198 | | //! * `key-value-db`: key value [`database`](crate::database) based on [`sled`](crate::sled) for caching blockchain data
[INFO] [stdout]     | |________________________________________________________________________________________________________________________^
[INFO] [stdout]     |
[INFO] [stdout]     = note: the link appears in this line:
[INFO] [stdout]             
[INFO] [stdout]             * `compact_filters`: [`compact_filters`](crate::blockchain::compact_filters) client protocol for interacting with the bitcoin P2P network
[INFO] [stdout]                                                      ^^^^^^^^^^^^^^^^^^^^^^^^^^^^^^^^^^
[INFO] [stdout]     = note: no item named `compact_filters` in module `blockchain`
[INFO] [stdout]     = note: `#[warn(rustdoc::broken_intra_doc_links)]` on by default
[INFO] [stdout] 
[INFO] [stdout] 
[INFO] [stdout] warning: unresolved link to `crate::blockchain::esplora`
[INFO] [stdout]    --> src/lib.rs:22:1
[INFO] [stdout]     |
[INFO] [stdout] 22  | / //! A modern, lightweight, descriptor-based wallet library written in Rust.
[INFO] [stdout] 23  | | //!
[INFO] [stdout] 24  | | //! # About
[INFO] [stdout] 25  | | //!
[INFO] [stdout] ...   |
[INFO] [stdout] 197 | | //! * `esplora`: [`esplora`](crate::blockchain::esplora) client protocol for interacting with blockstream [electrs](https://github.com/Bl...
[INFO] [stdout] 198 | | //! * `key-value-db`: key value [`database`](crate::database) based on [`sled`](crate::sled) for caching blockchain data
[INFO] [stdout]     | |________________________________________________________________________________________________________________________^
[INFO] [stdout]     |
[INFO] [stdout]     = note: the link appears in this line:
[INFO] [stdout]             
[INFO] [stdout]             * `esplora`: [`esplora`](crate::blockchain::esplora) client protocol for interacting with blockstream [electrs](https://github.com/Blockstream/electrs) servers
[INFO] [stdout]                                      ^^^^^^^^^^^^^^^^^^^^^^^^^^
[INFO] [stdout]     = note: no item named `esplora` in module `blockchain`
[INFO] [stdout] 
[INFO] [stdout] 
[INFO] [stdout] warning: unresolved link to `crate::blockchain::esplora`
[INFO] [stdout]   --> src/blockchain/mod.rs:15:56
[INFO] [stdout]    |
[INFO] [stdout] 15 | //! [Electrum](crate::blockchain::electrum), [Esplora](crate::blockchain::esplora) and
[INFO] [stdout]    |                                                        ^^^^^^^^^^^^^^^^^^^^^^^^^^ no item named `esplora` in module `blockchain`
[INFO] [stdout] 
[INFO] [stdout] 
[INFO] [stdout] warning: unresolved link to `crate::blockchain::compact_filters`
[INFO] [stdout]   --> src/blockchain/mod.rs:16:32
[INFO] [stdout]    |
[INFO] [stdout] 16 | //! [Compact Filters/Neutrino](crate::blockchain::compact_filters), along with a generalized trait
[INFO] [stdout]    |                                ^^^^^^^^^^^^^^^^^^^^^^^^^^^^^^^^^^ no item named `compact_filters` in module `blockchain`
[INFO] [stdout] 
[INFO] [stdout] 
[INFO] [stdout] warning: unresolved link to `bip39::Mnemonic`
[INFO] [stdout]    --> src/keys/mod.rs:465:27
[INFO] [stdout]     |
[INFO] [stdout] 465 |     /// like [`Mnemonic`](bip39::Mnemonic) when the `keys-bip39` feature is enabled.
[INFO] [stdout]     |                           ^^^^^^^^^^^^^^^ no item named `bip39` in scope
[INFO] [stdout] 
[INFO] [stdout] 
[INFO] [stdout] warning: redundant explicit link target
[INFO] [stdout]    --> src/database/mod.rs:117:51
[INFO] [stdout]     |
[INFO] [stdout] 117 |     /// Should return [`Error::ChecksumMismatch`](crate::error::Error::ChecksumMismatch) if the
[INFO] [stdout]     |                        -------------------------  ^^^^^^^^^^^^^^^^^^^^^^^^^^^^^^^^^^^^^ explicit target is redundant
[INFO] [stdout]     |                        |
[INFO] [stdout]     |                        because label contains path that resolves to same destination
[INFO] [stdout]     |
[INFO] [stdout]     = note: when a link's destination is not specified,
[INFO] [stdout]             the label is used to resolve intra-doc links
[INFO] [stdout]     = note: `#[warn(rustdoc::redundant_explicit_links)]` on by default
[INFO] [stdout] help: remove explicit link target
[INFO] [stdout]     |
[INFO] [stdout] 117 |     /// Should return [`Error::ChecksumMismatch`] if the
[INFO] [stdout]     |                       ~~~~~~~~~~~~~~~~~~~~~~~~~~~
[INFO] [stdout] 
[INFO] [stdout] 
[INFO] [stdout] warning: redundant explicit link target
[INFO] [stdout]    --> src/keys/mod.rs:413:56
[INFO] [stdout]     |
[INFO] [stdout] 413 | /// Types that don't internally encode the [`Network`](bitcoin::Network) in which they are valid need some extra
[INFO] [stdout]     |                                             ---------  ^^^^^^^^^^^^^^^^ explicit target is redundant
[INFO] [stdout]     |                                             |
[INFO] [stdout]     |                                             because label contains path that resolves to same destination
[INFO] [stdout]     |
[INFO] [stdout]     = note: when a link's destination is not specified,
[INFO] [stdout]             the label is used to resolve intra-doc links
[INFO] [stdout] help: remove explicit link target
[INFO] [stdout]     |
[INFO] [stdout] 413 | /// Types that don't internally encode the [`Network`] in which they are valid need some extra
[INFO] [stdout]     |                                            ~~~~~~~~~~~
[INFO] [stdout] 
[INFO] [stdout] 
[INFO] [stdout] warning: redundant explicit link target
[INFO] [stdout]    --> src/wallet/tx_builder.rs:503:57
[INFO] [stdout]     |
[INFO] [stdout] 503 |     /// Overrides the [`DefaultCoinSelectionAlgorithm`](super::coin_selection::DefaultCoinSelectionAlgorithm).
[INFO] [stdout]     |                        -------------------------------  ^^^^^^^^^^^^^^^^^^^^^^^^^^^^^^^^^^^^^^^^^^^^^^^^^^^^ explicit target is redundant
[INFO] [stdout]     |                        |
[INFO] [stdout]     |                        because label contains path that resolves to same destination
[INFO] [stdout]     |
[INFO] [stdout]     = note: when a link's destination is not specified,
[INFO] [stdout]             the label is used to resolve intra-doc links
[INFO] [stdout] help: remove explicit link target
[INFO] [stdout]     |
[INFO] [stdout] 503 |     /// Overrides the [`DefaultCoinSelectionAlgorithm`].
[INFO] [stdout]     |                       ~~~~~~~~~~~~~~~~~~~~~~~~~~~~~~~~~
[INFO] [stdout] 
[INFO] [stdout] 
[INFO] [stdout] warning: 9 warnings emitted
[INFO] [stdout] 
[INFO] [stdout] 
[INFO] [stderr]     Finished dev [unoptimized + debuginfo] target(s) in 19.72s
[INFO] [stderr]    Generated /opt/rustwide/target/doc/jitash_bdk/index.html
[INFO] running `Command { std: "docker" "inspect" "5fbb1c19606bfc3aa3ec4727d064b4521f4347126f1f0f14029bb5c46d38d677", kill_on_drop: false }`
[INFO] running `Command { std: "docker" "rm" "-f" "5fbb1c19606bfc3aa3ec4727d064b4521f4347126f1f0f14029bb5c46d38d677", kill_on_drop: false }`
[INFO] [stdout] 5fbb1c19606bfc3aa3ec4727d064b4521f4347126f1f0f14029bb5c46d38d677
[INFO] running `Command { std: "docker" "create" "-v" "/var/lib/crater-agent-workspace/builds/worker-2-tc1/target:/opt/rustwide/target:rw,Z" "-v" "/var/lib/crater-agent-workspace/builds/worker-2-tc1/source:/opt/rustwide/workdir:ro,Z" "-v" "/var/lib/crater-agent-workspace/cargo-home:/opt/rustwide/cargo-home:ro,Z" "-v" "/var/lib/crater-agent-workspace/rustup-home:/opt/rustwide/rustup-home:ro,Z" "-e" "SOURCE_DIR=/opt/rustwide/workdir" "-e" "CARGO_TARGET_DIR=/opt/rustwide/target" "-e" "CARGO_INCREMENTAL=0" "-e" "RUST_BACKTRACE=full" "-e" "RUSTFLAGS=--cap-lints=warn" "-e" "RUSTDOCFLAGS=--cap-lints=warn" "-e" "RUSTC_BOOTSTRAP=1" "-e" "DOCS_RS=1" "-e" "CARGO_HOME=/opt/rustwide/cargo-home" "-e" "RUSTUP_HOME=/opt/rustwide/rustup-home" "-w" "/opt/rustwide/workdir" "-m" "1610612736" "--user" "0:0" "--network" "none" "ghcr.io/rust-lang/crates-build-env/linux@sha256:2788e3201cd34a07e3172128adcd8b3090168a8e3bcc40d7c032b9dda1df7d1c" "/opt/rustwide/cargo-home/bin/cargo" "+1.75.0" "rustdoc" "--lib" "-Zrustdoc-map" "--features" "compiler electrum esplora use-esplora-blocking compact_filters rpc key-value-db sqlite all-keys verify hardware-signer" "-Z" "unstable-options" "--config" "build.rustdocflags=[\"--cfg\", \"docsrs\", \"-Z\", \"unstable-options\", \"--document-private-items\"]" "--frozen" "--message-format=json", kill_on_drop: false }`
[INFO] [stdout] 715f3289a8537fa00a215a6818b9bdc7a391a8f8cf52ef3c9ef217b012106ffd
[INFO] running `Command { std: "docker" "start" "-a" "715f3289a8537fa00a215a6818b9bdc7a391a8f8cf52ef3c9ef217b012106ffd", kill_on_drop: false }`
[INFO] [stderr]    Compiling memchr v2.5.0
[INFO] [stderr]    Compiling syn v1.0.109
[INFO] [stderr]    Compiling proc-macro-hack v0.5.20+deprecated
[INFO] [stderr]    Compiling pyo3-build-config v0.15.2
[INFO] [stderr]     Checking tinyvec_macros v0.1.1
[INFO] [stderr]    Compiling once_cell v1.14.0
[INFO] [stderr]    Compiling regex-syntax v0.6.29
[INFO] [stderr]    Compiling bindgen v0.59.2
[INFO] [stderr]     Checking tinyvec v1.6.0
[INFO] [stderr]    Compiling ahash v0.7.6
[INFO] [stderr]    Compiling clang-sys v1.6.1
[INFO] [stderr]    Compiling shlex v1.1.0
[INFO] [stderr]    Compiling aho-corasick v0.7.20
[INFO] [stderr]    Compiling nom v7.1.3
[INFO] [stderr]     Checking unicode-normalization v0.1.22
[INFO] [stderr]    Compiling vcpkg v0.2.15
[INFO] [stderr]     Checking matches v0.1.10
[INFO] [stderr]    Compiling regex v1.7.3
[INFO] [stderr]     Checking percent-encoding v2.3.0
[INFO] [stderr]    Compiling rustls v0.21.5
[INFO] [stderr]     Checking unicode-bidi v0.3.13
[INFO] [stderr]    Compiling unindent v0.1.11
[INFO] [stderr]     Checking adler v1.0.2
[INFO] [stderr]    Compiling libsqlite3-sys v0.25.2
[INFO] [stderr]     Checking idna v0.2.1
[INFO] [stderr]     Checking miniz_oxide v0.7.1
[INFO] [stderr]    Compiling cexpr v0.6.0
[INFO] [stderr]     Checking form_urlencoded v1.2.0
[INFO] [stderr]    Compiling pyo3 v0.15.2
[INFO] [stderr]    Compiling paste-impl v0.1.18
[INFO] [stderr]     Checking rustls-webpki v0.101.1
[INFO] [stderr]     Checking rustls-webpki v0.100.1
[INFO] [stderr]     Checking webpki-roots v0.23.1
[INFO] [stderr]     Checking hashbrown v0.12.3
[INFO] [stderr]     Checking paste v0.1.18
[INFO] [stderr]     Checking flate2 v1.0.26
[INFO] [stderr]     Checking url v2.3.0
[INFO] [stderr]    Compiling pyo3-macros-backend v0.15.2
[INFO] [stderr]    Compiling bitcoinconsensus v0.19.0-3
[INFO] [stderr]     Checking socks v0.3.4
[INFO] [stderr]     Checking base64-compat v1.0.0
[INFO] [stderr]     Checking base64 v0.21.2
[INFO] [stderr]     Checking jsonrpc v0.12.1
[INFO] [stderr]     Checking ureq v2.7.1
[INFO] [stderr]     Checking hashlink v0.8.1
[INFO] [stderr]     Checking miniscript v9.0.1
[INFO] [stderr]     Checking bitcoincore-rpc-json v0.16.0
[INFO] [stderr]     Checking jobserver v0.1.26
[INFO] [stderr]     Checking fallible-streaming-iterator v0.1.9
[INFO] [stderr]     Checking fallible-iterator v0.2.0
[INFO] [stderr]     Checking cc v1.0.79
[INFO] [stderr]     Checking rusqlite v0.28.0
[INFO] [stderr]     Checking esplora-client v0.5.0
[INFO] [stderr]    Compiling indoc-impl v0.3.6
[INFO] [stderr]    Compiling bdk-macros v0.6.0
[INFO] [stderr]     Checking bip39 v2.0.0
[INFO] [stderr]    Compiling pyo3-macros v0.15.2
[INFO] [stderr]     Checking indoc v0.3.6
[INFO] [stderr]    Compiling librocksdb-sys v6.20.3
[INFO] [stderr]     Checking bitcoincore-rpc v0.16.0
[INFO] [stderr]     Checking hwi v0.5.0
[INFO] [stderr] The following warnings were emitted during compilation:
[INFO] [stderr] 
[INFO] [stderr] warning: librocksdb-sys@6.20.3: c++: fatal error: Killed signal terminated program cc1plus
[INFO] [stderr] warning: librocksdb-sys@6.20.3: compilation terminated.
[INFO] [stderr] warning: librocksdb-sys@6.20.3: c++: fatal error: Killed signal terminated program cc1plus
[INFO] [stderr] warning: librocksdb-sys@6.20.3: compilation terminated.
[INFO] [stderr] warning: librocksdb-sys@6.20.3: c++: fatal error: Killed signal terminated program cc1plus
[INFO] [stderr] warning: librocksdb-sys@6.20.3: compilation terminated.
[INFO] [stderr] 
[INFO] [stderr] error: failed to run custom build command for `librocksdb-sys v6.20.3`
[INFO] [stderr] note: To improve backtraces for build dependencies, set the CARGO_PROFILE_DEV_BUILD_OVERRIDE_DEBUG=true environment variable to enable debug information generation.
[INFO] [stderr] 
[INFO] [stderr] Caused by:
[INFO] [stderr]   process didn't exit successfully: `/opt/rustwide/target/debug/build/librocksdb-sys-0345200c466d0b1f/build-script-build` (exit status: 1)
[INFO] [stderr]   --- stdout
[INFO] [stderr]   cargo:rerun-if-changed=rocksdb/
[INFO] [stderr]   TARGET = Some("x86_64-unknown-linux-gnu")
[INFO] [stderr]   OPT_LEVEL = Some("0")
[INFO] [stderr]   HOST = Some("x86_64-unknown-linux-gnu")
[INFO] [stderr]   cargo:rerun-if-env-changed=CXX_x86_64-unknown-linux-gnu
[INFO] [stderr]   CXX_x86_64-unknown-linux-gnu = None
[INFO] [stderr]   cargo:rerun-if-env-changed=CXX_x86_64_unknown_linux_gnu
[INFO] [stderr]   CXX_x86_64_unknown_linux_gnu = None
[INFO] [stderr]   cargo:rerun-if-env-changed=HOST_CXX
[INFO] [stderr]   HOST_CXX = None
[INFO] [stderr]   cargo:rerun-if-env-changed=CXX
[INFO] [stderr]   CXX = None
[INFO] [stderr]   cargo:rerun-if-env-changed=CXXFLAGS_x86_64-unknown-linux-gnu
[INFO] [stderr]   CXXFLAGS_x86_64-unknown-linux-gnu = None
[INFO] [stderr]   cargo:rerun-if-env-changed=CXXFLAGS_x86_64_unknown_linux_gnu
[INFO] [stderr]   CXXFLAGS_x86_64_unknown_linux_gnu = None
[INFO] [stderr]   cargo:rerun-if-env-changed=HOST_CXXFLAGS
[INFO] [stderr]   HOST_CXXFLAGS = None
[INFO] [stderr]   cargo:rerun-if-env-changed=CXXFLAGS
[INFO] [stderr]   CXXFLAGS = None
[INFO] [stderr]   cargo:rerun-if-env-changed=CRATE_CC_NO_DEFAULTS
[INFO] [stderr]   CRATE_CC_NO_DEFAULTS = None
[INFO] [stderr]   DEBUG = Some("true")
[INFO] [stderr]   CARGO_CFG_TARGET_FEATURE = Some("fxsr,sse,sse2")
[INFO] [stderr]   cargo:rerun-if-env-changed=CXX_x86_64-unknown-linux-gnu
[INFO] [stderr]   CXX_x86_64-unknown-linux-gnu = None
[INFO] [stderr]   cargo:rerun-if-env-changed=CXX_x86_64_unknown_linux_gnu
[INFO] [stderr]   CXX_x86_64_unknown_linux_gnu = None
[INFO] [stderr]   cargo:rerun-if-env-changed=HOST_CXX
[INFO] [stderr]   HOST_CXX = None
[INFO] [stderr]   cargo:rerun-if-env-changed=CXX
[INFO] [stderr]   CXX = None
[INFO] [stderr]   cargo:rerun-if-env-changed=CXXFLAGS_x86_64-unknown-linux-gnu
[INFO] [stderr]   CXXFLAGS_x86_64-unknown-linux-gnu = None
[INFO] [stderr]   cargo:rerun-if-env-changed=CXXFLAGS_x86_64_unknown_linux_gnu
[INFO] [stderr]   CXXFLAGS_x86_64_unknown_linux_gnu = None
[INFO] [stderr]   cargo:rerun-if-env-changed=HOST_CXXFLAGS
[INFO] [stderr]   HOST_CXXFLAGS = None
[INFO] [stderr]   cargo:rerun-if-env-changed=CXXFLAGS
[INFO] [stderr]   CXXFLAGS = None
[INFO] [stderr]   cargo:rerun-if-env-changed=CRATE_CC_NO_DEFAULTS
[INFO] [stderr]   CRATE_CC_NO_DEFAULTS = None
[INFO] [stderr]   CARGO_CFG_TARGET_FEATURE = Some("fxsr,sse,sse2")
[INFO] [stderr]   running: "c++" "-O0" "-ffunction-sections" "-fdata-sections" "-fPIC" "-gdwarf-4" "-fno-omit-frame-pointer" "-m64" "-I" "rocksdb/include/" "-I" "rocksdb/" "-I" "rocksdb/third-party/gtest-1.8.1/fused-src/" "-I" "snappy/" "-I" "." "-Wall" "-Wextra" "-std=c++11" "-Wno-unused-parameter" "-msse2" "-DSNAPPY=1" "-DNDEBUG=1" "-DOS_LINUX" "-DROCKSDB_PLATFORM_POSIX" "-DROCKSDB_LIB_IO_POSIX" "-DROCKSDB_SUPPORT_THREAD_LOCAL" "-o" "/opt/rustwide/target/debug/build/librocksdb-sys-3842c013e886284b/out/rocksdb/cache/cache.o" "-c" "rocksdb/cache/cache.cc"
[INFO] [stderr]   running: "c++" "-O0" "-ffunction-sections" "-fdata-sections" "-fPIC" "-gdwarf-4" "-fno-omit-frame-pointer" "-m64" "-I" "rocksdb/include/" "-I" "rocksdb/" "-I" "rocksdb/third-party/gtest-1.8.1/fused-src/" "-I" "snappy/" "-I" "." "-Wall" "-Wextra" "-std=c++11" "-Wno-unused-parameter" "-msse2" "-DSNAPPY=1" "-DNDEBUG=1" "-DOS_LINUX" "-DROCKSDB_PLATFORM_POSIX" "-DROCKSDB_LIB_IO_POSIX" "-DROCKSDB_SUPPORT_THREAD_LOCAL" "-o" "/opt/rustwide/target/debug/build/librocksdb-sys-3842c013e886284b/out/rocksdb/cache/lru_cache.o" "-c" "rocksdb/cache/lru_cache.cc"
[INFO] [stderr]   running: "c++" "-O0" "-ffunction-sections" "-fdata-sections" "-fPIC" "-gdwarf-4" "-fno-omit-frame-pointer" "-m64" "-I" "rocksdb/include/" "-I" "rocksdb/" "-I" "rocksdb/third-party/gtest-1.8.1/fused-src/" "-I" "snappy/" "-I" "." "-Wall" "-Wextra" "-std=c++11" "-Wno-unused-parameter" "-msse2" "-DSNAPPY=1" "-DNDEBUG=1" "-DOS_LINUX" "-DROCKSDB_PLATFORM_POSIX" "-DROCKSDB_LIB_IO_POSIX" "-DROCKSDB_SUPPORT_THREAD_LOCAL" "-o" "/opt/rustwide/target/debug/build/librocksdb-sys-3842c013e886284b/out/rocksdb/db/arena_wrapped_db_iter.o" "-c" "rocksdb/db/arena_wrapped_db_iter.cc"
[INFO] [stderr]   running: "c++" "-O0" "-ffunction-sections" "-fdata-sections" "-fPIC" "-gdwarf-4" "-fno-omit-frame-pointer" "-m64" "-I" "rocksdb/include/" "-I" "rocksdb/" "-I" "rocksdb/third-party/gtest-1.8.1/fused-src/" "-I" "snappy/" "-I" "." "-Wall" "-Wextra" "-std=c++11" "-Wno-unused-parameter" "-msse2" "-DSNAPPY=1" "-DNDEBUG=1" "-DOS_LINUX" "-DROCKSDB_PLATFORM_POSIX" "-DROCKSDB_LIB_IO_POSIX" "-DROCKSDB_SUPPORT_THREAD_LOCAL" "-o" "/opt/rustwide/target/debug/build/librocksdb-sys-3842c013e886284b/out/rocksdb/db/blob/blob_file_addition.o" "-c" "rocksdb/db/blob/blob_file_addition.cc"
[INFO] [stderr]   running: "c++" "-O0" "-ffunction-sections" "-fdata-sections" "-fPIC" "-gdwarf-4" "-fno-omit-frame-pointer" "-m64" "-I" "rocksdb/include/" "-I" "rocksdb/" "-I" "rocksdb/third-party/gtest-1.8.1/fused-src/" "-I" "snappy/" "-I" "." "-Wall" "-Wextra" "-std=c++11" "-Wno-unused-parameter" "-msse2" "-DSNAPPY=1" "-DNDEBUG=1" "-DOS_LINUX" "-DROCKSDB_PLATFORM_POSIX" "-DROCKSDB_LIB_IO_POSIX" "-DROCKSDB_SUPPORT_THREAD_LOCAL" "-o" "/opt/rustwide/target/debug/build/librocksdb-sys-3842c013e886284b/out/rocksdb/cache/clock_cache.o" "-c" "rocksdb/cache/clock_cache.cc"
[INFO] [stderr]   running: "c++" "-O0" "-ffunction-sections" "-fdata-sections" "-fPIC" "-gdwarf-4" "-fno-omit-frame-pointer" "-m64" "-I" "rocksdb/include/" "-I" "rocksdb/" "-I" "rocksdb/third-party/gtest-1.8.1/fused-src/" "-I" "snappy/" "-I" "." "-Wall" "-Wextra" "-std=c++11" "-Wno-unused-parameter" "-msse2" "-DSNAPPY=1" "-DNDEBUG=1" "-DOS_LINUX" "-DROCKSDB_PLATFORM_POSIX" "-DROCKSDB_LIB_IO_POSIX" "-DROCKSDB_SUPPORT_THREAD_LOCAL" "-o" "/opt/rustwide/target/debug/build/librocksdb-sys-3842c013e886284b/out/rocksdb/cache/sharded_cache.o" "-c" "rocksdb/cache/sharded_cache.cc"
[INFO] [stderr]   running: "c++" "-O0" "-ffunction-sections" "-fdata-sections" "-fPIC" "-gdwarf-4" "-fno-omit-frame-pointer" "-m64" "-I" "rocksdb/include/" "-I" "rocksdb/" "-I" "rocksdb/third-party/gtest-1.8.1/fused-src/" "-I" "snappy/" "-I" "." "-Wall" "-Wextra" "-std=c++11" "-Wno-unused-parameter" "-msse2" "-DSNAPPY=1" "-DNDEBUG=1" "-DOS_LINUX" "-DROCKSDB_PLATFORM_POSIX" "-DROCKSDB_LIB_IO_POSIX" "-DROCKSDB_SUPPORT_THREAD_LOCAL" "-o" "/opt/rustwide/target/debug/build/librocksdb-sys-3842c013e886284b/out/rocksdb/db/blob/blob_file_cache.o" "-c" "rocksdb/db/blob/blob_file_cache.cc"
[INFO] [stderr]   running: "c++" "-O0" "-ffunction-sections" "-fdata-sections" "-fPIC" "-gdwarf-4" "-fno-omit-frame-pointer" "-m64" "-I" "rocksdb/include/" "-I" "rocksdb/" "-I" "rocksdb/third-party/gtest-1.8.1/fused-src/" "-I" "snappy/" "-I" "." "-Wall" "-Wextra" "-std=c++11" "-Wno-unused-parameter" "-msse2" "-DSNAPPY=1" "-DNDEBUG=1" "-DOS_LINUX" "-DROCKSDB_PLATFORM_POSIX" "-DROCKSDB_LIB_IO_POSIX" "-DROCKSDB_SUPPORT_THREAD_LOCAL" "-o" "/opt/rustwide/target/debug/build/librocksdb-sys-3842c013e886284b/out/rocksdb/db/blob/blob_file_builder.o" "-c" "rocksdb/db/blob/blob_file_builder.cc"
[INFO] [stderr]   exit status: 0
[INFO] [stderr]   running: "c++" "-O0" "-ffunction-sections" "-fdata-sections" "-fPIC" "-gdwarf-4" "-fno-omit-frame-pointer" "-m64" "-I" "rocksdb/include/" "-I" "rocksdb/" "-I" "rocksdb/third-party/gtest-1.8.1/fused-src/" "-I" "snappy/" "-I" "." "-Wall" "-Wextra" "-std=c++11" "-Wno-unused-parameter" "-msse2" "-DSNAPPY=1" "-DNDEBUG=1" "-DOS_LINUX" "-DROCKSDB_PLATFORM_POSIX" "-DROCKSDB_LIB_IO_POSIX" "-DROCKSDB_SUPPORT_THREAD_LOCAL" "-o" "/opt/rustwide/target/debug/build/librocksdb-sys-3842c013e886284b/out/rocksdb/db/blob/blob_file_garbage.o" "-c" "rocksdb/db/blob/blob_file_garbage.cc"
[INFO] [stderr]   exit status: 0
[INFO] [stderr]   running: "c++" "-O0" "-ffunction-sections" "-fdata-sections" "-fPIC" "-gdwarf-4" "-fno-omit-frame-pointer" "-m64" "-I" "rocksdb/include/" "-I" "rocksdb/" "-I" "rocksdb/third-party/gtest-1.8.1/fused-src/" "-I" "snappy/" "-I" "." "-Wall" "-Wextra" "-std=c++11" "-Wno-unused-parameter" "-msse2" "-DSNAPPY=1" "-DNDEBUG=1" "-DOS_LINUX" "-DROCKSDB_PLATFORM_POSIX" "-DROCKSDB_LIB_IO_POSIX" "-DROCKSDB_SUPPORT_THREAD_LOCAL" "-o" "/opt/rustwide/target/debug/build/librocksdb-sys-3842c013e886284b/out/rocksdb/db/blob/blob_file_meta.o" "-c" "rocksdb/db/blob/blob_file_meta.cc"
[INFO] [stderr]   exit status: 0
[INFO] [stderr]   running: "c++" "-O0" "-ffunction-sections" "-fdata-sections" "-fPIC" "-gdwarf-4" "-fno-omit-frame-pointer" "-m64" "-I" "rocksdb/include/" "-I" "rocksdb/" "-I" "rocksdb/third-party/gtest-1.8.1/fused-src/" "-I" "snappy/" "-I" "." "-Wall" "-Wextra" "-std=c++11" "-Wno-unused-parameter" "-msse2" "-DSNAPPY=1" "-DNDEBUG=1" "-DOS_LINUX" "-DROCKSDB_PLATFORM_POSIX" "-DROCKSDB_LIB_IO_POSIX" "-DROCKSDB_SUPPORT_THREAD_LOCAL" "-o" "/opt/rustwide/target/debug/build/librocksdb-sys-3842c013e886284b/out/rocksdb/db/blob/blob_file_reader.o" "-c" "rocksdb/db/blob/blob_file_reader.cc"
[INFO] [stderr]   exit status: 0
[INFO] [stderr]   running: "c++" "-O0" "-ffunction-sections" "-fdata-sections" "-fPIC" "-gdwarf-4" "-fno-omit-frame-pointer" "-m64" "-I" "rocksdb/include/" "-I" "rocksdb/" "-I" "rocksdb/third-party/gtest-1.8.1/fused-src/" "-I" "snappy/" "-I" "." "-Wall" "-Wextra" "-std=c++11" "-Wno-unused-parameter" "-msse2" "-DSNAPPY=1" "-DNDEBUG=1" "-DOS_LINUX" "-DROCKSDB_PLATFORM_POSIX" "-DROCKSDB_LIB_IO_POSIX" "-DROCKSDB_SUPPORT_THREAD_LOCAL" "-o" "/opt/rustwide/target/debug/build/librocksdb-sys-3842c013e886284b/out/rocksdb/db/blob/blob_log_format.o" "-c" "rocksdb/db/blob/blob_log_format.cc"
[INFO] [stderr]   exit status: 0
[INFO] [stderr]   running: "c++" "-O0" "-ffunction-sections" "-fdata-sections" "-fPIC" "-gdwarf-4" "-fno-omit-frame-pointer" "-m64" "-I" "rocksdb/include/" "-I" "rocksdb/" "-I" "rocksdb/third-party/gtest-1.8.1/fused-src/" "-I" "snappy/" "-I" "." "-Wall" "-Wextra" "-std=c++11" "-Wno-unused-parameter" "-msse2" "-DSNAPPY=1" "-DNDEBUG=1" "-DOS_LINUX" "-DROCKSDB_PLATFORM_POSIX" "-DROCKSDB_LIB_IO_POSIX" "-DROCKSDB_SUPPORT_THREAD_LOCAL" "-o" "/opt/rustwide/target/debug/build/librocksdb-sys-3842c013e886284b/out/rocksdb/db/blob/blob_log_sequential_reader.o" "-c" "rocksdb/db/blob/blob_log_sequential_reader.cc"
[INFO] [stderr]   exit status: 0
[INFO] [stderr]   running: "c++" "-O0" "-ffunction-sections" "-fdata-sections" "-fPIC" "-gdwarf-4" "-fno-omit-frame-pointer" "-m64" "-I" "rocksdb/include/" "-I" "rocksdb/" "-I" "rocksdb/third-party/gtest-1.8.1/fused-src/" "-I" "snappy/" "-I" "." "-Wall" "-Wextra" "-std=c++11" "-Wno-unused-parameter" "-msse2" "-DSNAPPY=1" "-DNDEBUG=1" "-DOS_LINUX" "-DROCKSDB_PLATFORM_POSIX" "-DROCKSDB_LIB_IO_POSIX" "-DROCKSDB_SUPPORT_THREAD_LOCAL" "-o" "/opt/rustwide/target/debug/build/librocksdb-sys-3842c013e886284b/out/rocksdb/db/blob/blob_log_writer.o" "-c" "rocksdb/db/blob/blob_log_writer.cc"
[INFO] [stderr]   exit status: 0
[INFO] [stderr]   running: "c++" "-O0" "-ffunction-sections" "-fdata-sections" "-fPIC" "-gdwarf-4" "-fno-omit-frame-pointer" "-m64" "-I" "rocksdb/include/" "-I" "rocksdb/" "-I" "rocksdb/third-party/gtest-1.8.1/fused-src/" "-I" "snappy/" "-I" "." "-Wall" "-Wextra" "-std=c++11" "-Wno-unused-parameter" "-msse2" "-DSNAPPY=1" "-DNDEBUG=1" "-DOS_LINUX" "-DROCKSDB_PLATFORM_POSIX" "-DROCKSDB_LIB_IO_POSIX" "-DROCKSDB_SUPPORT_THREAD_LOCAL" "-o" "/opt/rustwide/target/debug/build/librocksdb-sys-3842c013e886284b/out/rocksdb/db/builder.o" "-c" "rocksdb/db/builder.cc"
[INFO] [stderr]   exit status: 0
[INFO] [stderr]   running: "c++" "-O0" "-ffunction-sections" "-fdata-sections" "-fPIC" "-gdwarf-4" "-fno-omit-frame-pointer" "-m64" "-I" "rocksdb/include/" "-I" "rocksdb/" "-I" "rocksdb/third-party/gtest-1.8.1/fused-src/" "-I" "snappy/" "-I" "." "-Wall" "-Wextra" "-std=c++11" "-Wno-unused-parameter" "-msse2" "-DSNAPPY=1" "-DNDEBUG=1" "-DOS_LINUX" "-DROCKSDB_PLATFORM_POSIX" "-DROCKSDB_LIB_IO_POSIX" "-DROCKSDB_SUPPORT_THREAD_LOCAL" "-o" "/opt/rustwide/target/debug/build/librocksdb-sys-3842c013e886284b/out/rocksdb/db/c.o" "-c" "rocksdb/db/c.cc"
[INFO] [stderr]   exit status: 0
[INFO] [stderr]   running: "c++" "-O0" "-ffunction-sections" "-fdata-sections" "-fPIC" "-gdwarf-4" "-fno-omit-frame-pointer" "-m64" "-I" "rocksdb/include/" "-I" "rocksdb/" "-I" "rocksdb/third-party/gtest-1.8.1/fused-src/" "-I" "snappy/" "-I" "." "-Wall" "-Wextra" "-std=c++11" "-Wno-unused-parameter" "-msse2" "-DSNAPPY=1" "-DNDEBUG=1" "-DOS_LINUX" "-DROCKSDB_PLATFORM_POSIX" "-DROCKSDB_LIB_IO_POSIX" "-DROCKSDB_SUPPORT_THREAD_LOCAL" "-o" "/opt/rustwide/target/debug/build/librocksdb-sys-3842c013e886284b/out/rocksdb/db/column_family.o" "-c" "rocksdb/db/column_family.cc"
[INFO] [stderr]   exit status: 0
[INFO] [stderr]   running: "c++" "-O0" "-ffunction-sections" "-fdata-sections" "-fPIC" "-gdwarf-4" "-fno-omit-frame-pointer" "-m64" "-I" "rocksdb/include/" "-I" "rocksdb/" "-I" "rocksdb/third-party/gtest-1.8.1/fused-src/" "-I" "snappy/" "-I" "." "-Wall" "-Wextra" "-std=c++11" "-Wno-unused-parameter" "-msse2" "-DSNAPPY=1" "-DNDEBUG=1" "-DOS_LINUX" "-DROCKSDB_PLATFORM_POSIX" "-DROCKSDB_LIB_IO_POSIX" "-DROCKSDB_SUPPORT_THREAD_LOCAL" "-o" "/opt/rustwide/target/debug/build/librocksdb-sys-3842c013e886284b/out/rocksdb/db/compaction/compaction.o" "-c" "rocksdb/db/compaction/compaction.cc"
[INFO] [stderr]   cargo:warning=c++: fatal error: Killed signal terminated program cc1plus
[INFO] [stderr]   cargo:warning=compilation terminated.
[INFO] [stderr]   exit status: 1
[INFO] [stderr]   running: "c++" "-O0" "-ffunction-sections" "-fdata-sections" "-fPIC" "-gdwarf-4" "-fno-omit-frame-pointer" "-m64" "-I" "rocksdb/include/" "-I" "rocksdb/" "-I" "rocksdb/third-party/gtest-1.8.1/fused-src/" "-I" "snappy/" "-I" "." "-Wall" "-Wextra" "-std=c++11" "-Wno-unused-parameter" "-msse2" "-DSNAPPY=1" "-DNDEBUG=1" "-DOS_LINUX" "-DROCKSDB_PLATFORM_POSIX" "-DROCKSDB_LIB_IO_POSIX" "-DROCKSDB_SUPPORT_THREAD_LOCAL" "-o" "/opt/rustwide/target/debug/build/librocksdb-sys-3842c013e886284b/out/rocksdb/db/compaction/compaction_iterator.o" "-c" "rocksdb/db/compaction/compaction_iterator.cc"
[INFO] [stderr]   exit status: 0
[INFO] [stderr]   cargo:warning=c++: fatal error: Killed signal terminated program cc1plus
[INFO] [stderr]   cargo:warning=compilation terminated.
[INFO] [stderr]   exit status: 1
[INFO] [stderr]   exit status: 0
[INFO] [stderr]   cargo:warning=c++: fatal error: Killed signal terminated program cc1plus
[INFO] [stderr]   cargo:warning=compilation terminated.
[INFO] [stderr]   exit status: 1
[INFO] [stderr]   exit status: 0
[INFO] [stderr]   exit status: 0
[INFO] [stderr]   exit status: 0
[INFO] [stderr]   exit status: 0
[INFO] [stderr] 
[INFO] [stderr]   --- stderr
[INFO] [stderr]   error: 'rustfmt' is not installed for the toolchain '1.75.0-x86_64-unknown-linux-gnu'
[INFO] [stderr]   To install, run `rustup component add rustfmt --toolchain 1.75.0-x86_64-unknown-linux-gnu`
[INFO] [stderr]   Failed to run rustfmt: Internal rustfmt error (non-fatal, continuing)
[INFO] [stderr] 
[INFO] [stderr] 
[INFO] [stderr]   error occurred: Command "c++" "-O0" "-ffunction-sections" "-fdata-sections" "-fPIC" "-gdwarf-4" "-fno-omit-frame-pointer" "-m64" "-I" "rocksdb/include/" "-I" "rocksdb/" "-I" "rocksdb/third-party/gtest-1.8.1/fused-src/" "-I" "snappy/" "-I" "." "-Wall" "-Wextra" "-std=c++11" "-Wno-unused-parameter" "-msse2" "-DSNAPPY=1" "-DNDEBUG=1" "-DOS_LINUX" "-DROCKSDB_PLATFORM_POSIX" "-DROCKSDB_LIB_IO_POSIX" "-DROCKSDB_SUPPORT_THREAD_LOCAL" "-o" "/opt/rustwide/target/debug/build/librocksdb-sys-3842c013e886284b/out/rocksdb/db/arena_wrapped_db_iter.o" "-c" "rocksdb/db/arena_wrapped_db_iter.cc" with args "c++" did not execute successfully (status code exit status: 1).
[INFO] [stderr] 
[INFO] [stderr] 
[INFO] running `Command { std: "docker" "inspect" "715f3289a8537fa00a215a6818b9bdc7a391a8f8cf52ef3c9ef217b012106ffd", kill_on_drop: false }`
[INFO] running `Command { std: "docker" "rm" "-f" "715f3289a8537fa00a215a6818b9bdc7a391a8f8cf52ef3c9ef217b012106ffd", kill_on_drop: false }`
[INFO] [stdout] 715f3289a8537fa00a215a6818b9bdc7a391a8f8cf52ef3c9ef217b012106ffd
