[INFO] fetching crate irelia 0.4.1...
[INFO] documenting irelia-0.4.1 against 1.75.0 for beta-1.76-rustdoc-1
[INFO] extracting crate irelia 0.4.1 into /workspace/builds/worker-0-tc1/source
[INFO] validating manifest of crates.io crate irelia 0.4.1 on toolchain 1.75.0
[INFO] running `Command { std: CARGO_HOME="/workspace/cargo-home" RUSTUP_HOME="/workspace/rustup-home" "/workspace/cargo-home/bin/cargo" "+1.75.0" "metadata" "--manifest-path" "Cargo.toml" "--no-deps", kill_on_drop: false }`
[INFO] started tweaking crates.io crate irelia 0.4.1
[INFO] finished tweaking crates.io crate irelia 0.4.1
[INFO] tweaked toml for crates.io crate irelia 0.4.1 written to /workspace/builds/worker-0-tc1/source/Cargo.toml
[INFO] running `Command { std: CARGO_HOME="/workspace/cargo-home" RUSTUP_HOME="/workspace/rustup-home" "/workspace/cargo-home/bin/cargo" "+1.75.0" "generate-lockfile" "--manifest-path" "Cargo.toml", kill_on_drop: false }`
[INFO] [stderr]     Updating crates.io index
[INFO] running `Command { std: CARGO_HOME="/workspace/cargo-home" RUSTUP_HOME="/workspace/rustup-home" "/workspace/cargo-home/bin/cargo" "+1.75.0" "fetch" "--manifest-path" "Cargo.toml", kill_on_drop: false }`
[INFO] [stderr]  Downloading crates ...
[INFO] [stderr]   Downloaded irelia_encoder v0.1.3
[INFO] [stderr]   Downloaded sysinfo v0.29.11
[INFO] running `Command { std: "docker" "create" "-v" "/var/lib/crater-agent-workspace/builds/worker-0-tc1/target:/opt/rustwide/target:rw,Z" "-v" "/var/lib/crater-agent-workspace/builds/worker-0-tc1/source:/opt/rustwide/workdir:ro,Z" "-v" "/var/lib/crater-agent-workspace/cargo-home:/opt/rustwide/cargo-home:ro,Z" "-v" "/var/lib/crater-agent-workspace/rustup-home:/opt/rustwide/rustup-home:ro,Z" "-e" "SOURCE_DIR=/opt/rustwide/workdir" "-e" "CARGO_TARGET_DIR=/opt/rustwide/target" "-e" "CARGO_HOME=/opt/rustwide/cargo-home" "-e" "RUSTUP_HOME=/opt/rustwide/rustup-home" "-w" "/opt/rustwide/workdir" "-m" "1610612736" "--user" "0:0" "--network" "none" "ghcr.io/rust-lang/crates-build-env/linux@sha256:2788e3201cd34a07e3172128adcd8b3090168a8e3bcc40d7c032b9dda1df7d1c" "/opt/rustwide/cargo-home/bin/cargo" "+1.75.0" "metadata" "--no-deps" "--format-version=1", kill_on_drop: false }`
[INFO] [stdout] b4e1e5313bf7d20516e672da9f036bdf27db8d6bef3a98a2ae5ac23e6172a2d8
[INFO] running `Command { std: "docker" "start" "-a" "b4e1e5313bf7d20516e672da9f036bdf27db8d6bef3a98a2ae5ac23e6172a2d8", kill_on_drop: false }`
[INFO] running `Command { std: "docker" "inspect" "b4e1e5313bf7d20516e672da9f036bdf27db8d6bef3a98a2ae5ac23e6172a2d8", kill_on_drop: false }`
[INFO] running `Command { std: "docker" "rm" "-f" "b4e1e5313bf7d20516e672da9f036bdf27db8d6bef3a98a2ae5ac23e6172a2d8", kill_on_drop: false }`
[INFO] [stdout] b4e1e5313bf7d20516e672da9f036bdf27db8d6bef3a98a2ae5ac23e6172a2d8
[INFO] running `Command { std: "docker" "create" "-v" "/var/lib/crater-agent-workspace/builds/worker-0-tc1/target:/opt/rustwide/target:rw,Z" "-v" "/var/lib/crater-agent-workspace/builds/worker-0-tc1/source:/opt/rustwide/workdir:ro,Z" "-v" "/var/lib/crater-agent-workspace/cargo-home:/opt/rustwide/cargo-home:ro,Z" "-v" "/var/lib/crater-agent-workspace/rustup-home:/opt/rustwide/rustup-home:ro,Z" "-e" "SOURCE_DIR=/opt/rustwide/workdir" "-e" "CARGO_TARGET_DIR=/opt/rustwide/target" "-e" "CARGO_INCREMENTAL=0" "-e" "RUST_BACKTRACE=full" "-e" "RUSTFLAGS=--cap-lints=warn" "-e" "RUSTDOCFLAGS=--cap-lints=warn" "-e" "CARGO_HOME=/opt/rustwide/cargo-home" "-e" "RUSTUP_HOME=/opt/rustwide/rustup-home" "-w" "/opt/rustwide/workdir" "-m" "1610612736" "--user" "0:0" "--network" "none" "ghcr.io/rust-lang/crates-build-env/linux@sha256:2788e3201cd34a07e3172128adcd8b3090168a8e3bcc40d7c032b9dda1df7d1c" "/opt/rustwide/cargo-home/bin/cargo" "+1.75.0" "doc" "--frozen" "--no-deps" "--document-private-items" "--message-format=json", kill_on_drop: false }`
[INFO] [stdout] 25e455eed16f52c76c599427f20ec456bfa5c8382d46617bfa9997b8d2195b2d
[INFO] running `Command { std: "docker" "start" "-a" "25e455eed16f52c76c599427f20ec456bfa5c8382d46617bfa9997b8d2195b2d", kill_on_drop: false }`
[INFO] [stderr]    Compiling libc v0.2.151
[INFO] [stderr]     Checking getrandom v0.2.11
[INFO] [stderr]    Compiling proc-macro2 v1.0.76
[INFO] [stderr]     Checking pin-project-lite v0.2.13
[INFO] [stderr]     Checking spin v0.9.8
[INFO] [stderr]     Checking untrusted v0.9.0
[INFO] [stderr]    Compiling slab v0.4.9
[INFO] [stderr]    Compiling rustls v0.21.10
[INFO] [stderr]    Compiling httparse v1.8.0
[INFO] [stderr]     Checking mio v0.8.10
[INFO] [stderr]     Checking socket2 v0.5.5
[INFO] [stderr]     Checking futures-core v0.3.30
[INFO] [stderr]     Checking rand_core v0.6.4
[INFO] [stderr]     Checking unicode-normalization v0.1.22
[INFO] [stderr]     Checking futures-sink v0.3.30
[INFO] [stderr]     Checking futures-task v0.3.30
[INFO] [stderr]    Compiling serde v1.0.195
[INFO] [stderr]     Checking tokio v1.35.1
[INFO] [stderr]     Checking rand_chacha v0.3.1
[INFO] [stderr]    Compiling quote v1.0.35
[INFO] [stderr]     Checking futures-util v0.3.30
[INFO] [stderr]    Compiling syn v2.0.48
[INFO] [stderr]    Compiling cc v1.0.83
[INFO] [stderr]    Compiling thiserror v1.0.56
[INFO] [stderr]     Checking idna v0.5.0
[INFO] [stderr]     Checking tracing-core v0.1.32
[INFO] [stderr]     Checking try-lock v0.2.5
[INFO] [stderr]     Checking base64 v0.21.5
[INFO] [stderr]     Checking sha1 v0.10.6
[INFO] [stderr]     Checking want v0.3.1
[INFO] [stderr]     Checking rustls-pemfile v1.0.4
[INFO] [stderr]     Checking tracing v0.1.40
[INFO] [stderr]     Checking rand v0.8.5
[INFO] [stderr]     Checking futures-channel v0.3.30
[INFO] [stderr]     Checking url v2.5.0
[INFO] [stderr]     Checking http-body v0.4.6
[INFO] [stderr]     Checking openssl-probe v0.1.5
[INFO] [stderr]     Checking data-encoding v2.5.0
[INFO] [stderr]     Checking utf-8 v0.7.6
[INFO] [stderr]     Checking httpdate v1.0.3
[INFO] [stderr]     Checking rustls-native-certs v0.6.3
[INFO] [stderr]     Checking sysinfo v0.29.11
[INFO] [stderr]     Checking irelia_encoder v0.1.3
[INFO] [stderr]    Compiling ring v0.17.7
[INFO] [stderr]    Compiling thiserror-impl v1.0.56
[INFO] [stderr]    Compiling serde_derive v1.0.195
[INFO] [stderr]     Checking hyper v0.14.28
[INFO] [stderr]     Checking erased-serde v0.3.31
[INFO] [stderr]     Checking serde_json v1.0.111
[INFO] [stderr]     Checking rustls-webpki v0.101.7
[INFO] [stderr]     Checking sct v0.7.1
[INFO] [stderr]     Checking tokio-rustls v0.24.1
[INFO] [stderr]     Checking tungstenite v0.20.1
[INFO] [stderr]     Checking hyper-rustls v0.24.2
[INFO] [stderr]     Checking tokio-tungstenite v0.20.1
[INFO] [stderr]  Documenting irelia v0.4.1 (/opt/rustwide/workdir)
[INFO] [stderr]     Finished dev [unoptimized + debuginfo] target(s) in 22.04s
[INFO] [stderr]    Generated /opt/rustwide/target/doc/irelia/index.html
[INFO] running `Command { std: "docker" "inspect" "25e455eed16f52c76c599427f20ec456bfa5c8382d46617bfa9997b8d2195b2d", kill_on_drop: false }`
[INFO] running `Command { std: "docker" "rm" "-f" "25e455eed16f52c76c599427f20ec456bfa5c8382d46617bfa9997b8d2195b2d", kill_on_drop: false }`
[INFO] [stdout] 25e455eed16f52c76c599427f20ec456bfa5c8382d46617bfa9997b8d2195b2d
[INFO] running `Command { std: "docker" "create" "-v" "/var/lib/crater-agent-workspace/builds/worker-0-tc1/target:/opt/rustwide/target:rw,Z" "-v" "/var/lib/crater-agent-workspace/builds/worker-0-tc1/source:/opt/rustwide/workdir:ro,Z" "-v" "/var/lib/crater-agent-workspace/cargo-home:/opt/rustwide/cargo-home:ro,Z" "-v" "/var/lib/crater-agent-workspace/rustup-home:/opt/rustwide/rustup-home:ro,Z" "-e" "SOURCE_DIR=/opt/rustwide/workdir" "-e" "CARGO_TARGET_DIR=/opt/rustwide/target" "-e" "CARGO_INCREMENTAL=0" "-e" "RUST_BACKTRACE=full" "-e" "RUSTFLAGS=--cap-lints=warn" "-e" "RUSTDOCFLAGS=--cap-lints=warn" "-e" "RUSTC_BOOTSTRAP=1" "-e" "DOCS_RS=1" "-e" "CARGO_HOME=/opt/rustwide/cargo-home" "-e" "RUSTUP_HOME=/opt/rustwide/rustup-home" "-w" "/opt/rustwide/workdir" "-m" "1610612736" "--user" "0:0" "--network" "none" "ghcr.io/rust-lang/crates-build-env/linux@sha256:2788e3201cd34a07e3172128adcd8b3090168a8e3bcc40d7c032b9dda1df7d1c" "/opt/rustwide/cargo-home/bin/cargo" "+1.75.0" "rustdoc" "--lib" "-Zrustdoc-map" "--all-features" "-Z" "unstable-options" "--config" "build.rustdocflags=[\"-Z\", \"unstable-options\", \"--document-private-items\"]" "--frozen" "--message-format=json", kill_on_drop: false }`
[INFO] [stdout] 25d85ee969d14e889601f377440ec35a2e4f57c31d4162e40dc74a975b177db3
[INFO] running `Command { std: "docker" "start" "-a" "25d85ee969d14e889601f377440ec35a2e4f57c31d4162e40dc74a975b177db3", kill_on_drop: false }`
[INFO] [stderr]    Compiling proc-macro2 v1.0.76
[INFO] [stderr]    Compiling thiserror v1.0.56
[INFO] [stderr]     Checking irelia_encoder v0.1.3
[INFO] [stdout] error[E0308]: mismatched types
[INFO] [stdout]    --> /opt/rustwide/cargo-home/registry/src/index.crates.io-6f17d22bba15001f/irelia_encoder-0.1.3/src/lib.rs:561:5
[INFO] [stdout]     |
[INFO] [stdout] 561 | /     unsafe {
[INFO] [stdout] 562 | |         #[cfg(target_feature = "ssse3")]
[INFO] [stdout] 563 | |         return transize(x86::_mm_shuffle_epi8, val, idxs);
[INFO] [stdout] 564 | |         #[cfg(target_feature = "simd128")]
[INFO] [stdout] ...   |
[INFO] [stdout] 571 | |         return transize(vqtbl1q_u8, val, idxs);
[INFO] [stdout] 572 | |     }
[INFO] [stdout]     | |_____^ expected `Simd<u8, N>`, found `()`
[INFO] [stdout]     |
[INFO] [stdout]     = note: expected struct `core::simd::Simd<u8, N>`
[INFO] [stdout]             found unit type `()`
[INFO] [stdout] 
[INFO] [stdout] 
[INFO] [stdout] error: aborting due to previous error
[INFO] [stdout] 
[INFO] [stdout] 
[INFO] [stdout] For more information about this error, try `rustc --explain E0308`.
[INFO] [stdout] 
[INFO] [stderr] error: could not compile `irelia_encoder` (lib) due to 2 previous errors
[INFO] [stderr] warning: build failed, waiting for other jobs to finish...
[INFO] running `Command { std: "docker" "inspect" "25d85ee969d14e889601f377440ec35a2e4f57c31d4162e40dc74a975b177db3", kill_on_drop: false }`
[INFO] running `Command { std: "docker" "rm" "-f" "25d85ee969d14e889601f377440ec35a2e4f57c31d4162e40dc74a975b177db3", kill_on_drop: false }`
[INFO] [stdout] 25d85ee969d14e889601f377440ec35a2e4f57c31d4162e40dc74a975b177db3
[INFO] documenting irelia-0.4.1 against beta-2023-12-22 for beta-1.76-rustdoc-1
[INFO] extracting crate irelia 0.4.1 into /workspace/builds/worker-0-tc2/source
[INFO] validating manifest of crates.io crate irelia 0.4.1 on toolchain beta-2023-12-22
[INFO] running `Command { std: CARGO_HOME="/workspace/cargo-home" RUSTUP_HOME="/workspace/rustup-home" "/workspace/cargo-home/bin/cargo" "+beta-2023-12-22" "metadata" "--manifest-path" "Cargo.toml" "--no-deps", kill_on_drop: false }`
[INFO] started tweaking crates.io crate irelia 0.4.1
[INFO] finished tweaking crates.io crate irelia 0.4.1
[INFO] tweaked toml for crates.io crate irelia 0.4.1 written to /workspace/builds/worker-0-tc2/source/Cargo.toml
[INFO] running `Command { std: CARGO_HOME="/workspace/cargo-home" RUSTUP_HOME="/workspace/rustup-home" "/workspace/cargo-home/bin/cargo" "+beta-2023-12-22" "generate-lockfile" "--manifest-path" "Cargo.toml", kill_on_drop: false }`
[INFO] [stderr]     Updating crates.io index
[INFO] running `Command { std: CARGO_HOME="/workspace/cargo-home" RUSTUP_HOME="/workspace/rustup-home" "/workspace/cargo-home/bin/cargo" "+beta-2023-12-22" "fetch" "--manifest-path" "Cargo.toml", kill_on_drop: false }`
[INFO] running `Command { std: "docker" "create" "-v" "/var/lib/crater-agent-workspace/builds/worker-0-tc2/target:/opt/rustwide/target:rw,Z" "-v" "/var/lib/crater-agent-workspace/builds/worker-0-tc2/source:/opt/rustwide/workdir:ro,Z" "-v" "/var/lib/crater-agent-workspace/cargo-home:/opt/rustwide/cargo-home:ro,Z" "-v" "/var/lib/crater-agent-workspace/rustup-home:/opt/rustwide/rustup-home:ro,Z" "-e" "SOURCE_DIR=/opt/rustwide/workdir" "-e" "CARGO_TARGET_DIR=/opt/rustwide/target" "-e" "CARGO_HOME=/opt/rustwide/cargo-home" "-e" "RUSTUP_HOME=/opt/rustwide/rustup-home" "-w" "/opt/rustwide/workdir" "-m" "1610612736" "--user" "0:0" "--network" "none" "ghcr.io/rust-lang/crates-build-env/linux@sha256:2788e3201cd34a07e3172128adcd8b3090168a8e3bcc40d7c032b9dda1df7d1c" "/opt/rustwide/cargo-home/bin/cargo" "+beta-2023-12-22" "metadata" "--no-deps" "--format-version=1", kill_on_drop: false }`
[INFO] [stdout] 49186cc8da677056da73906f72b21ef2efd34bd8173dd41bbc0e0036dcf7d995
[INFO] running `Command { std: "docker" "start" "-a" "49186cc8da677056da73906f72b21ef2efd34bd8173dd41bbc0e0036dcf7d995", kill_on_drop: false }`
[INFO] running `Command { std: "docker" "inspect" "49186cc8da677056da73906f72b21ef2efd34bd8173dd41bbc0e0036dcf7d995", kill_on_drop: false }`
[INFO] running `Command { std: "docker" "rm" "-f" "49186cc8da677056da73906f72b21ef2efd34bd8173dd41bbc0e0036dcf7d995", kill_on_drop: false }`
[INFO] [stdout] 49186cc8da677056da73906f72b21ef2efd34bd8173dd41bbc0e0036dcf7d995
[INFO] running `Command { std: "docker" "create" "-v" "/var/lib/crater-agent-workspace/builds/worker-0-tc2/target:/opt/rustwide/target:rw,Z" "-v" "/var/lib/crater-agent-workspace/builds/worker-0-tc2/source:/opt/rustwide/workdir:ro,Z" "-v" "/var/lib/crater-agent-workspace/cargo-home:/opt/rustwide/cargo-home:ro,Z" "-v" "/var/lib/crater-agent-workspace/rustup-home:/opt/rustwide/rustup-home:ro,Z" "-e" "SOURCE_DIR=/opt/rustwide/workdir" "-e" "CARGO_TARGET_DIR=/opt/rustwide/target" "-e" "CARGO_INCREMENTAL=0" "-e" "RUST_BACKTRACE=full" "-e" "RUSTFLAGS=--cap-lints=warn" "-e" "RUSTDOCFLAGS=--cap-lints=warn" "-e" "CARGO_HOME=/opt/rustwide/cargo-home" "-e" "RUSTUP_HOME=/opt/rustwide/rustup-home" "-w" "/opt/rustwide/workdir" "-m" "1610612736" "--user" "0:0" "--network" "none" "ghcr.io/rust-lang/crates-build-env/linux@sha256:2788e3201cd34a07e3172128adcd8b3090168a8e3bcc40d7c032b9dda1df7d1c" "/opt/rustwide/cargo-home/bin/cargo" "+beta-2023-12-22" "doc" "--frozen" "--no-deps" "--document-private-items" "--message-format=json", kill_on_drop: false }`
[INFO] [stdout] 968e35e1f7ed448bd581703224d072fd3fb118e5f59bf5f0ece4192308aee2f2
[INFO] running `Command { std: "docker" "start" "-a" "968e35e1f7ed448bd581703224d072fd3fb118e5f59bf5f0ece4192308aee2f2", kill_on_drop: false }`
[INFO] [stderr]     Checking untrusted v0.9.0
[INFO] [stderr]     Checking spin v0.9.8
[INFO] [stderr]    Compiling libc v0.2.151
[INFO] [stderr]    Compiling proc-macro2 v1.0.76
[INFO] [stderr]     Checking getrandom v0.2.11
[INFO] [stderr]     Checking pin-project-lite v0.2.13
[INFO] [stderr]    Compiling slab v0.4.9
[INFO] [stderr]    Compiling httparse v1.8.0
[INFO] [stderr]    Compiling rustls v0.21.10
[INFO] [stderr]     Checking socket2 v0.5.5
[INFO] [stderr]     Checking mio v0.8.10
[INFO] [stderr]     Checking futures-core v0.3.30
[INFO] [stderr]     Checking rand_core v0.6.4
[INFO] [stderr]     Checking unicode-normalization v0.1.22
[INFO] [stderr]     Checking futures-task v0.3.30
[INFO] [stderr]     Checking futures-sink v0.3.30
[INFO] [stderr]     Checking tokio v1.35.1
[INFO] [stderr]    Compiling quote v1.0.35
[INFO] [stderr]    Compiling serde v1.0.195
[INFO] [stderr]     Checking futures-util v0.3.30
[INFO] [stderr]    Compiling thiserror v1.0.56
[INFO] [stderr]    Compiling syn v2.0.48
[INFO] [stderr]     Checking rand_chacha v0.3.1
[INFO] [stderr]    Compiling cc v1.0.83
[INFO] [stderr]     Checking tracing-core v0.1.32
[INFO] [stderr]     Checking idna v0.5.0
[INFO] [stderr]     Checking base64 v0.21.5
[INFO] [stderr]     Checking try-lock v0.2.5
[INFO] [stderr]     Checking want v0.3.1
[INFO] [stderr]     Checking tracing v0.1.40
[INFO] [stderr]     Checking sha1 v0.10.6
[INFO] [stderr]     Checking rustls-pemfile v1.0.4
[INFO] [stderr]     Checking rand v0.8.5
[INFO] [stderr]     Checking futures-channel v0.3.30
[INFO] [stderr]     Checking url v2.5.0
[INFO] [stderr]     Checking http-body v0.4.6
[INFO] [stderr]     Checking httpdate v1.0.3
[INFO] [stderr]     Checking openssl-probe v0.1.5
[INFO] [stderr]     Checking utf-8 v0.7.6
[INFO] [stderr]     Checking data-encoding v2.5.0
[INFO] [stderr]     Checking rustls-native-certs v0.6.3
[INFO] [stderr]     Checking sysinfo v0.29.11
[INFO] [stderr]     Checking irelia_encoder v0.1.3
[INFO] [stderr]    Compiling ring v0.17.7
[INFO] [stderr]    Compiling thiserror-impl v1.0.56
[INFO] [stderr]    Compiling serde_derive v1.0.195
[INFO] [stderr]     Checking hyper v0.14.28
[INFO] [stderr]     Checking serde_json v1.0.111
[INFO] [stderr]     Checking erased-serde v0.3.31
[INFO] [stderr]     Checking rustls-webpki v0.101.7
[INFO] [stderr]     Checking sct v0.7.1
[INFO] [stderr]     Checking tokio-rustls v0.24.1
[INFO] [stderr]     Checking tungstenite v0.20.1
[INFO] [stderr]     Checking hyper-rustls v0.24.2
[INFO] [stderr]     Checking tokio-tungstenite v0.20.1
[INFO] [stderr]  Documenting irelia v0.4.1 (/opt/rustwide/workdir)
[INFO] [stderr]     Finished dev [unoptimized + debuginfo] target(s) in 7.42s
[INFO] [stderr]    Generated /opt/rustwide/target/doc/irelia/index.html
[INFO] running `Command { std: "docker" "inspect" "968e35e1f7ed448bd581703224d072fd3fb118e5f59bf5f0ece4192308aee2f2", kill_on_drop: false }`
[INFO] running `Command { std: "docker" "rm" "-f" "968e35e1f7ed448bd581703224d072fd3fb118e5f59bf5f0ece4192308aee2f2", kill_on_drop: false }`
[INFO] [stdout] 968e35e1f7ed448bd581703224d072fd3fb118e5f59bf5f0ece4192308aee2f2
[INFO] running `Command { std: "docker" "create" "-v" "/var/lib/crater-agent-workspace/builds/worker-0-tc2/target:/opt/rustwide/target:rw,Z" "-v" "/var/lib/crater-agent-workspace/builds/worker-0-tc2/source:/opt/rustwide/workdir:ro,Z" "-v" "/var/lib/crater-agent-workspace/cargo-home:/opt/rustwide/cargo-home:ro,Z" "-v" "/var/lib/crater-agent-workspace/rustup-home:/opt/rustwide/rustup-home:ro,Z" "-e" "SOURCE_DIR=/opt/rustwide/workdir" "-e" "CARGO_TARGET_DIR=/opt/rustwide/target" "-e" "CARGO_INCREMENTAL=0" "-e" "RUST_BACKTRACE=full" "-e" "RUSTFLAGS=--cap-lints=warn" "-e" "RUSTDOCFLAGS=--cap-lints=warn" "-e" "RUSTC_BOOTSTRAP=1" "-e" "DOCS_RS=1" "-e" "CARGO_HOME=/opt/rustwide/cargo-home" "-e" "RUSTUP_HOME=/opt/rustwide/rustup-home" "-w" "/opt/rustwide/workdir" "-m" "1610612736" "--user" "0:0" "--network" "none" "ghcr.io/rust-lang/crates-build-env/linux@sha256:2788e3201cd34a07e3172128adcd8b3090168a8e3bcc40d7c032b9dda1df7d1c" "/opt/rustwide/cargo-home/bin/cargo" "+beta-2023-12-22" "rustdoc" "--lib" "-Zrustdoc-map" "--all-features" "-Z" "unstable-options" "--config" "build.rustdocflags=[\"-Z\", \"unstable-options\", \"--document-private-items\"]" "--frozen" "--message-format=json", kill_on_drop: false }`
[INFO] [stdout] 1d5d634d84457d2bb9cbb2e7f3d4ac9bd91cfbbac7ca280ef495c329b71a542d
[INFO] running `Command { std: "docker" "start" "-a" "1d5d634d84457d2bb9cbb2e7f3d4ac9bd91cfbbac7ca280ef495c329b71a542d", kill_on_drop: false }`
[INFO] [stderr]    Compiling proc-macro2 v1.0.76
[INFO] [stderr]    Compiling thiserror v1.0.56
[INFO] [stderr]     Checking irelia_encoder v0.1.3
[INFO] [stdout] error[E0432]: unresolved import `core::simd::Which`
[INFO] [stdout]   --> /opt/rustwide/cargo-home/registry/src/index.crates.io-6f17d22bba15001f/irelia_encoder-0.1.3/src/lib.rs:17:12
[INFO] [stdout]    |
[INFO] [stdout] 17 |     simd::{Which::*, *},
[INFO] [stdout]    |            ^^^^^ could not find `Which` in `simd`
[INFO] [stdout] 
[INFO] [stdout] 
[INFO] [stdout] error[E0425]: cannot find function, tuple struct or tuple variant `First` in this scope
[INFO] [stdout]    --> /opt/rustwide/cargo-home/registry/src/index.crates.io-6f17d22bba15001f/irelia_encoder-0.1.3/src/lib.rs:193:29
[INFO] [stdout]     |
[INFO] [stdout] 193 | ...                   First(0),
[INFO] [stdout]     |                       ^^^^^ not found in this scope
[INFO] [stdout] 
[INFO] [stdout] 
[INFO] [stdout] error[E0425]: cannot find function, tuple struct or tuple variant `Second` in this scope
[INFO] [stdout]    --> /opt/rustwide/cargo-home/registry/src/index.crates.io-6f17d22bba15001f/irelia_encoder-0.1.3/src/lib.rs:194:29
[INFO] [stdout]     |
[INFO] [stdout] 194 | ...                   Second(1),
[INFO] [stdout]     |                       ^^^^^^ not found in this scope
[INFO] [stdout] 
[INFO] [stdout] 
[INFO] [stdout] error[E0425]: cannot find function, tuple struct or tuple variant `First` in this scope
[INFO] [stdout]    --> /opt/rustwide/cargo-home/registry/src/index.crates.io-6f17d22bba15001f/irelia_encoder-0.1.3/src/lib.rs:195:29
[INFO] [stdout]     |
[INFO] [stdout] 195 | ...                   First(2),
[INFO] [stdout]     |                       ^^^^^ not found in this scope
[INFO] [stdout] 
[INFO] [stdout] 
[INFO] [stdout] error[E0425]: cannot find function, tuple struct or tuple variant `Second` in this scope
[INFO] [stdout]    --> /opt/rustwide/cargo-home/registry/src/index.crates.io-6f17d22bba15001f/irelia_encoder-0.1.3/src/lib.rs:196:29
[INFO] [stdout]     |
[INFO] [stdout] 196 | ...                   Second(3),
[INFO] [stdout]     |                       ^^^^^^ not found in this scope
[INFO] [stdout] 
[INFO] [stdout] 
[INFO] [stdout] error[E0425]: cannot find function, tuple struct or tuple variant `First` in this scope
[INFO] [stdout]    --> /opt/rustwide/cargo-home/registry/src/index.crates.io-6f17d22bba15001f/irelia_encoder-0.1.3/src/lib.rs:197:29
[INFO] [stdout]     |
[INFO] [stdout] 197 | ...                   First(4),
[INFO] [stdout]     |                       ^^^^^ not found in this scope
[INFO] [stdout] 
[INFO] [stdout] 
[INFO] [stdout] error[E0425]: cannot find function, tuple struct or tuple variant `Second` in this scope
[INFO] [stdout]    --> /opt/rustwide/cargo-home/registry/src/index.crates.io-6f17d22bba15001f/irelia_encoder-0.1.3/src/lib.rs:198:29
[INFO] [stdout]     |
[INFO] [stdout] 198 | ...                   Second(5),
[INFO] [stdout]     |                       ^^^^^^ not found in this scope
[INFO] [stdout] 
[INFO] [stdout] 
[INFO] [stdout] error[E0425]: cannot find function, tuple struct or tuple variant `First` in this scope
[INFO] [stdout]    --> /opt/rustwide/cargo-home/registry/src/index.crates.io-6f17d22bba15001f/irelia_encoder-0.1.3/src/lib.rs:199:29
[INFO] [stdout]     |
[INFO] [stdout] 199 | ...                   First(6),
[INFO] [stdout]     |                       ^^^^^ not found in this scope
[INFO] [stdout] 
[INFO] [stdout] 
[INFO] [stdout] error[E0425]: cannot find function, tuple struct or tuple variant `Second` in this scope
[INFO] [stdout]    --> /opt/rustwide/cargo-home/registry/src/index.crates.io-6f17d22bba15001f/irelia_encoder-0.1.3/src/lib.rs:200:29
[INFO] [stdout]     |
[INFO] [stdout] 200 | ...                   Second(7),
[INFO] [stdout]     |                       ^^^^^^ not found in this scope
[INFO] [stdout] 
[INFO] [stdout] 
[INFO] [stdout] error: aborting due to 9 previous errors
[INFO] [stdout] 
[INFO] [stdout] 
[INFO] [stdout] Some errors have detailed explanations: E0425, E0432.
[INFO] [stdout] 
[INFO] [stdout] For more information about an error, try `rustc --explain E0425`.
[INFO] [stdout] 
[INFO] [stderr] error: could not compile `irelia_encoder` (lib) due to 10 previous errors
[INFO] [stderr] warning: build failed, waiting for other jobs to finish...
[INFO] running `Command { std: "docker" "inspect" "1d5d634d84457d2bb9cbb2e7f3d4ac9bd91cfbbac7ca280ef495c329b71a542d", kill_on_drop: false }`
[INFO] running `Command { std: "docker" "rm" "-f" "1d5d634d84457d2bb9cbb2e7f3d4ac9bd91cfbbac7ca280ef495c329b71a542d", kill_on_drop: false }`
[INFO] [stdout] 1d5d634d84457d2bb9cbb2e7f3d4ac9bd91cfbbac7ca280ef495c329b71a542d
