[INFO] fetching crate interledger-spsp 0.4.0...
[INFO] documenting interledger-spsp-0.4.0 against 1.75.0 for beta-1.76-rustdoc-1
[INFO] extracting crate interledger-spsp 0.4.0 into /workspace/builds/worker-5-tc1/source
[INFO] validating manifest of crates.io crate interledger-spsp 0.4.0 on toolchain 1.75.0
[INFO] running `Command { std: CARGO_HOME="/workspace/cargo-home" RUSTUP_HOME="/workspace/rustup-home" "/workspace/cargo-home/bin/cargo" "+1.75.0" "metadata" "--manifest-path" "Cargo.toml" "--no-deps", kill_on_drop: false }`
[INFO] started tweaking crates.io crate interledger-spsp 0.4.0
[INFO] finished tweaking crates.io crate interledger-spsp 0.4.0
[INFO] tweaked toml for crates.io crate interledger-spsp 0.4.0 written to /workspace/builds/worker-5-tc1/source/Cargo.toml
[INFO] running `Command { std: CARGO_HOME="/workspace/cargo-home" RUSTUP_HOME="/workspace/rustup-home" "/workspace/cargo-home/bin/cargo" "+1.75.0" "generate-lockfile" "--manifest-path" "Cargo.toml", kill_on_drop: false }`
[INFO] [stderr]     Updating crates.io index
[INFO] running `Command { std: CARGO_HOME="/workspace/cargo-home" RUSTUP_HOME="/workspace/rustup-home" "/workspace/cargo-home/bin/cargo" "+1.75.0" "fetch" "--manifest-path" "Cargo.toml", kill_on_drop: false }`
[INFO] running `Command { std: "docker" "create" "-v" "/var/lib/crater-agent-workspace/builds/worker-5-tc1/target:/opt/rustwide/target:rw,Z" "-v" "/var/lib/crater-agent-workspace/builds/worker-5-tc1/source:/opt/rustwide/workdir:ro,Z" "-v" "/var/lib/crater-agent-workspace/cargo-home:/opt/rustwide/cargo-home:ro,Z" "-v" "/var/lib/crater-agent-workspace/rustup-home:/opt/rustwide/rustup-home:ro,Z" "-e" "SOURCE_DIR=/opt/rustwide/workdir" "-e" "CARGO_TARGET_DIR=/opt/rustwide/target" "-e" "CARGO_HOME=/opt/rustwide/cargo-home" "-e" "RUSTUP_HOME=/opt/rustwide/rustup-home" "-w" "/opt/rustwide/workdir" "-m" "1610612736" "--user" "0:0" "--network" "none" "ghcr.io/rust-lang/crates-build-env/linux@sha256:2788e3201cd34a07e3172128adcd8b3090168a8e3bcc40d7c032b9dda1df7d1c" "/opt/rustwide/cargo-home/bin/cargo" "+1.75.0" "metadata" "--no-deps" "--format-version=1", kill_on_drop: false }`
[INFO] [stdout] 9e53df60a816e9393c56a9796bd0a5e6eb13a6db520d04485b792e07131c9c74
[INFO] running `Command { std: "docker" "start" "-a" "9e53df60a816e9393c56a9796bd0a5e6eb13a6db520d04485b792e07131c9c74", kill_on_drop: false }`
[INFO] running `Command { std: "docker" "inspect" "9e53df60a816e9393c56a9796bd0a5e6eb13a6db520d04485b792e07131c9c74", kill_on_drop: false }`
[INFO] running `Command { std: "docker" "rm" "-f" "9e53df60a816e9393c56a9796bd0a5e6eb13a6db520d04485b792e07131c9c74", kill_on_drop: false }`
[INFO] [stdout] 9e53df60a816e9393c56a9796bd0a5e6eb13a6db520d04485b792e07131c9c74
[INFO] running `Command { std: "docker" "create" "-v" "/var/lib/crater-agent-workspace/builds/worker-5-tc1/target:/opt/rustwide/target:rw,Z" "-v" "/var/lib/crater-agent-workspace/builds/worker-5-tc1/source:/opt/rustwide/workdir:ro,Z" "-v" "/var/lib/crater-agent-workspace/cargo-home:/opt/rustwide/cargo-home:ro,Z" "-v" "/var/lib/crater-agent-workspace/rustup-home:/opt/rustwide/rustup-home:ro,Z" "-e" "SOURCE_DIR=/opt/rustwide/workdir" "-e" "CARGO_TARGET_DIR=/opt/rustwide/target" "-e" "CARGO_INCREMENTAL=0" "-e" "RUST_BACKTRACE=full" "-e" "RUSTFLAGS=--cap-lints=warn" "-e" "RUSTDOCFLAGS=--cap-lints=warn" "-e" "CARGO_HOME=/opt/rustwide/cargo-home" "-e" "RUSTUP_HOME=/opt/rustwide/rustup-home" "-w" "/opt/rustwide/workdir" "-m" "1610612736" "--user" "0:0" "--network" "none" "ghcr.io/rust-lang/crates-build-env/linux@sha256:2788e3201cd34a07e3172128adcd8b3090168a8e3bcc40d7c032b9dda1df7d1c" "/opt/rustwide/cargo-home/bin/cargo" "+1.75.0" "doc" "--frozen" "--no-deps" "--document-private-items" "--message-format=json", kill_on_drop: false }`
[INFO] [stdout] ea2458fae3a285152fe7e6f7bf7374d0364ea5a6d9255134db06aeed584d6c05
[INFO] running `Command { std: "docker" "start" "-a" "ea2458fae3a285152fe7e6f7bf7374d0364ea5a6d9255134db06aeed584d6c05", kill_on_drop: false }`
[INFO] [stderr]    Compiling libc v0.2.151
[INFO] [stderr]     Checking futures v0.1.31
[INFO] [stderr]     Checking either v1.9.0
[INFO] [stderr]    Compiling proc-macro2 v1.0.76
[INFO] [stderr]    Compiling crossbeam-utils v0.7.2
[INFO] [stderr]    Compiling autocfg v0.1.8
[INFO] [stderr]     Checking unicode-bidi v0.3.14
[INFO] [stderr]     Checking unicode-normalization v0.1.22
[INFO] [stderr]    Compiling vcpkg v0.2.15
[INFO] [stderr]    Compiling parking_lot_core v0.6.3
[INFO] [stderr]     Checking smallvec v0.6.14
[INFO] [stderr]    Compiling parking_lot v0.9.0
[INFO] [stderr]     Checking lock_api v0.3.4
[INFO] [stderr]     Checking matches v0.1.10
[INFO] [stderr]    Compiling num-traits v0.2.17
[INFO] [stderr]     Checking itoa v0.4.8
[INFO] [stderr]     Checking gimli v0.28.1
[INFO] [stderr]    Compiling failure_derive v0.1.8
[INFO] [stderr]     Checking regex-syntax v0.8.2
[INFO] [stderr]     Checking memchr v2.7.1
[INFO] [stderr]    Compiling rand_pcg v0.1.2
[INFO] [stderr]    Compiling rand_chacha v0.1.1
[INFO] [stderr]    Compiling indexmap v1.9.3
[INFO] [stderr]     Checking rustc-demangle v0.1.23
[INFO] [stderr]     Checking foreign-types-shared v0.1.1
[INFO] [stderr]     Checking iana-time-zone v0.1.59
[INFO] [stderr]     Checking percent-encoding v1.0.1
[INFO] [stderr]    Compiling openssl v0.10.62
[INFO] [stderr]    Compiling quote v1.0.35
[INFO] [stderr]     Checking idna v0.1.5
[INFO] [stderr]     Checking idna v0.5.0
[INFO] [stderr]     Checking foreign-types v0.3.2
[INFO] [stderr]    Compiling rand v0.6.5
[INFO] [stderr]     Checking object v0.32.2
[INFO] [stderr]    Compiling hyper v0.12.36
[INFO] [stderr]    Compiling syn v2.0.48
[INFO] [stderr]     Checking crossbeam-epoch v0.8.2
[INFO] [stderr]     Checking crossbeam-queue v0.2.3
[INFO] [stderr]    Compiling syn v1.0.109
[INFO] [stderr]     Checking base64 v0.10.1
[INFO] [stderr]     Checking hex v0.4.3
[INFO] [stderr]    Compiling native-tls v0.2.11
[INFO] [stderr]     Checking crossbeam-deque v0.7.4
[INFO] [stderr]     Checking quick-error v1.2.3
[INFO] [stderr]     Checking url v2.5.0
[INFO] [stderr]     Checking url v1.7.2
[INFO] [stderr]     Checking tokio-executor v0.1.10
[INFO] [stderr]     Checking tokio-sync v0.1.8
[INFO] [stderr]     Checking want v0.2.0
[INFO] [stderr]     Checking idna v0.2.3
[INFO] [stderr]     Checking rand_xorshift v0.1.1
[INFO] [stderr]     Checking regex-automata v0.4.3
[INFO] [stderr]     Checking rand_isaac v0.1.1
[INFO] [stderr]     Checking tokio-timer v0.2.13
[INFO] [stderr]     Checking tokio-current-thread v0.1.7
[INFO] [stderr]     Checking rand_hc v0.1.0
[INFO] [stderr]     Checking chrono v0.4.31
[INFO] [stderr]     Checking rand_jitter v0.1.4
[INFO] [stderr]     Checking try_from v0.3.2
[INFO] [stderr]     Checking dtoa v0.4.8
[INFO] [stderr]     Checking flate2 v1.0.28
[INFO] [stderr]     Checking publicsuffix v1.5.6
[INFO] [stderr]     Checking iovec v0.1.4
[INFO] [stderr]     Checking num_cpus v1.16.0
[INFO] [stderr]     Checking net2 v0.2.39
[INFO] [stderr]     Checking time v0.1.45
[INFO] [stderr]     Checking rand_os v0.1.3
[INFO] [stderr]     Checking tokio-threadpool v0.1.18
[INFO] [stderr]     Checking futures-cpupool v0.1.8
[INFO] [stderr]    Compiling cc v1.0.83
[INFO] [stderr]     Checking mio v0.6.23
[INFO] [stderr]     Checking cookie v0.12.0
[INFO] [stderr]     Checking addr2line v0.21.0
[INFO] [stderr]     Checking regex v1.10.2
[INFO] [stderr]     Checking uuid v0.7.4
[INFO] [stderr]    Compiling openssl-sys v0.9.98
[INFO] [stderr]    Compiling backtrace v0.3.69
[INFO] [stderr]    Compiling ring v0.16.20
[INFO] [stderr]    Compiling synstructure v0.12.6
[INFO] [stderr]     Checking failure v0.1.8
[INFO] [stderr]    Compiling serde_derive v1.0.195
[INFO] [stderr]    Compiling openssl-macros v0.1.1
[INFO] [stderr]     Checking serde v1.0.195
[INFO] [stderr]     Checking bytes v0.4.12
[INFO] [stderr]     Checking serde_json v1.0.111
[INFO] [stderr]     Checking serde_urlencoded v0.5.5
[INFO] [stderr]     Checking tokio-io v0.1.13
[INFO] [stderr]     Checking http v0.1.21
[INFO] [stderr]     Checking tokio-buf v0.1.1
[INFO] [stderr]     Checking string v0.2.1
[INFO] [stderr]     Checking interledger-packet v0.4.0
[INFO] [stdout] error[E0425]: cannot find function `encode` in crate `hex`
[INFO] [stdout]    --> /opt/rustwide/cargo-home/registry/src/index.crates.io-6f17d22bba15001f/interledger-packet-0.4.0/src/packet.rs:252:23
[INFO] [stdout]     |
[INFO] [stdout] 252 |                 &hex::encode(self.execution_condition()),
[INFO] [stdout]     |                       ^^^^^^ not found in `hex`
[INFO] [stdout]     |
[INFO] [stdout] note: found an item that was configured out
[INFO] [stdout]    --> /opt/rustwide/cargo-home/registry/src/index.crates.io-6f17d22bba15001f/hex-0.4.3/src/lib.rs:259:8
[INFO] [stdout]     |
[INFO] [stdout] 259 | pub fn encode<T: AsRef<[u8]>>(data: T) -> String {
[INFO] [stdout]     |        ^^^^^^
[INFO] [stdout]     = note: the item is gated behind the `alloc` feature
[INFO] [stdout] 
[INFO] [stdout] 
[INFO] [stdout] error[E0425]: cannot find function `encode` in crate `hex`
[INFO] [stdout]    --> /opt/rustwide/cargo-home/registry/src/index.crates.io-6f17d22bba15001f/interledger-packet-0.4.0/src/packet.rs:366:41
[INFO] [stdout]     |
[INFO] [stdout] 366 |             .field("fulfillment", &hex::encode(self.fulfillment()))
[INFO] [stdout]     |                                         ^^^^^^ not found in `hex`
[INFO] [stdout]     |
[INFO] [stdout] note: found an item that was configured out
[INFO] [stdout]    --> /opt/rustwide/cargo-home/registry/src/index.crates.io-6f17d22bba15001f/hex-0.4.3/src/lib.rs:259:8
[INFO] [stdout]     |
[INFO] [stdout] 259 | pub fn encode<T: AsRef<[u8]>>(data: T) -> String {
[INFO] [stdout]     |        ^^^^^^
[INFO] [stdout]     = note: the item is gated behind the `alloc` feature
[INFO] [stdout] 
[INFO] [stdout] 
[INFO] [stdout] error: aborting due to 2 previous errors
[INFO] [stdout] 
[INFO] [stdout] 
[INFO] [stdout] For more information about this error, try `rustc --explain E0425`.
[INFO] [stdout] 
[INFO] [stderr] error: could not compile `interledger-packet` (lib) due to 3 previous errors
[INFO] [stderr] warning: build failed, waiting for other jobs to finish...
[INFO] running `Command { std: "docker" "inspect" "ea2458fae3a285152fe7e6f7bf7374d0364ea5a6d9255134db06aeed584d6c05", kill_on_drop: false }`
[INFO] running `Command { std: "docker" "rm" "-f" "ea2458fae3a285152fe7e6f7bf7374d0364ea5a6d9255134db06aeed584d6c05", kill_on_drop: false }`
[INFO] [stdout] ea2458fae3a285152fe7e6f7bf7374d0364ea5a6d9255134db06aeed584d6c05
[INFO] documenting interledger-spsp-0.4.0 against beta-2023-12-22 for beta-1.76-rustdoc-1
[INFO] extracting crate interledger-spsp 0.4.0 into /workspace/builds/worker-5-tc2/source
[INFO] validating manifest of crates.io crate interledger-spsp 0.4.0 on toolchain beta-2023-12-22
[INFO] running `Command { std: CARGO_HOME="/workspace/cargo-home" RUSTUP_HOME="/workspace/rustup-home" "/workspace/cargo-home/bin/cargo" "+beta-2023-12-22" "metadata" "--manifest-path" "Cargo.toml" "--no-deps", kill_on_drop: false }`
[INFO] started tweaking crates.io crate interledger-spsp 0.4.0
[INFO] finished tweaking crates.io crate interledger-spsp 0.4.0
[INFO] tweaked toml for crates.io crate interledger-spsp 0.4.0 written to /workspace/builds/worker-5-tc2/source/Cargo.toml
[INFO] running `Command { std: CARGO_HOME="/workspace/cargo-home" RUSTUP_HOME="/workspace/rustup-home" "/workspace/cargo-home/bin/cargo" "+beta-2023-12-22" "generate-lockfile" "--manifest-path" "Cargo.toml", kill_on_drop: false }`
[INFO] [stderr]     Updating crates.io index
[INFO] running `Command { std: CARGO_HOME="/workspace/cargo-home" RUSTUP_HOME="/workspace/rustup-home" "/workspace/cargo-home/bin/cargo" "+beta-2023-12-22" "fetch" "--manifest-path" "Cargo.toml", kill_on_drop: false }`
[INFO] running `Command { std: "docker" "create" "-v" "/var/lib/crater-agent-workspace/builds/worker-5-tc2/target:/opt/rustwide/target:rw,Z" "-v" "/var/lib/crater-agent-workspace/builds/worker-5-tc2/source:/opt/rustwide/workdir:ro,Z" "-v" "/var/lib/crater-agent-workspace/cargo-home:/opt/rustwide/cargo-home:ro,Z" "-v" "/var/lib/crater-agent-workspace/rustup-home:/opt/rustwide/rustup-home:ro,Z" "-e" "SOURCE_DIR=/opt/rustwide/workdir" "-e" "CARGO_TARGET_DIR=/opt/rustwide/target" "-e" "CARGO_HOME=/opt/rustwide/cargo-home" "-e" "RUSTUP_HOME=/opt/rustwide/rustup-home" "-w" "/opt/rustwide/workdir" "-m" "1610612736" "--user" "0:0" "--network" "none" "ghcr.io/rust-lang/crates-build-env/linux@sha256:2788e3201cd34a07e3172128adcd8b3090168a8e3bcc40d7c032b9dda1df7d1c" "/opt/rustwide/cargo-home/bin/cargo" "+beta-2023-12-22" "metadata" "--no-deps" "--format-version=1", kill_on_drop: false }`
[INFO] [stdout] 71b5a38201ef984b3c1ed9774f214795abf12fe9cdceee2f3995e0557f63541f
[INFO] running `Command { std: "docker" "start" "-a" "71b5a38201ef984b3c1ed9774f214795abf12fe9cdceee2f3995e0557f63541f", kill_on_drop: false }`
[INFO] running `Command { std: "docker" "inspect" "71b5a38201ef984b3c1ed9774f214795abf12fe9cdceee2f3995e0557f63541f", kill_on_drop: false }`
[INFO] running `Command { std: "docker" "rm" "-f" "71b5a38201ef984b3c1ed9774f214795abf12fe9cdceee2f3995e0557f63541f", kill_on_drop: false }`
[INFO] [stdout] 71b5a38201ef984b3c1ed9774f214795abf12fe9cdceee2f3995e0557f63541f
[INFO] running `Command { std: "docker" "create" "-v" "/var/lib/crater-agent-workspace/builds/worker-5-tc2/target:/opt/rustwide/target:rw,Z" "-v" "/var/lib/crater-agent-workspace/builds/worker-5-tc2/source:/opt/rustwide/workdir:ro,Z" "-v" "/var/lib/crater-agent-workspace/cargo-home:/opt/rustwide/cargo-home:ro,Z" "-v" "/var/lib/crater-agent-workspace/rustup-home:/opt/rustwide/rustup-home:ro,Z" "-e" "SOURCE_DIR=/opt/rustwide/workdir" "-e" "CARGO_TARGET_DIR=/opt/rustwide/target" "-e" "CARGO_INCREMENTAL=0" "-e" "RUST_BACKTRACE=full" "-e" "RUSTFLAGS=--cap-lints=warn" "-e" "RUSTDOCFLAGS=--cap-lints=warn" "-e" "CARGO_HOME=/opt/rustwide/cargo-home" "-e" "RUSTUP_HOME=/opt/rustwide/rustup-home" "-w" "/opt/rustwide/workdir" "-m" "1610612736" "--user" "0:0" "--network" "none" "ghcr.io/rust-lang/crates-build-env/linux@sha256:2788e3201cd34a07e3172128adcd8b3090168a8e3bcc40d7c032b9dda1df7d1c" "/opt/rustwide/cargo-home/bin/cargo" "+beta-2023-12-22" "doc" "--frozen" "--no-deps" "--document-private-items" "--message-format=json", kill_on_drop: false }`
[INFO] [stdout] 32956d80a7fd4b7c065c26c3b5bbc3426b05d8ebbaaeee69c936dd006f651963
[INFO] running `Command { std: "docker" "start" "-a" "32956d80a7fd4b7c065c26c3b5bbc3426b05d8ebbaaeee69c936dd006f651963", kill_on_drop: false }`
[INFO] [stderr]    Compiling libc v0.2.151
[INFO] [stderr]     Checking futures v0.1.31
[INFO] [stderr]     Checking either v1.9.0
[INFO] [stderr]    Compiling crossbeam-utils v0.7.2
[INFO] [stderr]    Compiling proc-macro2 v1.0.76
[INFO] [stderr]    Compiling autocfg v0.1.8
[INFO] [stderr]     Checking unicode-normalization v0.1.22
[INFO] [stderr]     Checking unicode-bidi v0.3.14
[INFO] [stderr]    Compiling vcpkg v0.2.15
[INFO] [stderr]    Compiling parking_lot_core v0.6.3
[INFO] [stderr]     Checking smallvec v0.6.14
[INFO] [stderr]     Checking lock_api v0.3.4
[INFO] [stderr]    Compiling parking_lot v0.9.0
[INFO] [stderr]     Checking matches v0.1.10
[INFO] [stderr]    Compiling num-traits v0.2.17
[INFO] [stderr]     Checking itoa v0.4.8
[INFO] [stderr]     Checking gimli v0.28.1
[INFO] [stderr]    Compiling failure_derive v0.1.8
[INFO] [stderr]     Checking regex-syntax v0.8.2
[INFO] [stderr]     Checking memchr v2.7.1
[INFO] [stderr]    Compiling indexmap v1.9.3
[INFO] [stderr]    Compiling rand_pcg v0.1.2
[INFO] [stderr]    Compiling rand_chacha v0.1.1
[INFO] [stderr]     Checking percent-encoding v1.0.1
[INFO] [stderr]     Checking iana-time-zone v0.1.59
[INFO] [stderr]     Checking rustc-demangle v0.1.23
[INFO] [stderr]    Compiling openssl v0.10.62
[INFO] [stderr]     Checking foreign-types-shared v0.1.1
[INFO] [stderr]     Checking foreign-types v0.3.2
[INFO] [stderr]    Compiling rand v0.6.5
[INFO] [stderr]    Compiling quote v1.0.35
[INFO] [stderr]     Checking idna v0.1.5
[INFO] [stderr]     Checking idna v0.5.0
[INFO] [stderr]     Checking object v0.32.2
[INFO] [stderr]    Compiling hyper v0.12.36
[INFO] [stderr]     Checking base64 v0.10.1
[INFO] [stderr]     Checking crossbeam-epoch v0.8.2
[INFO] [stderr]    Compiling syn v2.0.48
[INFO] [stderr]    Compiling syn v1.0.109
[INFO] [stderr]     Checking crossbeam-queue v0.2.3
[INFO] [stderr]     Checking quick-error v1.2.3
[INFO] [stderr]     Checking hex v0.4.3
[INFO] [stderr]     Checking crossbeam-deque v0.7.4
[INFO] [stderr]    Compiling native-tls v0.2.11
[INFO] [stderr]     Checking url v1.7.2
[INFO] [stderr]     Checking idna v0.2.3
[INFO] [stderr]     Checking tokio-executor v0.1.10
[INFO] [stderr]     Checking tokio-sync v0.1.8
[INFO] [stderr]     Checking url v2.5.0
[INFO] [stderr]     Checking want v0.2.0
[INFO] [stderr]     Checking rand_xorshift v0.1.1
[INFO] [stderr]     Checking rand_hc v0.1.0
[INFO] [stderr]     Checking tokio-current-thread v0.1.7
[INFO] [stderr]     Checking tokio-timer v0.2.13
[INFO] [stderr]     Checking rand_isaac v0.1.1
[INFO] [stderr]     Checking rand_jitter v0.1.4
[INFO] [stderr]     Checking regex-automata v0.4.3
[INFO] [stderr]     Checking chrono v0.4.31
[INFO] [stderr]     Checking try_from v0.3.2
[INFO] [stderr]     Checking dtoa v0.4.8
[INFO] [stderr]     Checking flate2 v1.0.28
[INFO] [stderr]     Checking publicsuffix v1.5.6
[INFO] [stderr]    Compiling cc v1.0.83
[INFO] [stderr]     Checking iovec v0.1.4
[INFO] [stderr]     Checking num_cpus v1.16.0
[INFO] [stderr]     Checking net2 v0.2.39
[INFO] [stderr]     Checking time v0.1.45
[INFO] [stderr]     Checking rand_os v0.1.3
[INFO] [stderr]     Checking tokio-threadpool v0.1.18
[INFO] [stderr]     Checking futures-cpupool v0.1.8
[INFO] [stderr]     Checking mio v0.6.23
[INFO] [stderr]     Checking cookie v0.12.0
[INFO] [stderr]     Checking addr2line v0.21.0
[INFO] [stderr]    Compiling openssl-sys v0.9.98
[INFO] [stderr]    Compiling backtrace v0.3.69
[INFO] [stderr]    Compiling ring v0.16.20
[INFO] [stderr]    Compiling synstructure v0.12.6
[INFO] [stderr]     Checking uuid v0.7.4
[INFO] [stderr]     Checking regex v1.10.2
[INFO] [stderr]     Checking failure v0.1.8
[INFO] [stderr]    Compiling serde_derive v1.0.195
[INFO] [stderr]    Compiling openssl-macros v0.1.1
[INFO] [stderr]     Checking serde v1.0.195
[INFO] [stderr]     Checking bytes v0.4.12
[INFO] [stderr]     Checking serde_json v1.0.111
[INFO] [stderr]     Checking serde_urlencoded v0.5.5
[INFO] [stderr]     Checking tokio-io v0.1.13
[INFO] [stderr]     Checking http v0.1.21
[INFO] [stderr]     Checking string v0.2.1
[INFO] [stderr]     Checking tokio-buf v0.1.1
[INFO] [stderr]     Checking interledger-packet v0.4.0
[INFO] [stdout] error[E0425]: cannot find function `encode` in crate `hex`
[INFO] [stdout]    --> /opt/rustwide/cargo-home/registry/src/index.crates.io-6f17d22bba15001f/interledger-packet-0.4.0/src/packet.rs:252:23
[INFO] [stdout]     |
[INFO] [stdout] 252 |                 &hex::encode(self.execution_condition()),
[INFO] [stdout]     |                       ^^^^^^ not found in `hex`
[INFO] [stdout]     |
[INFO] [stdout] note: found an item that was configured out
[INFO] [stdout]    --> /opt/rustwide/cargo-home/registry/src/index.crates.io-6f17d22bba15001f/hex-0.4.3/src/lib.rs:259:8
[INFO] [stdout]     |
[INFO] [stdout] 259 | pub fn encode<T: AsRef<[u8]>>(data: T) -> String {
[INFO] [stdout]     |        ^^^^^^
[INFO] [stdout]     = note: the item is gated behind the `alloc` feature
[INFO] [stdout] 
[INFO] [stdout] 
[INFO] [stdout] error[E0425]: cannot find function `encode` in crate `hex`
[INFO] [stdout]    --> /opt/rustwide/cargo-home/registry/src/index.crates.io-6f17d22bba15001f/interledger-packet-0.4.0/src/packet.rs:366:41
[INFO] [stdout]     |
[INFO] [stdout] 366 |             .field("fulfillment", &hex::encode(self.fulfillment()))
[INFO] [stdout]     |                                         ^^^^^^ not found in `hex`
[INFO] [stdout]     |
[INFO] [stdout] note: found an item that was configured out
[INFO] [stdout]    --> /opt/rustwide/cargo-home/registry/src/index.crates.io-6f17d22bba15001f/hex-0.4.3/src/lib.rs:259:8
[INFO] [stdout]     |
[INFO] [stdout] 259 | pub fn encode<T: AsRef<[u8]>>(data: T) -> String {
[INFO] [stdout]     |        ^^^^^^
[INFO] [stdout]     = note: the item is gated behind the `alloc` feature
[INFO] [stdout] 
[INFO] [stdout] 
[INFO] [stdout] error: aborting due to 2 previous errors
[INFO] [stdout] 
[INFO] [stdout] 
[INFO] [stdout] For more information about this error, try `rustc --explain E0425`.
[INFO] [stdout] 
[INFO] [stderr] error: could not compile `interledger-packet` (lib) due to 3 previous errors
[INFO] [stderr] warning: build failed, waiting for other jobs to finish...
[INFO] running `Command { std: "docker" "inspect" "32956d80a7fd4b7c065c26c3b5bbc3426b05d8ebbaaeee69c936dd006f651963", kill_on_drop: false }`
[INFO] running `Command { std: "docker" "rm" "-f" "32956d80a7fd4b7c065c26c3b5bbc3426b05d8ebbaaeee69c936dd006f651963", kill_on_drop: false }`
[INFO] [stdout] 32956d80a7fd4b7c065c26c3b5bbc3426b05d8ebbaaeee69c936dd006f651963
