[INFO] fetching crate intel-seapi-sys 0.2.0...
[INFO] documenting intel-seapi-sys-0.2.0 against 1.75.0 for beta-1.76-rustdoc-1
[INFO] extracting crate intel-seapi-sys 0.2.0 into /workspace/builds/worker-1-tc1/source
[INFO] validating manifest of crates.io crate intel-seapi-sys 0.2.0 on toolchain 1.75.0
[INFO] running `Command { std: CARGO_HOME="/workspace/cargo-home" RUSTUP_HOME="/workspace/rustup-home" "/workspace/cargo-home/bin/cargo" "+1.75.0" "metadata" "--manifest-path" "Cargo.toml" "--no-deps", kill_on_drop: false }`
[INFO] started tweaking crates.io crate intel-seapi-sys 0.2.0
[INFO] finished tweaking crates.io crate intel-seapi-sys 0.2.0
[INFO] tweaked toml for crates.io crate intel-seapi-sys 0.2.0 written to /workspace/builds/worker-1-tc1/source/Cargo.toml
[INFO] running `Command { std: CARGO_HOME="/workspace/cargo-home" RUSTUP_HOME="/workspace/rustup-home" "/workspace/cargo-home/bin/cargo" "+1.75.0" "generate-lockfile" "--manifest-path" "Cargo.toml", kill_on_drop: false }`
[INFO] [stderr]     Updating crates.io index
[INFO] running `Command { std: CARGO_HOME="/workspace/cargo-home" RUSTUP_HOME="/workspace/rustup-home" "/workspace/cargo-home/bin/cargo" "+1.75.0" "fetch" "--manifest-path" "Cargo.toml", kill_on_drop: false }`
[INFO] [stderr]  Downloading crates ...
[INFO] [stderr]   Downloaded bindgen v0.43.2
[INFO] running `Command { std: "docker" "create" "-v" "/var/lib/crater-agent-workspace/builds/worker-1-tc1/target:/opt/rustwide/target:rw,Z" "-v" "/var/lib/crater-agent-workspace/builds/worker-1-tc1/source:/opt/rustwide/workdir:ro,Z" "-v" "/var/lib/crater-agent-workspace/cargo-home:/opt/rustwide/cargo-home:ro,Z" "-v" "/var/lib/crater-agent-workspace/rustup-home:/opt/rustwide/rustup-home:ro,Z" "-e" "SOURCE_DIR=/opt/rustwide/workdir" "-e" "CARGO_TARGET_DIR=/opt/rustwide/target" "-e" "CARGO_HOME=/opt/rustwide/cargo-home" "-e" "RUSTUP_HOME=/opt/rustwide/rustup-home" "-w" "/opt/rustwide/workdir" "-m" "1610612736" "--user" "0:0" "--network" "none" "ghcr.io/rust-lang/crates-build-env/linux@sha256:2788e3201cd34a07e3172128adcd8b3090168a8e3bcc40d7c032b9dda1df7d1c" "/opt/rustwide/cargo-home/bin/cargo" "+1.75.0" "metadata" "--no-deps" "--format-version=1", kill_on_drop: false }`
[INFO] [stdout] b1566acc7edbabdf188cb4879cd3aedd259ab80dee5d6946ab11d4e6a491d7fd
[INFO] running `Command { std: "docker" "start" "-a" "b1566acc7edbabdf188cb4879cd3aedd259ab80dee5d6946ab11d4e6a491d7fd", kill_on_drop: false }`
[INFO] running `Command { std: "docker" "inspect" "b1566acc7edbabdf188cb4879cd3aedd259ab80dee5d6946ab11d4e6a491d7fd", kill_on_drop: false }`
[INFO] running `Command { std: "docker" "rm" "-f" "b1566acc7edbabdf188cb4879cd3aedd259ab80dee5d6946ab11d4e6a491d7fd", kill_on_drop: false }`
[INFO] [stdout] b1566acc7edbabdf188cb4879cd3aedd259ab80dee5d6946ab11d4e6a491d7fd
[INFO] running `Command { std: "docker" "create" "-v" "/var/lib/crater-agent-workspace/builds/worker-1-tc1/target:/opt/rustwide/target:rw,Z" "-v" "/var/lib/crater-agent-workspace/builds/worker-1-tc1/source:/opt/rustwide/workdir:ro,Z" "-v" "/var/lib/crater-agent-workspace/cargo-home:/opt/rustwide/cargo-home:ro,Z" "-v" "/var/lib/crater-agent-workspace/rustup-home:/opt/rustwide/rustup-home:ro,Z" "-e" "SOURCE_DIR=/opt/rustwide/workdir" "-e" "CARGO_TARGET_DIR=/opt/rustwide/target" "-e" "CARGO_INCREMENTAL=0" "-e" "RUST_BACKTRACE=full" "-e" "RUSTFLAGS=--cap-lints=warn" "-e" "RUSTDOCFLAGS=--cap-lints=warn" "-e" "CARGO_HOME=/opt/rustwide/cargo-home" "-e" "RUSTUP_HOME=/opt/rustwide/rustup-home" "-w" "/opt/rustwide/workdir" "-m" "1610612736" "--user" "0:0" "--network" "none" "ghcr.io/rust-lang/crates-build-env/linux@sha256:2788e3201cd34a07e3172128adcd8b3090168a8e3bcc40d7c032b9dda1df7d1c" "/opt/rustwide/cargo-home/bin/cargo" "+1.75.0" "doc" "--frozen" "--no-deps" "--document-private-items" "--message-format=json", kill_on_drop: false }`
[INFO] [stdout] 29f242efa3d301e4aedb3466cc908e0ea7e43b9cfadc961200636abf0a48307a
[INFO] running `Command { std: "docker" "start" "-a" "29f242efa3d301e4aedb3466cc908e0ea7e43b9cfadc961200636abf0a48307a", kill_on_drop: false }`
[INFO] [stderr]    Compiling memchr v2.7.1
[INFO] [stderr]    Compiling version_check v0.1.5
[INFO] [stderr]    Compiling glob v0.2.11
[INFO] [stderr]    Compiling quick-error v1.2.3
[INFO] [stderr]    Compiling proc-macro2 v0.3.5
[INFO] [stderr]    Compiling textwrap v0.11.0
[INFO] [stderr]    Compiling atty v0.2.14
[INFO] [stderr]    Compiling libloading v0.5.2
[INFO] [stderr]    Compiling humantime v1.3.0
[INFO] [stderr]    Compiling termcolor v1.4.0
[INFO] [stderr]    Compiling ansi_term v0.12.1
[INFO] [stderr]    Compiling vec_map v0.8.2
[INFO] [stderr]    Compiling nom v4.2.3
[INFO] [stderr]    Compiling log v0.4.20
[INFO] [stderr]    Compiling clang-sys v0.26.4
[INFO] [stderr]    Compiling bindgen v0.43.2
[INFO] [stderr]    Compiling strsim v0.8.0
[INFO] [stderr]    Compiling quote v0.5.2
[INFO] [stderr]    Compiling aho-corasick v1.1.2
[INFO] [stderr]    Compiling clap v2.34.0
[INFO] [stderr]    Compiling which v1.0.5
[INFO] [stderr]    Compiling cmake v0.1.50
[INFO] [stderr]    Compiling cexpr v0.3.6
[INFO] [stderr]    Compiling regex-automata v0.4.3
[INFO] [stderr]    Compiling regex v1.10.2
[INFO] [stderr]    Compiling env_logger v0.6.2
[INFO] [stderr]    Compiling intel-seapi-sys v0.2.0 (/opt/rustwide/workdir)
[INFO] [stdout] warning: panic message is not a string literal
[INFO] [stdout]    --> src/build.rs:219:27
[INFO] [stdout]     |
[INFO] [stdout] 219 |         Err(..) => panic!(format!("environment variable `{}` not defined", environment_variable_name)),
[INFO] [stdout]     |                           ^^^^^^^^^^^^^^^^^^^^^^^^^^^^^^^^^^^^^^^^^^^^^^^^^^^^^^^^^^^^^^^^^^^^^^^^^^^
[INFO] [stdout]     |
[INFO] [stdout]     = note: this usage of `panic!()` is deprecated; it will be a hard error in Rust 2021
[INFO] [stdout]     = note: for more information, see <https://doc.rust-lang.org/nightly/edition-guide/rust-2021/panic-macro-consistency.html>
[INFO] [stdout]     = note: the `panic!()` macro supports formatting, so there's no need for the `format!()` macro here
[INFO] [stdout]     = note: `#[warn(non_fmt_panics)]` on by default
[INFO] [stdout] help: remove the `format!(..)` macro call
[INFO] [stdout]     |
[INFO] [stdout] 219 -         Err(..) => panic!(format!("environment variable `{}` not defined", environment_variable_name)),
[INFO] [stdout] 219 +         Err(..) => panic!("environment variable `{}` not defined", environment_variable_name),
[INFO] [stdout]     |
[INFO] [stdout] 
[INFO] [stdout] 
[INFO] [stdout] warning: 1 warning emitted
[INFO] [stdout] 
[INFO] [stdout] 
[INFO] [stderr] error: failed to run custom build command for `intel-seapi-sys v0.2.0 (/opt/rustwide/workdir)`
[INFO] [stderr] note: To improve backtraces for build dependencies, set the CARGO_PROFILE_DEV_BUILD_OVERRIDE_DEBUG=true environment variable to enable debug information generation.
[INFO] [stderr] 
[INFO] [stderr] Caused by:
[INFO] [stderr]   process didn't exit successfully: `/opt/rustwide/target/debug/build/intel-seapi-sys-4900fdf6139ddca1/build-script-build` (exit status: 101)
[INFO] [stderr]   --- stdout
[INFO] [stderr]   CMAKE_TOOLCHAIN_FILE_x86_64-unknown-linux-gnu = None
[INFO] [stderr]   CMAKE_TOOLCHAIN_FILE_x86_64_unknown_linux_gnu = None
[INFO] [stderr]   HOST_CMAKE_TOOLCHAIN_FILE = None
[INFO] [stderr]   CMAKE_TOOLCHAIN_FILE = None
[INFO] [stderr]   CMAKE_GENERATOR_x86_64-unknown-linux-gnu = None
[INFO] [stderr]   CMAKE_GENERATOR_x86_64_unknown_linux_gnu = None
[INFO] [stderr]   HOST_CMAKE_GENERATOR = None
[INFO] [stderr]   CMAKE_GENERATOR = None
[INFO] [stderr]   CMAKE_PREFIX_PATH_x86_64-unknown-linux-gnu = None
[INFO] [stderr]   CMAKE_PREFIX_PATH_x86_64_unknown_linux_gnu = None
[INFO] [stderr]   HOST_CMAKE_PREFIX_PATH = None
[INFO] [stderr]   CMAKE_PREFIX_PATH = None
[INFO] [stderr]   CMAKE_x86_64-unknown-linux-gnu = None
[INFO] [stderr]   CMAKE_x86_64_unknown_linux_gnu = None
[INFO] [stderr]   HOST_CMAKE = None
[INFO] [stderr]   CMAKE = None
[INFO] [stderr]   running: cd "/opt/rustwide/target/debug/build/intel-seapi-sys-0b0ba00e7eb8956d/out/build" && CMAKE_PREFIX_PATH="" "cmake" "-Wdev" "--debug-output" "/opt/rustwide/workdir/lib/IntelSEAPI" "-DCMAKE_INSTALL_PREFIX=/opt/rustwide/target/debug/build/intel-seapi-sys-0b0ba00e7eb8956d/out/install" "-DCMAKE_C_FLAGS= -ffunction-sections -fdata-sections -fPIC -m64" "-DCMAKE_C_COMPILER=/usr/bin/cc" "-DCMAKE_CXX_FLAGS= -ffunction-sections -fdata-sections -fPIC -m64" "-DCMAKE_CXX_COMPILER=/usr/bin/c++" "-DCMAKE_ASM_FLAGS= -ffunction-sections -fdata-sections -fPIC -m64" "-DCMAKE_ASM_COMPILER=/usr/bin/cc" "-DCMAKE_BUILD_TYPE=Debug" "-DCMAKE_VERBOSE_MAKEFILE:BOOL=ON"
[INFO] [stderr]   Running with debug output on.
[INFO] [stderr]   -- The C compiler identification is GNU 11.4.0
[INFO] [stderr]      Called from: [3]	/usr/share/cmake-3.22/Modules/CMakeDetermineCompilerId.cmake
[INFO] [stderr]                   [2]	/usr/share/cmake-3.22/Modules/CMakeDetermineCCompiler.cmake
[INFO] [stderr]                   [1]	/opt/rustwide/workdir/lib/IntelSEAPI/CMakeLists.txt
[INFO] [stderr]   -- The CXX compiler identification is GNU 11.4.0
[INFO] [stderr]      Called from: [3]	/usr/share/cmake-3.22/Modules/CMakeDetermineCompilerId.cmake
[INFO] [stderr]                   [2]	/usr/share/cmake-3.22/Modules/CMakeDetermineCXXCompiler.cmake
[INFO] [stderr]                   [1]	/opt/rustwide/workdir/lib/IntelSEAPI/CMakeLists.txt
[INFO] [stderr]   -- Detecting C compiler ABI info
[INFO] [stderr]      Called from: [3]	/usr/share/cmake-3.22/Modules/CMakeDetermineCompilerABI.cmake
[INFO] [stderr]                   [2]	/usr/share/cmake-3.22/Modules/CMakeTestCCompiler.cmake
[INFO] [stderr]                   [1]	/opt/rustwide/workdir/lib/IntelSEAPI/CMakeLists.txt
[INFO] [stderr]   -- Detecting C compiler ABI info - done
[INFO] [stderr]      Called from: [3]	/usr/share/cmake-3.22/Modules/CMakeDetermineCompilerABI.cmake
[INFO] [stderr]                   [2]	/usr/share/cmake-3.22/Modules/CMakeTestCCompiler.cmake
[INFO] [stderr]                   [1]	/opt/rustwide/workdir/lib/IntelSEAPI/CMakeLists.txt
[INFO] [stderr]   -- Check for working C compiler: /usr/bin/cc - skipped
[INFO] [stderr]      Called from: [2]	/usr/share/cmake-3.22/Modules/CMakeTestCCompiler.cmake
[INFO] [stderr]                   [1]	/opt/rustwide/workdir/lib/IntelSEAPI/CMakeLists.txt
[INFO] [stderr]   -- Detecting C compile features
[INFO] [stderr]      Called from: [3]	/usr/share/cmake-3.22/Modules/CMakeDetermineCompileFeatures.cmake
[INFO] [stderr]                   [2]	/usr/share/cmake-3.22/Modules/CMakeTestCCompiler.cmake
[INFO] [stderr]                   [1]	/opt/rustwide/workdir/lib/IntelSEAPI/CMakeLists.txt
[INFO] [stderr]   -- Detecting C compile features - done
[INFO] [stderr]      Called from: [3]	/usr/share/cmake-3.22/Modules/CMakeDetermineCompileFeatures.cmake
[INFO] [stderr]                   [2]	/usr/share/cmake-3.22/Modules/CMakeTestCCompiler.cmake
[INFO] [stderr]                   [1]	/opt/rustwide/workdir/lib/IntelSEAPI/CMakeLists.txt
[INFO] [stderr]   -- Detecting CXX compiler ABI info
[INFO] [stderr]      Called from: [3]	/usr/share/cmake-3.22/Modules/CMakeDetermineCompilerABI.cmake
[INFO] [stderr]                   [2]	/usr/share/cmake-3.22/Modules/CMakeTestCXXCompiler.cmake
[INFO] [stderr]                   [1]	/opt/rustwide/workdir/lib/IntelSEAPI/CMakeLists.txt
[INFO] [stderr]   -- Detecting CXX compiler ABI info - done
[INFO] [stderr]      Called from: [3]	/usr/share/cmake-3.22/Modules/CMakeDetermineCompilerABI.cmake
[INFO] [stderr]                   [2]	/usr/share/cmake-3.22/Modules/CMakeTestCXXCompiler.cmake
[INFO] [stderr]                   [1]	/opt/rustwide/workdir/lib/IntelSEAPI/CMakeLists.txt
[INFO] [stderr]   -- Check for working CXX compiler: /usr/bin/c++ - skipped
[INFO] [stderr]      Called from: [2]	/usr/share/cmake-3.22/Modules/CMakeTestCXXCompiler.cmake
[INFO] [stderr]                   [1]	/opt/rustwide/workdir/lib/IntelSEAPI/CMakeLists.txt
[INFO] [stderr]   -- Detecting CXX compile features
[INFO] [stderr]      Called from: [3]	/usr/share/cmake-3.22/Modules/CMakeDetermineCompileFeatures.cmake
[INFO] [stderr]                   [2]	/usr/share/cmake-3.22/Modules/CMakeTestCXXCompiler.cmake
[INFO] [stderr]                   [1]	/opt/rustwide/workdir/lib/IntelSEAPI/CMakeLists.txt
[INFO] [stderr]   -- Detecting CXX compile features - done
[INFO] [stderr]      Called from: [3]	/usr/share/cmake-3.22/Modules/CMakeDetermineCompileFeatures.cmake
[INFO] [stderr]                   [2]	/usr/share/cmake-3.22/Modules/CMakeTestCXXCompiler.cmake
[INFO] [stderr]                   [1]	/opt/rustwide/workdir/lib/IntelSEAPI/CMakeLists.txt
[INFO] [stderr]   -- CMAKE_CXX_FLAGS =  -ffunction-sections -fdata-sections -fPIC -m64 -g
[INFO] [stderr]      Called from: [1]	/opt/rustwide/workdir/lib/IntelSEAPI/CMakeLists.txt
[INFO] [stderr]   -- CMAKE_CXX_FLAGS_DEBUG = -g
[INFO] [stderr]      Called from: [1]	/opt/rustwide/workdir/lib/IntelSEAPI/CMakeLists.txt
[INFO] [stderr]   -- CMAKE_CXX_FLAGS_RELEASE = -O3 -DNDEBUG
[INFO] [stderr]      Called from: [1]	/opt/rustwide/workdir/lib/IntelSEAPI/CMakeLists.txt
[INFO] [stderr]   -- CMAKE_C_FLAGS =  -ffunction-sections -fdata-sections -fPIC -m64 -g
[INFO] [stderr]      Called from: [1]	/opt/rustwide/workdir/lib/IntelSEAPI/CMakeLists.txt
[INFO] [stderr]   -- CMAKE_C_FLAGS_DEBUG = -g
[INFO] [stderr]      Called from: [1]	/opt/rustwide/workdir/lib/IntelSEAPI/CMakeLists.txt
[INFO] [stderr]   -- CMAKE_C_FLAGS_RELEASE = -O3 -DNDEBUG
[INFO] [stderr]      Called from: [1]	/opt/rustwide/workdir/lib/IntelSEAPI/CMakeLists.txt
[INFO] [stderr]   -- Could NOT find Doxygen (missing: DOXYGEN_EXECUTABLE) 
[INFO] [stderr]      Called from: [4]	/usr/share/cmake-3.22/Modules/FindPackageHandleStandardArgs.cmake
[INFO] [stderr]                   [3]	/usr/share/cmake-3.22/Modules/FindPackageHandleStandardArgs.cmake
[INFO] [stderr]                   [2]	/usr/share/cmake-3.22/Modules/FindDoxygen.cmake
[INFO] [stderr]                   [1]	/opt/rustwide/workdir/lib/IntelSEAPI/CMakeLists.txt
[INFO] [stderr]   -- Configuring done
[INFO] [stderr]   -- Generating /opt/rustwide/target/debug/build/intel-seapi-sys-0b0ba00e7eb8956d/out/build
[INFO] [stderr]      Called from: [1]	/opt/rustwide/workdir/lib/IntelSEAPI/CMakeLists.txt
[INFO] [stderr]   -- Generating /opt/rustwide/target/debug/build/intel-seapi-sys-0b0ba00e7eb8956d/out/build/ittnotify
[INFO] [stderr]      Called from: [1]	/opt/rustwide/workdir/lib/IntelSEAPI/ittnotify/CMakeLists.txt
[INFO] [stderr]   -- Generating /opt/rustwide/target/debug/build/intel-seapi-sys-0b0ba00e7eb8956d/out/build/sea_itt_lib
[INFO] [stderr]      Called from: [1]	/opt/rustwide/workdir/lib/IntelSEAPI/sea_itt_lib/CMakeLists.txt
[INFO] [stderr]   -- Generating done
[INFO] [stderr]   -- Build files have been written to: /opt/rustwide/target/debug/build/intel-seapi-sys-0b0ba00e7eb8956d/out/build
[INFO] [stderr]   running: cd "/opt/rustwide/target/debug/build/intel-seapi-sys-0b0ba00e7eb8956d/out/build" && MAKEFLAGS="-j --jobserver-fds=7,8 --jobserver-auth=7,8" "cmake" "--build" "." "--target" "install" "--config" "Debug"
[INFO] [stderr]   /usr/bin/cmake -S/opt/rustwide/workdir/lib/IntelSEAPI -B/opt/rustwide/target/debug/build/intel-seapi-sys-0b0ba00e7eb8956d/out/build --check-build-system CMakeFiles/Makefile.cmake 0
[INFO] [stderr]   /usr/bin/cmake -E cmake_progress_start /opt/rustwide/target/debug/build/intel-seapi-sys-0b0ba00e7eb8956d/out/build/CMakeFiles /opt/rustwide/target/debug/build/intel-seapi-sys-0b0ba00e7eb8956d/out/build//CMakeFiles/progress.marks
[INFO] [stderr]   /usr/bin/gmake  -f CMakeFiles/Makefile2 all
[INFO] [stderr]   gmake[1]: Entering directory '/opt/rustwide/target/debug/build/intel-seapi-sys-0b0ba00e7eb8956d/out/build'
[INFO] [stderr]   /usr/bin/gmake  -f ittnotify/CMakeFiles/ittnotify.dir/build.make ittnotify/CMakeFiles/ittnotify.dir/depend
[INFO] [stderr]   gmake[2]: Entering directory '/opt/rustwide/target/debug/build/intel-seapi-sys-0b0ba00e7eb8956d/out/build'
[INFO] [stderr]   cd /opt/rustwide/target/debug/build/intel-seapi-sys-0b0ba00e7eb8956d/out/build && /usr/bin/cmake -E cmake_depends "Unix Makefiles" /opt/rustwide/workdir/lib/IntelSEAPI /opt/rustwide/workdir/lib/IntelSEAPI/ittnotify /opt/rustwide/target/debug/build/intel-seapi-sys-0b0ba00e7eb8956d/out/build /opt/rustwide/target/debug/build/intel-seapi-sys-0b0ba00e7eb8956d/out/build/ittnotify /opt/rustwide/target/debug/build/intel-seapi-sys-0b0ba00e7eb8956d/out/build/ittnotify/CMakeFiles/ittnotify.dir/DependInfo.cmake --color=
[INFO] [stderr]   gmake[2]: Leaving directory '/opt/rustwide/target/debug/build/intel-seapi-sys-0b0ba00e7eb8956d/out/build'
[INFO] [stderr]   /usr/bin/gmake  -f ittnotify/CMakeFiles/ittnotify.dir/build.make ittnotify/CMakeFiles/ittnotify.dir/build
[INFO] [stderr]   gmake[2]: Entering directory '/opt/rustwide/target/debug/build/intel-seapi-sys-0b0ba00e7eb8956d/out/build'
[INFO] [stderr]   [ 15%] Building C object ittnotify/CMakeFiles/ittnotify.dir/src/ittnotify/ittnotify_static.c.o
[INFO] [stderr]   [ 15%] Building C object ittnotify/CMakeFiles/ittnotify.dir/src/ittnotify/jitprofiling.c.o
[INFO] [stderr]   cd /opt/rustwide/target/debug/build/intel-seapi-sys-0b0ba00e7eb8956d/out/build/ittnotify && /usr/bin/cc -D_DEBUG -I/opt/rustwide/workdir/lib/IntelSEAPI/ittnotify/./src/ittnotify -I/opt/rustwide/workdir/lib/IntelSEAPI/ittnotify/include -I/opt/rustwide/workdir/lib/IntelSEAPI/ittnotify/src/ittnotify -ffunction-sections -fdata-sections -fPIC -m64 -g -fPIC -g -MD -MT ittnotify/CMakeFiles/ittnotify.dir/src/ittnotify/ittnotify_static.c.o -MF CMakeFiles/ittnotify.dir/src/ittnotify/ittnotify_static.c.o.d -o CMakeFiles/ittnotify.dir/src/ittnotify/ittnotify_static.c.o -c /opt/rustwide/workdir/lib/IntelSEAPI/ittnotify/src/ittnotify/ittnotify_static.c
[INFO] [stderr]   cd /opt/rustwide/target/debug/build/intel-seapi-sys-0b0ba00e7eb8956d/out/build/ittnotify && /usr/bin/cc -D_DEBUG -I/opt/rustwide/workdir/lib/IntelSEAPI/ittnotify/./src/ittnotify -I/opt/rustwide/workdir/lib/IntelSEAPI/ittnotify/include -I/opt/rustwide/workdir/lib/IntelSEAPI/ittnotify/src/ittnotify -ffunction-sections -fdata-sections -fPIC -m64 -g -fPIC -g -MD -MT ittnotify/CMakeFiles/ittnotify.dir/src/ittnotify/jitprofiling.c.o -MF CMakeFiles/ittnotify.dir/src/ittnotify/jitprofiling.c.o.d -o CMakeFiles/ittnotify.dir/src/ittnotify/jitprofiling.c.o -c /opt/rustwide/workdir/lib/IntelSEAPI/ittnotify/src/ittnotify/jitprofiling.c
[INFO] [stderr]   [ 23%] Linking C static library /opt/rustwide/target/debug/build/intel-seapi-sys-0b0ba00e7eb8956d/bin/libittnotify.a
[INFO] [stderr]   cd /opt/rustwide/target/debug/build/intel-seapi-sys-0b0ba00e7eb8956d/out/build/ittnotify && /usr/bin/cmake -P CMakeFiles/ittnotify.dir/cmake_clean_target.cmake
[INFO] [stderr]   cd /opt/rustwide/target/debug/build/intel-seapi-sys-0b0ba00e7eb8956d/out/build/ittnotify && /usr/bin/cmake -E cmake_link_script CMakeFiles/ittnotify.dir/link.txt --verbose=1
[INFO] [stderr]   /usr/bin/ar qc /opt/rustwide/target/debug/build/intel-seapi-sys-0b0ba00e7eb8956d/bin/libittnotify.a CMakeFiles/ittnotify.dir/src/ittnotify/ittnotify_static.c.o CMakeFiles/ittnotify.dir/src/ittnotify/jitprofiling.c.o
[INFO] [stderr]   /usr/bin/ranlib /opt/rustwide/target/debug/build/intel-seapi-sys-0b0ba00e7eb8956d/bin/libittnotify.a
[INFO] [stderr]   gmake[2]: Leaving directory '/opt/rustwide/target/debug/build/intel-seapi-sys-0b0ba00e7eb8956d/out/build'
[INFO] [stderr]   [ 23%] Built target ittnotify
[INFO] [stderr]   /usr/bin/gmake  -f CMakeFiles/IntelSEAPI.dir/build.make CMakeFiles/IntelSEAPI.dir/depend
[INFO] [stderr]   /usr/bin/gmake  -f sea_itt_lib/CMakeFiles/sea_itt_lib.dir/build.make sea_itt_lib/CMakeFiles/sea_itt_lib.dir/depend
[INFO] [stderr]   gmake[2]: Entering directory '/opt/rustwide/target/debug/build/intel-seapi-sys-0b0ba00e7eb8956d/out/build'
[INFO] [stderr]   cd /opt/rustwide/target/debug/build/intel-seapi-sys-0b0ba00e7eb8956d/out/build && /usr/bin/cmake -E cmake_depends "Unix Makefiles" /opt/rustwide/workdir/lib/IntelSEAPI /opt/rustwide/workdir/lib/IntelSEAPI /opt/rustwide/target/debug/build/intel-seapi-sys-0b0ba00e7eb8956d/out/build /opt/rustwide/target/debug/build/intel-seapi-sys-0b0ba00e7eb8956d/out/build /opt/rustwide/target/debug/build/intel-seapi-sys-0b0ba00e7eb8956d/out/build/CMakeFiles/IntelSEAPI.dir/DependInfo.cmake --color=
[INFO] [stderr]   gmake[2]: Entering directory '/opt/rustwide/target/debug/build/intel-seapi-sys-0b0ba00e7eb8956d/out/build'
[INFO] [stderr]   cd /opt/rustwide/target/debug/build/intel-seapi-sys-0b0ba00e7eb8956d/out/build && /usr/bin/cmake -E cmake_depends "Unix Makefiles" /opt/rustwide/workdir/lib/IntelSEAPI /opt/rustwide/workdir/lib/IntelSEAPI/sea_itt_lib /opt/rustwide/target/debug/build/intel-seapi-sys-0b0ba00e7eb8956d/out/build /opt/rustwide/target/debug/build/intel-seapi-sys-0b0ba00e7eb8956d/out/build/sea_itt_lib /opt/rustwide/target/debug/build/intel-seapi-sys-0b0ba00e7eb8956d/out/build/sea_itt_lib/CMakeFiles/sea_itt_lib.dir/DependInfo.cmake --color=
[INFO] [stderr]   gmake[2]: Leaving directory '/opt/rustwide/target/debug/build/intel-seapi-sys-0b0ba00e7eb8956d/out/build'
[INFO] [stderr]   /usr/bin/gmake  -f CMakeFiles/IntelSEAPI.dir/build.make CMakeFiles/IntelSEAPI.dir/build
[INFO] [stderr]   gmake[2]: Leaving directory '/opt/rustwide/target/debug/build/intel-seapi-sys-0b0ba00e7eb8956d/out/build'
[INFO] [stderr]   /usr/bin/gmake  -f sea_itt_lib/CMakeFiles/sea_itt_lib.dir/build.make sea_itt_lib/CMakeFiles/sea_itt_lib.dir/build
[INFO] [stderr]   gmake[2]: Entering directory '/opt/rustwide/target/debug/build/intel-seapi-sys-0b0ba00e7eb8956d/out/build'
[INFO] [stderr]   gmake[2]: Entering directory '/opt/rustwide/target/debug/build/intel-seapi-sys-0b0ba00e7eb8956d/out/build'
[INFO] [stderr]   [ 30%] Building CXX object CMakeFiles/IntelSEAPI.dir/main.cpp.o
[INFO] [stderr]   [ 38%] Building CXX object CMakeFiles/IntelSEAPI.dir/InstrumentationExample.cpp.o
[INFO] [stderr]   /usr/bin/c++ -D_DEBUG -I/opt/rustwide/workdir/lib/IntelSEAPI/ittnotify/include -I/opt/rustwide/workdir/lib/IntelSEAPI/ittnotify/./src/ittnotify -I/opt/rustwide/workdir/lib/IntelSEAPI/ittnotify/src/ittnotify -ffunction-sections -fdata-sections -fPIC -m64 -g -std=c++11 -fPIC -pthread -fstack-protector-strong -fPIE -O2 -D_FORTIFY_SOURCE=2 -Wformat -Wformat-security -g -MD -MT CMakeFiles/IntelSEAPI.dir/main.cpp.o -MF CMakeFiles/IntelSEAPI.dir/main.cpp.o.d -o CMakeFiles/IntelSEAPI.dir/main.cpp.o -c /opt/rustwide/workdir/lib/IntelSEAPI/main.cpp
[INFO] [stderr]   [ 46%] Building CXX object CMakeFiles/IntelSEAPI.dir/memory.cpp.o
[INFO] [stderr]   [ 53%] Building CXX object sea_itt_lib/CMakeFiles/sea_itt_lib.dir/sea_itt_lib.cpp.o
[INFO] [stderr]   cd /opt/rustwide/target/debug/build/intel-seapi-sys-0b0ba00e7eb8956d/out/build/sea_itt_lib && /usr/bin/c++ -D_DEBUG -Dsea_itt_lib_EXPORTS -I/opt/rustwide/workdir/lib/IntelSEAPI/sea_itt_lib/. -I/opt/rustwide/workdir/lib/IntelSEAPI/sea_itt_lib/.. -I/opt/rustwide/workdir/lib/IntelSEAPI/sea_itt_lib/../ittnotify -I/opt/rustwide/workdir/lib/IntelSEAPI/sea_itt_lib/../ittnotify/include -I/opt/rustwide/target/debug/build/intel-seapi-sys-0b0ba00e7eb8956d/out/build -I/opt/rustwide/workdir/lib/IntelSEAPI/ittnotify/./src/ittnotify -I/opt/rustwide/workdir/lib/IntelSEAPI/ittnotify/include -I/opt/rustwide/workdir/lib/IntelSEAPI/ittnotify/src/ittnotify -ffunction-sections -fdata-sections -fPIC -m64 -g -std=c++11 -fPIC -pthread -fstack-protector-strong -fPIE -O2 -D_FORTIFY_SOURCE=2 -Wformat -Wformat-security -std=c++11 -g -fPIC -pthread -g -fPIC -MD -MT sea_itt_lib/CMakeFiles/sea_itt_lib.dir/sea_itt_lib.cpp.o -MF CMakeFiles/sea_itt_lib.dir/sea_itt_lib.cpp.o.d -o CMakeFiles/sea_itt_lib.dir/sea_itt_lib.cpp.o -c /opt/rustwide/workdir/lib/IntelSEAPI/sea_itt_lib/sea_itt_lib.cpp
[INFO] [stderr]   [ 61%] Building CXX object sea_itt_lib/CMakeFiles/sea_itt_lib.dir/Recorder.cpp.o
[INFO] [stderr]   /usr/bin/c++ -D_DEBUG -I/opt/rustwide/workdir/lib/IntelSEAPI/ittnotify/include -I/opt/rustwide/workdir/lib/IntelSEAPI/ittnotify/./src/ittnotify -I/opt/rustwide/workdir/lib/IntelSEAPI/ittnotify/src/ittnotify -ffunction-sections -fdata-sections -fPIC -m64 -g -std=c++11 -fPIC -pthread -fstack-protector-strong -fPIE -O2 -D_FORTIFY_SOURCE=2 -Wformat -Wformat-security -g -MD -MT CMakeFiles/IntelSEAPI.dir/memory.cpp.o -MF CMakeFiles/IntelSEAPI.dir/memory.cpp.o.d -o CMakeFiles/IntelSEAPI.dir/memory.cpp.o -c /opt/rustwide/workdir/lib/IntelSEAPI/memory.cpp
[INFO] [stderr]   [ 69%] Building CXX object CMakeFiles/IntelSEAPI.dir/CompilerAutomatedInstrumentation.cpp.o
[INFO] [stderr]   [ 76%] Building CXX object sea_itt_lib/CMakeFiles/sea_itt_lib.dir/IttNotifyStdSrc.cpp.o
[INFO] [stderr]   cd /opt/rustwide/target/debug/build/intel-seapi-sys-0b0ba00e7eb8956d/out/build/sea_itt_lib && /usr/bin/c++ -D_DEBUG -Dsea_itt_lib_EXPORTS -I/opt/rustwide/workdir/lib/IntelSEAPI/sea_itt_lib/. -I/opt/rustwide/workdir/lib/IntelSEAPI/sea_itt_lib/.. -I/opt/rustwide/workdir/lib/IntelSEAPI/sea_itt_lib/../ittnotify -I/opt/rustwide/workdir/lib/IntelSEAPI/sea_itt_lib/../ittnotify/include -I/opt/rustwide/target/debug/build/intel-seapi-sys-0b0ba00e7eb8956d/out/build -I/opt/rustwide/workdir/lib/IntelSEAPI/ittnotify/./src/ittnotify -I/opt/rustwide/workdir/lib/IntelSEAPI/ittnotify/include -I/opt/rustwide/workdir/lib/IntelSEAPI/ittnotify/src/ittnotify -ffunction-sections -fdata-sections -fPIC -m64 -g -std=c++11 -fPIC -pthread -fstack-protector-strong -fPIE -O2 -D_FORTIFY_SOURCE=2 -Wformat -Wformat-security -std=c++11 -g -fPIC -pthread -g -fPIC -MD -MT sea_itt_lib/CMakeFiles/sea_itt_lib.dir/Recorder.cpp.o -MF CMakeFiles/sea_itt_lib.dir/Recorder.cpp.o.d -o CMakeFiles/sea_itt_lib.dir/Recorder.cpp.o -c /opt/rustwide/workdir/lib/IntelSEAPI/sea_itt_lib/Recorder.cpp
[INFO] [stderr]   /usr/bin/c++ -D_DEBUG -I/opt/rustwide/workdir/lib/IntelSEAPI/ittnotify/include -I/opt/rustwide/workdir/lib/IntelSEAPI/ittnotify/./src/ittnotify -I/opt/rustwide/workdir/lib/IntelSEAPI/ittnotify/src/ittnotify -ffunction-sections -fdata-sections -fPIC -m64 -g -std=c++11 -fPIC -pthread -fstack-protector-strong -fPIE -O2 -D_FORTIFY_SOURCE=2 -Wformat -Wformat-security -g -MD -MT CMakeFiles/IntelSEAPI.dir/InstrumentationExample.cpp.o -MF CMakeFiles/IntelSEAPI.dir/InstrumentationExample.cpp.o.d -o CMakeFiles/IntelSEAPI.dir/InstrumentationExample.cpp.o -c /opt/rustwide/workdir/lib/IntelSEAPI/InstrumentationExample.cpp
[INFO] [stderr]   cd /opt/rustwide/target/debug/build/intel-seapi-sys-0b0ba00e7eb8956d/out/build/sea_itt_lib && /usr/bin/c++ -D_DEBUG -Dsea_itt_lib_EXPORTS -I/opt/rustwide/workdir/lib/IntelSEAPI/sea_itt_lib/. -I/opt/rustwide/workdir/lib/IntelSEAPI/sea_itt_lib/.. -I/opt/rustwide/workdir/lib/IntelSEAPI/sea_itt_lib/../ittnotify -I/opt/rustwide/workdir/lib/IntelSEAPI/sea_itt_lib/../ittnotify/include -I/opt/rustwide/target/debug/build/intel-seapi-sys-0b0ba00e7eb8956d/out/build -I/opt/rustwide/workdir/lib/IntelSEAPI/ittnotify/./src/ittnotify -I/opt/rustwide/workdir/lib/IntelSEAPI/ittnotify/include -I/opt/rustwide/workdir/lib/IntelSEAPI/ittnotify/src/ittnotify -ffunction-sections -fdata-sections -fPIC -m64 -g -std=c++11 -fPIC -pthread -fstack-protector-strong -fPIE -O2 -D_FORTIFY_SOURCE=2 -Wformat -Wformat-security -std=c++11 -g -fPIC -pthread -g -fPIC -MD -MT sea_itt_lib/CMakeFiles/sea_itt_lib.dir/IttNotifyStdSrc.cpp.o -MF CMakeFiles/sea_itt_lib.dir/IttNotifyStdSrc.cpp.o.d -o CMakeFiles/sea_itt_lib.dir/IttNotifyStdSrc.cpp.o -c /opt/rustwide/workdir/lib/IntelSEAPI/sea_itt_lib/IttNotifyStdSrc.cpp
[INFO] [stderr]   /usr/bin/c++ -D_DEBUG -I/opt/rustwide/workdir/lib/IntelSEAPI/ittnotify/include -I/opt/rustwide/workdir/lib/IntelSEAPI/ittnotify/./src/ittnotify -I/opt/rustwide/workdir/lib/IntelSEAPI/ittnotify/src/ittnotify -ffunction-sections -fdata-sections -fPIC -m64 -g -std=c++11 -fPIC -pthread -fstack-protector-strong -fPIE -O2 -D_FORTIFY_SOURCE=2 -Wformat -Wformat-security -g -MD -MT CMakeFiles/IntelSEAPI.dir/CompilerAutomatedInstrumentation.cpp.o -MF CMakeFiles/IntelSEAPI.dir/CompilerAutomatedInstrumentation.cpp.o.d -o CMakeFiles/IntelSEAPI.dir/CompilerAutomatedInstrumentation.cpp.o -c /opt/rustwide/workdir/lib/IntelSEAPI/CompilerAutomatedInstrumentation.cpp
[INFO] [stderr]   [ 84%] Building CXX object sea_itt_lib/CMakeFiles/sea_itt_lib.dir/Utils.cpp.o
[INFO] [stderr]   cd /opt/rustwide/target/debug/build/intel-seapi-sys-0b0ba00e7eb8956d/out/build/sea_itt_lib && /usr/bin/c++ -D_DEBUG -Dsea_itt_lib_EXPORTS -I/opt/rustwide/workdir/lib/IntelSEAPI/sea_itt_lib/. -I/opt/rustwide/workdir/lib/IntelSEAPI/sea_itt_lib/.. -I/opt/rustwide/workdir/lib/IntelSEAPI/sea_itt_lib/../ittnotify -I/opt/rustwide/workdir/lib/IntelSEAPI/sea_itt_lib/../ittnotify/include -I/opt/rustwide/target/debug/build/intel-seapi-sys-0b0ba00e7eb8956d/out/build -I/opt/rustwide/workdir/lib/IntelSEAPI/ittnotify/./src/ittnotify -I/opt/rustwide/workdir/lib/IntelSEAPI/ittnotify/include -I/opt/rustwide/workdir/lib/IntelSEAPI/ittnotify/src/ittnotify -ffunction-sections -fdata-sections -fPIC -m64 -g -std=c++11 -fPIC -pthread -fstack-protector-strong -fPIE -O2 -D_FORTIFY_SOURCE=2 -Wformat -Wformat-security -std=c++11 -g -fPIC -pthread -g -fPIC -MD -MT sea_itt_lib/CMakeFiles/sea_itt_lib.dir/Utils.cpp.o -MF CMakeFiles/sea_itt_lib.dir/Utils.cpp.o.d -o CMakeFiles/sea_itt_lib.dir/Utils.cpp.o -c /opt/rustwide/workdir/lib/IntelSEAPI/sea_itt_lib/Utils.cpp
[INFO] [stderr]   [ 92%] Linking CXX executable /opt/rustwide/target/debug/build/intel-seapi-sys-0b0ba00e7eb8956d/bin/TestIntelSEAPI
[INFO] [stderr]   /usr/bin/cmake -E cmake_link_script CMakeFiles/IntelSEAPI.dir/link.txt --verbose=1
[INFO] [stderr]   /usr/bin/c++  -ffunction-sections -fdata-sections -fPIC -m64 -g -std=c++11 -fPIC -pthread -fstack-protector-strong -fPIE -O2 -D_FORTIFY_SOURCE=2 -Wformat -Wformat-security -g  -Wl,--no-undefined -z noexecstack -z relro -z now -rdynamic CMakeFiles/IntelSEAPI.dir/main.cpp.o CMakeFiles/IntelSEAPI.dir/memory.cpp.o CMakeFiles/IntelSEAPI.dir/InstrumentationExample.cpp.o CMakeFiles/IntelSEAPI.dir/CompilerAutomatedInstrumentation.cpp.o -o /opt/rustwide/target/debug/build/intel-seapi-sys-0b0ba00e7eb8956d/bin/TestIntelSEAPI  -ldl /opt/rustwide/target/debug/build/intel-seapi-sys-0b0ba00e7eb8956d/bin/libittnotify.a -ldl 
[INFO] [stderr]   gmake[2]: Leaving directory '/opt/rustwide/target/debug/build/intel-seapi-sys-0b0ba00e7eb8956d/out/build'
[INFO] [stderr]   [ 92%] Built target IntelSEAPI
[INFO] [stderr]   [100%] Linking CXX shared library /opt/rustwide/target/debug/build/intel-seapi-sys-0b0ba00e7eb8956d/bin/libIntelSEAPI.so
[INFO] [stderr]   cd /opt/rustwide/target/debug/build/intel-seapi-sys-0b0ba00e7eb8956d/out/build/sea_itt_lib && /usr/bin/cmake -E cmake_link_script CMakeFiles/sea_itt_lib.dir/link.txt --verbose=1
[INFO] [stderr]   /usr/bin/c++ -fPIC  -ffunction-sections -fdata-sections -fPIC -m64 -g -std=c++11 -fPIC -pthread -fstack-protector-strong -fPIE -O2 -D_FORTIFY_SOURCE=2 -Wformat -Wformat-security -std=c++11 -g -fPIC -pthread -g  -pie -Wl,--no-undefined -z noexecstack -z relro -z now -shared -Wl,-soname,libIntelSEAPI.so -o /opt/rustwide/target/debug/build/intel-seapi-sys-0b0ba00e7eb8956d/bin/libIntelSEAPI.so CMakeFiles/sea_itt_lib.dir/sea_itt_lib.cpp.o CMakeFiles/sea_itt_lib.dir/IttNotifyStdSrc.cpp.o CMakeFiles/sea_itt_lib.dir/Recorder.cpp.o CMakeFiles/sea_itt_lib.dir/Utils.cpp.o  -ldl /opt/rustwide/target/debug/build/intel-seapi-sys-0b0ba00e7eb8956d/bin/libittnotify.a -ldl 
[INFO] [stderr]   gmake[2]: Leaving directory '/opt/rustwide/target/debug/build/intel-seapi-sys-0b0ba00e7eb8956d/out/build'
[INFO] [stderr]   [100%] Built target sea_itt_lib
[INFO] [stderr]   gmake[1]: Leaving directory '/opt/rustwide/target/debug/build/intel-seapi-sys-0b0ba00e7eb8956d/out/build'
[INFO] [stderr]   /usr/bin/cmake -E cmake_progress_start /opt/rustwide/target/debug/build/intel-seapi-sys-0b0ba00e7eb8956d/out/build/CMakeFiles 0
[INFO] [stderr]   /usr/bin/gmake  -f CMakeFiles/Makefile2 preinstall
[INFO] [stderr]   gmake[1]: Entering directory '/opt/rustwide/target/debug/build/intel-seapi-sys-0b0ba00e7eb8956d/out/build'
[INFO] [stderr]   gmake[1]: Nothing to be done for 'preinstall'.
[INFO] [stderr]   gmake[1]: Leaving directory '/opt/rustwide/target/debug/build/intel-seapi-sys-0b0ba00e7eb8956d/out/build'
[INFO] [stderr]   Install the project...
[INFO] [stderr]   /usr/bin/cmake -P cmake_install.cmake
[INFO] [stderr]   -- Install configuration: "Debug"
[INFO] [stderr]   -- Installing: /opt/rustwide/target/debug/build/intel-seapi-sys-0b0ba00e7eb8956d/out/install/./README.txt
[INFO] [stderr]   -- Installing: /opt/rustwide/target/debug/build/intel-seapi-sys-0b0ba00e7eb8956d/out/install/./include
[INFO] [stderr]   -- Installing: /opt/rustwide/target/debug/build/intel-seapi-sys-0b0ba00e7eb8956d/out/install/./include/llvm_jit_event_listener.hpp
[INFO] [stderr]   -- Installing: /opt/rustwide/target/debug/build/intel-seapi-sys-0b0ba00e7eb8956d/out/install/./include/libittnotify.h
[INFO] [stderr]   -- Installing: /opt/rustwide/target/debug/build/intel-seapi-sys-0b0ba00e7eb8956d/out/install/./include/jitprofiling.h
[INFO] [stderr]   -- Installing: /opt/rustwide/target/debug/build/intel-seapi-sys-0b0ba00e7eb8956d/out/install/./include/ittnotify.h
[INFO] [stderr]   -- Installing: /opt/rustwide/target/debug/build/intel-seapi-sys-0b0ba00e7eb8956d/out/install/./include/legacy
[INFO] [stderr]   -- Installing: /opt/rustwide/target/debug/build/intel-seapi-sys-0b0ba00e7eb8956d/out/install/./include/legacy/ittnotify.h
[INFO] [stderr]   -- Installing: /opt/rustwide/target/debug/build/intel-seapi-sys-0b0ba00e7eb8956d/out/install/./include/ittnotify.f90
[INFO] [stderr]   -- Installing: /opt/rustwide/target/debug/build/intel-seapi-sys-0b0ba00e7eb8956d/out/install/include/itt_notify.hpp
[INFO] [stderr]   -- Installing: /opt/rustwide/target/debug/build/intel-seapi-sys-0b0ba00e7eb8956d/out/install/runtool/sea.py
[INFO] [stderr]   -- Installing: /opt/rustwide/target/debug/build/intel-seapi-sys-0b0ba00e7eb8956d/out/install/runtool/sea_runtool.py
[INFO] [stderr]   -- Installing: /opt/rustwide/target/debug/build/intel-seapi-sys-0b0ba00e7eb8956d/out/install/runtool/strings.py
[INFO] [stderr]   -- Installing: /opt/rustwide/target/debug/build/intel-seapi-sys-0b0ba00e7eb8956d/out/install/runtool/importers/csv.py
[INFO] [stderr]   -- Installing: /opt/rustwide/target/debug/build/intel-seapi-sys-0b0ba00e7eb8956d/out/install/runtool/importers/etw.py
[INFO] [stderr]   -- Installing: /opt/rustwide/target/debug/build/intel-seapi-sys-0b0ba00e7eb8956d/out/install/runtool/importers/ftrace.py
[INFO] [stderr]   -- Installing: /opt/rustwide/target/debug/build/intel-seapi-sys-0b0ba00e7eb8956d/out/install/runtool/importers/mac_log.py
[INFO] [stderr]   -- Installing: /opt/rustwide/target/debug/build/intel-seapi-sys-0b0ba00e7eb8956d/out/install/runtool/importers/osx.py
[INFO] [stderr]   -- Installing: /opt/rustwide/target/debug/build/intel-seapi-sys-0b0ba00e7eb8956d/out/install/runtool/importers/perf.py
[INFO] [stderr]   -- Installing: /opt/rustwide/target/debug/build/intel-seapi-sys-0b0ba00e7eb8956d/out/install/runtool/importers/pprof_importer.py
[INFO] [stderr]   -- Installing: /opt/rustwide/target/debug/build/intel-seapi-sys-0b0ba00e7eb8956d/out/install/runtool/importers/qnx.py
[INFO] [stderr]   -- Installing: /opt/rustwide/target/debug/build/intel-seapi-sys-0b0ba00e7eb8956d/out/install/runtool/importers/pprof_importer/profile.py
[INFO] [stderr]   -- Installing: /opt/rustwide/target/debug/build/intel-seapi-sys-0b0ba00e7eb8956d/out/install/runtool/exporters/BestTraceFormat.py
[INFO] [stderr]   -- Installing: /opt/rustwide/target/debug/build/intel-seapi-sys-0b0ba00e7eb8956d/out/install/runtool/exporters/ChromeTracing.py
[INFO] [stderr]   -- Installing: /opt/rustwide/target/debug/build/intel-seapi-sys-0b0ba00e7eb8956d/out/install/runtool/exporters/DGML.py
[INFO] [stderr]   -- Installing: /opt/rustwide/target/debug/build/intel-seapi-sys-0b0ba00e7eb8956d/out/install/runtool/exporters/GraphViz.py
[INFO] [stderr]   -- Installing: /opt/rustwide/target/debug/build/intel-seapi-sys-0b0ba00e7eb8956d/out/install/runtool/exporters/QtCreatorProfiler.py
[INFO] [stderr]   -- Installing: /opt/rustwide/target/debug/build/intel-seapi-sys-0b0ba00e7eb8956d/out/install/runtool/exporters/Stat.py
[INFO] [stderr]   -- Installing: /opt/rustwide/target/debug/build/intel-seapi-sys-0b0ba00e7eb8956d/out/install/runtool/exporters/memory.py
[INFO] [stderr]   -- Installing: /opt/rustwide/target/debug/build/intel-seapi-sys-0b0ba00e7eb8956d/out/install/runtool/collectors/android.py
[INFO] [stderr]   -- Installing: /opt/rustwide/target/debug/build/intel-seapi-sys-0b0ba00e7eb8956d/out/install/runtool/collectors/ftrace.py
[INFO] [stderr]   -- Installing: /opt/rustwide/target/debug/build/intel-seapi-sys-0b0ba00e7eb8956d/out/install/runtool/collectors/osx.py
[INFO] [stderr]   -- Installing: /opt/rustwide/target/debug/build/intel-seapi-sys-0b0ba00e7eb8956d/out/install/runtool/collectors/win.py
[INFO] [stderr]   -- Installing: /opt/rustwide/target/debug/build/intel-seapi-sys-0b0ba00e7eb8956d/out/install/runtool/decoders/Adreno.py
[INFO] [stderr]   -- Installing: /opt/rustwide/target/debug/build/intel-seapi-sys-0b0ba00e7eb8956d/out/install/runtool/decoders/MSNT_SystemTrace.py
[INFO] [stderr]   -- Installing: /opt/rustwide/target/debug/build/intel-seapi-sys-0b0ba00e7eb8956d/out/install/runtool/decoders/PVR.py
[INFO] [stderr]   -- Installing: /opt/rustwide/target/debug/build/intel-seapi-sys-0b0ba00e7eb8956d/out/install/runtool/decoders/SteamVR.py
[INFO] [stderr]   -- Installing: /opt/rustwide/target/debug/build/intel-seapi-sys-0b0ba00e7eb8956d/out/install/runtool/decoders/i915.py
[INFO] [stderr] 
[INFO] [stderr]   --- stderr
[INFO] [stderr]   CMake Deprecation Warning at CMakeLists.txt:18 (cmake_minimum_required):
[INFO] [stderr]     Compatibility with CMake < 2.8.12 will be removed from a future version of
[INFO] [stderr]     CMake.
[INFO] [stderr] 
[INFO] [stderr]     Update the VERSION argument <min> value or use a ...<max> suffix to tell
[INFO] [stderr]     CMake that the project does not need compatibility with older versions.
[INFO] [stderr] 
[INFO] [stderr] 
[INFO] [stderr]      Called from: [1]	/opt/rustwide/workdir/lib/IntelSEAPI/CMakeLists.txt
[INFO] [stderr]   CMake Warning (dev) at /usr/share/cmake-3.22/Modules/CMakeDetermineCompiler.cmake:143 (set):
[INFO] [stderr]     Policy CMP0126 is not set: set(CACHE) does not remove a normal variable of
[INFO] [stderr]     the same name.  Run "cmake --help-policy CMP0126" for policy details.  Use
[INFO] [stderr]     the cmake_policy command to set the policy and suppress this warning.
[INFO] [stderr] 
[INFO] [stderr]     For compatibility with older versions of CMake, normal variable
[INFO] [stderr]     "CMAKE_C_COMPILER" will be removed from the current scope.
[INFO] [stderr]   Call Stack (most recent call first):
[INFO] [stderr]     /usr/share/cmake-3.22/Modules/CMakeDetermineCCompiler.cmake:68 (_cmake_find_compiler_path)
[INFO] [stderr]     CMakeLists.txt:20 (project)
[INFO] [stderr]   This warning is for project developers.  Use -Wno-dev to suppress it.
[INFO] [stderr] 
[INFO] [stderr]      Called from: [3]	/usr/share/cmake-3.22/Modules/CMakeDetermineCompiler.cmake
[INFO] [stderr]                   [2]	/usr/share/cmake-3.22/Modules/CMakeDetermineCCompiler.cmake
[INFO] [stderr]                   [1]	/opt/rustwide/workdir/lib/IntelSEAPI/CMakeLists.txt
[INFO] [stderr]   CMake Warning (dev) at /usr/share/cmake-3.22/Modules/CMakeDetermineCompiler.cmake:143 (set):
[INFO] [stderr]     Policy CMP0126 is not set: set(CACHE) does not remove a normal variable of
[INFO] [stderr]     the same name.  Run "cmake --help-policy CMP0126" for policy details.  Use
[INFO] [stderr]     the cmake_policy command to set the policy and suppress this warning.
[INFO] [stderr] 
[INFO] [stderr]     For compatibility with older versions of CMake, normal variable
[INFO] [stderr]     "CMAKE_CXX_COMPILER" will be removed from the current scope.
[INFO] [stderr]   Call Stack (most recent call first):
[INFO] [stderr]     /usr/share/cmake-3.22/Modules/CMakeDetermineCXXCompiler.cmake:66 (_cmake_find_compiler_path)
[INFO] [stderr]     CMakeLists.txt:20 (project)
[INFO] [stderr]   This warning is for project developers.  Use -Wno-dev to suppress it.
[INFO] [stderr] 
[INFO] [stderr]      Called from: [3]	/usr/share/cmake-3.22/Modules/CMakeDetermineCompiler.cmake
[INFO] [stderr]                   [2]	/usr/share/cmake-3.22/Modules/CMakeDetermineCXXCompiler.cmake
[INFO] [stderr]                   [1]	/opt/rustwide/workdir/lib/IntelSEAPI/CMakeLists.txt
[INFO] [stderr]   CMake Warning (dev) at /usr/share/cmake-3.22/Modules/CMakeDetermineCompilerABI.cmake:49 (try_compile):
[INFO] [stderr]     Policy CMP0066 is not set: Honor per-config flags in try_compile()
[INFO] [stderr]     source-file signature.  Run "cmake --help-policy CMP0066" for policy
[INFO] [stderr]     details.  Use the cmake_policy command to set the policy and suppress this
[INFO] [stderr]     warning.
[INFO] [stderr] 
[INFO] [stderr]     For compatibility with older versions of CMake, try_compile is not honoring
[INFO] [stderr]     caller config-specific compiler flags (e.g.  CMAKE_C_FLAGS_DEBUG) in the
[INFO] [stderr]     test project.
[INFO] [stderr]   Call Stack (most recent call first):
[INFO] [stderr]     /usr/share/cmake-3.22/Modules/CMakeTestCCompiler.cmake:26 (CMAKE_DETERMINE_COMPILER_ABI)
[INFO] [stderr]     CMakeLists.txt:20 (project)
[INFO] [stderr]   This warning is for project developers.  Use -Wno-dev to suppress it.
[INFO] [stderr] 
[INFO] [stderr]      Called from: [3]	/usr/share/cmake-3.22/Modules/CMakeDetermineCompilerABI.cmake
[INFO] [stderr]                   [2]	/usr/share/cmake-3.22/Modules/CMakeTestCCompiler.cmake
[INFO] [stderr]                   [1]	/opt/rustwide/workdir/lib/IntelSEAPI/CMakeLists.txt
[INFO] [stderr]   CMake Warning (dev) at /usr/share/cmake-3.22/Modules/CMakeDetermineCompilerABI.cmake:49 (try_compile):
[INFO] [stderr]     Policy CMP0056 is not set: Honor link flags in try_compile() source-file
[INFO] [stderr]     signature.  Run "cmake --help-policy CMP0056" for policy details.  Use the
[INFO] [stderr]     cmake_policy command to set the policy and suppress this warning.
[INFO] [stderr] 
[INFO] [stderr]     For compatibility with older versions of CMake, try_compile is not honoring
[INFO] [stderr]     caller link flags (e.g.  CMAKE_EXE_LINKER_FLAGS) in the test project.
[INFO] [stderr]   Call Stack (most recent call first):
[INFO] [stderr]     /usr/share/cmake-3.22/Modules/CMakeTestCCompiler.cmake:26 (CMAKE_DETERMINE_COMPILER_ABI)
[INFO] [stderr]     CMakeLists.txt:20 (project)
[INFO] [stderr]   This warning is for project developers.  Use -Wno-dev to suppress it.
[INFO] [stderr] 
[INFO] [stderr]      Called from: [3]	/usr/share/cmake-3.22/Modules/CMakeDetermineCompilerABI.cmake
[INFO] [stderr]                   [2]	/usr/share/cmake-3.22/Modules/CMakeTestCCompiler.cmake
[INFO] [stderr]                   [1]	/opt/rustwide/workdir/lib/IntelSEAPI/CMakeLists.txt
[INFO] [stderr]   CMake Warning (dev) at /usr/share/cmake-3.22/Modules/CMakeDetermineCompilerABI.cmake:49 (try_compile):
[INFO] [stderr]     Policy CMP0066 is not set: Honor per-config flags in try_compile()
[INFO] [stderr]     source-file signature.  Run "cmake --help-policy CMP0066" for policy
[INFO] [stderr]     details.  Use the cmake_policy command to set the policy and suppress this
[INFO] [stderr]     warning.
[INFO] [stderr] 
[INFO] [stderr]     For compatibility with older versions of CMake, try_compile is not honoring
[INFO] [stderr]     caller config-specific compiler flags (e.g.  CMAKE_C_FLAGS_DEBUG) in the
[INFO] [stderr]     test project.
[INFO] [stderr]   Call Stack (most recent call first):
[INFO] [stderr]     /usr/share/cmake-3.22/Modules/CMakeTestCXXCompiler.cmake:26 (CMAKE_DETERMINE_COMPILER_ABI)
[INFO] [stderr]     CMakeLists.txt:20 (project)
[INFO] [stderr]   This warning is for project developers.  Use -Wno-dev to suppress it.
[INFO] [stderr] 
[INFO] [stderr]      Called from: [3]	/usr/share/cmake-3.22/Modules/CMakeDetermineCompilerABI.cmake
[INFO] [stderr]                   [2]	/usr/share/cmake-3.22/Modules/CMakeTestCXXCompiler.cmake
[INFO] [stderr]                   [1]	/opt/rustwide/workdir/lib/IntelSEAPI/CMakeLists.txt
[INFO] [stderr]   CMake Warning (dev) at /usr/share/cmake-3.22/Modules/CMakeDetermineCompilerABI.cmake:49 (try_compile):
[INFO] [stderr]     Policy CMP0056 is not set: Honor link flags in try_compile() source-file
[INFO] [stderr]     signature.  Run "cmake --help-policy CMP0056" for policy details.  Use the
[INFO] [stderr]     cmake_policy command to set the policy and suppress this warning.
[INFO] [stderr] 
[INFO] [stderr]     For compatibility with older versions of CMake, try_compile is not honoring
[INFO] [stderr]     caller link flags (e.g.  CMAKE_EXE_LINKER_FLAGS) in the test project.
[INFO] [stderr]   Call Stack (most recent call first):
[INFO] [stderr]     /usr/share/cmake-3.22/Modules/CMakeTestCXXCompiler.cmake:26 (CMAKE_DETERMINE_COMPILER_ABI)
[INFO] [stderr]     CMakeLists.txt:20 (project)
[INFO] [stderr]   This warning is for project developers.  Use -Wno-dev to suppress it.
[INFO] [stderr] 
[INFO] [stderr]      Called from: [3]	/usr/share/cmake-3.22/Modules/CMakeDetermineCompilerABI.cmake
[INFO] [stderr]                   [2]	/usr/share/cmake-3.22/Modules/CMakeTestCXXCompiler.cmake
[INFO] [stderr]                   [1]	/opt/rustwide/workdir/lib/IntelSEAPI/CMakeLists.txt
[INFO] [stderr]      Entering             /opt/rustwide/workdir/lib/IntelSEAPI/ittnotify
[INFO] [stderr]      Called from: [1]	/opt/rustwide/workdir/lib/IntelSEAPI/CMakeLists.txt
[INFO] [stderr]      Returning to         /opt/rustwide/workdir/lib/IntelSEAPI
[INFO] [stderr]      Called from: [1]	/opt/rustwide/workdir/lib/IntelSEAPI/CMakeLists.txt
[INFO] [stderr]      Entering             /opt/rustwide/workdir/lib/IntelSEAPI/sea_itt_lib
[INFO] [stderr]      Called from: [1]	/opt/rustwide/workdir/lib/IntelSEAPI/CMakeLists.txt
[INFO] [stderr]   CMake Deprecation Warning at sea_itt_lib/CMakeLists.txt:18 (cmake_minimum_required):
[INFO] [stderr]     Compatibility with CMake < 2.8.12 will be removed from a future version of
[INFO] [stderr]     CMake.
[INFO] [stderr] 
[INFO] [stderr]     Update the VERSION argument <min> value or use a ...<max> suffix to tell
[INFO] [stderr]     CMake that the project does not need compatibility with older versions.
[INFO] [stderr] 
[INFO] [stderr] 
[INFO] [stderr]      Called from: [1]	/opt/rustwide/workdir/lib/IntelSEAPI/sea_itt_lib/CMakeLists.txt
[INFO] [stderr]      Returning to         /opt/rustwide/workdir/lib/IntelSEAPI
[INFO] [stderr]      Called from: [1]	/opt/rustwide/workdir/lib/IntelSEAPI/CMakeLists.txt
[INFO] [stderr]   CMake Warning (dev) in CMakeLists.txt:
[INFO] [stderr]     Policy CMP0065 is not set: Do not add flags to export symbols from
[INFO] [stderr]     executables without the ENABLE_EXPORTS target property.  Run "cmake
[INFO] [stderr]     --help-policy CMP0065" for policy details.  Use the cmake_policy command to
[INFO] [stderr]     set the policy and suppress this warning.
[INFO] [stderr] 
[INFO] [stderr]     For compatibility with older versions of CMake, additional flags may be
[INFO] [stderr]     added to export symbols on all executables regardless of their
[INFO] [stderr]     ENABLE_EXPORTS property.
[INFO] [stderr]   This warning is for project developers.  Use -Wno-dev to suppress it.
[INFO] [stderr] 
[INFO] [stderr]      Called from: [1]	/opt/rustwide/workdir/lib/IntelSEAPI/CMakeLists.txt
[INFO] [stderr]   CMake Warning:
[INFO] [stderr]     Manually-specified variables were not used by the project:
[INFO] [stderr] 
[INFO] [stderr]       CMAKE_ASM_COMPILER
[INFO] [stderr]       CMAKE_ASM_FLAGS
[INFO] [stderr] 
[INFO] [stderr] 
[INFO] [stderr]   /opt/rustwide/workdir/lib/IntelSEAPI/ittnotify/src/ittnotify/ittnotify_static.c:80:19: warning: 'api_version' initialized and declared 'extern'
[INFO] [stderr]      80 | extern const char api_version[] = API_VERSION "\0\n@(#) $Revision: 481659 $\n";
[INFO] [stderr]         |                   ^~~~~~~~~~~
[INFO] [stderr]   /opt/rustwide/workdir/lib/IntelSEAPI/ittnotify/src/ittnotify/ittnotify_static.c:87:20: warning: 'ittnotify_lib_name' initialized and declared 'extern'
[INFO] [stderr]      87 | extern const char* ittnotify_lib_name = "libittnotify.so";
[INFO] [stderr]         |                    ^~~~~~~~~~~~~~~~~~
[INFO] [stderr]   /opt/rustwide/workdir/lib/IntelSEAPI/ittnotify/src/ittnotify/ittnotify_static.c:162:29: warning: '__itt_init_ittlib_ptr' initialized and declared 'extern'
[INFO] [stderr]     162 | extern __itt_init_ittlib_t* __itt_init_ittlib_ptr = _N_(init_ittlib);
[INFO] [stderr]         |                             ^~~~~~~~~~~~~~~~~~~~~
[INFO] [stderr]   /opt/rustwide/workdir/lib/IntelSEAPI/ittnotify/src/ittnotify/ittnotify_static.c:171:29: warning: '__itt_fini_ittlib_ptr' initialized and declared 'extern'
[INFO] [stderr]     171 | extern __itt_fini_ittlib_t* __itt_fini_ittlib_ptr = _N_(fini_ittlib);
[INFO] [stderr]         |                             ^~~~~~~~~~~~~~~~~~~~~
[INFO] [stderr]   /opt/rustwide/workdir/lib/IntelSEAPI/ittnotify/src/ittnotify/ittnotify_static.c:233:26: warning: 'group_alias' initialized and declared 'extern'
[INFO] [stderr]     233 | extern __itt_group_alias group_alias[] = {
[INFO] [stderr]         |                          ^~~~~~~~~~~
[INFO] [stderr]   /opt/rustwide/workdir/lib/IntelSEAPI/ittnotify/src/ittnotify/ittnotify_static.c:247:23: warning: 'api_list' initialized and declared 'extern'
[INFO] [stderr]     247 | extern __itt_api_info api_list[] = {
[INFO] [stderr]         |                       ^~~~~~~~
[INFO] [stderr]   /opt/rustwide/workdir/lib/IntelSEAPI/ittnotify/src/ittnotify/ittnotify_static.c:269:19: warning: 'dll_path' initialized and declared 'extern'
[INFO] [stderr]     269 | extern const char dll_path[PATH_MAX] = { 0 };
[INFO] [stderr]         |                   ^~~~~~~~
[INFO] [stderr]   In file included from /opt/rustwide/workdir/lib/IntelSEAPI/sea_itt_lib/IttNotifyStdSrc.h:36,
[INFO] [stderr]                    from /opt/rustwide/workdir/lib/IntelSEAPI/sea_itt_lib/Recorder.cpp:19:
[INFO] [stderr]   /opt/rustwide/workdir/lib/IntelSEAPI/sea_itt_lib/../ittnotify/include/ittnotify.h:253:6: warning: #warning "Deprecated API is used. Please undefine INTEL_ITTNOTIFY_ENABLE_LEGACY macro" [-Wcpp]
[INFO] [stderr]     253 | #    warning "Deprecated API is used. Please undefine INTEL_ITTNOTIFY_ENABLE_LEGACY macro"
[INFO] [stderr]         |      ^~~~~~~
[INFO] [stderr]   In file included from /opt/rustwide/workdir/lib/IntelSEAPI/sea_itt_lib/IttNotifyStdSrc.h:36,
[INFO] [stderr]                    from /opt/rustwide/workdir/lib/IntelSEAPI/sea_itt_lib/sea_itt_lib.cpp:19:
[INFO] [stderr]   /opt/rustwide/workdir/lib/IntelSEAPI/sea_itt_lib/../ittnotify/include/ittnotify.h:253:6: warning: #warning "Deprecated API is used. Please undefine INTEL_ITTNOTIFY_ENABLE_LEGACY macro" [-Wcpp]
[INFO] [stderr]     253 | #    warning "Deprecated API is used. Please undefine INTEL_ITTNOTIFY_ENABLE_LEGACY macro"
[INFO] [stderr]         |      ^~~~~~~
[INFO] [stderr]   In file included from /opt/rustwide/workdir/lib/IntelSEAPI/sea_itt_lib/IttNotifyStdSrc.h:36,
[INFO] [stderr]                    from /opt/rustwide/workdir/lib/IntelSEAPI/sea_itt_lib/IttNotifyStdSrc.cpp:19:
[INFO] [stderr]   /opt/rustwide/workdir/lib/IntelSEAPI/sea_itt_lib/../ittnotify/include/ittnotify.h:253:6: warning: #warning "Deprecated API is used. Please undefine INTEL_ITTNOTIFY_ENABLE_LEGACY macro" [-Wcpp]
[INFO] [stderr]     253 | #    warning "Deprecated API is used. Please undefine INTEL_ITTNOTIFY_ENABLE_LEGACY macro"
[INFO] [stderr]         |      ^~~~~~~
[INFO] [stderr]   In file included from /opt/rustwide/workdir/lib/IntelSEAPI/sea_itt_lib/IttNotifyStdSrc.h:36,
[INFO] [stderr]                    from /opt/rustwide/workdir/lib/IntelSEAPI/sea_itt_lib/Utils.cpp:20:
[INFO] [stderr]   /opt/rustwide/workdir/lib/IntelSEAPI/sea_itt_lib/../ittnotify/include/ittnotify.h:253:6: warning: #warning "Deprecated API is used. Please undefine INTEL_ITTNOTIFY_ENABLE_LEGACY macro" [-Wcpp]
[INFO] [stderr]     253 | #    warning "Deprecated API is used. Please undefine INTEL_ITTNOTIFY_ENABLE_LEGACY macro"
[INFO] [stderr]         |      ^~~~~~~
[INFO] [stderr]   In file included from /opt/rustwide/workdir/lib/IntelSEAPI/itt_notify.hpp:8,
[INFO] [stderr]                    from /opt/rustwide/workdir/lib/IntelSEAPI/InstrumentationExample.cpp:53:
[INFO] [stderr]   /opt/rustwide/workdir/lib/IntelSEAPI/ittnotify/include/ittnotify.h:253:6: warning: #warning "Deprecated API is used. Please undefine INTEL_ITTNOTIFY_ENABLE_LEGACY macro" [-Wcpp]
[INFO] [stderr]     253 | #    warning "Deprecated API is used. Please undefine INTEL_ITTNOTIFY_ENABLE_LEGACY macro"
[INFO] [stderr]         |      ^~~~~~~
[INFO] [stderr] 
[INFO] [stderr]   ###	Install /opt/rustwide/workdir/lib/IntelSEAPI/runtool/*.py to runtool:
[INFO] [stderr]   		/opt/rustwide/workdir/lib/IntelSEAPI/runtool/sea.py
[INFO] [stderr]   		/opt/rustwide/workdir/lib/IntelSEAPI/runtool/sea_runtool.py
[INFO] [stderr]   		/opt/rustwide/workdir/lib/IntelSEAPI/runtool/strings.py
[INFO] [stderr] 
[INFO] [stderr]   ###	Install /opt/rustwide/workdir/lib/IntelSEAPI/runtool/importers/*.py to runtool/importers:
[INFO] [stderr]   		/opt/rustwide/workdir/lib/IntelSEAPI/runtool/importers/csv.py
[INFO] [stderr]   		/opt/rustwide/workdir/lib/IntelSEAPI/runtool/importers/etw.py
[INFO] [stderr]   		/opt/rustwide/workdir/lib/IntelSEAPI/runtool/importers/ftrace.py
[INFO] [stderr]   		/opt/rustwide/workdir/lib/IntelSEAPI/runtool/importers/mac_log.py
[INFO] [stderr]   		/opt/rustwide/workdir/lib/IntelSEAPI/runtool/importers/osx.py
[INFO] [stderr]   		/opt/rustwide/workdir/lib/IntelSEAPI/runtool/importers/perf.py
[INFO] [stderr]   		/opt/rustwide/workdir/lib/IntelSEAPI/runtool/importers/pprof_importer.py
[INFO] [stderr]   		/opt/rustwide/workdir/lib/IntelSEAPI/runtool/importers/qnx.py
[INFO] [stderr] 
[INFO] [stderr]   ###	Install /opt/rustwide/workdir/lib/IntelSEAPI/runtool/importers/pprof_importer/*.py to runtool/importers/pprof_importer:
[INFO] [stderr]   		/opt/rustwide/workdir/lib/IntelSEAPI/runtool/importers/pprof_importer/profile.py
[INFO] [stderr] 
[INFO] [stderr]   ###	Install /opt/rustwide/workdir/lib/IntelSEAPI/runtool/exporters/*.py to runtool/exporters:
[INFO] [stderr]   		/opt/rustwide/workdir/lib/IntelSEAPI/runtool/exporters/BestTraceFormat.py
[INFO] [stderr]   		/opt/rustwide/workdir/lib/IntelSEAPI/runtool/exporters/ChromeTracing.py
[INFO] [stderr]   		/opt/rustwide/workdir/lib/IntelSEAPI/runtool/exporters/DGML.py
[INFO] [stderr]   		/opt/rustwide/workdir/lib/IntelSEAPI/runtool/exporters/GraphViz.py
[INFO] [stderr]   		/opt/rustwide/workdir/lib/IntelSEAPI/runtool/exporters/QtCreatorProfiler.py
[INFO] [stderr]   		/opt/rustwide/workdir/lib/IntelSEAPI/runtool/exporters/Stat.py
[INFO] [stderr]   		/opt/rustwide/workdir/lib/IntelSEAPI/runtool/exporters/memory.py
[INFO] [stderr] 
[INFO] [stderr]   ###	Install /opt/rustwide/workdir/lib/IntelSEAPI/runtool/collectors/*.py to runtool/collectors:
[INFO] [stderr]   		/opt/rustwide/workdir/lib/IntelSEAPI/runtool/collectors/android.py
[INFO] [stderr]   		/opt/rustwide/workdir/lib/IntelSEAPI/runtool/collectors/ftrace.py
[INFO] [stderr]   		/opt/rustwide/workdir/lib/IntelSEAPI/runtool/collectors/osx.py
[INFO] [stderr]   		/opt/rustwide/workdir/lib/IntelSEAPI/runtool/collectors/win.py
[INFO] [stderr] 
[INFO] [stderr]   ###	Install /opt/rustwide/workdir/lib/IntelSEAPI/runtool/decoders/*.py to runtool/decoders:
[INFO] [stderr]   		/opt/rustwide/workdir/lib/IntelSEAPI/runtool/decoders/Adreno.py
[INFO] [stderr]   		/opt/rustwide/workdir/lib/IntelSEAPI/runtool/decoders/MSNT_SystemTrace.py
[INFO] [stderr]   		/opt/rustwide/workdir/lib/IntelSEAPI/runtool/decoders/PVR.py
[INFO] [stderr]   		/opt/rustwide/workdir/lib/IntelSEAPI/runtool/decoders/SteamVR.py
[INFO] [stderr]   		/opt/rustwide/workdir/lib/IntelSEAPI/runtool/decoders/i915.py
[INFO] [stderr]   CMake Error at cmake_install.cmake:112 (file):
[INFO] [stderr]     file INSTALL cannot find "/opt/rustwide/workdir/lib/IntelSEAPI/bin": No
[INFO] [stderr]     such file or directory.
[INFO] [stderr] 
[INFO] [stderr] 
[INFO] [stderr]   gmake: *** [Makefile:123: install] Error 1
[INFO] [stderr]   thread 'main' panicked at /opt/rustwide/cargo-home/registry/src/index.crates.io-6f17d22bba15001f/cmake-0.1.50/src/lib.rs:1098:5:
[INFO] [stderr] 
[INFO] [stderr]   command did not execute successfully, got: exit status: 2
[INFO] [stderr] 
[INFO] [stderr]   build script failed, must exit now
[INFO] [stderr]   stack backtrace:
[INFO] [stderr]      0:     0x564bdbcbb8cc - std::backtrace_rs::backtrace::libunwind::trace::ha637c64ce894333a
[INFO] [stderr]                                  at /rustc/82e1608dfa6e0b5569232559e3d385fea5a93112/library/std/src/../../backtrace/src/backtrace/libunwind.rs:104:5
[INFO] [stderr]      1:     0x564bdbcbb8cc - std::backtrace_rs::backtrace::trace_unsynchronized::h47f62dea28e0c88d
[INFO] [stderr]                                  at /rustc/82e1608dfa6e0b5569232559e3d385fea5a93112/library/std/src/../../backtrace/src/backtrace/mod.rs:66:5
[INFO] [stderr]      2:     0x564bdbcbb8cc - std::sys_common::backtrace::_print_fmt::h9eef0abe20ede486
[INFO] [stderr]                                  at /rustc/82e1608dfa6e0b5569232559e3d385fea5a93112/library/std/src/sys_common/backtrace.rs:67:5
[INFO] [stderr]      3:     0x564bdbcbb8cc - <std::sys_common::backtrace::_print::DisplayBacktrace as core::fmt::Display>::fmt::hed7f999df88cc644
[INFO] [stderr]                                  at /rustc/82e1608dfa6e0b5569232559e3d385fea5a93112/library/std/src/sys_common/backtrace.rs:44:22
[INFO] [stderr]      4:     0x564bdbce75f0 - core::fmt::rt::Argument::fmt::h1539a9308b8d058d
[INFO] [stderr]                                  at /rustc/82e1608dfa6e0b5569232559e3d385fea5a93112/library/core/src/fmt/rt.rs:142:9
[INFO] [stderr]      5:     0x564bdbce75f0 - core::fmt::write::h3a39390d8560d9c9
[INFO] [stderr]                                  at /rustc/82e1608dfa6e0b5569232559e3d385fea5a93112/library/core/src/fmt/mod.rs:1120:17
[INFO] [stderr]      6:     0x564bdbcb8b9f - std::io::Write::write_fmt::h5fc9997dfe05f882
[INFO] [stderr]                                  at /rustc/82e1608dfa6e0b5569232559e3d385fea5a93112/library/std/src/io/mod.rs:1762:15
[INFO] [stderr]      7:     0x564bdbcbb6b4 - std::sys_common::backtrace::_print::h894006fb5c6f3d45
[INFO] [stderr]                                  at /rustc/82e1608dfa6e0b5569232559e3d385fea5a93112/library/std/src/sys_common/backtrace.rs:47:5
[INFO] [stderr]      8:     0x564bdbcbb6b4 - std::sys_common::backtrace::print::h23a2d212c6fff936
[INFO] [stderr]                                  at /rustc/82e1608dfa6e0b5569232559e3d385fea5a93112/library/std/src/sys_common/backtrace.rs:34:9
[INFO] [stderr]      9:     0x564bdbcbcec7 - std::panicking::default_hook::{{closure}}::h8a1d2ee00185001a
[INFO] [stderr]     10:     0x564bdbcbcc2f - std::panicking::default_hook::h6038f2eba384e475
[INFO] [stderr]                                  at /rustc/82e1608dfa6e0b5569232559e3d385fea5a93112/library/std/src/panicking.rs:292:9
[INFO] [stderr]     11:     0x564bdbcbd348 - std::panicking::rust_panic_with_hook::h2b5517d590cab22e
[INFO] [stderr]                                  at /rustc/82e1608dfa6e0b5569232559e3d385fea5a93112/library/std/src/panicking.rs:779:13
[INFO] [stderr]     12:     0x564bdbcbd22e - std::panicking::begin_panic_handler::{{closure}}::h233112c06e0ef43e
[INFO] [stderr]                                  at /rustc/82e1608dfa6e0b5569232559e3d385fea5a93112/library/std/src/panicking.rs:657:13
[INFO] [stderr]     13:     0x564bdbcbbd96 - std::sys_common::backtrace::__rust_end_short_backtrace::h6e893f24d7ebbff8
[INFO] [stderr]                                  at /rustc/82e1608dfa6e0b5569232559e3d385fea5a93112/library/std/src/sys_common/backtrace.rs:170:18
[INFO] [stderr]     14:     0x564bdbcbcf92 - rust_begin_unwind
[INFO] [stderr]                                  at /rustc/82e1608dfa6e0b5569232559e3d385fea5a93112/library/std/src/panicking.rs:645:5
[INFO] [stderr]     15:     0x564bdb75a0d5 - core::panicking::panic_fmt::hbf0e066aabfa482c
[INFO] [stderr]                                  at /rustc/82e1608dfa6e0b5569232559e3d385fea5a93112/library/core/src/panicking.rs:72:14
[INFO] [stderr]     16:     0x564bdb771ed1 - cmake::fail::h48943d4bc26ff962
[INFO] [stderr]     17:     0x564bdb771657 - cmake::run::hb5b5c0da29ba9049
[INFO] [stderr]     18:     0x564bdb76df71 - cmake::Config::build::h95129dac09be71c5
[INFO] [stderr]     19:     0x564bdb75eb8e - build_script_build::cmake::hf201dcea86527bc8
[INFO] [stderr]     20:     0x564bdb75e1fd - build_script_build::main::h0273862b4ce5ac07
[INFO] [stderr]     21:     0x564bdb75b853 - core::ops::function::FnOnce::call_once::ha58dbbae39e4fd62
[INFO] [stderr]     22:     0x564bdb75aac6 - std::sys_common::backtrace::__rust_begin_short_backtrace::ha51736991bc90163
[INFO] [stderr]     23:     0x564bdb75b279 - std::rt::lang_start::{{closure}}::had75cd28e55d8a87
[INFO] [stderr]     24:     0x564bdbcb4497 - core::ops::function::impls::<impl core::ops::function::FnOnce<A> for &F>::call_once::hd95060ecd5e1ca24
[INFO] [stderr]                                  at /rustc/82e1608dfa6e0b5569232559e3d385fea5a93112/library/core/src/ops/function.rs:284:13
[INFO] [stderr]     25:     0x564bdbcb4497 - std::panicking::try::do_call::h6e8cf51db32a6e4b
[INFO] [stderr]                                  at /rustc/82e1608dfa6e0b5569232559e3d385fea5a93112/library/std/src/panicking.rs:552:40
[INFO] [stderr]     26:     0x564bdbcb4497 - std::panicking::try::h3a52eefe24fe3c29
[INFO] [stderr]                                  at /rustc/82e1608dfa6e0b5569232559e3d385fea5a93112/library/std/src/panicking.rs:516:19
[INFO] [stderr]     27:     0x564bdbcb4497 - std::panic::catch_unwind::h24c28c23c02c3841
[INFO] [stderr]                                  at /rustc/82e1608dfa6e0b5569232559e3d385fea5a93112/library/std/src/panic.rs:142:14
[INFO] [stderr]     28:     0x564bdbcb4497 - std::rt::lang_start_internal::{{closure}}::h705d3c9cbc06ef47
[INFO] [stderr]                                  at /rustc/82e1608dfa6e0b5569232559e3d385fea5a93112/library/std/src/rt.rs:148:48
[INFO] [stderr]     29:     0x564bdbcb4497 - std::panicking::try::do_call::ha21f52ba13158470
[INFO] [stderr]                                  at /rustc/82e1608dfa6e0b5569232559e3d385fea5a93112/library/std/src/panicking.rs:552:40
[INFO] [stderr]     30:     0x564bdbcb4497 - std::panicking::try::h5581346bf6aeb1f8
[INFO] [stderr]                                  at /rustc/82e1608dfa6e0b5569232559e3d385fea5a93112/library/std/src/panicking.rs:516:19
[INFO] [stderr]     31:     0x564bdbcb4497 - std::panic::catch_unwind::h7919645a6b72e25b
[INFO] [stderr]                                  at /rustc/82e1608dfa6e0b5569232559e3d385fea5a93112/library/std/src/panic.rs:142:14
[INFO] [stderr]     32:     0x564bdbcb4497 - std::rt::lang_start_internal::h12de51168669836e
[INFO] [stderr]                                  at /rustc/82e1608dfa6e0b5569232559e3d385fea5a93112/library/std/src/rt.rs:148:20
[INFO] [stderr]     33:     0x564bdb75b257 - std::rt::lang_start::hc95ac2e22b6bd85c
[INFO] [stderr]     34:     0x564bdb7600f5 - main
[INFO] [stderr]     35:     0x7f4d4c870d90 - <unknown>
[INFO] [stderr]     36:     0x7f4d4c870e40 - __libc_start_main
[INFO] [stderr]     37:     0x564bdb75a9a5 - _start
[INFO] [stderr]     38:                0x0 - <unknown>
[INFO] running `Command { std: "docker" "inspect" "29f242efa3d301e4aedb3466cc908e0ea7e43b9cfadc961200636abf0a48307a", kill_on_drop: false }`
[INFO] running `Command { std: "docker" "rm" "-f" "29f242efa3d301e4aedb3466cc908e0ea7e43b9cfadc961200636abf0a48307a", kill_on_drop: false }`
[INFO] [stdout] 29f242efa3d301e4aedb3466cc908e0ea7e43b9cfadc961200636abf0a48307a
[INFO] documenting intel-seapi-sys-0.2.0 against beta-2023-12-22 for beta-1.76-rustdoc-1
[INFO] extracting crate intel-seapi-sys 0.2.0 into /workspace/builds/worker-1-tc2/source
[INFO] validating manifest of crates.io crate intel-seapi-sys 0.2.0 on toolchain beta-2023-12-22
[INFO] running `Command { std: CARGO_HOME="/workspace/cargo-home" RUSTUP_HOME="/workspace/rustup-home" "/workspace/cargo-home/bin/cargo" "+beta-2023-12-22" "metadata" "--manifest-path" "Cargo.toml" "--no-deps", kill_on_drop: false }`
[INFO] started tweaking crates.io crate intel-seapi-sys 0.2.0
[INFO] finished tweaking crates.io crate intel-seapi-sys 0.2.0
[INFO] tweaked toml for crates.io crate intel-seapi-sys 0.2.0 written to /workspace/builds/worker-1-tc2/source/Cargo.toml
[INFO] running `Command { std: CARGO_HOME="/workspace/cargo-home" RUSTUP_HOME="/workspace/rustup-home" "/workspace/cargo-home/bin/cargo" "+beta-2023-12-22" "generate-lockfile" "--manifest-path" "Cargo.toml", kill_on_drop: false }`
[INFO] [stderr]     Updating crates.io index
[INFO] running `Command { std: CARGO_HOME="/workspace/cargo-home" RUSTUP_HOME="/workspace/rustup-home" "/workspace/cargo-home/bin/cargo" "+beta-2023-12-22" "fetch" "--manifest-path" "Cargo.toml", kill_on_drop: false }`
[INFO] running `Command { std: "docker" "create" "-v" "/var/lib/crater-agent-workspace/builds/worker-1-tc2/target:/opt/rustwide/target:rw,Z" "-v" "/var/lib/crater-agent-workspace/builds/worker-1-tc2/source:/opt/rustwide/workdir:ro,Z" "-v" "/var/lib/crater-agent-workspace/cargo-home:/opt/rustwide/cargo-home:ro,Z" "-v" "/var/lib/crater-agent-workspace/rustup-home:/opt/rustwide/rustup-home:ro,Z" "-e" "SOURCE_DIR=/opt/rustwide/workdir" "-e" "CARGO_TARGET_DIR=/opt/rustwide/target" "-e" "CARGO_HOME=/opt/rustwide/cargo-home" "-e" "RUSTUP_HOME=/opt/rustwide/rustup-home" "-w" "/opt/rustwide/workdir" "-m" "1610612736" "--user" "0:0" "--network" "none" "ghcr.io/rust-lang/crates-build-env/linux@sha256:2788e3201cd34a07e3172128adcd8b3090168a8e3bcc40d7c032b9dda1df7d1c" "/opt/rustwide/cargo-home/bin/cargo" "+beta-2023-12-22" "metadata" "--no-deps" "--format-version=1", kill_on_drop: false }`
[INFO] [stdout] 462bb35152f93bd402e19e23453cad709ac803e4f2b2e51fe9f5c1473ae290b3
[INFO] running `Command { std: "docker" "start" "-a" "462bb35152f93bd402e19e23453cad709ac803e4f2b2e51fe9f5c1473ae290b3", kill_on_drop: false }`
[INFO] running `Command { std: "docker" "inspect" "462bb35152f93bd402e19e23453cad709ac803e4f2b2e51fe9f5c1473ae290b3", kill_on_drop: false }`
[INFO] running `Command { std: "docker" "rm" "-f" "462bb35152f93bd402e19e23453cad709ac803e4f2b2e51fe9f5c1473ae290b3", kill_on_drop: false }`
[INFO] [stdout] 462bb35152f93bd402e19e23453cad709ac803e4f2b2e51fe9f5c1473ae290b3
[INFO] running `Command { std: "docker" "create" "-v" "/var/lib/crater-agent-workspace/builds/worker-1-tc2/target:/opt/rustwide/target:rw,Z" "-v" "/var/lib/crater-agent-workspace/builds/worker-1-tc2/source:/opt/rustwide/workdir:ro,Z" "-v" "/var/lib/crater-agent-workspace/cargo-home:/opt/rustwide/cargo-home:ro,Z" "-v" "/var/lib/crater-agent-workspace/rustup-home:/opt/rustwide/rustup-home:ro,Z" "-e" "SOURCE_DIR=/opt/rustwide/workdir" "-e" "CARGO_TARGET_DIR=/opt/rustwide/target" "-e" "CARGO_INCREMENTAL=0" "-e" "RUST_BACKTRACE=full" "-e" "RUSTFLAGS=--cap-lints=warn" "-e" "RUSTDOCFLAGS=--cap-lints=warn" "-e" "CARGO_HOME=/opt/rustwide/cargo-home" "-e" "RUSTUP_HOME=/opt/rustwide/rustup-home" "-w" "/opt/rustwide/workdir" "-m" "1610612736" "--user" "0:0" "--network" "none" "ghcr.io/rust-lang/crates-build-env/linux@sha256:2788e3201cd34a07e3172128adcd8b3090168a8e3bcc40d7c032b9dda1df7d1c" "/opt/rustwide/cargo-home/bin/cargo" "+beta-2023-12-22" "doc" "--frozen" "--no-deps" "--document-private-items" "--message-format=json", kill_on_drop: false }`
[INFO] [stdout] b08915d1ce621d75bb2a7bd9c29d6907005fa686d791ddd4e4abe1ddd855312d
[INFO] running `Command { std: "docker" "start" "-a" "b08915d1ce621d75bb2a7bd9c29d6907005fa686d791ddd4e4abe1ddd855312d", kill_on_drop: false }`
[INFO] [stderr]    Compiling memchr v2.7.1
[INFO] [stderr]    Compiling version_check v0.1.5
[INFO] [stderr]    Compiling glob v0.2.11
[INFO] [stderr]    Compiling quick-error v1.2.3
[INFO] [stderr]    Compiling proc-macro2 v0.3.5
[INFO] [stderr]    Compiling textwrap v0.11.0
[INFO] [stderr]    Compiling vec_map v0.8.2
[INFO] [stderr]    Compiling libloading v0.5.2
[INFO] [stderr]    Compiling atty v0.2.14
[INFO] [stderr]    Compiling humantime v1.3.0
[INFO] [stderr]    Compiling bindgen v0.43.2
[INFO] [stderr]    Compiling nom v4.2.3
[INFO] [stderr]    Compiling ansi_term v0.12.1
[INFO] [stderr]    Compiling termcolor v1.4.0
[INFO] [stderr]    Compiling strsim v0.8.0
[INFO] [stderr]    Compiling clang-sys v0.26.4
[INFO] [stderr]    Compiling log v0.4.20
[INFO] [stderr]    Compiling aho-corasick v1.1.2
[INFO] [stderr]    Compiling clap v2.34.0
[INFO] [stderr]    Compiling quote v0.5.2
[INFO] [stderr]    Compiling which v1.0.5
[INFO] [stderr]    Compiling cmake v0.1.50
[INFO] [stderr]    Compiling cexpr v0.3.6
[INFO] [stderr]    Compiling regex-automata v0.4.3
[INFO] [stderr]    Compiling regex v1.10.2
[INFO] [stderr]    Compiling env_logger v0.6.2
[INFO] [stderr]    Compiling intel-seapi-sys v0.2.0 (/opt/rustwide/workdir)
[INFO] [stdout] warning: panic message is not a string literal
[INFO] [stdout]    --> src/build.rs:219:27
[INFO] [stdout]     |
[INFO] [stdout] 219 |         Err(..) => panic!(format!("environment variable `{}` not defined", environment_variable_name)),
[INFO] [stdout]     |                           ^^^^^^^^^^^^^^^^^^^^^^^^^^^^^^^^^^^^^^^^^^^^^^^^^^^^^^^^^^^^^^^^^^^^^^^^^^^
[INFO] [stdout]     |
[INFO] [stdout]     = note: this usage of `panic!()` is deprecated; it will be a hard error in Rust 2021
[INFO] [stdout]     = note: for more information, see <https://doc.rust-lang.org/nightly/edition-guide/rust-2021/panic-macro-consistency.html>
[INFO] [stdout]     = note: the `panic!()` macro supports formatting, so there's no need for the `format!()` macro here
[INFO] [stdout]     = note: `#[warn(non_fmt_panics)]` on by default
[INFO] [stdout] help: remove the `format!(..)` macro call
[INFO] [stdout]     |
[INFO] [stdout] 219 -         Err(..) => panic!(format!("environment variable `{}` not defined", environment_variable_name)),
[INFO] [stdout] 219 +         Err(..) => panic!("environment variable `{}` not defined", environment_variable_name),
[INFO] [stdout]     |
[INFO] [stdout] 
[INFO] [stdout] 
[INFO] [stdout] warning: 1 warning emitted
[INFO] [stdout] 
[INFO] [stdout] 
[INFO] [stderr] error: failed to run custom build command for `intel-seapi-sys v0.2.0 (/opt/rustwide/workdir)`
[INFO] [stderr] note: To improve backtraces for build dependencies, set the CARGO_PROFILE_DEV_BUILD_OVERRIDE_DEBUG=true environment variable to enable debug information generation.
[INFO] [stderr] 
[INFO] [stderr] Caused by:
[INFO] [stderr]   process didn't exit successfully: `/opt/rustwide/target/debug/build/intel-seapi-sys-1037a2b14d01e040/build-script-build` (exit status: 101)
[INFO] [stderr]   --- stdout
[INFO] [stderr]   CMAKE_TOOLCHAIN_FILE_x86_64-unknown-linux-gnu = None
[INFO] [stderr]   CMAKE_TOOLCHAIN_FILE_x86_64_unknown_linux_gnu = None
[INFO] [stderr]   HOST_CMAKE_TOOLCHAIN_FILE = None
[INFO] [stderr]   CMAKE_TOOLCHAIN_FILE = None
[INFO] [stderr]   CMAKE_GENERATOR_x86_64-unknown-linux-gnu = None
[INFO] [stderr]   CMAKE_GENERATOR_x86_64_unknown_linux_gnu = None
[INFO] [stderr]   HOST_CMAKE_GENERATOR = None
[INFO] [stderr]   CMAKE_GENERATOR = None
[INFO] [stderr]   CMAKE_PREFIX_PATH_x86_64-unknown-linux-gnu = None
[INFO] [stderr]   CMAKE_PREFIX_PATH_x86_64_unknown_linux_gnu = None
[INFO] [stderr]   HOST_CMAKE_PREFIX_PATH = None
[INFO] [stderr]   CMAKE_PREFIX_PATH = None
[INFO] [stderr]   CMAKE_x86_64-unknown-linux-gnu = None
[INFO] [stderr]   CMAKE_x86_64_unknown_linux_gnu = None
[INFO] [stderr]   HOST_CMAKE = None
[INFO] [stderr]   CMAKE = None
[INFO] [stderr]   running: cd "/opt/rustwide/target/debug/build/intel-seapi-sys-a56e8db453d12261/out/build" && CMAKE_PREFIX_PATH="" "cmake" "-Wdev" "--debug-output" "/opt/rustwide/workdir/lib/IntelSEAPI" "-DCMAKE_INSTALL_PREFIX=/opt/rustwide/target/debug/build/intel-seapi-sys-a56e8db453d12261/out/install" "-DCMAKE_C_FLAGS= -ffunction-sections -fdata-sections -fPIC -m64" "-DCMAKE_C_COMPILER=/usr/bin/cc" "-DCMAKE_CXX_FLAGS= -ffunction-sections -fdata-sections -fPIC -m64" "-DCMAKE_CXX_COMPILER=/usr/bin/c++" "-DCMAKE_ASM_FLAGS= -ffunction-sections -fdata-sections -fPIC -m64" "-DCMAKE_ASM_COMPILER=/usr/bin/cc" "-DCMAKE_BUILD_TYPE=Debug" "-DCMAKE_VERBOSE_MAKEFILE:BOOL=ON"
[INFO] [stderr]   Running with debug output on.
[INFO] [stderr]   -- The C compiler identification is GNU 11.4.0
[INFO] [stderr]      Called from: [3]	/usr/share/cmake-3.22/Modules/CMakeDetermineCompilerId.cmake
[INFO] [stderr]                   [2]	/usr/share/cmake-3.22/Modules/CMakeDetermineCCompiler.cmake
[INFO] [stderr]                   [1]	/opt/rustwide/workdir/lib/IntelSEAPI/CMakeLists.txt
[INFO] [stderr]   -- The CXX compiler identification is GNU 11.4.0
[INFO] [stderr]      Called from: [3]	/usr/share/cmake-3.22/Modules/CMakeDetermineCompilerId.cmake
[INFO] [stderr]                   [2]	/usr/share/cmake-3.22/Modules/CMakeDetermineCXXCompiler.cmake
[INFO] [stderr]                   [1]	/opt/rustwide/workdir/lib/IntelSEAPI/CMakeLists.txt
[INFO] [stderr]   -- Detecting C compiler ABI info
[INFO] [stderr]      Called from: [3]	/usr/share/cmake-3.22/Modules/CMakeDetermineCompilerABI.cmake
[INFO] [stderr]                   [2]	/usr/share/cmake-3.22/Modules/CMakeTestCCompiler.cmake
[INFO] [stderr]                   [1]	/opt/rustwide/workdir/lib/IntelSEAPI/CMakeLists.txt
[INFO] [stderr]   -- Detecting C compiler ABI info - done
[INFO] [stderr]      Called from: [3]	/usr/share/cmake-3.22/Modules/CMakeDetermineCompilerABI.cmake
[INFO] [stderr]                   [2]	/usr/share/cmake-3.22/Modules/CMakeTestCCompiler.cmake
[INFO] [stderr]                   [1]	/opt/rustwide/workdir/lib/IntelSEAPI/CMakeLists.txt
[INFO] [stderr]   -- Check for working C compiler: /usr/bin/cc - skipped
[INFO] [stderr]      Called from: [2]	/usr/share/cmake-3.22/Modules/CMakeTestCCompiler.cmake
[INFO] [stderr]                   [1]	/opt/rustwide/workdir/lib/IntelSEAPI/CMakeLists.txt
[INFO] [stderr]   -- Detecting C compile features
[INFO] [stderr]      Called from: [3]	/usr/share/cmake-3.22/Modules/CMakeDetermineCompileFeatures.cmake
[INFO] [stderr]                   [2]	/usr/share/cmake-3.22/Modules/CMakeTestCCompiler.cmake
[INFO] [stderr]                   [1]	/opt/rustwide/workdir/lib/IntelSEAPI/CMakeLists.txt
[INFO] [stderr]   -- Detecting C compile features - done
[INFO] [stderr]      Called from: [3]	/usr/share/cmake-3.22/Modules/CMakeDetermineCompileFeatures.cmake
[INFO] [stderr]                   [2]	/usr/share/cmake-3.22/Modules/CMakeTestCCompiler.cmake
[INFO] [stderr]                   [1]	/opt/rustwide/workdir/lib/IntelSEAPI/CMakeLists.txt
[INFO] [stderr]   -- Detecting CXX compiler ABI info
[INFO] [stderr]      Called from: [3]	/usr/share/cmake-3.22/Modules/CMakeDetermineCompilerABI.cmake
[INFO] [stderr]                   [2]	/usr/share/cmake-3.22/Modules/CMakeTestCXXCompiler.cmake
[INFO] [stderr]                   [1]	/opt/rustwide/workdir/lib/IntelSEAPI/CMakeLists.txt
[INFO] [stderr]   -- Detecting CXX compiler ABI info - done
[INFO] [stderr]      Called from: [3]	/usr/share/cmake-3.22/Modules/CMakeDetermineCompilerABI.cmake
[INFO] [stderr]                   [2]	/usr/share/cmake-3.22/Modules/CMakeTestCXXCompiler.cmake
[INFO] [stderr]                   [1]	/opt/rustwide/workdir/lib/IntelSEAPI/CMakeLists.txt
[INFO] [stderr]   -- Check for working CXX compiler: /usr/bin/c++ - skipped
[INFO] [stderr]      Called from: [2]	/usr/share/cmake-3.22/Modules/CMakeTestCXXCompiler.cmake
[INFO] [stderr]                   [1]	/opt/rustwide/workdir/lib/IntelSEAPI/CMakeLists.txt
[INFO] [stderr]   -- Detecting CXX compile features
[INFO] [stderr]      Called from: [3]	/usr/share/cmake-3.22/Modules/CMakeDetermineCompileFeatures.cmake
[INFO] [stderr]                   [2]	/usr/share/cmake-3.22/Modules/CMakeTestCXXCompiler.cmake
[INFO] [stderr]                   [1]	/opt/rustwide/workdir/lib/IntelSEAPI/CMakeLists.txt
[INFO] [stderr]   -- Detecting CXX compile features - done
[INFO] [stderr]      Called from: [3]	/usr/share/cmake-3.22/Modules/CMakeDetermineCompileFeatures.cmake
[INFO] [stderr]                   [2]	/usr/share/cmake-3.22/Modules/CMakeTestCXXCompiler.cmake
[INFO] [stderr]                   [1]	/opt/rustwide/workdir/lib/IntelSEAPI/CMakeLists.txt
[INFO] [stderr]   -- CMAKE_CXX_FLAGS =  -ffunction-sections -fdata-sections -fPIC -m64 -g
[INFO] [stderr]      Called from: [1]	/opt/rustwide/workdir/lib/IntelSEAPI/CMakeLists.txt
[INFO] [stderr]   -- CMAKE_CXX_FLAGS_DEBUG = -g
[INFO] [stderr]      Called from: [1]	/opt/rustwide/workdir/lib/IntelSEAPI/CMakeLists.txt
[INFO] [stderr]   -- CMAKE_CXX_FLAGS_RELEASE = -O3 -DNDEBUG
[INFO] [stderr]      Called from: [1]	/opt/rustwide/workdir/lib/IntelSEAPI/CMakeLists.txt
[INFO] [stderr]   -- CMAKE_C_FLAGS =  -ffunction-sections -fdata-sections -fPIC -m64 -g
[INFO] [stderr]      Called from: [1]	/opt/rustwide/workdir/lib/IntelSEAPI/CMakeLists.txt
[INFO] [stderr]   -- CMAKE_C_FLAGS_DEBUG = -g
[INFO] [stderr]      Called from: [1]	/opt/rustwide/workdir/lib/IntelSEAPI/CMakeLists.txt
[INFO] [stderr]   -- CMAKE_C_FLAGS_RELEASE = -O3 -DNDEBUG
[INFO] [stderr]      Called from: [1]	/opt/rustwide/workdir/lib/IntelSEAPI/CMakeLists.txt
[INFO] [stderr]   -- Could NOT find Doxygen (missing: DOXYGEN_EXECUTABLE) 
[INFO] [stderr]      Called from: [4]	/usr/share/cmake-3.22/Modules/FindPackageHandleStandardArgs.cmake
[INFO] [stderr]                   [3]	/usr/share/cmake-3.22/Modules/FindPackageHandleStandardArgs.cmake
[INFO] [stderr]                   [2]	/usr/share/cmake-3.22/Modules/FindDoxygen.cmake
[INFO] [stderr]                   [1]	/opt/rustwide/workdir/lib/IntelSEAPI/CMakeLists.txt
[INFO] [stderr]   -- Configuring done
[INFO] [stderr]   -- Generating /opt/rustwide/target/debug/build/intel-seapi-sys-a56e8db453d12261/out/build
[INFO] [stderr]      Called from: [1]	/opt/rustwide/workdir/lib/IntelSEAPI/CMakeLists.txt
[INFO] [stderr]   -- Generating /opt/rustwide/target/debug/build/intel-seapi-sys-a56e8db453d12261/out/build/ittnotify
[INFO] [stderr]      Called from: [1]	/opt/rustwide/workdir/lib/IntelSEAPI/ittnotify/CMakeLists.txt
[INFO] [stderr]   -- Generating /opt/rustwide/target/debug/build/intel-seapi-sys-a56e8db453d12261/out/build/sea_itt_lib
[INFO] [stderr]      Called from: [1]	/opt/rustwide/workdir/lib/IntelSEAPI/sea_itt_lib/CMakeLists.txt
[INFO] [stderr]   -- Generating done
[INFO] [stderr]   -- Build files have been written to: /opt/rustwide/target/debug/build/intel-seapi-sys-a56e8db453d12261/out/build
[INFO] [stderr]   running: cd "/opt/rustwide/target/debug/build/intel-seapi-sys-a56e8db453d12261/out/build" && MAKEFLAGS="-j --jobserver-fds=7,8 --jobserver-auth=7,8" "cmake" "--build" "." "--target" "install" "--config" "Debug"
[INFO] [stderr]   /usr/bin/cmake -S/opt/rustwide/workdir/lib/IntelSEAPI -B/opt/rustwide/target/debug/build/intel-seapi-sys-a56e8db453d12261/out/build --check-build-system CMakeFiles/Makefile.cmake 0
[INFO] [stderr]   /usr/bin/cmake -E cmake_progress_start /opt/rustwide/target/debug/build/intel-seapi-sys-a56e8db453d12261/out/build/CMakeFiles /opt/rustwide/target/debug/build/intel-seapi-sys-a56e8db453d12261/out/build//CMakeFiles/progress.marks
[INFO] [stderr]   /usr/bin/gmake  -f CMakeFiles/Makefile2 all
[INFO] [stderr]   gmake[1]: Entering directory '/opt/rustwide/target/debug/build/intel-seapi-sys-a56e8db453d12261/out/build'
[INFO] [stderr]   /usr/bin/gmake  -f ittnotify/CMakeFiles/ittnotify.dir/build.make ittnotify/CMakeFiles/ittnotify.dir/depend
[INFO] [stderr]   gmake[2]: Entering directory '/opt/rustwide/target/debug/build/intel-seapi-sys-a56e8db453d12261/out/build'
[INFO] [stderr]   cd /opt/rustwide/target/debug/build/intel-seapi-sys-a56e8db453d12261/out/build && /usr/bin/cmake -E cmake_depends "Unix Makefiles" /opt/rustwide/workdir/lib/IntelSEAPI /opt/rustwide/workdir/lib/IntelSEAPI/ittnotify /opt/rustwide/target/debug/build/intel-seapi-sys-a56e8db453d12261/out/build /opt/rustwide/target/debug/build/intel-seapi-sys-a56e8db453d12261/out/build/ittnotify /opt/rustwide/target/debug/build/intel-seapi-sys-a56e8db453d12261/out/build/ittnotify/CMakeFiles/ittnotify.dir/DependInfo.cmake --color=
[INFO] [stderr]   gmake[2]: Leaving directory '/opt/rustwide/target/debug/build/intel-seapi-sys-a56e8db453d12261/out/build'
[INFO] [stderr]   /usr/bin/gmake  -f ittnotify/CMakeFiles/ittnotify.dir/build.make ittnotify/CMakeFiles/ittnotify.dir/build
[INFO] [stderr]   gmake[2]: Entering directory '/opt/rustwide/target/debug/build/intel-seapi-sys-a56e8db453d12261/out/build'
[INFO] [stderr]   [  7%] Building C object ittnotify/CMakeFiles/ittnotify.dir/src/ittnotify/ittnotify_static.c.o
[INFO] [stderr]   [ 15%] Building C object ittnotify/CMakeFiles/ittnotify.dir/src/ittnotify/jitprofiling.c.o
[INFO] [stderr]   cd /opt/rustwide/target/debug/build/intel-seapi-sys-a56e8db453d12261/out/build/ittnotify && /usr/bin/cc -D_DEBUG -I/opt/rustwide/workdir/lib/IntelSEAPI/ittnotify/./src/ittnotify -I/opt/rustwide/workdir/lib/IntelSEAPI/ittnotify/include -I/opt/rustwide/workdir/lib/IntelSEAPI/ittnotify/src/ittnotify -ffunction-sections -fdata-sections -fPIC -m64 -g -fPIC -g -MD -MT ittnotify/CMakeFiles/ittnotify.dir/src/ittnotify/ittnotify_static.c.o -MF CMakeFiles/ittnotify.dir/src/ittnotify/ittnotify_static.c.o.d -o CMakeFiles/ittnotify.dir/src/ittnotify/ittnotify_static.c.o -c /opt/rustwide/workdir/lib/IntelSEAPI/ittnotify/src/ittnotify/ittnotify_static.c
[INFO] [stderr]   cd /opt/rustwide/target/debug/build/intel-seapi-sys-a56e8db453d12261/out/build/ittnotify && /usr/bin/cc -D_DEBUG -I/opt/rustwide/workdir/lib/IntelSEAPI/ittnotify/./src/ittnotify -I/opt/rustwide/workdir/lib/IntelSEAPI/ittnotify/include -I/opt/rustwide/workdir/lib/IntelSEAPI/ittnotify/src/ittnotify -ffunction-sections -fdata-sections -fPIC -m64 -g -fPIC -g -MD -MT ittnotify/CMakeFiles/ittnotify.dir/src/ittnotify/jitprofiling.c.o -MF CMakeFiles/ittnotify.dir/src/ittnotify/jitprofiling.c.o.d -o CMakeFiles/ittnotify.dir/src/ittnotify/jitprofiling.c.o -c /opt/rustwide/workdir/lib/IntelSEAPI/ittnotify/src/ittnotify/jitprofiling.c
[INFO] [stderr]   [ 23%] Linking C static library /opt/rustwide/target/debug/build/intel-seapi-sys-a56e8db453d12261/bin/libittnotify.a
[INFO] [stderr]   cd /opt/rustwide/target/debug/build/intel-seapi-sys-a56e8db453d12261/out/build/ittnotify && /usr/bin/cmake -P CMakeFiles/ittnotify.dir/cmake_clean_target.cmake
[INFO] [stderr]   cd /opt/rustwide/target/debug/build/intel-seapi-sys-a56e8db453d12261/out/build/ittnotify && /usr/bin/cmake -E cmake_link_script CMakeFiles/ittnotify.dir/link.txt --verbose=1
[INFO] [stderr]   /usr/bin/ar qc /opt/rustwide/target/debug/build/intel-seapi-sys-a56e8db453d12261/bin/libittnotify.a CMakeFiles/ittnotify.dir/src/ittnotify/ittnotify_static.c.o CMakeFiles/ittnotify.dir/src/ittnotify/jitprofiling.c.o
[INFO] [stderr]   /usr/bin/ranlib /opt/rustwide/target/debug/build/intel-seapi-sys-a56e8db453d12261/bin/libittnotify.a
[INFO] [stderr]   gmake[2]: Leaving directory '/opt/rustwide/target/debug/build/intel-seapi-sys-a56e8db453d12261/out/build'
[INFO] [stderr]   [ 23%] Built target ittnotify
[INFO] [stderr]   /usr/bin/gmake  -f CMakeFiles/IntelSEAPI.dir/build.make CMakeFiles/IntelSEAPI.dir/depend
[INFO] [stderr]   /usr/bin/gmake  -f sea_itt_lib/CMakeFiles/sea_itt_lib.dir/build.make sea_itt_lib/CMakeFiles/sea_itt_lib.dir/depend
[INFO] [stderr]   gmake[2]: Entering directory '/opt/rustwide/target/debug/build/intel-seapi-sys-a56e8db453d12261/out/build'
[INFO] [stderr]   cd /opt/rustwide/target/debug/build/intel-seapi-sys-a56e8db453d12261/out/build && /usr/bin/cmake -E cmake_depends "Unix Makefiles" /opt/rustwide/workdir/lib/IntelSEAPI /opt/rustwide/workdir/lib/IntelSEAPI /opt/rustwide/target/debug/build/intel-seapi-sys-a56e8db453d12261/out/build /opt/rustwide/target/debug/build/intel-seapi-sys-a56e8db453d12261/out/build /opt/rustwide/target/debug/build/intel-seapi-sys-a56e8db453d12261/out/build/CMakeFiles/IntelSEAPI.dir/DependInfo.cmake --color=
[INFO] [stderr]   gmake[2]: Entering directory '/opt/rustwide/target/debug/build/intel-seapi-sys-a56e8db453d12261/out/build'
[INFO] [stderr]   cd /opt/rustwide/target/debug/build/intel-seapi-sys-a56e8db453d12261/out/build && /usr/bin/cmake -E cmake_depends "Unix Makefiles" /opt/rustwide/workdir/lib/IntelSEAPI /opt/rustwide/workdir/lib/IntelSEAPI/sea_itt_lib /opt/rustwide/target/debug/build/intel-seapi-sys-a56e8db453d12261/out/build /opt/rustwide/target/debug/build/intel-seapi-sys-a56e8db453d12261/out/build/sea_itt_lib /opt/rustwide/target/debug/build/intel-seapi-sys-a56e8db453d12261/out/build/sea_itt_lib/CMakeFiles/sea_itt_lib.dir/DependInfo.cmake --color=
[INFO] [stderr]   gmake[2]: Leaving directory '/opt/rustwide/target/debug/build/intel-seapi-sys-a56e8db453d12261/out/build'
[INFO] [stderr]   /usr/bin/gmake  -f sea_itt_lib/CMakeFiles/sea_itt_lib.dir/build.make sea_itt_lib/CMakeFiles/sea_itt_lib.dir/build
[INFO] [stderr]   gmake[2]: Leaving directory '/opt/rustwide/target/debug/build/intel-seapi-sys-a56e8db453d12261/out/build'
[INFO] [stderr]   /usr/bin/gmake  -f CMakeFiles/IntelSEAPI.dir/build.make CMakeFiles/IntelSEAPI.dir/build
[INFO] [stderr]   gmake[2]: Entering directory '/opt/rustwide/target/debug/build/intel-seapi-sys-a56e8db453d12261/out/build'
[INFO] [stderr]   gmake[2]: Entering directory '/opt/rustwide/target/debug/build/intel-seapi-sys-a56e8db453d12261/out/build'
[INFO] [stderr]   [ 30%] Building CXX object sea_itt_lib/CMakeFiles/sea_itt_lib.dir/sea_itt_lib.cpp.o
[INFO] [stderr]   [ 46%] Building CXX object CMakeFiles/IntelSEAPI.dir/CompilerAutomatedInstrumentation.cpp.o
[INFO] [stderr]   /usr/bin/c++ -D_DEBUG -I/opt/rustwide/workdir/lib/IntelSEAPI/ittnotify/include -I/opt/rustwide/workdir/lib/IntelSEAPI/ittnotify/./src/ittnotify -I/opt/rustwide/workdir/lib/IntelSEAPI/ittnotify/src/ittnotify -ffunction-sections -fdata-sections -fPIC -m64 -g -std=c++11 -fPIC -pthread -fstack-protector-strong -fPIE -O2 -D_FORTIFY_SOURCE=2 -Wformat -Wformat-security -g -MD -MT CMakeFiles/IntelSEAPI.dir/CompilerAutomatedInstrumentation.cpp.o -MF CMakeFiles/IntelSEAPI.dir/CompilerAutomatedInstrumentation.cpp.o.d -o CMakeFiles/IntelSEAPI.dir/CompilerAutomatedInstrumentation.cpp.o -c /opt/rustwide/workdir/lib/IntelSEAPI/CompilerAutomatedInstrumentation.cpp
[INFO] [stderr]   cd /opt/rustwide/target/debug/build/intel-seapi-sys-a56e8db453d12261/out/build/sea_itt_lib && /usr/bin/c++ -D_DEBUG -Dsea_itt_lib_EXPORTS -I/opt/rustwide/workdir/lib/IntelSEAPI/sea_itt_lib/. -I/opt/rustwide/workdir/lib/IntelSEAPI/sea_itt_lib/.. -I/opt/rustwide/workdir/lib/IntelSEAPI/sea_itt_lib/../ittnotify -I/opt/rustwide/workdir/lib/IntelSEAPI/sea_itt_lib/../ittnotify/include -I/opt/rustwide/target/debug/build/intel-seapi-sys-a56e8db453d12261/out/build -I/opt/rustwide/workdir/lib/IntelSEAPI/ittnotify/./src/ittnotify -I/opt/rustwide/workdir/lib/IntelSEAPI/ittnotify/include -I/opt/rustwide/workdir/lib/IntelSEAPI/ittnotify/src/ittnotify -ffunction-sections -fdata-sections -fPIC -m64 -g -std=c++11 -fPIC -pthread -fstack-protector-strong -fPIE -O2 -D_FORTIFY_SOURCE=2 -Wformat -Wformat-security -std=c++11 -g -fPIC -pthread -g -fPIC -MD -MT sea_itt_lib/CMakeFiles/sea_itt_lib.dir/sea_itt_lib.cpp.o -MF CMakeFiles/sea_itt_lib.dir/sea_itt_lib.cpp.o.d -o CMakeFiles/sea_itt_lib.dir/sea_itt_lib.cpp.o -c /opt/rustwide/workdir/lib/IntelSEAPI/sea_itt_lib/sea_itt_lib.cpp
[INFO] [stderr]   [ 53%] Building CXX object CMakeFiles/IntelSEAPI.dir/memory.cpp.o
[INFO] [stderr]   [ 53%] Building CXX object CMakeFiles/IntelSEAPI.dir/main.cpp.o
[INFO] [stderr]   /usr/bin/c++ -D_DEBUG -I/opt/rustwide/workdir/lib/IntelSEAPI/ittnotify/include -I/opt/rustwide/workdir/lib/IntelSEAPI/ittnotify/./src/ittnotify -I/opt/rustwide/workdir/lib/IntelSEAPI/ittnotify/src/ittnotify -ffunction-sections -fdata-sections -fPIC -m64 -g -std=c++11 -fPIC -pthread -fstack-protector-strong -fPIE -O2 -D_FORTIFY_SOURCE=2 -Wformat -Wformat-security -g -MD -MT CMakeFiles/IntelSEAPI.dir/main.cpp.o -MF CMakeFiles/IntelSEAPI.dir/main.cpp.o.d -o CMakeFiles/IntelSEAPI.dir/main.cpp.o -c /opt/rustwide/workdir/lib/IntelSEAPI/main.cpp
[INFO] [stderr]   [ 69%] Building CXX object sea_itt_lib/CMakeFiles/sea_itt_lib.dir/IttNotifyStdSrc.cpp.o
[INFO] [stderr]   [ 69%] Building CXX object sea_itt_lib/CMakeFiles/sea_itt_lib.dir/Recorder.cpp.o
[INFO] [stderr]   cd /opt/rustwide/target/debug/build/intel-seapi-sys-a56e8db453d12261/out/build/sea_itt_lib && /usr/bin/c++ -D_DEBUG -Dsea_itt_lib_EXPORTS -I/opt/rustwide/workdir/lib/IntelSEAPI/sea_itt_lib/. -I/opt/rustwide/workdir/lib/IntelSEAPI/sea_itt_lib/.. -I/opt/rustwide/workdir/lib/IntelSEAPI/sea_itt_lib/../ittnotify -I/opt/rustwide/workdir/lib/IntelSEAPI/sea_itt_lib/../ittnotify/include -I/opt/rustwide/target/debug/build/intel-seapi-sys-a56e8db453d12261/out/build -I/opt/rustwide/workdir/lib/IntelSEAPI/ittnotify/./src/ittnotify -I/opt/rustwide/workdir/lib/IntelSEAPI/ittnotify/include -I/opt/rustwide/workdir/lib/IntelSEAPI/ittnotify/src/ittnotify -ffunction-sections -fdata-sections -fPIC -m64 -g -std=c++11 -fPIC -pthread -fstack-protector-strong -fPIE -O2 -D_FORTIFY_SOURCE=2 -Wformat -Wformat-security -std=c++11 -g -fPIC -pthread -g -fPIC -MD -MT sea_itt_lib/CMakeFiles/sea_itt_lib.dir/IttNotifyStdSrc.cpp.o -MF CMakeFiles/sea_itt_lib.dir/IttNotifyStdSrc.cpp.o.d -o CMakeFiles/sea_itt_lib.dir/IttNotifyStdSrc.cpp.o -c /opt/rustwide/workdir/lib/IntelSEAPI/sea_itt_lib/IttNotifyStdSrc.cpp
[INFO] [stderr]   [ 76%] Building CXX object CMakeFiles/IntelSEAPI.dir/InstrumentationExample.cpp.o
[INFO] [stderr]   /usr/bin/c++ -D_DEBUG -I/opt/rustwide/workdir/lib/IntelSEAPI/ittnotify/include -I/opt/rustwide/workdir/lib/IntelSEAPI/ittnotify/./src/ittnotify -I/opt/rustwide/workdir/lib/IntelSEAPI/ittnotify/src/ittnotify -ffunction-sections -fdata-sections -fPIC -m64 -g -std=c++11 -fPIC -pthread -fstack-protector-strong -fPIE -O2 -D_FORTIFY_SOURCE=2 -Wformat -Wformat-security -g -MD -MT CMakeFiles/IntelSEAPI.dir/memory.cpp.o -MF CMakeFiles/IntelSEAPI.dir/memory.cpp.o.d -o CMakeFiles/IntelSEAPI.dir/memory.cpp.o -c /opt/rustwide/workdir/lib/IntelSEAPI/memory.cpp
[INFO] [stderr]   [ 84%] Building CXX object sea_itt_lib/CMakeFiles/sea_itt_lib.dir/Utils.cpp.o
[INFO] [stderr]   cd /opt/rustwide/target/debug/build/intel-seapi-sys-a56e8db453d12261/out/build/sea_itt_lib && /usr/bin/c++ -D_DEBUG -Dsea_itt_lib_EXPORTS -I/opt/rustwide/workdir/lib/IntelSEAPI/sea_itt_lib/. -I/opt/rustwide/workdir/lib/IntelSEAPI/sea_itt_lib/.. -I/opt/rustwide/workdir/lib/IntelSEAPI/sea_itt_lib/../ittnotify -I/opt/rustwide/workdir/lib/IntelSEAPI/sea_itt_lib/../ittnotify/include -I/opt/rustwide/target/debug/build/intel-seapi-sys-a56e8db453d12261/out/build -I/opt/rustwide/workdir/lib/IntelSEAPI/ittnotify/./src/ittnotify -I/opt/rustwide/workdir/lib/IntelSEAPI/ittnotify/include -I/opt/rustwide/workdir/lib/IntelSEAPI/ittnotify/src/ittnotify -ffunction-sections -fdata-sections -fPIC -m64 -g -std=c++11 -fPIC -pthread -fstack-protector-strong -fPIE -O2 -D_FORTIFY_SOURCE=2 -Wformat -Wformat-security -std=c++11 -g -fPIC -pthread -g -fPIC -MD -MT sea_itt_lib/CMakeFiles/sea_itt_lib.dir/Recorder.cpp.o -MF CMakeFiles/sea_itt_lib.dir/Recorder.cpp.o.d -o CMakeFiles/sea_itt_lib.dir/Recorder.cpp.o -c /opt/rustwide/workdir/lib/IntelSEAPI/sea_itt_lib/Recorder.cpp
[INFO] [stderr]   /usr/bin/c++ -D_DEBUG -I/opt/rustwide/workdir/lib/IntelSEAPI/ittnotify/include -I/opt/rustwide/workdir/lib/IntelSEAPI/ittnotify/./src/ittnotify -I/opt/rustwide/workdir/lib/IntelSEAPI/ittnotify/src/ittnotify -ffunction-sections -fdata-sections -fPIC -m64 -g -std=c++11 -fPIC -pthread -fstack-protector-strong -fPIE -O2 -D_FORTIFY_SOURCE=2 -Wformat -Wformat-security -g -MD -MT CMakeFiles/IntelSEAPI.dir/InstrumentationExample.cpp.o -MF CMakeFiles/IntelSEAPI.dir/InstrumentationExample.cpp.o.d -o CMakeFiles/IntelSEAPI.dir/InstrumentationExample.cpp.o -c /opt/rustwide/workdir/lib/IntelSEAPI/InstrumentationExample.cpp
[INFO] [stderr]   cd /opt/rustwide/target/debug/build/intel-seapi-sys-a56e8db453d12261/out/build/sea_itt_lib && /usr/bin/c++ -D_DEBUG -Dsea_itt_lib_EXPORTS -I/opt/rustwide/workdir/lib/IntelSEAPI/sea_itt_lib/. -I/opt/rustwide/workdir/lib/IntelSEAPI/sea_itt_lib/.. -I/opt/rustwide/workdir/lib/IntelSEAPI/sea_itt_lib/../ittnotify -I/opt/rustwide/workdir/lib/IntelSEAPI/sea_itt_lib/../ittnotify/include -I/opt/rustwide/target/debug/build/intel-seapi-sys-a56e8db453d12261/out/build -I/opt/rustwide/workdir/lib/IntelSEAPI/ittnotify/./src/ittnotify -I/opt/rustwide/workdir/lib/IntelSEAPI/ittnotify/include -I/opt/rustwide/workdir/lib/IntelSEAPI/ittnotify/src/ittnotify -ffunction-sections -fdata-sections -fPIC -m64 -g -std=c++11 -fPIC -pthread -fstack-protector-strong -fPIE -O2 -D_FORTIFY_SOURCE=2 -Wformat -Wformat-security -std=c++11 -g -fPIC -pthread -g -fPIC -MD -MT sea_itt_lib/CMakeFiles/sea_itt_lib.dir/Utils.cpp.o -MF CMakeFiles/sea_itt_lib.dir/Utils.cpp.o.d -o CMakeFiles/sea_itt_lib.dir/Utils.cpp.o -c /opt/rustwide/workdir/lib/IntelSEAPI/sea_itt_lib/Utils.cpp
[INFO] [stderr]   [ 92%] Linking CXX executable /opt/rustwide/target/debug/build/intel-seapi-sys-a56e8db453d12261/bin/TestIntelSEAPI
[INFO] [stderr]   /usr/bin/cmake -E cmake_link_script CMakeFiles/IntelSEAPI.dir/link.txt --verbose=1
[INFO] [stderr]   /usr/bin/c++  -ffunction-sections -fdata-sections -fPIC -m64 -g -std=c++11 -fPIC -pthread -fstack-protector-strong -fPIE -O2 -D_FORTIFY_SOURCE=2 -Wformat -Wformat-security -g  -Wl,--no-undefined -z noexecstack -z relro -z now -rdynamic CMakeFiles/IntelSEAPI.dir/main.cpp.o CMakeFiles/IntelSEAPI.dir/memory.cpp.o CMakeFiles/IntelSEAPI.dir/InstrumentationExample.cpp.o CMakeFiles/IntelSEAPI.dir/CompilerAutomatedInstrumentation.cpp.o -o /opt/rustwide/target/debug/build/intel-seapi-sys-a56e8db453d12261/bin/TestIntelSEAPI  -ldl /opt/rustwide/target/debug/build/intel-seapi-sys-a56e8db453d12261/bin/libittnotify.a -ldl 
[INFO] [stderr]   gmake[2]: Leaving directory '/opt/rustwide/target/debug/build/intel-seapi-sys-a56e8db453d12261/out/build'
[INFO] [stderr]   [ 92%] Built target IntelSEAPI
[INFO] [stderr]   [100%] Linking CXX shared library /opt/rustwide/target/debug/build/intel-seapi-sys-a56e8db453d12261/bin/libIntelSEAPI.so
[INFO] [stderr]   cd /opt/rustwide/target/debug/build/intel-seapi-sys-a56e8db453d12261/out/build/sea_itt_lib && /usr/bin/cmake -E cmake_link_script CMakeFiles/sea_itt_lib.dir/link.txt --verbose=1
[INFO] [stderr]   /usr/bin/c++ -fPIC  -ffunction-sections -fdata-sections -fPIC -m64 -g -std=c++11 -fPIC -pthread -fstack-protector-strong -fPIE -O2 -D_FORTIFY_SOURCE=2 -Wformat -Wformat-security -std=c++11 -g -fPIC -pthread -g  -pie -Wl,--no-undefined -z noexecstack -z relro -z now -shared -Wl,-soname,libIntelSEAPI.so -o /opt/rustwide/target/debug/build/intel-seapi-sys-a56e8db453d12261/bin/libIntelSEAPI.so CMakeFiles/sea_itt_lib.dir/sea_itt_lib.cpp.o CMakeFiles/sea_itt_lib.dir/IttNotifyStdSrc.cpp.o CMakeFiles/sea_itt_lib.dir/Recorder.cpp.o CMakeFiles/sea_itt_lib.dir/Utils.cpp.o  -ldl /opt/rustwide/target/debug/build/intel-seapi-sys-a56e8db453d12261/bin/libittnotify.a -ldl 
[INFO] [stderr]   gmake[2]: Leaving directory '/opt/rustwide/target/debug/build/intel-seapi-sys-a56e8db453d12261/out/build'
[INFO] [stderr]   [100%] Built target sea_itt_lib
[INFO] [stderr]   gmake[1]: Leaving directory '/opt/rustwide/target/debug/build/intel-seapi-sys-a56e8db453d12261/out/build'
[INFO] [stderr]   /usr/bin/cmake -E cmake_progress_start /opt/rustwide/target/debug/build/intel-seapi-sys-a56e8db453d12261/out/build/CMakeFiles 0
[INFO] [stderr]   /usr/bin/gmake  -f CMakeFiles/Makefile2 preinstall
[INFO] [stderr]   gmake[1]: Entering directory '/opt/rustwide/target/debug/build/intel-seapi-sys-a56e8db453d12261/out/build'
[INFO] [stderr]   gmake[1]: Nothing to be done for 'preinstall'.
[INFO] [stderr]   gmake[1]: Leaving directory '/opt/rustwide/target/debug/build/intel-seapi-sys-a56e8db453d12261/out/build'
[INFO] [stderr]   Install the project...
[INFO] [stderr]   /usr/bin/cmake -P cmake_install.cmake
[INFO] [stderr]   -- Install configuration: "Debug"
[INFO] [stderr]   -- Installing: /opt/rustwide/target/debug/build/intel-seapi-sys-a56e8db453d12261/out/install/./README.txt
[INFO] [stderr]   -- Installing: /opt/rustwide/target/debug/build/intel-seapi-sys-a56e8db453d12261/out/install/./include
[INFO] [stderr]   -- Installing: /opt/rustwide/target/debug/build/intel-seapi-sys-a56e8db453d12261/out/install/./include/llvm_jit_event_listener.hpp
[INFO] [stderr]   -- Installing: /opt/rustwide/target/debug/build/intel-seapi-sys-a56e8db453d12261/out/install/./include/libittnotify.h
[INFO] [stderr]   -- Installing: /opt/rustwide/target/debug/build/intel-seapi-sys-a56e8db453d12261/out/install/./include/jitprofiling.h
[INFO] [stderr]   -- Installing: /opt/rustwide/target/debug/build/intel-seapi-sys-a56e8db453d12261/out/install/./include/ittnotify.h
[INFO] [stderr]   -- Installing: /opt/rustwide/target/debug/build/intel-seapi-sys-a56e8db453d12261/out/install/./include/legacy
[INFO] [stderr]   -- Installing: /opt/rustwide/target/debug/build/intel-seapi-sys-a56e8db453d12261/out/install/./include/legacy/ittnotify.h
[INFO] [stderr]   -- Installing: /opt/rustwide/target/debug/build/intel-seapi-sys-a56e8db453d12261/out/install/./include/ittnotify.f90
[INFO] [stderr]   -- Installing: /opt/rustwide/target/debug/build/intel-seapi-sys-a56e8db453d12261/out/install/include/itt_notify.hpp
[INFO] [stderr]   -- Installing: /opt/rustwide/target/debug/build/intel-seapi-sys-a56e8db453d12261/out/install/runtool/sea.py
[INFO] [stderr]   -- Installing: /opt/rustwide/target/debug/build/intel-seapi-sys-a56e8db453d12261/out/install/runtool/sea_runtool.py
[INFO] [stderr]   -- Installing: /opt/rustwide/target/debug/build/intel-seapi-sys-a56e8db453d12261/out/install/runtool/strings.py
[INFO] [stderr]   -- Installing: /opt/rustwide/target/debug/build/intel-seapi-sys-a56e8db453d12261/out/install/runtool/importers/csv.py
[INFO] [stderr]   -- Installing: /opt/rustwide/target/debug/build/intel-seapi-sys-a56e8db453d12261/out/install/runtool/importers/etw.py
[INFO] [stderr]   -- Installing: /opt/rustwide/target/debug/build/intel-seapi-sys-a56e8db453d12261/out/install/runtool/importers/ftrace.py
[INFO] [stderr]   -- Installing: /opt/rustwide/target/debug/build/intel-seapi-sys-a56e8db453d12261/out/install/runtool/importers/mac_log.py
[INFO] [stderr]   -- Installing: /opt/rustwide/target/debug/build/intel-seapi-sys-a56e8db453d12261/out/install/runtool/importers/osx.py
[INFO] [stderr]   -- Installing: /opt/rustwide/target/debug/build/intel-seapi-sys-a56e8db453d12261/out/install/runtool/importers/perf.py
[INFO] [stderr]   -- Installing: /opt/rustwide/target/debug/build/intel-seapi-sys-a56e8db453d12261/out/install/runtool/importers/pprof_importer.py
[INFO] [stderr]   -- Installing: /opt/rustwide/target/debug/build/intel-seapi-sys-a56e8db453d12261/out/install/runtool/importers/qnx.py
[INFO] [stderr]   -- Installing: /opt/rustwide/target/debug/build/intel-seapi-sys-a56e8db453d12261/out/install/runtool/importers/pprof_importer/profile.py
[INFO] [stderr]   -- Installing: /opt/rustwide/target/debug/build/intel-seapi-sys-a56e8db453d12261/out/install/runtool/exporters/BestTraceFormat.py
[INFO] [stderr]   -- Installing: /opt/rustwide/target/debug/build/intel-seapi-sys-a56e8db453d12261/out/install/runtool/exporters/ChromeTracing.py
[INFO] [stderr]   -- Installing: /opt/rustwide/target/debug/build/intel-seapi-sys-a56e8db453d12261/out/install/runtool/exporters/DGML.py
[INFO] [stderr]   -- Installing: /opt/rustwide/target/debug/build/intel-seapi-sys-a56e8db453d12261/out/install/runtool/exporters/GraphViz.py
[INFO] [stderr]   -- Installing: /opt/rustwide/target/debug/build/intel-seapi-sys-a56e8db453d12261/out/install/runtool/exporters/QtCreatorProfiler.py
[INFO] [stderr]   -- Installing: /opt/rustwide/target/debug/build/intel-seapi-sys-a56e8db453d12261/out/install/runtool/exporters/Stat.py
[INFO] [stderr]   -- Installing: /opt/rustwide/target/debug/build/intel-seapi-sys-a56e8db453d12261/out/install/runtool/exporters/memory.py
[INFO] [stderr]   -- Installing: /opt/rustwide/target/debug/build/intel-seapi-sys-a56e8db453d12261/out/install/runtool/collectors/android.py
[INFO] [stderr]   -- Installing: /opt/rustwide/target/debug/build/intel-seapi-sys-a56e8db453d12261/out/install/runtool/collectors/ftrace.py
[INFO] [stderr]   -- Installing: /opt/rustwide/target/debug/build/intel-seapi-sys-a56e8db453d12261/out/install/runtool/collectors/osx.py
[INFO] [stderr]   -- Installing: /opt/rustwide/target/debug/build/intel-seapi-sys-a56e8db453d12261/out/install/runtool/collectors/win.py
[INFO] [stderr]   -- Installing: /opt/rustwide/target/debug/build/intel-seapi-sys-a56e8db453d12261/out/install/runtool/decoders/Adreno.py
[INFO] [stderr]   -- Installing: /opt/rustwide/target/debug/build/intel-seapi-sys-a56e8db453d12261/out/install/runtool/decoders/MSNT_SystemTrace.py
[INFO] [stderr]   -- Installing: /opt/rustwide/target/debug/build/intel-seapi-sys-a56e8db453d12261/out/install/runtool/decoders/PVR.py
[INFO] [stderr]   -- Installing: /opt/rustwide/target/debug/build/intel-seapi-sys-a56e8db453d12261/out/install/runtool/decoders/SteamVR.py
[INFO] [stderr]   -- Installing: /opt/rustwide/target/debug/build/intel-seapi-sys-a56e8db453d12261/out/install/runtool/decoders/i915.py
[INFO] [stderr] 
[INFO] [stderr]   --- stderr
[INFO] [stderr]   CMake Deprecation Warning at CMakeLists.txt:18 (cmake_minimum_required):
[INFO] [stderr]     Compatibility with CMake < 2.8.12 will be removed from a future version of
[INFO] [stderr]     CMake.
[INFO] [stderr] 
[INFO] [stderr]     Update the VERSION argument <min> value or use a ...<max> suffix to tell
[INFO] [stderr]     CMake that the project does not need compatibility with older versions.
[INFO] [stderr] 
[INFO] [stderr] 
[INFO] [stderr]      Called from: [1]	/opt/rustwide/workdir/lib/IntelSEAPI/CMakeLists.txt
[INFO] [stderr]   CMake Warning (dev) at /usr/share/cmake-3.22/Modules/CMakeDetermineCompiler.cmake:143 (set):
[INFO] [stderr]     Policy CMP0126 is not set: set(CACHE) does not remove a normal variable of
[INFO] [stderr]     the same name.  Run "cmake --help-policy CMP0126" for policy details.  Use
[INFO] [stderr]     the cmake_policy command to set the policy and suppress this warning.
[INFO] [stderr] 
[INFO] [stderr]     For compatibility with older versions of CMake, normal variable
[INFO] [stderr]     "CMAKE_C_COMPILER" will be removed from the current scope.
[INFO] [stderr]   Call Stack (most recent call first):
[INFO] [stderr]     /usr/share/cmake-3.22/Modules/CMakeDetermineCCompiler.cmake:68 (_cmake_find_compiler_path)
[INFO] [stderr]     CMakeLists.txt:20 (project)
[INFO] [stderr]   This warning is for project developers.  Use -Wno-dev to suppress it.
[INFO] [stderr] 
[INFO] [stderr]      Called from: [3]	/usr/share/cmake-3.22/Modules/CMakeDetermineCompiler.cmake
[INFO] [stderr]                   [2]	/usr/share/cmake-3.22/Modules/CMakeDetermineCCompiler.cmake
[INFO] [stderr]                   [1]	/opt/rustwide/workdir/lib/IntelSEAPI/CMakeLists.txt
[INFO] [stderr]   CMake Warning (dev) at /usr/share/cmake-3.22/Modules/CMakeDetermineCompiler.cmake:143 (set):
[INFO] [stderr]     Policy CMP0126 is not set: set(CACHE) does not remove a normal variable of
[INFO] [stderr]     the same name.  Run "cmake --help-policy CMP0126" for policy details.  Use
[INFO] [stderr]     the cmake_policy command to set the policy and suppress this warning.
[INFO] [stderr] 
[INFO] [stderr]     For compatibility with older versions of CMake, normal variable
[INFO] [stderr]     "CMAKE_CXX_COMPILER" will be removed from the current scope.
[INFO] [stderr]   Call Stack (most recent call first):
[INFO] [stderr]     /usr/share/cmake-3.22/Modules/CMakeDetermineCXXCompiler.cmake:66 (_cmake_find_compiler_path)
[INFO] [stderr]     CMakeLists.txt:20 (project)
[INFO] [stderr]   This warning is for project developers.  Use -Wno-dev to suppress it.
[INFO] [stderr] 
[INFO] [stderr]      Called from: [3]	/usr/share/cmake-3.22/Modules/CMakeDetermineCompiler.cmake
[INFO] [stderr]                   [2]	/usr/share/cmake-3.22/Modules/CMakeDetermineCXXCompiler.cmake
[INFO] [stderr]                   [1]	/opt/rustwide/workdir/lib/IntelSEAPI/CMakeLists.txt
[INFO] [stderr]   CMake Warning (dev) at /usr/share/cmake-3.22/Modules/CMakeDetermineCompilerABI.cmake:49 (try_compile):
[INFO] [stderr]     Policy CMP0066 is not set: Honor per-config flags in try_compile()
[INFO] [stderr]     source-file signature.  Run "cmake --help-policy CMP0066" for policy
[INFO] [stderr]     details.  Use the cmake_policy command to set the policy and suppress this
[INFO] [stderr]     warning.
[INFO] [stderr] 
[INFO] [stderr]     For compatibility with older versions of CMake, try_compile is not honoring
[INFO] [stderr]     caller config-specific compiler flags (e.g.  CMAKE_C_FLAGS_DEBUG) in the
[INFO] [stderr]     test project.
[INFO] [stderr]   Call Stack (most recent call first):
[INFO] [stderr]     /usr/share/cmake-3.22/Modules/CMakeTestCCompiler.cmake:26 (CMAKE_DETERMINE_COMPILER_ABI)
[INFO] [stderr]     CMakeLists.txt:20 (project)
[INFO] [stderr]   This warning is for project developers.  Use -Wno-dev to suppress it.
[INFO] [stderr] 
[INFO] [stderr]      Called from: [3]	/usr/share/cmake-3.22/Modules/CMakeDetermineCompilerABI.cmake
[INFO] [stderr]                   [2]	/usr/share/cmake-3.22/Modules/CMakeTestCCompiler.cmake
[INFO] [stderr]                   [1]	/opt/rustwide/workdir/lib/IntelSEAPI/CMakeLists.txt
[INFO] [stderr]   CMake Warning (dev) at /usr/share/cmake-3.22/Modules/CMakeDetermineCompilerABI.cmake:49 (try_compile):
[INFO] [stderr]     Policy CMP0056 is not set: Honor link flags in try_compile() source-file
[INFO] [stderr]     signature.  Run "cmake --help-policy CMP0056" for policy details.  Use the
[INFO] [stderr]     cmake_policy command to set the policy and suppress this warning.
[INFO] [stderr] 
[INFO] [stderr]     For compatibility with older versions of CMake, try_compile is not honoring
[INFO] [stderr]     caller link flags (e.g.  CMAKE_EXE_LINKER_FLAGS) in the test project.
[INFO] [stderr]   Call Stack (most recent call first):
[INFO] [stderr]     /usr/share/cmake-3.22/Modules/CMakeTestCCompiler.cmake:26 (CMAKE_DETERMINE_COMPILER_ABI)
[INFO] [stderr]     CMakeLists.txt:20 (project)
[INFO] [stderr]   This warning is for project developers.  Use -Wno-dev to suppress it.
[INFO] [stderr] 
[INFO] [stderr]      Called from: [3]	/usr/share/cmake-3.22/Modules/CMakeDetermineCompilerABI.cmake
[INFO] [stderr]                   [2]	/usr/share/cmake-3.22/Modules/CMakeTestCCompiler.cmake
[INFO] [stderr]                   [1]	/opt/rustwide/workdir/lib/IntelSEAPI/CMakeLists.txt
[INFO] [stderr]   CMake Warning (dev) at /usr/share/cmake-3.22/Modules/CMakeDetermineCompilerABI.cmake:49 (try_compile):
[INFO] [stderr]     Policy CMP0066 is not set: Honor per-config flags in try_compile()
[INFO] [stderr]     source-file signature.  Run "cmake --help-policy CMP0066" for policy
[INFO] [stderr]     details.  Use the cmake_policy command to set the policy and suppress this
[INFO] [stderr]     warning.
[INFO] [stderr] 
[INFO] [stderr]     For compatibility with older versions of CMake, try_compile is not honoring
[INFO] [stderr]     caller config-specific compiler flags (e.g.  CMAKE_C_FLAGS_DEBUG) in the
[INFO] [stderr]     test project.
[INFO] [stderr]   Call Stack (most recent call first):
[INFO] [stderr]     /usr/share/cmake-3.22/Modules/CMakeTestCXXCompiler.cmake:26 (CMAKE_DETERMINE_COMPILER_ABI)
[INFO] [stderr]     CMakeLists.txt:20 (project)
[INFO] [stderr]   This warning is for project developers.  Use -Wno-dev to suppress it.
[INFO] [stderr] 
[INFO] [stderr]      Called from: [3]	/usr/share/cmake-3.22/Modules/CMakeDetermineCompilerABI.cmake
[INFO] [stderr]                   [2]	/usr/share/cmake-3.22/Modules/CMakeTestCXXCompiler.cmake
[INFO] [stderr]                   [1]	/opt/rustwide/workdir/lib/IntelSEAPI/CMakeLists.txt
[INFO] [stderr]   CMake Warning (dev) at /usr/share/cmake-3.22/Modules/CMakeDetermineCompilerABI.cmake:49 (try_compile):
[INFO] [stderr]     Policy CMP0056 is not set: Honor link flags in try_compile() source-file
[INFO] [stderr]     signature.  Run "cmake --help-policy CMP0056" for policy details.  Use the
[INFO] [stderr]     cmake_policy command to set the policy and suppress this warning.
[INFO] [stderr] 
[INFO] [stderr]     For compatibility with older versions of CMake, try_compile is not honoring
[INFO] [stderr]     caller link flags (e.g.  CMAKE_EXE_LINKER_FLAGS) in the test project.
[INFO] [stderr]   Call Stack (most recent call first):
[INFO] [stderr]     /usr/share/cmake-3.22/Modules/CMakeTestCXXCompiler.cmake:26 (CMAKE_DETERMINE_COMPILER_ABI)
[INFO] [stderr]     CMakeLists.txt:20 (project)
[INFO] [stderr]   This warning is for project developers.  Use -Wno-dev to suppress it.
[INFO] [stderr] 
[INFO] [stderr]      Called from: [3]	/usr/share/cmake-3.22/Modules/CMakeDetermineCompilerABI.cmake
[INFO] [stderr]                   [2]	/usr/share/cmake-3.22/Modules/CMakeTestCXXCompiler.cmake
[INFO] [stderr]                   [1]	/opt/rustwide/workdir/lib/IntelSEAPI/CMakeLists.txt
[INFO] [stderr]      Entering             /opt/rustwide/workdir/lib/IntelSEAPI/ittnotify
[INFO] [stderr]      Called from: [1]	/opt/rustwide/workdir/lib/IntelSEAPI/CMakeLists.txt
[INFO] [stderr]      Returning to         /opt/rustwide/workdir/lib/IntelSEAPI
[INFO] [stderr]      Called from: [1]	/opt/rustwide/workdir/lib/IntelSEAPI/CMakeLists.txt
[INFO] [stderr]      Entering             /opt/rustwide/workdir/lib/IntelSEAPI/sea_itt_lib
[INFO] [stderr]      Called from: [1]	/opt/rustwide/workdir/lib/IntelSEAPI/CMakeLists.txt
[INFO] [stderr]   CMake Deprecation Warning at sea_itt_lib/CMakeLists.txt:18 (cmake_minimum_required):
[INFO] [stderr]     Compatibility with CMake < 2.8.12 will be removed from a future version of
[INFO] [stderr]     CMake.
[INFO] [stderr] 
[INFO] [stderr]     Update the VERSION argument <min> value or use a ...<max> suffix to tell
[INFO] [stderr]     CMake that the project does not need compatibility with older versions.
[INFO] [stderr] 
[INFO] [stderr] 
[INFO] [stderr]      Called from: [1]	/opt/rustwide/workdir/lib/IntelSEAPI/sea_itt_lib/CMakeLists.txt
[INFO] [stderr]      Returning to         /opt/rustwide/workdir/lib/IntelSEAPI
[INFO] [stderr]      Called from: [1]	/opt/rustwide/workdir/lib/IntelSEAPI/CMakeLists.txt
[INFO] [stderr]   CMake Warning (dev) in CMakeLists.txt:
[INFO] [stderr]     Policy CMP0065 is not set: Do not add flags to export symbols from
[INFO] [stderr]     executables without the ENABLE_EXPORTS target property.  Run "cmake
[INFO] [stderr]     --help-policy CMP0065" for policy details.  Use the cmake_policy command to
[INFO] [stderr]     set the policy and suppress this warning.
[INFO] [stderr] 
[INFO] [stderr]     For compatibility with older versions of CMake, additional flags may be
[INFO] [stderr]     added to export symbols on all executables regardless of their
[INFO] [stderr]     ENABLE_EXPORTS property.
[INFO] [stderr]   This warning is for project developers.  Use -Wno-dev to suppress it.
[INFO] [stderr] 
[INFO] [stderr]      Called from: [1]	/opt/rustwide/workdir/lib/IntelSEAPI/CMakeLists.txt
[INFO] [stderr]   CMake Warning:
[INFO] [stderr]     Manually-specified variables were not used by the project:
[INFO] [stderr] 
[INFO] [stderr]       CMAKE_ASM_COMPILER
[INFO] [stderr]       CMAKE_ASM_FLAGS
[INFO] [stderr] 
[INFO] [stderr] 
[INFO] [stderr]   /opt/rustwide/workdir/lib/IntelSEAPI/ittnotify/src/ittnotify/ittnotify_static.c:80:19: warning: 'api_version' initialized and declared 'extern'
[INFO] [stderr]      80 | extern const char api_version[] = API_VERSION "\0\n@(#) $Revision: 481659 $\n";
[INFO] [stderr]         |                   ^~~~~~~~~~~
[INFO] [stderr]   /opt/rustwide/workdir/lib/IntelSEAPI/ittnotify/src/ittnotify/ittnotify_static.c:87:20: warning: 'ittnotify_lib_name' initialized and declared 'extern'
[INFO] [stderr]      87 | extern const char* ittnotify_lib_name = "libittnotify.so";
[INFO] [stderr]         |                    ^~~~~~~~~~~~~~~~~~
[INFO] [stderr]   /opt/rustwide/workdir/lib/IntelSEAPI/ittnotify/src/ittnotify/ittnotify_static.c:162:29: warning: '__itt_init_ittlib_ptr' initialized and declared 'extern'
[INFO] [stderr]     162 | extern __itt_init_ittlib_t* __itt_init_ittlib_ptr = _N_(init_ittlib);
[INFO] [stderr]         |                             ^~~~~~~~~~~~~~~~~~~~~
[INFO] [stderr]   /opt/rustwide/workdir/lib/IntelSEAPI/ittnotify/src/ittnotify/ittnotify_static.c:171:29: warning: '__itt_fini_ittlib_ptr' initialized and declared 'extern'
[INFO] [stderr]     171 | extern __itt_fini_ittlib_t* __itt_fini_ittlib_ptr = _N_(fini_ittlib);
[INFO] [stderr]         |                             ^~~~~~~~~~~~~~~~~~~~~
[INFO] [stderr]   /opt/rustwide/workdir/lib/IntelSEAPI/ittnotify/src/ittnotify/ittnotify_static.c:233:26: warning: 'group_alias' initialized and declared 'extern'
[INFO] [stderr]     233 | extern __itt_group_alias group_alias[] = {
[INFO] [stderr]         |                          ^~~~~~~~~~~
[INFO] [stderr]   /opt/rustwide/workdir/lib/IntelSEAPI/ittnotify/src/ittnotify/ittnotify_static.c:247:23: warning: 'api_list' initialized and declared 'extern'
[INFO] [stderr]     247 | extern __itt_api_info api_list[] = {
[INFO] [stderr]         |                       ^~~~~~~~
[INFO] [stderr]   /opt/rustwide/workdir/lib/IntelSEAPI/ittnotify/src/ittnotify/ittnotify_static.c:269:19: warning: 'dll_path' initialized and declared 'extern'
[INFO] [stderr]     269 | extern const char dll_path[PATH_MAX] = { 0 };
[INFO] [stderr]         |                   ^~~~~~~~
[INFO] [stderr]   In file included from /opt/rustwide/workdir/lib/IntelSEAPI/sea_itt_lib/IttNotifyStdSrc.h:36,
[INFO] [stderr]                    from /opt/rustwide/workdir/lib/IntelSEAPI/sea_itt_lib/sea_itt_lib.cpp:19:
[INFO] [stderr]   /opt/rustwide/workdir/lib/IntelSEAPI/sea_itt_lib/../ittnotify/include/ittnotify.h:253:6: warning: #warning "Deprecated API is used. Please undefine INTEL_ITTNOTIFY_ENABLE_LEGACY macro" [-Wcpp]
[INFO] [stderr]     253 | #    warning "Deprecated API is used. Please undefine INTEL_ITTNOTIFY_ENABLE_LEGACY macro"
[INFO] [stderr]         |      ^~~~~~~
[INFO] [stderr]   In file included from /opt/rustwide/workdir/lib/IntelSEAPI/sea_itt_lib/IttNotifyStdSrc.h:36,
[INFO] [stderr]                    from /opt/rustwide/workdir/lib/IntelSEAPI/sea_itt_lib/IttNotifyStdSrc.cpp:19:
[INFO] [stderr]   /opt/rustwide/workdir/lib/IntelSEAPI/sea_itt_lib/../ittnotify/include/ittnotify.h:253:6: warning: #warning "Deprecated API is used. Please undefine INTEL_ITTNOTIFY_ENABLE_LEGACY macro" [-Wcpp]
[INFO] [stderr]     253 | #    warning "Deprecated API is used. Please undefine INTEL_ITTNOTIFY_ENABLE_LEGACY macro"
[INFO] [stderr]         |      ^~~~~~~
[INFO] [stderr]   In file included from /opt/rustwide/workdir/lib/IntelSEAPI/sea_itt_lib/IttNotifyStdSrc.h:36,
[INFO] [stderr]                    from /opt/rustwide/workdir/lib/IntelSEAPI/sea_itt_lib/Recorder.cpp:19:
[INFO] [stderr]   /opt/rustwide/workdir/lib/IntelSEAPI/sea_itt_lib/../ittnotify/include/ittnotify.h:253:6: warning: #warning "Deprecated API is used. Please undefine INTEL_ITTNOTIFY_ENABLE_LEGACY macro" [-Wcpp]
[INFO] [stderr]     253 | #    warning "Deprecated API is used. Please undefine INTEL_ITTNOTIFY_ENABLE_LEGACY macro"
[INFO] [stderr]         |      ^~~~~~~
[INFO] [stderr]   In file included from /opt/rustwide/workdir/lib/IntelSEAPI/sea_itt_lib/IttNotifyStdSrc.h:36,
[INFO] [stderr]                    from /opt/rustwide/workdir/lib/IntelSEAPI/sea_itt_lib/Utils.cpp:20:
[INFO] [stderr]   /opt/rustwide/workdir/lib/IntelSEAPI/sea_itt_lib/../ittnotify/include/ittnotify.h:253:6: warning: #warning "Deprecated API is used. Please undefine INTEL_ITTNOTIFY_ENABLE_LEGACY macro" [-Wcpp]
[INFO] [stderr]     253 | #    warning "Deprecated API is used. Please undefine INTEL_ITTNOTIFY_ENABLE_LEGACY macro"
[INFO] [stderr]         |      ^~~~~~~
[INFO] [stderr]   In file included from /opt/rustwide/workdir/lib/IntelSEAPI/itt_notify.hpp:8,
[INFO] [stderr]                    from /opt/rustwide/workdir/lib/IntelSEAPI/InstrumentationExample.cpp:53:
[INFO] [stderr]   /opt/rustwide/workdir/lib/IntelSEAPI/ittnotify/include/ittnotify.h:253:6: warning: #warning "Deprecated API is used. Please undefine INTEL_ITTNOTIFY_ENABLE_LEGACY macro" [-Wcpp]
[INFO] [stderr]     253 | #    warning "Deprecated API is used. Please undefine INTEL_ITTNOTIFY_ENABLE_LEGACY macro"
[INFO] [stderr]         |      ^~~~~~~
[INFO] [stderr] 
[INFO] [stderr]   ###	Install /opt/rustwide/workdir/lib/IntelSEAPI/runtool/*.py to runtool:
[INFO] [stderr]   		/opt/rustwide/workdir/lib/IntelSEAPI/runtool/sea.py
[INFO] [stderr]   		/opt/rustwide/workdir/lib/IntelSEAPI/runtool/sea_runtool.py
[INFO] [stderr]   		/opt/rustwide/workdir/lib/IntelSEAPI/runtool/strings.py
[INFO] [stderr] 
[INFO] [stderr]   ###	Install /opt/rustwide/workdir/lib/IntelSEAPI/runtool/importers/*.py to runtool/importers:
[INFO] [stderr]   		/opt/rustwide/workdir/lib/IntelSEAPI/runtool/importers/csv.py
[INFO] [stderr]   		/opt/rustwide/workdir/lib/IntelSEAPI/runtool/importers/etw.py
[INFO] [stderr]   		/opt/rustwide/workdir/lib/IntelSEAPI/runtool/importers/ftrace.py
[INFO] [stderr]   		/opt/rustwide/workdir/lib/IntelSEAPI/runtool/importers/mac_log.py
[INFO] [stderr]   		/opt/rustwide/workdir/lib/IntelSEAPI/runtool/importers/osx.py
[INFO] [stderr]   		/opt/rustwide/workdir/lib/IntelSEAPI/runtool/importers/perf.py
[INFO] [stderr]   		/opt/rustwide/workdir/lib/IntelSEAPI/runtool/importers/pprof_importer.py
[INFO] [stderr]   		/opt/rustwide/workdir/lib/IntelSEAPI/runtool/importers/qnx.py
[INFO] [stderr] 
[INFO] [stderr]   ###	Install /opt/rustwide/workdir/lib/IntelSEAPI/runtool/importers/pprof_importer/*.py to runtool/importers/pprof_importer:
[INFO] [stderr]   		/opt/rustwide/workdir/lib/IntelSEAPI/runtool/importers/pprof_importer/profile.py
[INFO] [stderr] 
[INFO] [stderr]   ###	Install /opt/rustwide/workdir/lib/IntelSEAPI/runtool/exporters/*.py to runtool/exporters:
[INFO] [stderr]   		/opt/rustwide/workdir/lib/IntelSEAPI/runtool/exporters/BestTraceFormat.py
[INFO] [stderr]   		/opt/rustwide/workdir/lib/IntelSEAPI/runtool/exporters/ChromeTracing.py
[INFO] [stderr]   		/opt/rustwide/workdir/lib/IntelSEAPI/runtool/exporters/DGML.py
[INFO] [stderr]   		/opt/rustwide/workdir/lib/IntelSEAPI/runtool/exporters/GraphViz.py
[INFO] [stderr]   		/opt/rustwide/workdir/lib/IntelSEAPI/runtool/exporters/QtCreatorProfiler.py
[INFO] [stderr]   		/opt/rustwide/workdir/lib/IntelSEAPI/runtool/exporters/Stat.py
[INFO] [stderr]   		/opt/rustwide/workdir/lib/IntelSEAPI/runtool/exporters/memory.py
[INFO] [stderr] 
[INFO] [stderr]   ###	Install /opt/rustwide/workdir/lib/IntelSEAPI/runtool/collectors/*.py to runtool/collectors:
[INFO] [stderr]   		/opt/rustwide/workdir/lib/IntelSEAPI/runtool/collectors/android.py
[INFO] [stderr]   		/opt/rustwide/workdir/lib/IntelSEAPI/runtool/collectors/ftrace.py
[INFO] [stderr]   		/opt/rustwide/workdir/lib/IntelSEAPI/runtool/collectors/osx.py
[INFO] [stderr]   		/opt/rustwide/workdir/lib/IntelSEAPI/runtool/collectors/win.py
[INFO] [stderr] 
[INFO] [stderr]   ###	Install /opt/rustwide/workdir/lib/IntelSEAPI/runtool/decoders/*.py to runtool/decoders:
[INFO] [stderr]   		/opt/rustwide/workdir/lib/IntelSEAPI/runtool/decoders/Adreno.py
[INFO] [stderr]   		/opt/rustwide/workdir/lib/IntelSEAPI/runtool/decoders/MSNT_SystemTrace.py
[INFO] [stderr]   		/opt/rustwide/workdir/lib/IntelSEAPI/runtool/decoders/PVR.py
[INFO] [stderr]   		/opt/rustwide/workdir/lib/IntelSEAPI/runtool/decoders/SteamVR.py
[INFO] [stderr]   		/opt/rustwide/workdir/lib/IntelSEAPI/runtool/decoders/i915.py
[INFO] [stderr]   CMake Error at cmake_install.cmake:112 (file):
[INFO] [stderr]     file INSTALL cannot find "/opt/rustwide/workdir/lib/IntelSEAPI/bin": No
[INFO] [stderr]     such file or directory.
[INFO] [stderr] 
[INFO] [stderr] 
[INFO] [stderr]   gmake: *** [Makefile:123: install] Error 1
[INFO] [stderr]   thread 'main' panicked at /opt/rustwide/cargo-home/registry/src/index.crates.io-6f17d22bba15001f/cmake-0.1.50/src/lib.rs:1098:5:
[INFO] [stderr] 
[INFO] [stderr]   command did not execute successfully, got: exit status: 2
[INFO] [stderr] 
[INFO] [stderr]   build script failed, must exit now
[INFO] [stderr]   stack backtrace:
[INFO] [stderr]      0:     0x55bdfe2eea36 - std::backtrace_rs::backtrace::libunwind::trace::h261606ad26a499c1
[INFO] [stderr]                                  at /rustc/0e09125c6c3c2fd70d7de961bcf0e51575235fad/library/std/src/../../backtrace/src/backtrace/libunwind.rs:104:5
[INFO] [stderr]      1:     0x55bdfe2eea36 - std::backtrace_rs::backtrace::trace_unsynchronized::hd183f0625477fb28
[INFO] [stderr]                                  at /rustc/0e09125c6c3c2fd70d7de961bcf0e51575235fad/library/std/src/../../backtrace/src/backtrace/mod.rs:66:5
[INFO] [stderr]      2:     0x55bdfe2eea36 - std::sys_common::backtrace::_print_fmt::hd7f8fef21b4eda67
[INFO] [stderr]                                  at /rustc/0e09125c6c3c2fd70d7de961bcf0e51575235fad/library/std/src/sys_common/backtrace.rs:68:5
[INFO] [stderr]      3:     0x55bdfe2eea36 - <std::sys_common::backtrace::_print::DisplayBacktrace as core::fmt::Display>::fmt::h623d9b51f2f453f1
[INFO] [stderr]                                  at /rustc/0e09125c6c3c2fd70d7de961bcf0e51575235fad/library/std/src/sys_common/backtrace.rs:44:22
[INFO] [stderr]      4:     0x55bdfe319ab0 - core::fmt::rt::Argument::fmt::h9f417ac76a86f368
[INFO] [stderr]                                  at /rustc/0e09125c6c3c2fd70d7de961bcf0e51575235fad/library/core/src/fmt/rt.rs:142:9
[INFO] [stderr]      5:     0x55bdfe319ab0 - core::fmt::write::hc9b6faf4ac2aeff7
[INFO] [stderr]                                  at /rustc/0e09125c6c3c2fd70d7de961bcf0e51575235fad/library/core/src/fmt/mod.rs:1120:17
[INFO] [stderr]      6:     0x55bdfe2ebe7f - std::io::Write::write_fmt::hfead1eee52c2e65e
[INFO] [stderr]                                  at /rustc/0e09125c6c3c2fd70d7de961bcf0e51575235fad/library/std/src/io/mod.rs:1810:15
[INFO] [stderr]      7:     0x55bdfe2ee814 - std::sys_common::backtrace::_print::hd5d66399c7df88a2
[INFO] [stderr]                                  at /rustc/0e09125c6c3c2fd70d7de961bcf0e51575235fad/library/std/src/sys_common/backtrace.rs:47:5
[INFO] [stderr]      8:     0x55bdfe2ee814 - std::sys_common::backtrace::print::he81ed2da642d37e5
[INFO] [stderr]                                  at /rustc/0e09125c6c3c2fd70d7de961bcf0e51575235fad/library/std/src/sys_common/backtrace.rs:34:9
[INFO] [stderr]      9:     0x55bdfe2f00f7 - std::panicking::default_hook::{{closure}}::h85773f4fa117163d
[INFO] [stderr]     10:     0x55bdfe2efe59 - std::panicking::default_hook::h6a1694a91d09b278
[INFO] [stderr]                                  at /rustc/0e09125c6c3c2fd70d7de961bcf0e51575235fad/library/std/src/panicking.rs:292:9
[INFO] [stderr]     11:     0x55bdfe2f0588 - std::panicking::rust_panic_with_hook::h0a7ad96e90f7145b
[INFO] [stderr]                                  at /rustc/0e09125c6c3c2fd70d7de961bcf0e51575235fad/library/std/src/panicking.rs:779:13
[INFO] [stderr]     12:     0x55bdfe2f0462 - std::panicking::begin_panic_handler::{{closure}}::h7919090525c6485e
[INFO] [stderr]                                  at /rustc/0e09125c6c3c2fd70d7de961bcf0e51575235fad/library/std/src/panicking.rs:657:13
[INFO] [stderr]     13:     0x55bdfe2eef36 - std::sys_common::backtrace::__rust_end_short_backtrace::hf3289479464f7dfe
[INFO] [stderr]                                  at /rustc/0e09125c6c3c2fd70d7de961bcf0e51575235fad/library/std/src/sys_common/backtrace.rs:171:18
[INFO] [stderr]     14:     0x55bdfe2f01c0 - rust_begin_unwind
[INFO] [stderr]                                  at /rustc/0e09125c6c3c2fd70d7de961bcf0e51575235fad/library/std/src/panicking.rs:645:5
[INFO] [stderr]     15:     0x55bdfdd890f5 - core::panicking::panic_fmt::hcc9f77c5c132af55
[INFO] [stderr]                                  at /rustc/0e09125c6c3c2fd70d7de961bcf0e51575235fad/library/core/src/panicking.rs:72:14
[INFO] [stderr]     16:     0x55bdfdda4641 - cmake::fail::hb96067ba752479bf
[INFO] [stderr]     17:     0x55bdfdda3dd7 - cmake::run::h2a913540d65b4727
[INFO] [stderr]     18:     0x55bdfdda070d - cmake::Config::build::he6edb72bc52b9536
[INFO] [stderr]     19:     0x55bdfdd8dbce - build_script_build::cmake::h86e90f0009eb5f9b
[INFO] [stderr]     20:     0x55bdfdd8d25d - build_script_build::main::h855a850ff9f853ba
[INFO] [stderr]     21:     0x55bdfdd8a873 - core::ops::function::FnOnce::call_once::hf1b54e6beefacfc6
[INFO] [stderr]     22:     0x55bdfdd89af6 - std::sys_common::backtrace::__rust_begin_short_backtrace::h02868131fddadfe0
[INFO] [stderr]     23:     0x55bdfdd8a279 - std::rt::lang_start::{{closure}}::hb4eea1dd73f08239
[INFO] [stderr]     24:     0x55bdfe2e74e1 - core::ops::function::impls::<impl core::ops::function::FnOnce<A> for &F>::call_once::h4eb4c5e1620f29b0
[INFO] [stderr]                                  at /rustc/0e09125c6c3c2fd70d7de961bcf0e51575235fad/library/core/src/ops/function.rs:284:13
[INFO] [stderr]     25:     0x55bdfe2e74e1 - std::panicking::try::do_call::h73fd26535faffcdf
[INFO] [stderr]                                  at /rustc/0e09125c6c3c2fd70d7de961bcf0e51575235fad/library/std/src/panicking.rs:552:40
[INFO] [stderr]     26:     0x55bdfe2e74e1 - std::panicking::try::h77ff1d98f0fb9f39
[INFO] [stderr]                                  at /rustc/0e09125c6c3c2fd70d7de961bcf0e51575235fad/library/std/src/panicking.rs:516:19
[INFO] [stderr]     27:     0x55bdfe2e74e1 - std::panic::catch_unwind::hab3caf2448b95e37
[INFO] [stderr]                                  at /rustc/0e09125c6c3c2fd70d7de961bcf0e51575235fad/library/std/src/panic.rs:142:14
[INFO] [stderr]     28:     0x55bdfe2e74e1 - std::rt::lang_start_internal::{{closure}}::h8086711f9c783f78
[INFO] [stderr]                                  at /rustc/0e09125c6c3c2fd70d7de961bcf0e51575235fad/library/std/src/rt.rs:148:48
[INFO] [stderr]     29:     0x55bdfe2e74e1 - std::panicking::try::do_call::hf920d4dc291cd6ca
[INFO] [stderr]                                  at /rustc/0e09125c6c3c2fd70d7de961bcf0e51575235fad/library/std/src/panicking.rs:552:40
[INFO] [stderr]     30:     0x55bdfe2e74e1 - std::panicking::try::h2b806ccc0a85db74
[INFO] [stderr]                                  at /rustc/0e09125c6c3c2fd70d7de961bcf0e51575235fad/library/std/src/panicking.rs:516:19
[INFO] [stderr]     31:     0x55bdfe2e74e1 - std::panic::catch_unwind::h038489539c507df2
[INFO] [stderr]                                  at /rustc/0e09125c6c3c2fd70d7de961bcf0e51575235fad/library/std/src/panic.rs:142:14
[INFO] [stderr]     32:     0x55bdfe2e74e1 - std::rt::lang_start_internal::h28503b88912e8a5c
[INFO] [stderr]                                  at /rustc/0e09125c6c3c2fd70d7de961bcf0e51575235fad/library/std/src/rt.rs:148:20
[INFO] [stderr]     33:     0x55bdfdd8a257 - std::rt::lang_start::h5c4af8733c7b9ab4
[INFO] [stderr]     34:     0x55bdfdd8f135 - main
[INFO] [stderr]     35:     0x7fab5f8bad90 - <unknown>
[INFO] [stderr]     36:     0x7fab5f8bae40 - __libc_start_main
[INFO] [stderr]     37:     0x55bdfdd899d5 - _start
[INFO] [stderr]     38:                0x0 - <unknown>
[INFO] running `Command { std: "docker" "inspect" "b08915d1ce621d75bb2a7bd9c29d6907005fa686d791ddd4e4abe1ddd855312d", kill_on_drop: false }`
[INFO] running `Command { std: "docker" "rm" "-f" "b08915d1ce621d75bb2a7bd9c29d6907005fa686d791ddd4e4abe1ddd855312d", kill_on_drop: false }`
[INFO] [stdout] b08915d1ce621d75bb2a7bd9c29d6907005fa686d791ddd4e4abe1ddd855312d
