[INFO] fetching crate inline-vbs 0.4.0...
[INFO] documenting inline-vbs-0.4.0 against 1.75.0 for beta-1.76-rustdoc-1
[INFO] extracting crate inline-vbs 0.4.0 into /workspace/builds/worker-4-tc1/source
[INFO] validating manifest of crates.io crate inline-vbs 0.4.0 on toolchain 1.75.0
[INFO] running `Command { std: CARGO_HOME="/workspace/cargo-home" RUSTUP_HOME="/workspace/rustup-home" "/workspace/cargo-home/bin/cargo" "+1.75.0" "metadata" "--manifest-path" "Cargo.toml" "--no-deps", kill_on_drop: false }`
[INFO] removed /workspace/builds/worker-4-tc1/source/rust-toolchain
[INFO] started tweaking crates.io crate inline-vbs 0.4.0
[INFO] finished tweaking crates.io crate inline-vbs 0.4.0
[INFO] tweaked toml for crates.io crate inline-vbs 0.4.0 written to /workspace/builds/worker-4-tc1/source/Cargo.toml
[INFO] running `Command { std: CARGO_HOME="/workspace/cargo-home" RUSTUP_HOME="/workspace/rustup-home" "/workspace/cargo-home/bin/cargo" "+1.75.0" "generate-lockfile" "--manifest-path" "Cargo.toml", kill_on_drop: false }`
[INFO] [stderr]     Updating crates.io index
[INFO] running `Command { std: CARGO_HOME="/workspace/cargo-home" RUSTUP_HOME="/workspace/rustup-home" "/workspace/cargo-home/bin/cargo" "+1.75.0" "fetch" "--manifest-path" "Cargo.toml", kill_on_drop: false }`
[INFO] [stderr]  Downloading crates ...
[INFO] [stderr]   Downloaded scratch v1.0.7
[INFO] [stderr]   Downloaded cxxbridge-flags v1.0.115
[INFO] [stderr]   Downloaded inline-vbs-macros v0.4.0
[INFO] [stderr]   Downloaded cxxbridge-macro v1.0.115
[INFO] [stderr]   Downloaded link-cplusplus v1.0.9
[INFO] [stderr]   Downloaded dep_doc v0.1.1
[INFO] [stderr]   Downloaded cxx-build v1.0.115
[INFO] [stderr]   Downloaded cxx v1.0.115
[INFO] [stderr]   Downloaded variant-rs v0.3.1
[INFO] running `Command { std: "docker" "create" "-v" "/var/lib/crater-agent-workspace/builds/worker-4-tc1/target:/opt/rustwide/target:rw,Z" "-v" "/var/lib/crater-agent-workspace/builds/worker-4-tc1/source:/opt/rustwide/workdir:ro,Z" "-v" "/var/lib/crater-agent-workspace/cargo-home:/opt/rustwide/cargo-home:ro,Z" "-v" "/var/lib/crater-agent-workspace/rustup-home:/opt/rustwide/rustup-home:ro,Z" "-e" "SOURCE_DIR=/opt/rustwide/workdir" "-e" "CARGO_TARGET_DIR=/opt/rustwide/target" "-e" "CARGO_HOME=/opt/rustwide/cargo-home" "-e" "RUSTUP_HOME=/opt/rustwide/rustup-home" "-w" "/opt/rustwide/workdir" "-m" "1610612736" "--user" "0:0" "--network" "none" "ghcr.io/rust-lang/crates-build-env/linux@sha256:2788e3201cd34a07e3172128adcd8b3090168a8e3bcc40d7c032b9dda1df7d1c" "/opt/rustwide/cargo-home/bin/cargo" "+1.75.0" "metadata" "--no-deps" "--format-version=1", kill_on_drop: false }`
[INFO] [stdout] eb1f4d5d8c29fcf8c35d4465e639dd993ead1c8040392347d2472c39c3616b4e
[INFO] running `Command { std: "docker" "start" "-a" "eb1f4d5d8c29fcf8c35d4465e639dd993ead1c8040392347d2472c39c3616b4e", kill_on_drop: false }`
[INFO] running `Command { std: "docker" "inspect" "eb1f4d5d8c29fcf8c35d4465e639dd993ead1c8040392347d2472c39c3616b4e", kill_on_drop: false }`
[INFO] running `Command { std: "docker" "rm" "-f" "eb1f4d5d8c29fcf8c35d4465e639dd993ead1c8040392347d2472c39c3616b4e", kill_on_drop: false }`
[INFO] [stdout] eb1f4d5d8c29fcf8c35d4465e639dd993ead1c8040392347d2472c39c3616b4e
[INFO] running `Command { std: "docker" "create" "-v" "/var/lib/crater-agent-workspace/builds/worker-4-tc1/target:/opt/rustwide/target:rw,Z" "-v" "/var/lib/crater-agent-workspace/builds/worker-4-tc1/source:/opt/rustwide/workdir:ro,Z" "-v" "/var/lib/crater-agent-workspace/cargo-home:/opt/rustwide/cargo-home:ro,Z" "-v" "/var/lib/crater-agent-workspace/rustup-home:/opt/rustwide/rustup-home:ro,Z" "-e" "SOURCE_DIR=/opt/rustwide/workdir" "-e" "CARGO_TARGET_DIR=/opt/rustwide/target" "-e" "CARGO_INCREMENTAL=0" "-e" "RUST_BACKTRACE=full" "-e" "RUSTFLAGS=--cap-lints=warn" "-e" "RUSTDOCFLAGS=--cap-lints=warn" "-e" "CARGO_HOME=/opt/rustwide/cargo-home" "-e" "RUSTUP_HOME=/opt/rustwide/rustup-home" "-w" "/opt/rustwide/workdir" "-m" "1610612736" "--user" "0:0" "--network" "none" "ghcr.io/rust-lang/crates-build-env/linux@sha256:2788e3201cd34a07e3172128adcd8b3090168a8e3bcc40d7c032b9dda1df7d1c" "/opt/rustwide/cargo-home/bin/cargo" "+1.75.0" "doc" "--frozen" "--no-deps" "--document-private-items" "--message-format=json", kill_on_drop: false }`
[INFO] [stdout] 6d9e2b1d50b8558872ac7333fa99665daf3fc881b0ffce46ccee6defe4c91590
[INFO] running `Command { std: "docker" "start" "-a" "6d9e2b1d50b8558872ac7333fa99665daf3fc881b0ffce46ccee6defe4c91590", kill_on_drop: false }`
[INFO] [stderr]    Compiling proc-macro2 v1.0.76
[INFO] [stderr]    Compiling windows_x86_64_gnu v0.48.5
[INFO] [stderr]    Compiling scratch v1.0.7
[INFO] [stderr]    Compiling unicode-width v0.1.11
[INFO] [stderr]    Compiling serde v1.0.195
[INFO] [stderr]    Compiling num-traits v0.2.17
[INFO] [stderr]    Compiling termcolor v1.4.0
[INFO] [stderr]    Compiling link-cplusplus v1.0.9
[INFO] [stderr]    Compiling cxxbridge-flags v1.0.115
[INFO] [stderr]    Compiling cxx v1.0.115
[INFO] [stderr]    Compiling rust_decimal v1.33.1
[INFO] [stderr]    Compiling codespan-reporting v0.11.1
[INFO] [stderr]    Compiling thiserror v1.0.56
[INFO] [stderr]     Checking windows-targets v0.48.5
[INFO] [stderr]     Checking windows v0.48.0
[INFO] [stderr]     Checking widestring v1.0.2
[INFO] [stderr]    Compiling quote v1.0.35
[INFO] [stderr]    Compiling syn v2.0.48
[INFO] [stderr]    Compiling litrs v0.4.1
[INFO] [stderr]     Checking dep_doc v0.1.1
[INFO] [stderr]     Checking chrono v0.4.31
[INFO] [stderr]    Compiling inline-vbs-macros v0.4.0
[INFO] [stdout] error[E0432]: unresolved import `proc_macro::LineColumn`
[INFO] [stdout]   --> /opt/rustwide/cargo-home/registry/src/index.crates.io-6f17d22bba15001f/inline-vbs-macros-0.4.0/src/lib.rs:32:5
[INFO] [stdout]    |
[INFO] [stdout] 32 | use proc_macro::LineColumn;
[INFO] [stdout]    |     ^^^^^^^^^^^^^^^^^^^^^^ no `LineColumn` in the root
[INFO] [stdout]    |
[INFO] [stdout] help: consider importing this struct instead
[INFO] [stdout]    |
[INFO] [stdout] 32 | use proc_macro2::LineColumn;
[INFO] [stdout]    |     ~~~~~~~~~~~~~~~~~~~~~~~
[INFO] [stdout] 
[INFO] [stdout] 
[INFO] [stdout] error[E0554]: `#![feature]` may not be used on the stable release channel
[INFO] [stdout]   --> /opt/rustwide/cargo-home/registry/src/index.crates.io-6f17d22bba15001f/inline-vbs-macros-0.4.0/src/lib.rs:28:12
[INFO] [stdout]    |
[INFO] [stdout] 28 | #![feature(proc_macro_span)]
[INFO] [stdout]    |            ^^^^^^^^^^^^^^^
[INFO] [stdout] 
[INFO] [stdout] 
[INFO] [stdout] error[E0615]: attempted to take value of method `column` on type `proc_macro::Span`
[INFO] [stdout]    --> /opt/rustwide/cargo-home/registry/src/index.crates.io-6f17d22bba15001f/inline-vbs-macros-0.4.0/src/lib.rs:197:29
[INFO] [stdout]     |
[INFO] [stdout] 197 |                     end_loc.column = end_loc.column.saturating_sub(end.len());
[INFO] [stdout]     |                             ^^^^^^ method, not a field
[INFO] [stdout]     |
[INFO] [stdout]     = help: methods are immutable and cannot be assigned to
[INFO] [stdout] 
[INFO] [stdout] 
[INFO] [stdout] error[E0615]: attempted to take value of method `column` on type `proc_macro::Span`
[INFO] [stdout]    --> /opt/rustwide/cargo-home/registry/src/index.crates.io-6f17d22bba15001f/inline-vbs-macros-0.4.0/src/lib.rs:197:46
[INFO] [stdout]     |
[INFO] [stdout] 197 |                     end_loc.column = end_loc.column.saturating_sub(end.len());
[INFO] [stdout]     |                                              ^^^^^^ method, not a field
[INFO] [stdout]     |
[INFO] [stdout] help: use parentheses to call the method
[INFO] [stdout]     |
[INFO] [stdout] 197 |                     end_loc.column = end_loc.column().saturating_sub(end.len());
[INFO] [stdout]     |                                                    ++
[INFO] [stdout] 
[INFO] [stdout] 
[INFO] [stdout] error: aborting due to 4 previous errors
[INFO] [stdout] 
[INFO] [stdout] 
[INFO] [stdout] Some errors have detailed explanations: E0432, E0554, E0615.
[INFO] [stdout] 
[INFO] [stdout] For more information about an error, try `rustc --explain E0432`.
[INFO] [stdout] 
[INFO] [stderr] error: could not compile `inline-vbs-macros` (lib) due to 5 previous errors
[INFO] [stderr] warning: build failed, waiting for other jobs to finish...
[INFO] running `Command { std: "docker" "inspect" "6d9e2b1d50b8558872ac7333fa99665daf3fc881b0ffce46ccee6defe4c91590", kill_on_drop: false }`
[INFO] running `Command { std: "docker" "rm" "-f" "6d9e2b1d50b8558872ac7333fa99665daf3fc881b0ffce46ccee6defe4c91590", kill_on_drop: false }`
[INFO] [stdout] 6d9e2b1d50b8558872ac7333fa99665daf3fc881b0ffce46ccee6defe4c91590
[INFO] documenting inline-vbs-0.4.0 against beta-2023-12-22 for beta-1.76-rustdoc-1
[INFO] extracting crate inline-vbs 0.4.0 into /workspace/builds/worker-4-tc2/source
[INFO] validating manifest of crates.io crate inline-vbs 0.4.0 on toolchain beta-2023-12-22
[INFO] running `Command { std: CARGO_HOME="/workspace/cargo-home" RUSTUP_HOME="/workspace/rustup-home" "/workspace/cargo-home/bin/cargo" "+beta-2023-12-22" "metadata" "--manifest-path" "Cargo.toml" "--no-deps", kill_on_drop: false }`
[INFO] removed /workspace/builds/worker-4-tc2/source/rust-toolchain
[INFO] started tweaking crates.io crate inline-vbs 0.4.0
[INFO] finished tweaking crates.io crate inline-vbs 0.4.0
[INFO] tweaked toml for crates.io crate inline-vbs 0.4.0 written to /workspace/builds/worker-4-tc2/source/Cargo.toml
[INFO] running `Command { std: CARGO_HOME="/workspace/cargo-home" RUSTUP_HOME="/workspace/rustup-home" "/workspace/cargo-home/bin/cargo" "+beta-2023-12-22" "generate-lockfile" "--manifest-path" "Cargo.toml", kill_on_drop: false }`
[INFO] [stderr]     Updating crates.io index
[INFO] running `Command { std: CARGO_HOME="/workspace/cargo-home" RUSTUP_HOME="/workspace/rustup-home" "/workspace/cargo-home/bin/cargo" "+beta-2023-12-22" "fetch" "--manifest-path" "Cargo.toml", kill_on_drop: false }`
[INFO] running `Command { std: "docker" "create" "-v" "/var/lib/crater-agent-workspace/builds/worker-4-tc2/target:/opt/rustwide/target:rw,Z" "-v" "/var/lib/crater-agent-workspace/builds/worker-4-tc2/source:/opt/rustwide/workdir:ro,Z" "-v" "/var/lib/crater-agent-workspace/cargo-home:/opt/rustwide/cargo-home:ro,Z" "-v" "/var/lib/crater-agent-workspace/rustup-home:/opt/rustwide/rustup-home:ro,Z" "-e" "SOURCE_DIR=/opt/rustwide/workdir" "-e" "CARGO_TARGET_DIR=/opt/rustwide/target" "-e" "CARGO_HOME=/opt/rustwide/cargo-home" "-e" "RUSTUP_HOME=/opt/rustwide/rustup-home" "-w" "/opt/rustwide/workdir" "-m" "1610612736" "--user" "0:0" "--network" "none" "ghcr.io/rust-lang/crates-build-env/linux@sha256:2788e3201cd34a07e3172128adcd8b3090168a8e3bcc40d7c032b9dda1df7d1c" "/opt/rustwide/cargo-home/bin/cargo" "+beta-2023-12-22" "metadata" "--no-deps" "--format-version=1", kill_on_drop: false }`
[INFO] [stdout] 600722b1fd0fc43003e02cc18bb5e98d40d552c69c160b445b5470ab3ae0e7b7
[INFO] running `Command { std: "docker" "start" "-a" "600722b1fd0fc43003e02cc18bb5e98d40d552c69c160b445b5470ab3ae0e7b7", kill_on_drop: false }`
[INFO] running `Command { std: "docker" "inspect" "600722b1fd0fc43003e02cc18bb5e98d40d552c69c160b445b5470ab3ae0e7b7", kill_on_drop: false }`
[INFO] running `Command { std: "docker" "rm" "-f" "600722b1fd0fc43003e02cc18bb5e98d40d552c69c160b445b5470ab3ae0e7b7", kill_on_drop: false }`
[INFO] [stdout] 600722b1fd0fc43003e02cc18bb5e98d40d552c69c160b445b5470ab3ae0e7b7
[INFO] running `Command { std: "docker" "create" "-v" "/var/lib/crater-agent-workspace/builds/worker-4-tc2/target:/opt/rustwide/target:rw,Z" "-v" "/var/lib/crater-agent-workspace/builds/worker-4-tc2/source:/opt/rustwide/workdir:ro,Z" "-v" "/var/lib/crater-agent-workspace/cargo-home:/opt/rustwide/cargo-home:ro,Z" "-v" "/var/lib/crater-agent-workspace/rustup-home:/opt/rustwide/rustup-home:ro,Z" "-e" "SOURCE_DIR=/opt/rustwide/workdir" "-e" "CARGO_TARGET_DIR=/opt/rustwide/target" "-e" "CARGO_INCREMENTAL=0" "-e" "RUST_BACKTRACE=full" "-e" "RUSTFLAGS=--cap-lints=warn" "-e" "RUSTDOCFLAGS=--cap-lints=warn" "-e" "CARGO_HOME=/opt/rustwide/cargo-home" "-e" "RUSTUP_HOME=/opt/rustwide/rustup-home" "-w" "/opt/rustwide/workdir" "-m" "1610612736" "--user" "0:0" "--network" "none" "ghcr.io/rust-lang/crates-build-env/linux@sha256:2788e3201cd34a07e3172128adcd8b3090168a8e3bcc40d7c032b9dda1df7d1c" "/opt/rustwide/cargo-home/bin/cargo" "+beta-2023-12-22" "doc" "--frozen" "--no-deps" "--document-private-items" "--message-format=json", kill_on_drop: false }`
[INFO] [stdout] af8cc8e93772aca1f92915fdce6d48de16365545b70c16741b02bd45dadad24e
[INFO] running `Command { std: "docker" "start" "-a" "af8cc8e93772aca1f92915fdce6d48de16365545b70c16741b02bd45dadad24e", kill_on_drop: false }`
[INFO] [stderr]    Compiling proc-macro2 v1.0.76
[INFO] [stderr]    Compiling windows_x86_64_gnu v0.48.5
[INFO] [stderr]    Compiling scratch v1.0.7
[INFO] [stderr]    Compiling unicode-width v0.1.11
[INFO] [stderr]    Compiling num-traits v0.2.17
[INFO] [stderr]    Compiling termcolor v1.4.0
[INFO] [stderr]    Compiling cxxbridge-flags v1.0.115
[INFO] [stderr]    Compiling link-cplusplus v1.0.9
[INFO] [stderr]    Compiling serde v1.0.195
[INFO] [stderr]    Compiling cxx v1.0.115
[INFO] [stderr]    Compiling rust_decimal v1.33.1
[INFO] [stderr]    Compiling thiserror v1.0.56
[INFO] [stderr]    Compiling codespan-reporting v0.11.1
[INFO] [stderr]     Checking windows-targets v0.48.5
[INFO] [stderr]     Checking windows v0.48.0
[INFO] [stderr]    Compiling quote v1.0.35
[INFO] [stderr]    Compiling litrs v0.4.1
[INFO] [stderr]    Compiling syn v2.0.48
[INFO] [stderr]     Checking widestring v1.0.2
[INFO] [stderr]     Checking dep_doc v0.1.1
[INFO] [stderr]    Compiling inline-vbs-macros v0.4.0
[INFO] [stderr]     Checking chrono v0.4.31
[INFO] [stdout] error[E0432]: unresolved import `proc_macro::LineColumn`
[INFO] [stdout]   --> /opt/rustwide/cargo-home/registry/src/index.crates.io-6f17d22bba15001f/inline-vbs-macros-0.4.0/src/lib.rs:32:5
[INFO] [stdout]    |
[INFO] [stdout] 32 | use proc_macro::LineColumn;
[INFO] [stdout]    |     ^^^^^^^^^^^^^^^^^^^^^^ no `LineColumn` in the root
[INFO] [stdout]    |
[INFO] [stdout] help: consider importing this struct instead
[INFO] [stdout]    |
[INFO] [stdout] 32 | use proc_macro2::LineColumn;
[INFO] [stdout]    |     ~~~~~~~~~~~~~~~~~~~~~~~
[INFO] [stdout] 
[INFO] [stdout] 
[INFO] [stdout] error[E0554]: `#![feature]` may not be used on the beta release channel
[INFO] [stdout]   --> /opt/rustwide/cargo-home/registry/src/index.crates.io-6f17d22bba15001f/inline-vbs-macros-0.4.0/src/lib.rs:28:12
[INFO] [stdout]    |
[INFO] [stdout] 28 | #![feature(proc_macro_span)]
[INFO] [stdout]    |            ^^^^^^^^^^^^^^^
[INFO] [stdout] 
[INFO] [stdout] 
[INFO] [stdout] error[E0615]: attempted to take value of method `column` on type `proc_macro::Span`
[INFO] [stdout]    --> /opt/rustwide/cargo-home/registry/src/index.crates.io-6f17d22bba15001f/inline-vbs-macros-0.4.0/src/lib.rs:197:29
[INFO] [stdout]     |
[INFO] [stdout] 197 |                     end_loc.column = end_loc.column.saturating_sub(end.len());
[INFO] [stdout]     |                             ^^^^^^ method, not a field
[INFO] [stdout]     |
[INFO] [stdout]     = help: methods are immutable and cannot be assigned to
[INFO] [stdout] 
[INFO] [stdout] 
[INFO] [stdout] error[E0615]: attempted to take value of method `column` on type `proc_macro::Span`
[INFO] [stdout]    --> /opt/rustwide/cargo-home/registry/src/index.crates.io-6f17d22bba15001f/inline-vbs-macros-0.4.0/src/lib.rs:197:46
[INFO] [stdout]     |
[INFO] [stdout] 197 |                     end_loc.column = end_loc.column.saturating_sub(end.len());
[INFO] [stdout]     |                                              ^^^^^^ method, not a field
[INFO] [stdout]     |
[INFO] [stdout] help: use parentheses to call the method
[INFO] [stdout]     |
[INFO] [stdout] 197 |                     end_loc.column = end_loc.column().saturating_sub(end.len());
[INFO] [stdout]     |                                                    ++
[INFO] [stdout] 
[INFO] [stdout] 
[INFO] [stdout] error: aborting due to 4 previous errors
[INFO] [stdout] 
[INFO] [stdout] 
[INFO] [stdout] Some errors have detailed explanations: E0432, E0554, E0615.
[INFO] [stdout] 
[INFO] [stdout] For more information about an error, try `rustc --explain E0432`.
[INFO] [stdout] 
[INFO] [stderr] error: could not compile `inline-vbs-macros` (lib) due to 5 previous errors
[INFO] [stderr] warning: build failed, waiting for other jobs to finish...
[INFO] running `Command { std: "docker" "inspect" "af8cc8e93772aca1f92915fdce6d48de16365545b70c16741b02bd45dadad24e", kill_on_drop: false }`
[INFO] running `Command { std: "docker" "rm" "-f" "af8cc8e93772aca1f92915fdce6d48de16365545b70c16741b02bd45dadad24e", kill_on_drop: false }`
[INFO] [stdout] af8cc8e93772aca1f92915fdce6d48de16365545b70c16741b02bd45dadad24e
