[INFO] fetching crate inexor-rgf-rt 0.9.1...
[INFO] documenting inexor-rgf-rt-0.9.1 against 1.75.0 for beta-1.76-rustdoc-1
[INFO] extracting crate inexor-rgf-rt 0.9.1 into /workspace/builds/worker-6-tc1/source
[INFO] validating manifest of crates.io crate inexor-rgf-rt 0.9.1 on toolchain 1.75.0
[INFO] running `Command { std: CARGO_HOME="/workspace/cargo-home" RUSTUP_HOME="/workspace/rustup-home" "/workspace/cargo-home/bin/cargo" "+1.75.0" "metadata" "--manifest-path" "Cargo.toml" "--no-deps", kill_on_drop: false }`
[INFO] started tweaking crates.io crate inexor-rgf-rt 0.9.1
[INFO] finished tweaking crates.io crate inexor-rgf-rt 0.9.1
[INFO] tweaked toml for crates.io crate inexor-rgf-rt 0.9.1 written to /workspace/builds/worker-6-tc1/source/Cargo.toml
[INFO] running `Command { std: CARGO_HOME="/workspace/cargo-home" RUSTUP_HOME="/workspace/rustup-home" "/workspace/cargo-home/bin/cargo" "+1.75.0" "generate-lockfile" "--manifest-path" "Cargo.toml", kill_on_drop: false }`
[INFO] [stderr]     Updating crates.io index
[INFO] running `Command { std: CARGO_HOME="/workspace/cargo-home" RUSTUP_HOME="/workspace/rustup-home" "/workspace/cargo-home/bin/cargo" "+1.75.0" "fetch" "--manifest-path" "Cargo.toml", kill_on_drop: false }`
[INFO] [stderr]  Downloading crates ...
[INFO] [stderr]   Downloaded futures-await-test v0.3.0
[INFO] [stderr]   Downloaded futures-await-test-macro v0.3.0
[INFO] [stderr]   Downloaded inexor-rgf-model-command v0.9.1
[INFO] [stderr]   Downloaded wildmatch v2.3.0
[INFO] [stderr]   Downloaded async-graphql-actix-web v5.0.10
[INFO] [stderr]   Downloaded inexor-rgf-model-flow v0.9.1
[INFO] [stderr]   Downloaded inexor-rgf-core-reactive v0.9.1
[INFO] [stderr]   Downloaded indradb-lib v3.0.4
[INFO] [stderr]   Downloaded inexor-rgf-core-di v0.9.1
[INFO] [stderr]   Downloaded actix-tls v3.1.1
[INFO] [stderr]   Downloaded inexor-rgf-model-runtime v0.9.1
[INFO] [stderr]   Downloaded query_interface v0.3.5
[INFO] [stderr]   Downloaded destructure_traitobject v0.2.0
[INFO] [stderr]   Downloaded inexor-rgf-core-frp v0.9.1
[INFO] [stderr]   Downloaded actix-web-codegen v4.2.2
[INFO] [stderr]   Downloaded log4rs v1.2.0
[INFO] [stderr]   Downloaded vergen v8.2.6
[INFO] [stderr]   Downloaded actix v0.13.1
[INFO] [stderr]   Downloaded async-graphql v5.0.10
[INFO] [stderr]   Downloaded actix-cors v0.6.5
[INFO] [stderr]   Downloaded inexor-rgf-core-model v0.9.1
[INFO] [stderr]   Downloaded similar v2.4.0
[INFO] [stderr]   Downloaded async-graphql-derive v5.0.10
[INFO] [stderr]   Downloaded async-graphql-parser v5.0.10
[INFO] [stderr]   Downloaded actix_derive v0.6.1
[INFO] [stderr]   Downloaded actix-macros v0.2.4
[INFO] [stderr]   Downloaded thread-id v4.2.1
[INFO] [stderr]   Downloaded ascii_utils v0.9.3
[INFO] [stderr]   Downloaded path-tree v0.7.4
[INFO] [stderr]   Downloaded inexor-rgf-core-builder v0.9.1
[INFO] [stderr]   Downloaded impl-more v0.1.6
[INFO] [stderr]   Downloaded inexor-rgf-core-plugins v0.9.1
[INFO] [stderr]   Downloaded actix-web-actors v4.2.0
[INFO] [stderr]   Downloaded fast_chemail v0.9.6
[INFO] [stderr]   Downloaded async-graphql-value v5.0.10
[INFO] [stderr]   Downloaded inexor-rgf-core-di-codegen v0.9.1
[INFO] [stderr]   Downloaded actix-web-extras v0.1.0
[INFO] [stderr]   Downloaded unsafe-any-ors v1.0.0
[INFO] [stderr]   Downloaded random-string v1.0.1
[INFO] [stderr]   Downloaded inexor-rgf-core-config v0.9.1
[INFO] [stderr]   Downloaded typemap-ors v1.0.0
[INFO] [stderr]   Downloaded inexor-rgf-model-dynamic-graph v0.9.1
[INFO] running `Command { std: "docker" "create" "-v" "/var/lib/crater-agent-workspace/builds/worker-6-tc1/target:/opt/rustwide/target:rw,Z" "-v" "/var/lib/crater-agent-workspace/builds/worker-6-tc1/source:/opt/rustwide/workdir:ro,Z" "-v" "/var/lib/crater-agent-workspace/cargo-home:/opt/rustwide/cargo-home:ro,Z" "-v" "/var/lib/crater-agent-workspace/rustup-home:/opt/rustwide/rustup-home:ro,Z" "-e" "SOURCE_DIR=/opt/rustwide/workdir" "-e" "CARGO_TARGET_DIR=/opt/rustwide/target" "-e" "CARGO_HOME=/opt/rustwide/cargo-home" "-e" "RUSTUP_HOME=/opt/rustwide/rustup-home" "-w" "/opt/rustwide/workdir" "-m" "1610612736" "--user" "0:0" "--network" "none" "ghcr.io/rust-lang/crates-build-env/linux@sha256:2788e3201cd34a07e3172128adcd8b3090168a8e3bcc40d7c032b9dda1df7d1c" "/opt/rustwide/cargo-home/bin/cargo" "+1.75.0" "metadata" "--no-deps" "--format-version=1", kill_on_drop: false }`
[INFO] [stdout] d648332ed4f038473bb3a53774216d94afa28b7f95a76ff74685ffd0045dd347
[INFO] running `Command { std: "docker" "start" "-a" "d648332ed4f038473bb3a53774216d94afa28b7f95a76ff74685ffd0045dd347", kill_on_drop: false }`
[INFO] running `Command { std: "docker" "inspect" "d648332ed4f038473bb3a53774216d94afa28b7f95a76ff74685ffd0045dd347", kill_on_drop: false }`
[INFO] running `Command { std: "docker" "rm" "-f" "d648332ed4f038473bb3a53774216d94afa28b7f95a76ff74685ffd0045dd347", kill_on_drop: false }`
[INFO] [stdout] d648332ed4f038473bb3a53774216d94afa28b7f95a76ff74685ffd0045dd347
[INFO] running `Command { std: "docker" "create" "-v" "/var/lib/crater-agent-workspace/builds/worker-6-tc1/target:/opt/rustwide/target:rw,Z" "-v" "/var/lib/crater-agent-workspace/builds/worker-6-tc1/source:/opt/rustwide/workdir:ro,Z" "-v" "/var/lib/crater-agent-workspace/cargo-home:/opt/rustwide/cargo-home:ro,Z" "-v" "/var/lib/crater-agent-workspace/rustup-home:/opt/rustwide/rustup-home:ro,Z" "-e" "SOURCE_DIR=/opt/rustwide/workdir" "-e" "CARGO_TARGET_DIR=/opt/rustwide/target" "-e" "CARGO_INCREMENTAL=0" "-e" "RUST_BACKTRACE=full" "-e" "RUSTFLAGS=--cap-lints=warn" "-e" "RUSTDOCFLAGS=--cap-lints=warn" "-e" "CARGO_HOME=/opt/rustwide/cargo-home" "-e" "RUSTUP_HOME=/opt/rustwide/rustup-home" "-w" "/opt/rustwide/workdir" "-m" "1610612736" "--user" "0:0" "--network" "none" "ghcr.io/rust-lang/crates-build-env/linux@sha256:2788e3201cd34a07e3172128adcd8b3090168a8e3bcc40d7c032b9dda1df7d1c" "/opt/rustwide/cargo-home/bin/cargo" "+1.75.0" "doc" "--frozen" "--no-deps" "--document-private-items" "--message-format=json", kill_on_drop: false }`
[INFO] [stdout] ca9c5951cc443dfc01f05e1230f76c136c1c451b8c71fca0cb59263ef155329d
[INFO] running `Command { std: "docker" "start" "-a" "ca9c5951cc443dfc01f05e1230f76c136c1c451b8c71fca0cb59263ef155329d", kill_on_drop: false }`
[INFO] [stderr]    Compiling proc-macro2 v1.0.76
[INFO] [stderr]    Compiling libc v0.2.151
[INFO] [stderr]    Compiling syn v1.0.109
[INFO] [stderr]    Compiling parking_lot_core v0.9.9
[INFO] [stderr]     Checking smallvec v1.11.2
[INFO] [stderr]    Compiling serde_json v1.0.111
[INFO] [stderr]     Checking scopeguard v1.2.0
[INFO] [stderr]    Compiling ahash v0.7.7
[INFO] [stderr]    Compiling lock_api v0.4.11
[INFO] [stderr]    Compiling thiserror v1.0.56
[INFO] [stderr]     Checking memchr v2.7.1
[INFO] [stderr]    Compiling crossbeam-utils v0.8.18
[INFO] [stderr]     Checking futures-core v0.3.30
[INFO] [stderr]    Compiling indexmap v1.9.3
[INFO] [stderr]     Checking ppv-lite86 v0.2.17
[INFO] [stderr]    Compiling cfg-if v1.0.0
[INFO] [stderr]    Compiling num-traits v0.2.17
[INFO] [stderr]     Checking hashbrown v0.14.3
[INFO] [stderr]     Checking futures-sink v0.3.30
[INFO] [stderr]     Checking bitflags v2.4.1
[INFO] [stderr]    Compiling itoa v1.0.10
[INFO] [stderr]     Checking spin v0.9.8
[INFO] [stderr]    Compiling anyhow v1.0.79
[INFO] [stderr]    Compiling slab v0.4.9
[INFO] [stderr]    Compiling crc32fast v1.3.2
[INFO] [stderr]     Checking untrusted v0.9.0
[INFO] [stderr]     Checking linked-hash-map v0.5.6
[INFO] [stderr]     Checking futures-channel v0.3.30
[INFO] [stderr]     Checking tracing-core v0.1.32
[INFO] [stderr]    Compiling rustix v0.38.28
[INFO] [stderr]    Compiling regex-syntax v0.8.2
[INFO] [stderr]     Checking futures-io v0.3.30
[INFO] [stderr]    Compiling quote v1.0.35
[INFO] [stderr]     Checking yaml-rust v0.4.5
[INFO] [stderr]    Compiling aho-corasick v1.1.2
[INFO] [stderr]     Checking atomic v0.5.3
[INFO] [stderr]     Checking futures-task v0.3.30
[INFO] [stderr]     Checking sha1_smol v1.0.0
[INFO] [stderr]    Compiling syn v2.0.48
[INFO] [stderr]     Checking indexmap v2.1.0
[INFO] [stderr]     Checking destructure_traitobject v0.2.0
[INFO] [stderr]     Checking crossbeam-epoch v0.9.17
[INFO] [stderr]     Checking iana-time-zone v0.1.59
[INFO] [stderr]     Checking linux-raw-sys v0.4.12
[INFO] [stderr]     Checking unsafe-any-ors v1.0.0
[INFO] [stderr]     Checking bitflags v1.3.2
[INFO] [stderr]    Compiling ucd-trie v0.1.6
[INFO] [stderr]    Compiling pkg-config v0.3.28
[INFO] [stderr]    Compiling rayon-core v1.12.0
[INFO] [stderr]     Checking fastrand v2.0.1
[INFO] [stderr]     Checking typemap-ors v1.0.0
[INFO] [stderr]    Compiling time-macros v0.2.16
[INFO] [stderr]     Checking crossbeam-deque v0.8.4
[INFO] [stderr]     Checking byteorder v1.5.0
[INFO] [stderr]     Checking humantime v2.1.0
[INFO] [stderr]     Checking arc-swap v1.6.0
[INFO] [stderr]     Checking log-mdc v0.1.0
[INFO] [stderr]     Checking local-waker v0.1.4
[INFO] [stderr]     Checking untrusted v0.7.1
[INFO] [stderr]    Compiling rustls v0.20.9
[INFO] [stderr]     Checking spin v0.5.2
[INFO] [stderr]    Compiling semver v1.0.21
[INFO] [stderr]     Checking alloc-no-stdlib v2.0.4
[INFO] [stderr]     Checking ordered-float v2.10.1
[INFO] [stderr]     Checking rmp v0.8.12
[INFO] [stderr]    Compiling rustls v0.21.10
[INFO] [stderr]     Checking rayon v1.8.0
[INFO] [stderr]    Compiling zstd-safe v7.0.0
[INFO] [stderr]     Checking alloc-stdlib v0.2.2
[INFO] [stderr]     Checking actix-utils v3.0.1
[INFO] [stderr]     Checking actix-service v2.0.2
[INFO] [stderr]    Compiling typenum v1.17.0
[INFO] [stderr]     Checking getrandom v0.2.11
[INFO] [stderr]     Checking num_cpus v1.16.0
[INFO] [stderr]     Checking signal-hook-registry v1.4.1
[INFO] [stderr]    Compiling jobserver v0.1.27
[INFO] [stderr]     Checking parking_lot v0.12.1
[INFO] [stderr]     Checking rand_core v0.6.4
[INFO] [stderr]     Checking hashbrown v0.12.3
[INFO] [stderr]     Checking socket2 v0.5.5
[INFO] [stderr]     Checking thread-id v4.2.1
[INFO] [stderr]     Checking dashmap v5.5.3
[INFO] [stderr]    Compiling cc v1.0.83
[INFO] [stderr]     Checking rand_chacha v0.3.1
[INFO] [stderr]    Compiling regex-automata v0.4.3
[INFO] [stderr]     Checking rand v0.8.5
[INFO] [stderr]     Checking encoding_rs v0.8.33
[INFO] [stderr]    Compiling ahash v0.8.7
[INFO] [stderr]     Checking winnow v0.5.33
[INFO] [stderr]     Checking adler v1.0.2
[INFO] [stderr]     Checking mime v0.3.17
[INFO] [stderr]    Compiling pin-project-lite v0.2.13
[INFO] [stderr]     Checking miniz_oxide v0.7.1
[INFO] [stderr]     Checking tempfile v3.9.0
[INFO] [stderr]    Compiling generic-array v0.14.7
[INFO] [stderr]     Checking brotli-decompressor v2.5.1
[INFO] [stderr]    Compiling cookie v0.16.2
[INFO] [stderr]    Compiling async-trait v0.1.77
[INFO] [stderr]     Checking num_threads v0.1.6
[INFO] [stderr]     Checking impl-more v0.1.6
[INFO] [stderr]     Checking base64 v0.21.5
[INFO] [stderr]    Compiling convert_case v0.4.0
[INFO] [stderr]     Checking time v0.3.31
[INFO] [stderr]    Compiling rustc_version v0.4.0
[INFO] [stderr]     Checking flate2 v1.0.28
[INFO] [stderr]     Checking sha1 v0.10.6
[INFO] [stderr]     Checking local-channel v0.1.5
[INFO] [stderr]    Compiling ring v0.17.7
[INFO] [stderr]    Compiling ring v0.16.20
[INFO] [stderr]    Compiling zstd-sys v2.0.9+zstd.1.5.5
[INFO] [stderr]     Checking language-tags v0.3.2
[INFO] [stderr]    Compiling strsim v0.10.0
[INFO] [stderr]    Compiling proc-macro-hack v0.5.20+deprecated
[INFO] [stderr]     Checking utf8parse v0.2.1
[INFO] [stderr]    Compiling ryu v1.0.16
[INFO] [stderr]     Checking httpdate v1.0.3
[INFO] [stderr]    Compiling rle-decode-fast v1.0.3
[INFO] [stderr]     Checking anstyle-parse v0.2.3
[INFO] [stderr]    Compiling libflate_lz77 v1.2.0
[INFO] [stderr]     Checking brotli v3.4.0
[INFO] [stderr]    Compiling crypto-common v0.1.6
[INFO] [stderr]    Compiling block-buffer v0.10.4
[INFO] [stderr]     Checking url v2.5.0
[INFO] [stderr]     Checking crossbeam-channel v0.5.10
[INFO] [stderr]    Compiling adler32 v1.2.0
[INFO] [stderr]     Checking anstyle v1.0.4
[INFO] [stderr]     Checking anstyle-query v1.0.2
[INFO] [stderr]     Checking colorchoice v1.0.0
[INFO] [stderr]     Checking base64 v0.13.1
[INFO] [stderr]    Compiling powerfmt v0.2.0
[INFO] [stderr]    Compiling libflate v1.4.0
[INFO] [stderr]    Compiling digest v0.10.7
[INFO] [stderr]     Checking anstream v0.6.5
[INFO] [stderr]    Compiling vergen v8.2.6
[INFO] [stderr]    Compiling deranged v0.3.11
[INFO] [stderr]    Compiling darling_core v0.14.4
[INFO] [stderr]    Compiling multer v2.1.0
[INFO] [stderr]     Checking clap_lex v0.6.0
[INFO] [stderr]    Compiling regex v1.10.2
[INFO] [stderr]     Checking dlv-list v0.3.0
[INFO] [stderr]    Compiling lazy_static v1.4.0
[INFO] [stderr]    Compiling cpufeatures v0.2.12
[INFO] [stderr]    Compiling same-file v1.0.6
[INFO] [stderr]     Checking ordered-multimap v0.4.3
[INFO] [stderr]    Compiling sha2 v0.10.8
[INFO] [stderr]    Compiling walkdir v2.4.0
[INFO] [stderr]    Compiling Inflector v0.11.4
[INFO] [stderr]     Checking clap_builder v4.4.12
[INFO] [stderr]    Compiling sysinfo v0.29.11
[INFO] [stderr]     Checking ascii_utils v0.9.3
[INFO] [stderr]     Checking minimal-lexical v0.2.1
[INFO] [stderr]    Compiling rust-embed-utils v7.8.1
[INFO] [stderr]     Checking fast_chemail v0.9.6
[INFO] [stderr]     Checking rust-ini v0.18.0
[INFO] [stderr]    Compiling inexor-rgf-core-plugins v0.9.1
[INFO] [stderr]     Checking inotify-sys v0.1.5
[INFO] [stderr]     Checking nom v7.1.3
[INFO] [stderr]     Checking concurrent-queue v2.4.0
[INFO] [stderr]    Compiling signal-hook v0.3.17
[INFO] [stderr]     Checking pathdiff v0.2.1
[INFO] [stderr]     Checking event-listener v2.5.3
[INFO] [stderr]     Checking inotify v0.9.6
[INFO] [stderr]     Checking filetime v0.2.23
[INFO] [stderr]     Checking crossbeam-queue v0.3.10
[INFO] [stderr]     Checking async-channel v1.9.0
[INFO] [stderr]     Checking unicode-segmentation v1.10.1
[INFO] [stderr]     Checking rustls-pemfile v1.0.4
[INFO] [stderr]     Checking crossbeam v0.8.3
[INFO] [stderr]     Checking portpicker v0.1.1
[INFO] [stderr]     Checking path-tree v0.7.4
[INFO] [stderr]     Checking libloading v0.7.4
[INFO] [stderr]     Checking wildmatch v2.3.0
[INFO] [stderr]     Checking query_interface v0.3.5
[INFO] [stderr]     Checking futures-timer v3.0.2
[INFO] [stderr]     Checking convert_case v0.6.0
[INFO] [stderr]    Compiling serde_derive v1.0.195
[INFO] [stderr]    Compiling thiserror-impl v1.0.56
[INFO] [stderr]    Compiling tokio-macros v2.2.0
[INFO] [stderr]    Compiling futures-macro v0.3.30
[INFO] [stderr]    Compiling actix-macros v0.2.4
[INFO] [stderr]    Compiling actix_derive v0.6.1
[INFO] [stderr]    Compiling async-stream-impl v0.3.5
[INFO] [stderr]    Compiling clap_derive v4.4.7
[INFO] [stderr]    Compiling rust-embed-impl v6.8.1
[INFO] [stderr]    Compiling derivative v2.2.0
[INFO] [stderr]    Compiling strum_macros v0.24.3
[INFO] [stderr]    Compiling derive_more v0.99.17
[INFO] [stderr]    Compiling darling_macro v0.14.4
[INFO] [stderr]    Compiling include-flate-codegen v0.1.4
[INFO] [stderr]    Compiling inexor-rgf-core-di-codegen v0.9.1
[INFO] [stderr]     Checking async-stream v0.3.5
[INFO] [stderr]     Checking futures-util v0.3.30
[INFO] [stderr]    Compiling inexor-rgf-rt v0.9.1 (/opt/rustwide/workdir)
[INFO] [stderr]     Checking include-flate-codegen-exports v0.1.4
[INFO] [stderr]    Compiling darling v0.14.4
[INFO] [stderr]     Checking include-flate v0.2.0
[INFO] [stderr]     Checking rust-embed v6.8.1
[INFO] [stderr]     Checking pest v2.7.6
[INFO] [stderr] warning: inexor-rgf-rt@0.9.1: not within a suitable 'git' worktree!
[INFO] [stderr] warning: inexor-rgf-rt@0.9.1: VERGEN_GIT_BRANCH set to default
[INFO] [stderr] warning: inexor-rgf-rt@0.9.1: VERGEN_GIT_SHA set to default
[INFO] [stderr]     Checking strum v0.24.1
[INFO] [stderr]     Checking clap v4.4.13
[INFO] [stderr]    Compiling pest_meta v2.7.6
[INFO] [stderr]     Checking serde v1.0.195
[INFO] [stderr]    Compiling pest_generator v2.7.6
[INFO] [stderr]     Checking futures-executor v0.3.30
[INFO] [stderr]     Checking futures v0.3.30
[INFO] [stderr]     Checking sct v0.7.1
[INFO] [stderr]     Checking webpki v0.22.4
[INFO] [stderr]     Checking rustls-webpki v0.101.7
[INFO] [stderr]     Checking webpki-roots v0.22.6
[INFO] [stderr]    Compiling pest_derive v2.7.6
[INFO] [stderr]     Checking zstd v0.13.0
[INFO] [stderr]     Checking log v0.4.20
[INFO] [stderr]     Checking bytes v1.5.0
[INFO] [stderr]     Checking uuid v1.6.1
[INFO] [stderr]     Checking toml v0.5.11
[INFO] [stderr]     Checking chrono v0.4.31
[INFO] [stderr]     Checking serde-value v0.7.0
[INFO] [stderr]     Checking bincode v1.3.3
[INFO] [stderr]     Checking rmp-serde v1.1.2
[INFO] [stderr]     Checking toml_datetime v0.6.5
[INFO] [stderr]     Checking serde_spanned v0.6.5
[INFO] [stderr]     Checking serde_urlencoded v0.7.1
[INFO] [stderr]     Checking json5 v0.4.1
[INFO] [stderr]     Checking ron v0.7.1
[INFO] [stderr]     Checking toml_edit v0.19.15
[INFO] [stderr]     Checking mio v0.8.10
[INFO] [stderr]     Checking tracing v0.1.40
[INFO] [stderr]     Checking http v0.2.11
[INFO] [stderr]     Checking bytestring v1.3.1
[INFO] [stderr]     Checking serde_yaml v0.8.26
[INFO] [stderr]     Checking tokio v1.35.1
[INFO] [stderr]     Checking notify v5.2.0
[INFO] [stderr]     Checking async-graphql-value v5.0.10
[INFO] [stderr]     Checking handlebars v4.5.0
[INFO] [stderr]     Checking config v0.13.4
[INFO] [stderr]     Checking actix-router v0.5.2
[INFO] [stderr]     Checking async-graphql-parser v5.0.10
[INFO] [stderr]     Checking log4rs v1.2.0
[INFO] [stderr]     Checking indradb-lib v3.0.4
[INFO] [stderr]     Checking inexor-rgf-core-di v0.9.1
[INFO] [stderr]     Checking toml v0.7.8
[INFO] [stderr]     Checking inexor-rgf-core-frp v0.9.1
[INFO] [stdout] error[E0554]: `#![feature]` may not be used on the stable release channel
[INFO] [stdout]  --> /opt/rustwide/cargo-home/registry/src/index.crates.io-6f17d22bba15001f/inexor-rgf-core-frp-0.9.1/src/lib.rs:2:1
[INFO] [stdout]   |
[INFO] [stdout] 2 | #![feature(unsized_tuple_coercion)]
[INFO] [stdout]   | ^^^^^^^^^^^^^^^^^^^^^^^^^^^^^^^^^^^
[INFO] [stdout] 
[INFO] [stdout] 
[INFO] [stdout] error[E0554]: `#![feature]` may not be used on the stable release channel
[INFO] [stdout]  --> /opt/rustwide/cargo-home/registry/src/index.crates.io-6f17d22bba15001f/inexor-rgf-core-frp-0.9.1/src/lib.rs:3:1
[INFO] [stdout]   |
[INFO] [stdout] 3 | #![feature(unboxed_closures)]
[INFO] [stdout]   | ^^^^^^^^^^^^^^^^^^^^^^^^^^^^^
[INFO] [stdout] 
[INFO] [stdout] 
[INFO] [stdout] error[E0554]: `#![feature]` may not be used on the stable release channel
[INFO] [stdout]  --> /opt/rustwide/cargo-home/registry/src/index.crates.io-6f17d22bba15001f/inexor-rgf-core-frp-0.9.1/src/lib.rs:4:1
[INFO] [stdout]   |
[INFO] [stdout] 4 | #![feature(register_tool)]
[INFO] [stdout]   | ^^^^^^^^^^^^^^^^^^^^^^^^^^
[INFO] [stdout] 
[INFO] [stdout] 
[INFO] [stdout] error: aborting due to 3 previous errors
[INFO] [stdout] 
[INFO] [stdout] 
[INFO] [stdout] For more information about this error, try `rustc --explain E0554`.
[INFO] [stdout] 
[INFO] [stderr] error: could not compile `inexor-rgf-core-frp` (lib) due to 4 previous errors
[INFO] [stderr] warning: build failed, waiting for other jobs to finish...
[INFO] running `Command { std: "docker" "inspect" "ca9c5951cc443dfc01f05e1230f76c136c1c451b8c71fca0cb59263ef155329d", kill_on_drop: false }`
[INFO] running `Command { std: "docker" "rm" "-f" "ca9c5951cc443dfc01f05e1230f76c136c1c451b8c71fca0cb59263ef155329d", kill_on_drop: false }`
[INFO] [stdout] ca9c5951cc443dfc01f05e1230f76c136c1c451b8c71fca0cb59263ef155329d
[INFO] documenting inexor-rgf-rt-0.9.1 against beta-2023-12-22 for beta-1.76-rustdoc-1
[INFO] extracting crate inexor-rgf-rt 0.9.1 into /workspace/builds/worker-6-tc2/source
[INFO] validating manifest of crates.io crate inexor-rgf-rt 0.9.1 on toolchain beta-2023-12-22
[INFO] running `Command { std: CARGO_HOME="/workspace/cargo-home" RUSTUP_HOME="/workspace/rustup-home" "/workspace/cargo-home/bin/cargo" "+beta-2023-12-22" "metadata" "--manifest-path" "Cargo.toml" "--no-deps", kill_on_drop: false }`
[INFO] started tweaking crates.io crate inexor-rgf-rt 0.9.1
[INFO] finished tweaking crates.io crate inexor-rgf-rt 0.9.1
[INFO] tweaked toml for crates.io crate inexor-rgf-rt 0.9.1 written to /workspace/builds/worker-6-tc2/source/Cargo.toml
[INFO] running `Command { std: CARGO_HOME="/workspace/cargo-home" RUSTUP_HOME="/workspace/rustup-home" "/workspace/cargo-home/bin/cargo" "+beta-2023-12-22" "generate-lockfile" "--manifest-path" "Cargo.toml", kill_on_drop: false }`
[INFO] [stderr]     Updating crates.io index
[INFO] running `Command { std: CARGO_HOME="/workspace/cargo-home" RUSTUP_HOME="/workspace/rustup-home" "/workspace/cargo-home/bin/cargo" "+beta-2023-12-22" "fetch" "--manifest-path" "Cargo.toml", kill_on_drop: false }`
[INFO] running `Command { std: "docker" "create" "-v" "/var/lib/crater-agent-workspace/builds/worker-6-tc2/target:/opt/rustwide/target:rw,Z" "-v" "/var/lib/crater-agent-workspace/builds/worker-6-tc2/source:/opt/rustwide/workdir:ro,Z" "-v" "/var/lib/crater-agent-workspace/cargo-home:/opt/rustwide/cargo-home:ro,Z" "-v" "/var/lib/crater-agent-workspace/rustup-home:/opt/rustwide/rustup-home:ro,Z" "-e" "SOURCE_DIR=/opt/rustwide/workdir" "-e" "CARGO_TARGET_DIR=/opt/rustwide/target" "-e" "CARGO_HOME=/opt/rustwide/cargo-home" "-e" "RUSTUP_HOME=/opt/rustwide/rustup-home" "-w" "/opt/rustwide/workdir" "-m" "1610612736" "--user" "0:0" "--network" "none" "ghcr.io/rust-lang/crates-build-env/linux@sha256:2788e3201cd34a07e3172128adcd8b3090168a8e3bcc40d7c032b9dda1df7d1c" "/opt/rustwide/cargo-home/bin/cargo" "+beta-2023-12-22" "metadata" "--no-deps" "--format-version=1", kill_on_drop: false }`
[INFO] [stdout] 55a24024fe83c7e20c6987e44f4d56017eb995574f0cb3d8c56e0a4d6cbf7dbb
[INFO] running `Command { std: "docker" "start" "-a" "55a24024fe83c7e20c6987e44f4d56017eb995574f0cb3d8c56e0a4d6cbf7dbb", kill_on_drop: false }`
[INFO] running `Command { std: "docker" "inspect" "55a24024fe83c7e20c6987e44f4d56017eb995574f0cb3d8c56e0a4d6cbf7dbb", kill_on_drop: false }`
[INFO] running `Command { std: "docker" "rm" "-f" "55a24024fe83c7e20c6987e44f4d56017eb995574f0cb3d8c56e0a4d6cbf7dbb", kill_on_drop: false }`
[INFO] [stdout] 55a24024fe83c7e20c6987e44f4d56017eb995574f0cb3d8c56e0a4d6cbf7dbb
[INFO] running `Command { std: "docker" "create" "-v" "/var/lib/crater-agent-workspace/builds/worker-6-tc2/target:/opt/rustwide/target:rw,Z" "-v" "/var/lib/crater-agent-workspace/builds/worker-6-tc2/source:/opt/rustwide/workdir:ro,Z" "-v" "/var/lib/crater-agent-workspace/cargo-home:/opt/rustwide/cargo-home:ro,Z" "-v" "/var/lib/crater-agent-workspace/rustup-home:/opt/rustwide/rustup-home:ro,Z" "-e" "SOURCE_DIR=/opt/rustwide/workdir" "-e" "CARGO_TARGET_DIR=/opt/rustwide/target" "-e" "CARGO_INCREMENTAL=0" "-e" "RUST_BACKTRACE=full" "-e" "RUSTFLAGS=--cap-lints=warn" "-e" "RUSTDOCFLAGS=--cap-lints=warn" "-e" "CARGO_HOME=/opt/rustwide/cargo-home" "-e" "RUSTUP_HOME=/opt/rustwide/rustup-home" "-w" "/opt/rustwide/workdir" "-m" "1610612736" "--user" "0:0" "--network" "none" "ghcr.io/rust-lang/crates-build-env/linux@sha256:2788e3201cd34a07e3172128adcd8b3090168a8e3bcc40d7c032b9dda1df7d1c" "/opt/rustwide/cargo-home/bin/cargo" "+beta-2023-12-22" "doc" "--frozen" "--no-deps" "--document-private-items" "--message-format=json", kill_on_drop: false }`
[INFO] [stdout] 03215cd36a4d2e1fa837b104e56253b3de95f43d603c5bf8421717b1059fc75c
[INFO] running `Command { std: "docker" "start" "-a" "03215cd36a4d2e1fa837b104e56253b3de95f43d603c5bf8421717b1059fc75c", kill_on_drop: false }`
[INFO] [stderr]    Compiling proc-macro2 v1.0.76
[INFO] [stderr]    Compiling libc v0.2.151
[INFO] [stderr]    Compiling syn v1.0.109
[INFO] [stderr]    Compiling parking_lot_core v0.9.9
[INFO] [stderr]     Checking smallvec v1.11.2
[INFO] [stderr]    Compiling serde_json v1.0.111
[INFO] [stderr]     Checking scopeguard v1.2.0
[INFO] [stderr]    Compiling ahash v0.7.7
[INFO] [stderr]    Compiling lock_api v0.4.11
[INFO] [stderr]    Compiling thiserror v1.0.56
[INFO] [stderr]     Checking memchr v2.7.1
[INFO] [stderr]    Compiling crossbeam-utils v0.8.18
[INFO] [stderr]     Checking futures-core v0.3.30
[INFO] [stderr]    Compiling indexmap v1.9.3
[INFO] [stderr]    Compiling cfg-if v1.0.0
[INFO] [stderr]     Checking ppv-lite86 v0.2.17
[INFO] [stderr]    Compiling num-traits v0.2.17
[INFO] [stderr]     Checking hashbrown v0.14.3
[INFO] [stderr]     Checking bitflags v2.4.1
[INFO] [stderr]     Checking futures-sink v0.3.30
[INFO] [stderr]    Compiling itoa v1.0.10
[INFO] [stderr]     Checking spin v0.9.8
[INFO] [stderr]    Compiling anyhow v1.0.79
[INFO] [stderr]    Compiling slab v0.4.9
[INFO] [stderr]    Compiling quote v1.0.35
[INFO] [stderr]    Compiling crc32fast v1.3.2
[INFO] [stderr]     Checking linked-hash-map v0.5.6
[INFO] [stderr]     Checking untrusted v0.9.0
[INFO] [stderr]     Checking futures-channel v0.3.30
[INFO] [stderr]     Checking tracing-core v0.1.32
[INFO] [stderr]    Compiling regex-syntax v0.8.2
[INFO] [stderr]     Checking sha1_smol v1.0.0
[INFO] [stderr]    Compiling syn v2.0.48
[INFO] [stderr]     Checking yaml-rust v0.4.5
[INFO] [stderr]    Compiling aho-corasick v1.1.2
[INFO] [stderr]     Checking futures-task v0.3.30
[INFO] [stderr]     Checking futures-io v0.3.30
[INFO] [stderr]    Compiling rustix v0.38.28
[INFO] [stderr]     Checking indexmap v2.1.0
[INFO] [stderr]     Checking atomic v0.5.3
[INFO] [stderr]     Checking crossbeam-epoch v0.9.17
[INFO] [stderr]     Checking destructure_traitobject v0.2.0
[INFO] [stderr]     Checking linux-raw-sys v0.4.12
[INFO] [stderr]     Checking iana-time-zone v0.1.59
[INFO] [stderr]    Compiling ucd-trie v0.1.6
[INFO] [stderr]     Checking unsafe-any-ors v1.0.0
[INFO] [stderr]     Checking bitflags v1.3.2
[INFO] [stderr]    Compiling pkg-config v0.3.28
[INFO] [stderr]     Checking fastrand v2.0.1
[INFO] [stderr]    Compiling rayon-core v1.12.0
[INFO] [stderr]    Compiling time-macros v0.2.16
[INFO] [stderr]     Checking typemap-ors v1.0.0
[INFO] [stderr]     Checking crossbeam-deque v0.8.4
[INFO] [stderr]     Checking log-mdc v0.1.0
[INFO] [stderr]     Checking arc-swap v1.6.0
[INFO] [stderr]     Checking byteorder v1.5.0
[INFO] [stderr]     Checking humantime v2.1.0
[INFO] [stderr]     Checking untrusted v0.7.1
[INFO] [stderr]     Checking spin v0.5.2
[INFO] [stderr]     Checking local-waker v0.1.4
[INFO] [stderr]    Compiling rustls v0.20.9
[INFO] [stderr]    Compiling semver v1.0.21
[INFO] [stderr]    Compiling rustls v0.21.10
[INFO] [stderr]     Checking alloc-no-stdlib v2.0.4
[INFO] [stderr]    Compiling zstd-safe v7.0.0
[INFO] [stderr]     Checking alloc-stdlib v0.2.2
[INFO] [stderr]     Checking actix-utils v3.0.1
[INFO] [stderr]     Checking ordered-float v2.10.1
[INFO] [stderr]     Checking rmp v0.8.12
[INFO] [stderr]     Checking rayon v1.8.0
[INFO] [stderr]     Checking actix-service v2.0.2
[INFO] [stderr]    Compiling typenum v1.17.0
[INFO] [stderr]    Compiling jobserver v0.1.27
[INFO] [stderr]     Checking getrandom v0.2.11
[INFO] [stderr]    Compiling cc v1.0.83
[INFO] [stderr]     Checking num_cpus v1.16.0
[INFO] [stderr]     Checking parking_lot v0.12.1
[INFO] [stderr]     Checking rand_core v0.6.4
[INFO] [stderr]     Checking signal-hook-registry v1.4.1
[INFO] [stderr]     Checking socket2 v0.5.5
[INFO] [stderr]     Checking hashbrown v0.12.3
[INFO] [stderr]     Checking thread-id v4.2.1
[INFO] [stderr]    Compiling regex-automata v0.4.3
[INFO] [stderr]     Checking dashmap v5.5.3
[INFO] [stderr]     Checking rand_chacha v0.3.1
[INFO] [stderr]    Compiling ahash v0.8.7
[INFO] [stderr]     Checking rand v0.8.5
[INFO] [stderr]     Checking encoding_rs v0.8.33
[INFO] [stderr]     Checking tempfile v3.9.0
[INFO] [stderr]     Checking adler v1.0.2
[INFO] [stderr]     Checking mime v0.3.17
[INFO] [stderr]    Compiling pin-project-lite v0.2.13
[INFO] [stderr]     Checking winnow v0.5.33
[INFO] [stderr]     Checking miniz_oxide v0.7.1
[INFO] [stderr]    Compiling generic-array v0.14.7
[INFO] [stderr]     Checking brotli-decompressor v2.5.1
[INFO] [stderr]    Compiling cookie v0.16.2
[INFO] [stderr]    Compiling convert_case v0.4.0
[INFO] [stderr]     Checking num_threads v0.1.6
[INFO] [stderr]     Checking base64 v0.21.5
[INFO] [stderr]    Compiling async-trait v0.1.77
[INFO] [stderr]     Checking impl-more v0.1.6
[INFO] [stderr]     Checking time v0.3.31
[INFO] [stderr]    Compiling rustc_version v0.4.0
[INFO] [stderr]     Checking flate2 v1.0.28
[INFO] [stderr]    Compiling ring v0.17.7
[INFO] [stderr]    Compiling ring v0.16.20
[INFO] [stderr]    Compiling zstd-sys v2.0.9+zstd.1.5.5
[INFO] [stderr]     Checking local-channel v0.1.5
[INFO] [stderr]     Checking sha1 v0.10.6
[INFO] [stderr]     Checking language-tags v0.3.2
[INFO] [stderr]    Compiling rle-decode-fast v1.0.3
[INFO] [stderr]    Compiling proc-macro-hack v0.5.20+deprecated
[INFO] [stderr]    Compiling strsim v0.10.0
[INFO] [stderr]     Checking brotli v3.4.0
[INFO] [stderr]     Checking httpdate v1.0.3
[INFO] [stderr]    Compiling ryu v1.0.16
[INFO] [stderr]     Checking utf8parse v0.2.1
[INFO] [stderr]     Checking anstyle-parse v0.2.3
[INFO] [stderr]    Compiling libflate_lz77 v1.2.0
[INFO] [stderr]     Checking url v2.5.0
[INFO] [stderr]    Compiling block-buffer v0.10.4
[INFO] [stderr]    Compiling darling_core v0.14.4
[INFO] [stderr]    Compiling crypto-common v0.1.6
[INFO] [stderr]     Checking crossbeam-channel v0.5.10
[INFO] [stderr]     Checking colorchoice v1.0.0
[INFO] [stderr]    Compiling powerfmt v0.2.0
[INFO] [stderr]     Checking anstyle-query v1.0.2
[INFO] [stderr]     Checking base64 v0.13.1
[INFO] [stderr]    Compiling adler32 v1.2.0
[INFO] [stderr]     Checking anstyle v1.0.4
[INFO] [stderr]    Compiling deranged v0.3.11
[INFO] [stderr]    Compiling digest v0.10.7
[INFO] [stderr]    Compiling regex v1.10.2
[INFO] [stderr]    Compiling libflate v1.4.0
[INFO] [stderr]     Checking anstream v0.6.5
[INFO] [stderr]    Compiling vergen v8.2.6
[INFO] [stderr]    Compiling multer v2.1.0
[INFO] [stderr]    Compiling same-file v1.0.6
[INFO] [stderr]    Compiling cpufeatures v0.2.12
[INFO] [stderr]     Checking dlv-list v0.3.0
[INFO] [stderr]     Checking clap_lex v0.6.0
[INFO] [stderr]    Compiling lazy_static v1.4.0
[INFO] [stderr]     Checking ordered-multimap v0.4.3
[INFO] [stderr]    Compiling Inflector v0.11.4
[INFO] [stderr]     Checking clap_builder v4.4.12
[INFO] [stderr]     Checking walkdir v2.4.0
[INFO] [stderr]    Compiling sha2 v0.10.8
[INFO] [stderr]    Compiling sysinfo v0.29.11
[INFO] [stderr]     Checking ascii_utils v0.9.3
[INFO] [stderr]     Checking minimal-lexical v0.2.1
[INFO] [stderr]    Compiling rust-embed-utils v7.8.1
[INFO] [stderr]     Checking fast_chemail v0.9.6
[INFO] [stderr]     Checking rust-ini v0.18.0
[INFO] [stderr]     Checking nom v7.1.3
[INFO] [stderr]    Compiling inexor-rgf-core-plugins v0.9.1
[INFO] [stderr]     Checking inotify-sys v0.1.5
[INFO] [stderr]     Checking concurrent-queue v2.4.0
[INFO] [stderr]     Checking event-listener v2.5.3
[INFO] [stderr]     Checking pathdiff v0.2.1
[INFO] [stderr]    Compiling signal-hook v0.3.17
[INFO] [stderr]     Checking inotify v0.9.6
[INFO] [stderr]     Checking async-channel v1.9.0
[INFO] [stderr]     Checking filetime v0.2.23
[INFO] [stderr]     Checking crossbeam-queue v0.3.10
[INFO] [stderr]     Checking unicode-segmentation v1.10.1
[INFO] [stderr]     Checking rustls-pemfile v1.0.4
[INFO] [stderr]     Checking portpicker v0.1.1
[INFO] [stderr]     Checking crossbeam v0.8.3
[INFO] [stderr]     Checking path-tree v0.7.4
[INFO] [stderr]     Checking libloading v0.7.4
[INFO] [stderr]     Checking futures-timer v3.0.2
[INFO] [stderr]     Checking query_interface v0.3.5
[INFO] [stderr]     Checking wildmatch v2.3.0
[INFO] [stderr]     Checking convert_case v0.6.0
[INFO] [stderr]    Compiling derivative v2.2.0
[INFO] [stderr]    Compiling strum_macros v0.24.3
[INFO] [stderr]    Compiling derive_more v0.99.17
[INFO] [stderr]    Compiling darling_macro v0.14.4
[INFO] [stderr]    Compiling include-flate-codegen v0.1.4
[INFO] [stderr]    Compiling serde_derive v1.0.195
[INFO] [stderr]    Compiling thiserror-impl v1.0.56
[INFO] [stderr]    Compiling tokio-macros v2.2.0
[INFO] [stderr]    Compiling futures-macro v0.3.30
[INFO] [stderr]    Compiling actix-macros v0.2.4
[INFO] [stderr]    Compiling actix_derive v0.6.1
[INFO] [stderr]    Compiling clap_derive v4.4.7
[INFO] [stderr]    Compiling async-stream-impl v0.3.5
[INFO] [stderr]    Compiling darling v0.14.4
[INFO] [stderr]     Checking include-flate-codegen-exports v0.1.4
[INFO] [stderr]     Checking include-flate v0.2.0
[INFO] [stderr]    Compiling rust-embed-impl v6.8.1
[INFO] [stderr]    Compiling inexor-rgf-core-di-codegen v0.9.1
[INFO] [stderr]     Checking futures-util v0.3.30
[INFO] [stderr]    Compiling inexor-rgf-rt v0.9.1 (/opt/rustwide/workdir)
[INFO] [stderr]     Checking async-stream v0.3.5
[INFO] [stderr]     Checking pest v2.7.6
[INFO] [stderr]     Checking strum v0.24.1
[INFO] [stderr]     Checking rust-embed v6.8.1
[INFO] [stderr] warning: inexor-rgf-rt@0.9.1: not within a suitable 'git' worktree!
[INFO] [stderr] warning: inexor-rgf-rt@0.9.1: VERGEN_GIT_BRANCH set to default
[INFO] [stderr] warning: inexor-rgf-rt@0.9.1: VERGEN_GIT_SHA set to default
[INFO] [stderr]    Compiling pest_meta v2.7.6
[INFO] [stderr]     Checking clap v4.4.13
[INFO] [stderr]     Checking serde v1.0.195
[INFO] [stderr]    Compiling pest_generator v2.7.6
[INFO] [stderr]     Checking futures-executor v0.3.30
[INFO] [stderr]     Checking futures v0.3.30
[INFO] [stderr]    Compiling pest_derive v2.7.6
[INFO] [stderr]     Checking webpki v0.22.4
[INFO] [stderr]     Checking sct v0.7.1
[INFO] [stderr]     Checking rustls-webpki v0.101.7
[INFO] [stderr]     Checking webpki-roots v0.22.6
[INFO] [stderr]     Checking zstd v0.13.0
[INFO] [stderr]     Checking log v0.4.20
[INFO] [stderr]     Checking bytes v1.5.0
[INFO] [stderr]     Checking uuid v1.6.1
[INFO] [stderr]     Checking toml v0.5.11
[INFO] [stderr]     Checking chrono v0.4.31
[INFO] [stderr]     Checking serde-value v0.7.0
[INFO] [stderr]     Checking bincode v1.3.3
[INFO] [stderr]     Checking rmp-serde v1.1.2
[INFO] [stderr]     Checking toml_datetime v0.6.5
[INFO] [stderr]     Checking serde_spanned v0.6.5
[INFO] [stderr]     Checking serde_urlencoded v0.7.1
[INFO] [stderr]     Checking ron v0.7.1
[INFO] [stderr]     Checking json5 v0.4.1
[INFO] [stderr]     Checking toml_edit v0.19.15
[INFO] [stderr]     Checking mio v0.8.10
[INFO] [stderr]     Checking tracing v0.1.40
[INFO] [stderr]     Checking http v0.2.11
[INFO] [stderr]     Checking bytestring v1.3.1
[INFO] [stderr]     Checking serde_yaml v0.8.26
[INFO] [stderr]     Checking tokio v1.35.1
[INFO] [stderr]     Checking notify v5.2.0
[INFO] [stderr]     Checking async-graphql-value v5.0.10
[INFO] [stderr]     Checking handlebars v4.5.0
[INFO] [stderr]     Checking config v0.13.4
[INFO] [stderr]     Checking actix-router v0.5.2
[INFO] [stderr]     Checking log4rs v1.2.0
[INFO] [stderr]     Checking indradb-lib v3.0.4
[INFO] [stderr]     Checking async-graphql-parser v5.0.10
[INFO] [stderr]     Checking inexor-rgf-core-di v0.9.1
[INFO] [stderr]     Checking toml v0.7.8
[INFO] [stderr]     Checking inexor-rgf-core-frp v0.9.1
[INFO] [stdout] error[E0554]: `#![feature]` may not be used on the beta release channel
[INFO] [stdout]  --> /opt/rustwide/cargo-home/registry/src/index.crates.io-6f17d22bba15001f/inexor-rgf-core-frp-0.9.1/src/lib.rs:2:1
[INFO] [stdout]   |
[INFO] [stdout] 2 | #![feature(unsized_tuple_coercion)]
[INFO] [stdout]   | ^^^^^^^^^^^^^^^^^^^^^^^^^^^^^^^^^^^
[INFO] [stdout] 
[INFO] [stdout] 
[INFO] [stdout] error[E0554]: `#![feature]` may not be used on the beta release channel
[INFO] [stdout]  --> /opt/rustwide/cargo-home/registry/src/index.crates.io-6f17d22bba15001f/inexor-rgf-core-frp-0.9.1/src/lib.rs:3:1
[INFO] [stdout]   |
[INFO] [stdout] 3 | #![feature(unboxed_closures)]
[INFO] [stdout]   | ^^^^^^^^^^^^^^^^^^^^^^^^^^^^^
[INFO] [stdout] 
[INFO] [stdout] 
[INFO] [stdout] error[E0554]: `#![feature]` may not be used on the beta release channel
[INFO] [stdout]  --> /opt/rustwide/cargo-home/registry/src/index.crates.io-6f17d22bba15001f/inexor-rgf-core-frp-0.9.1/src/lib.rs:4:1
[INFO] [stdout]   |
[INFO] [stdout] 4 | #![feature(register_tool)]
[INFO] [stdout]   | ^^^^^^^^^^^^^^^^^^^^^^^^^^
[INFO] [stdout] 
[INFO] [stdout] 
[INFO] [stdout] error: aborting due to 3 previous errors
[INFO] [stdout] 
[INFO] [stdout] 
[INFO] [stdout] For more information about this error, try `rustc --explain E0554`.
[INFO] [stdout] 
[INFO] [stderr] error: could not compile `inexor-rgf-core-frp` (lib) due to 4 previous errors
[INFO] [stderr] warning: build failed, waiting for other jobs to finish...
[INFO] running `Command { std: "docker" "inspect" "03215cd36a4d2e1fa837b104e56253b3de95f43d603c5bf8421717b1059fc75c", kill_on_drop: false }`
[INFO] running `Command { std: "docker" "rm" "-f" "03215cd36a4d2e1fa837b104e56253b3de95f43d603c5bf8421717b1059fc75c", kill_on_drop: false }`
[INFO] [stdout] 03215cd36a4d2e1fa837b104e56253b3de95f43d603c5bf8421717b1059fc75c
