[INFO] fetching crate inexor-rgf-rt-standalone 0.9.1...
[INFO] documenting inexor-rgf-rt-standalone-0.9.1 against 1.75.0 for beta-1.76-rustdoc-1
[INFO] extracting crate inexor-rgf-rt-standalone 0.9.1 into /workspace/builds/worker-0-tc1/source
[INFO] validating manifest of crates.io crate inexor-rgf-rt-standalone 0.9.1 on toolchain 1.75.0
[INFO] running `Command { std: CARGO_HOME="/workspace/cargo-home" RUSTUP_HOME="/workspace/rustup-home" "/workspace/cargo-home/bin/cargo" "+1.75.0" "metadata" "--manifest-path" "Cargo.toml" "--no-deps", kill_on_drop: false }`
[INFO] started tweaking crates.io crate inexor-rgf-rt-standalone 0.9.1
[INFO] finished tweaking crates.io crate inexor-rgf-rt-standalone 0.9.1
[INFO] tweaked toml for crates.io crate inexor-rgf-rt-standalone 0.9.1 written to /workspace/builds/worker-0-tc1/source/Cargo.toml
[INFO] crate crates.io crate inexor-rgf-rt-standalone 0.9.1 already has a lockfile, it will not be regenerated
[INFO] running `Command { std: CARGO_HOME="/workspace/cargo-home" RUSTUP_HOME="/workspace/rustup-home" "/workspace/cargo-home/bin/cargo" "+1.75.0" "fetch" "--manifest-path" "Cargo.toml", kill_on_drop: false }`
[INFO] [stderr]     Updating crates.io index
[INFO] [stderr]  Downloading crates ...
[INFO] [stderr]   Downloaded log4rs v1.2.0
[INFO] [stderr]   Downloaded typemap-ors v1.0.0
[INFO] [stderr]   Downloaded actix-web-extras v0.1.0
[INFO] [stderr]   Downloaded include-flate-codegen-exports v0.1.4
[INFO] [stderr]   Downloaded thread-id v4.0.0
[INFO] [stderr]   Downloaded vergen v8.1.3
[INFO] [stderr]   Downloaded bumpalo v3.12.1
[INFO] [stderr]   Downloaded papergrid v0.9.0
[INFO] [stderr]   Downloaded inexor-rgf-model-dynamic-graph v0.9.1
[INFO] [stderr]   Downloaded clap v4.2.5
[INFO] [stderr]   Downloaded unsafe-any-ors v1.0.0
[INFO] [stderr]   Downloaded wildmatch v2.1.1
[INFO] [stderr]   Downloaded inexor-rgf-core-di-codegen v0.9.1
[INFO] [stderr]   Downloaded actix-rt v2.8.0
[INFO] [stderr]   Downloaded actix-codec v0.5.0
[INFO] [stderr]   Downloaded clap_lex v0.4.1
[INFO] [stderr]   Downloaded handlebars v4.3.6
[INFO] [stderr]   Downloaded openssl v0.10.52
[INFO] [stderr]   Downloaded include-flate v0.1.4
[INFO] [stderr]   Downloaded brotli v3.3.4
[INFO] [stderr]   Downloaded actix-http v3.3.1
[INFO] [stderr]   Downloaded async-graphql v5.0.7
[INFO] [stderr]   Downloaded rustix v0.37.18
[INFO] [stderr]   Downloaded actix-web v4.3.1
[INFO] [stderr]   Downloaded clap_builder v4.2.5
[INFO] [stderr]   Downloaded async-graphql-actix-web v5.0.7
[INFO] [stderr]   Downloaded linux-raw-sys v0.3.6
[INFO] [stderr]   Downloaded rust-embed v6.6.1
[INFO] [stderr]   Downloaded async-graphql-parser v5.0.7
[INFO] [stderr]   Downloaded brotli-decompressor v2.3.4
[INFO] [stderr]   Downloaded inexor-rgf-rt v0.9.1
[INFO] [stderr]   Downloaded tabled v0.12.0
[INFO] [stderr]   Downloaded async-graphql-derive v5.0.7
[INFO] [stderr]   Downloaded kqueue v1.0.7
[INFO] [stderr]   Downloaded path-tree v0.7.1
[INFO] [stderr]   Downloaded inexor-rgf-core-reactive v0.9.1
[INFO] [stderr]   Downloaded uuid v1.3.2
[INFO] [stderr]   Downloaded actix-tls v3.0.3
[INFO] [stderr]   Downloaded notify v5.1.0
[INFO] [stderr]   Downloaded toml v0.7.3
[INFO] [stderr]   Downloaded openssl-sys v0.9.87
[INFO] [stderr]   Downloaded typed-builder v0.14.0
[INFO] [stderr]   Downloaded inexor-rgf-client v0.9.1
[INFO] [stderr]   Downloaded actix_derive v0.6.0
[INFO] [stderr]   Downloaded fast_chemail v0.9.6
[INFO] [stderr]   Downloaded inexor-rgf-core-model v0.9.1
[INFO] [stderr]   Downloaded libflate v1.3.0
[INFO] [stderr]   Downloaded portpicker v0.1.1
[INFO] [stderr]   Downloaded query_interface v0.3.5
[INFO] [stderr]   Downloaded inexor-rgf-core-di v0.9.1
[INFO] [stderr]   Downloaded serde_spanned v0.6.1
[INFO] [stderr]   Downloaded ascii_utils v0.9.3
[INFO] [stderr]   Downloaded tabled_derive v0.6.0
[INFO] [stderr]   Downloaded kqueue-sys v1.0.3
[INFO] [stderr]   Downloaded inexor-rgf-model-command v0.9.1
[INFO] [stderr]   Downloaded inexor-rgf-core-plugins v0.9.1
[INFO] [stderr]   Downloaded inexor-rgf-model-runtime v0.9.1
[INFO] [stderr]   Downloaded include-flate-codegen v0.1.4
[INFO] [stderr]   Downloaded inexor-rgf-core-builder v0.9.1
[INFO] [stderr]   Downloaded destructure_traitobject v0.2.0
[INFO] [stderr]   Downloaded inexor-rgf-core-config v0.9.1
[INFO] [stderr]   Downloaded inexor-rgf-model-flow v0.9.1
[INFO] [stderr]   Downloaded rust-embed-utils v7.5.0
[INFO] [stderr]   Downloaded actix v0.13.0
[INFO] [stderr]   Downloaded local-channel v0.1.3
[INFO] [stderr]   Downloaded actix-server v2.2.0
[INFO] [stderr]   Downloaded actix-web-codegen v4.2.0
[INFO] [stderr]   Downloaded clap_derive v4.2.0
[INFO] [stderr]   Downloaded async-graphql-value v5.0.7
[INFO] [stderr]   Downloaded indradb-lib v3.0.4
[INFO] [stderr]   Downloaded rust-embed-impl v6.5.0
[INFO] [stderr]   Downloaded atomic v0.5.1
[INFO] [stderr]   Downloaded inexor-rgf-core-frp v0.9.1
[INFO] [stderr]   Downloaded winnow v0.4.5
[INFO] running `Command { std: "docker" "create" "-v" "/var/lib/crater-agent-workspace/builds/worker-0-tc1/target:/opt/rustwide/target:rw,Z" "-v" "/var/lib/crater-agent-workspace/builds/worker-0-tc1/source:/opt/rustwide/workdir:ro,Z" "-v" "/var/lib/crater-agent-workspace/cargo-home:/opt/rustwide/cargo-home:ro,Z" "-v" "/var/lib/crater-agent-workspace/rustup-home:/opt/rustwide/rustup-home:ro,Z" "-e" "SOURCE_DIR=/opt/rustwide/workdir" "-e" "CARGO_TARGET_DIR=/opt/rustwide/target" "-e" "CARGO_HOME=/opt/rustwide/cargo-home" "-e" "RUSTUP_HOME=/opt/rustwide/rustup-home" "-w" "/opt/rustwide/workdir" "-m" "1610612736" "--user" "0:0" "--network" "none" "ghcr.io/rust-lang/crates-build-env/linux@sha256:2788e3201cd34a07e3172128adcd8b3090168a8e3bcc40d7c032b9dda1df7d1c" "/opt/rustwide/cargo-home/bin/cargo" "+1.75.0" "metadata" "--no-deps" "--format-version=1", kill_on_drop: false }`
[INFO] [stdout] cff3a519384ce56b2100dac56498393ac0daf83bab410a5fc6be6c9069297aaf
[INFO] running `Command { std: "docker" "start" "-a" "cff3a519384ce56b2100dac56498393ac0daf83bab410a5fc6be6c9069297aaf", kill_on_drop: false }`
[INFO] running `Command { std: "docker" "inspect" "cff3a519384ce56b2100dac56498393ac0daf83bab410a5fc6be6c9069297aaf", kill_on_drop: false }`
[INFO] running `Command { std: "docker" "rm" "-f" "cff3a519384ce56b2100dac56498393ac0daf83bab410a5fc6be6c9069297aaf", kill_on_drop: false }`
[INFO] [stdout] cff3a519384ce56b2100dac56498393ac0daf83bab410a5fc6be6c9069297aaf
[INFO] running `Command { std: "docker" "create" "-v" "/var/lib/crater-agent-workspace/builds/worker-0-tc1/target:/opt/rustwide/target:rw,Z" "-v" "/var/lib/crater-agent-workspace/builds/worker-0-tc1/source:/opt/rustwide/workdir:ro,Z" "-v" "/var/lib/crater-agent-workspace/cargo-home:/opt/rustwide/cargo-home:ro,Z" "-v" "/var/lib/crater-agent-workspace/rustup-home:/opt/rustwide/rustup-home:ro,Z" "-e" "SOURCE_DIR=/opt/rustwide/workdir" "-e" "CARGO_TARGET_DIR=/opt/rustwide/target" "-e" "CARGO_INCREMENTAL=0" "-e" "RUST_BACKTRACE=full" "-e" "RUSTFLAGS=--cap-lints=warn" "-e" "RUSTDOCFLAGS=--cap-lints=warn" "-e" "CARGO_HOME=/opt/rustwide/cargo-home" "-e" "RUSTUP_HOME=/opt/rustwide/rustup-home" "-w" "/opt/rustwide/workdir" "-m" "1610612736" "--user" "0:0" "--network" "none" "ghcr.io/rust-lang/crates-build-env/linux@sha256:2788e3201cd34a07e3172128adcd8b3090168a8e3bcc40d7c032b9dda1df7d1c" "/opt/rustwide/cargo-home/bin/cargo" "+1.75.0" "doc" "--frozen" "--no-deps" "--document-private-items" "--message-format=json", kill_on_drop: false }`
[INFO] [stdout] ec77bc9c685870ba599d68aa21c9f24e12eb5f5d0f65fcabdff7db0789a06656
[INFO] running `Command { std: "docker" "start" "-a" "ec77bc9c685870ba599d68aa21c9f24e12eb5f5d0f65fcabdff7db0789a06656", kill_on_drop: false }`
[INFO] [stderr]    Compiling proc-macro2 v1.0.56
[INFO] [stderr]    Compiling libc v0.2.142
[INFO] [stderr]    Compiling serde_derive v1.0.160
[INFO] [stderr]    Compiling serde v1.0.160
[INFO] [stderr]     Checking once_cell v1.17.1
[INFO] [stderr]    Compiling log v0.4.17
[INFO] [stderr]     Checking itoa v1.0.6
[INFO] [stderr]    Compiling indexmap v1.9.3
[INFO] [stderr]    Compiling lock_api v0.4.9
[INFO] [stderr]    Compiling parking_lot_core v0.9.7
[INFO] [stderr]     Checking pin-project-lite v0.2.9
[INFO] [stderr]    Compiling serde_json v1.0.96
[INFO] [stderr]     Checking ryu v1.0.13
[INFO] [stderr]    Compiling num-traits v0.2.15
[INFO] [stderr]    Compiling crossbeam-utils v0.8.15
[INFO] [stderr]    Compiling pkg-config v0.3.26
[INFO] [stderr]    Compiling tokio v1.28.0
[INFO] [stderr]    Compiling memchr v2.5.0
[INFO] [stderr]    Compiling io-lifetimes v1.0.10
[INFO] [stderr]     Checking futures-io v0.3.28
[INFO] [stderr]     Checking tracing-core v0.1.30
[INFO] [stderr]    Compiling rustix v0.37.18
[INFO] [stderr]     Checking linux-raw-sys v0.3.6
[INFO] [stderr]    Compiling anyhow v1.0.71
[INFO] [stderr]    Compiling atomic v0.5.1
[INFO] [stderr]    Compiling memoffset v0.8.0
[INFO] [stderr]    Compiling num-integer v0.1.45
[INFO] [stderr]    Compiling crossbeam-epoch v0.9.14
[INFO] [stderr]     Checking linked-hash-map v0.5.6
[INFO] [stderr]     Checking sha1_smol v1.0.0
[INFO] [stderr]     Checking destructure_traitobject v0.2.0
[INFO] [stderr]     Checking crossbeam-channel v0.5.8
[INFO] [stderr]     Checking percent-encoding v2.2.0
[INFO] [stderr]     Checking iana-time-zone v0.1.56
[INFO] [stderr]     Checking unsafe-any-ors v1.0.0
[INFO] [stderr]     Checking yaml-rust v0.4.5
[INFO] [stderr]    Compiling aho-corasick v1.0.1
[INFO] [stderr]    Compiling regex-syntax v0.7.1
[INFO] [stderr]     Checking typemap-ors v1.0.0
[INFO] [stderr]     Checking arc-swap v1.6.0
[INFO] [stderr]     Checking log-mdc v0.1.0
[INFO] [stderr]    Compiling time-core v0.1.0
[INFO] [stderr]    Compiling quote v1.0.26
[INFO] [stderr]     Checking form_urlencoded v1.1.0
[INFO] [stderr]    Compiling time-macros v0.2.8
[INFO] [stderr]     Checking encoding_rs v0.8.32
[INFO] [stderr]     Checking either v1.8.1
[INFO] [stderr]     Checking digest v0.10.6
[INFO] [stderr]    Compiling syn v2.0.15
[INFO] [stderr]    Compiling syn v1.0.109
[INFO] [stderr]     Checking cpufeatures v0.2.7
[INFO] [stderr]     Checking base64 v0.21.0
[INFO] [stderr]    Compiling rustls v0.20.8
[INFO] [stderr]     Checking crossbeam-deque v0.8.3
[INFO] [stderr]    Compiling semver v1.0.17
[INFO] [stderr]     Checking local-waker v0.1.3
[INFO] [stderr]     Checking idna v0.3.0
[INFO] [stderr]     Checking winnow v0.4.5
[INFO] [stderr]    Compiling zstd-safe v6.0.5+zstd.1.5.4
[INFO] [stderr]     Checking ordered-float v2.10.0
[INFO] [stderr]     Checking rmp v0.8.11
[INFO] [stderr]     Checking actix-utils v3.0.1
[INFO] [stderr]     Checking url v2.3.1
[INFO] [stderr]     Checking actix-service v2.0.2
[INFO] [stderr]     Checking getrandom v0.2.9
[INFO] [stderr]     Checking ahash v0.7.6
[INFO] [stderr]    Compiling jobserver v0.1.26
[INFO] [stderr]     Checking num_cpus v1.15.0
[INFO] [stderr]     Checking parking_lot v0.12.1
[INFO] [stderr]     Checking rand_core v0.6.4
[INFO] [stderr]     Checking hashbrown v0.12.3
[INFO] [stderr]    Compiling cc v1.0.79
[INFO] [stderr]     Checking signal-hook-registry v1.4.1
[INFO] [stderr]     Checking socket2 v0.4.9
[INFO] [stderr]     Checking rand_chacha v0.3.1
[INFO] [stderr]     Checking time v0.1.45
[INFO] [stderr]     Checking thread-id v4.0.0
[INFO] [stderr]     Checking rayon-core v1.11.0
[INFO] [stderr]     Checking rand v0.8.5
[INFO] [stderr]     Checking ucd-trie v0.1.5
[INFO] [stderr]     Checking brotli-decompressor v2.3.4
[INFO] [stderr]    Compiling cookie v0.16.2
[INFO] [stderr]     Checking dashmap v5.4.0
[INFO] [stderr]     Checking rayon v1.7.0
[INFO] [stderr]    Compiling openssl v0.10.52
[INFO] [stderr]    Compiling regex v1.8.1
[INFO] [stderr]    Compiling async-trait v0.1.68
[INFO] [stderr]     Checking time v0.3.20
[INFO] [stderr]    Compiling rustc_version v0.4.0
[INFO] [stderr]     Checking flate2 v1.0.26
[INFO] [stderr]     Checking ahash v0.8.3
[INFO] [stderr]     Checking sha1 v0.10.5
[INFO] [stderr]     Checking language-tags v0.3.2
[INFO] [stderr]    Compiling proc-macro-hack v0.5.20+deprecated
[INFO] [stderr]    Compiling void v1.0.2
[INFO] [stderr]     Checking utf8parse v0.2.1
[INFO] [stderr]    Compiling unreachable v1.0.0
[INFO] [stderr]     Checking colorchoice v1.0.0
[INFO] [stderr]     Checking anstyle-parse v0.2.0
[INFO] [stderr]     Checking try-lock v0.2.4
[INFO] [stderr]    Compiling ring v0.16.20
[INFO] [stderr]    Compiling zstd-sys v2.0.8+zstd.1.5.5
[INFO] [stderr]    Compiling openssl-sys v0.9.87
[INFO] [stderr]     Checking anstyle-query v1.0.0
[INFO] [stderr]     Checking brotli v3.3.4
[INFO] [stderr]     Checking anstyle v1.0.0
[INFO] [stderr]    Compiling ascii v0.9.3
[INFO] [stderr]    Compiling libflate v1.3.0
[INFO] [stderr]    Compiling vergen v8.1.3
[INFO] [stderr]    Compiling combine v3.8.1
[INFO] [stderr]     Checking tempfile v3.5.0
[INFO] [stderr]     Checking is-terminal v0.4.7
[INFO] [stderr]    Compiling native-tls v0.2.11
[INFO] [stderr]     Checking anstream v0.3.2
[INFO] [stderr]     Checking dlv-list v0.3.0
[INFO] [stderr]     Checking clap_lex v0.4.1
[INFO] [stderr]     Checking rle-decode-fast v1.0.3
[INFO] [stderr]     Checking clap_builder v4.2.5
[INFO] [stderr]    Compiling sha2 v0.10.6
[INFO] [stderr]     Checking libflate_lz77 v1.2.0
[INFO] [stderr]    Compiling Inflector v0.11.4
[INFO] [stderr]     Checking ordered-multimap v0.4.3
[INFO] [stderr]     Checking walkdir v2.3.3
[INFO] [stderr]    Compiling proc-macro-error-attr v1.0.4
[INFO] [stderr]    Compiling sysinfo v0.28.4
[INFO] [stderr]    Compiling counter v0.5.7
[INFO] [stderr]    Compiling crossbeam-queue v0.3.8
[INFO] [stderr]     Checking minimal-lexical v0.2.1
[INFO] [stderr]     Checking ascii_utils v0.9.3
[INFO] [stderr]     Checking fast_chemail v0.9.6
[INFO] [stderr]     Checking nom v7.1.3
[INFO] [stderr]     Checking rust-ini v0.18.0
[INFO] [stderr]    Compiling darling_core v0.14.4
[INFO] [stderr]    Compiling darling_core v0.13.4
[INFO] [stderr]    Compiling rust-embed-utils v7.5.0
[INFO] [stderr]    Compiling proc-macro-error v1.0.4
[INFO] [stderr]    Compiling inexor-rgf-core-plugins v0.9.1
[INFO] [stderr]     Checking inotify-sys v0.1.5
[INFO] [stderr]     Checking concurrent-queue v2.2.0
[INFO] [stderr]     Checking pathdiff v0.2.1
[INFO] [stderr]     Checking ipnet v2.7.2
[INFO] [stderr]     Checking bytecount v0.6.3
[INFO] [stderr]    Compiling signal-hook v0.3.15
[INFO] [stderr]     Checking papergrid v0.9.0
[INFO] [stderr]     Checking async-channel v1.8.0
[INFO] [stderr]     Checking inotify v0.9.6
[INFO] [stderr]     Checking portpicker v0.1.1
[INFO] [stderr]     Checking filetime v0.2.21
[INFO] [stderr]     Checking convert_case v0.6.0
[INFO] [stderr]     Checking crossbeam v0.8.2
[INFO] [stderr]     Checking rustls-pemfile v1.0.2
[INFO] [stderr]     Checking path-tree v0.7.1
[INFO] [stderr]     Checking query_interface v0.3.5
[INFO] [stderr]     Checking wildmatch v2.1.1
[INFO] [stderr]    Compiling thiserror-impl v1.0.40
[INFO] [stderr]    Compiling tokio-macros v2.1.0
[INFO] [stderr]    Compiling futures-macro v0.3.28
[INFO] [stderr]    Compiling openssl-macros v0.1.1
[INFO] [stderr]    Compiling clap_derive v4.2.0
[INFO] [stderr]    Compiling async-stream-impl v0.3.5
[INFO] [stderr]    Compiling derivative v2.2.0
[INFO] [stderr]    Compiling actix-macros v0.2.3
[INFO] [stderr]     Checking webpki v0.22.0
[INFO] [stderr]     Checking sct v0.7.0
[INFO] [stderr]    Compiling strum_macros v0.24.3
[INFO] [stderr]     Checking webpki-roots v0.22.6
[INFO] [stderr]    Compiling derive_more v0.99.17
[INFO] [stderr]    Compiling darling_macro v0.14.4
[INFO] [stderr]    Compiling actix_derive v0.6.0
[INFO] [stderr]    Compiling darling_macro v0.13.4
[INFO] [stderr]    Compiling include-flate-codegen v0.1.4
[INFO] [stderr]    Compiling inexor-rgf-core-di-codegen v0.9.1
[INFO] [stderr]     Checking async-stream v0.3.5
[INFO] [stderr]    Compiling rust-embed-impl v6.5.0
[INFO] [stderr]    Compiling tabled_derive v0.6.0
[INFO] [stderr]     Checking futures-util v0.3.28
[INFO] [stderr]     Checking thiserror v1.0.40
[INFO] [stderr]    Compiling darling v0.14.4
[INFO] [stderr]     Checking pest v2.6.0
[INFO] [stderr]    Compiling graphql-parser v0.4.0
[INFO] [stderr]    Compiling inexor-rgf-rt v0.9.1
[INFO] [stderr]    Compiling darling v0.13.4
[INFO] [stderr]    Compiling typed-builder v0.14.0
[INFO] [stderr]     Checking include-flate-codegen-exports v0.1.4
[INFO] [stderr]     Checking include-flate v0.1.4
[INFO] [stderr]     Checking rust-embed v6.6.1
[INFO] [stderr]    Compiling pest_meta v2.6.0
[INFO] [stderr]     Checking strum v0.24.1
[INFO] [stderr]     Checking tabled v0.12.0
[INFO] [stderr]     Checking clap v4.2.5
[INFO] [stderr]    Compiling pest_generator v2.6.0
[INFO] [stderr]    Compiling cynic-codegen v2.2.8
[INFO] [stderr]     Checking local-channel v0.1.3
[INFO] [stderr]     Checking futures-executor v0.3.28
[INFO] [stderr]     Checking futures v0.3.28
[INFO] [stderr]    Compiling pest_derive v2.6.0
[INFO] [stderr]     Checking bytes v1.4.0
[INFO] [stderr]     Checking toml v0.5.11
[INFO] [stderr]     Checking uuid v1.3.2
[INFO] [stderr]     Checking chrono v0.4.24
[INFO] [stderr]     Checking serde-value v0.7.0
[INFO] [stderr]     Checking bincode v1.3.3
[INFO] [stderr]     Checking rmp-serde v1.1.1
[INFO] [stderr]     Checking serde_spanned v0.6.1
[INFO] [stderr]     Checking serde_urlencoded v0.7.1
[INFO] [stderr]     Checking toml_datetime v0.6.1
[INFO] [stderr]     Checking mio v0.8.6
[INFO] [stderr]     Checking tracing v0.1.37
[INFO] [stderr]     Checking http v0.2.9
[INFO] [stderr]     Checking bytestring v1.3.0
[INFO] [stderr]     Checking want v0.3.0
[INFO] [stderr]     Checking serde_yaml v0.8.26
[INFO] [stderr]     Checking toml_edit v0.19.8
[INFO] [stderr]     Checking json5 v0.4.1
[INFO] [stderr]     Checking zstd v0.12.3+zstd.1.5.2
[INFO] [stderr]     Checking ron v0.7.1
[INFO] [stderr]     Checking async-graphql-value v5.0.7
[INFO] [stderr]     Checking handlebars v4.3.6
[INFO] [stderr]     Checking notify v5.1.0
[INFO] [stderr]    Compiling cynic-proc-macros v2.2.8
[INFO] [stderr]     Checking log4rs v1.2.0
[INFO] [stderr]     Checking indradb-lib v3.0.4
[INFO] [stderr]     Checking config v0.13.3
[INFO] [stderr]     Checking actix-router v0.5.1
[INFO] [stderr]     Checking http-body v0.4.5
[INFO] [stderr]     Checking multer v2.1.0
[INFO] [stderr]     Checking async-graphql-parser v5.0.7
[INFO] [stderr]     Checking inexor-rgf-core-di v0.9.1
[INFO] [stderr]     Checking inexor-rgf-core-frp v0.9.1
[INFO] [stdout] error[E0554]: `#![feature]` may not be used on the stable release channel
[INFO] [stdout]  --> /opt/rustwide/cargo-home/registry/src/index.crates.io-6f17d22bba15001f/inexor-rgf-core-frp-0.9.1/src/lib.rs:2:1
[INFO] [stdout]   |
[INFO] [stdout] 2 | #![feature(unsized_tuple_coercion)]
[INFO] [stdout]   | ^^^^^^^^^^^^^^^^^^^^^^^^^^^^^^^^^^^
[INFO] [stdout] 
[INFO] [stdout] 
[INFO] [stdout] error[E0554]: `#![feature]` may not be used on the stable release channel
[INFO] [stdout]  --> /opt/rustwide/cargo-home/registry/src/index.crates.io-6f17d22bba15001f/inexor-rgf-core-frp-0.9.1/src/lib.rs:3:1
[INFO] [stdout]   |
[INFO] [stdout] 3 | #![feature(unboxed_closures)]
[INFO] [stdout]   | ^^^^^^^^^^^^^^^^^^^^^^^^^^^^^
[INFO] [stdout] 
[INFO] [stdout] 
[INFO] [stdout] error[E0554]: `#![feature]` may not be used on the stable release channel
[INFO] [stdout]  --> /opt/rustwide/cargo-home/registry/src/index.crates.io-6f17d22bba15001f/inexor-rgf-core-frp-0.9.1/src/lib.rs:4:1
[INFO] [stdout]   |
[INFO] [stdout] 4 | #![feature(register_tool)]
[INFO] [stdout]   | ^^^^^^^^^^^^^^^^^^^^^^^^^^
[INFO] [stdout] 
[INFO] [stdout] 
[INFO] [stdout] error: aborting due to 3 previous errors
[INFO] [stdout] 
[INFO] [stdout] 
[INFO] [stdout] For more information about this error, try `rustc --explain E0554`.
[INFO] [stdout] 
[INFO] [stderr]     Checking toml v0.7.3
[INFO] [stderr] error: could not compile `inexor-rgf-core-frp` (lib) due to 4 previous errors
[INFO] [stderr] warning: build failed, waiting for other jobs to finish...
[INFO] running `Command { std: "docker" "inspect" "ec77bc9c685870ba599d68aa21c9f24e12eb5f5d0f65fcabdff7db0789a06656", kill_on_drop: false }`
[INFO] running `Command { std: "docker" "rm" "-f" "ec77bc9c685870ba599d68aa21c9f24e12eb5f5d0f65fcabdff7db0789a06656", kill_on_drop: false }`
[INFO] [stdout] ec77bc9c685870ba599d68aa21c9f24e12eb5f5d0f65fcabdff7db0789a06656
