[INFO] fetching crate inexor-rgf-plugin-config 0.9.1...
[INFO] documenting inexor-rgf-plugin-config-0.9.1 against 1.75.0 for beta-1.76-rustdoc-1
[INFO] extracting crate inexor-rgf-plugin-config 0.9.1 into /workspace/builds/worker-5-tc1/source
[INFO] validating manifest of crates.io crate inexor-rgf-plugin-config 0.9.1 on toolchain 1.75.0
[INFO] running `Command { std: CARGO_HOME="/workspace/cargo-home" RUSTUP_HOME="/workspace/rustup-home" "/workspace/cargo-home/bin/cargo" "+1.75.0" "metadata" "--manifest-path" "Cargo.toml" "--no-deps", kill_on_drop: false }`
[INFO] started tweaking crates.io crate inexor-rgf-plugin-config 0.9.1
[INFO] finished tweaking crates.io crate inexor-rgf-plugin-config 0.9.1
[INFO] tweaked toml for crates.io crate inexor-rgf-plugin-config 0.9.1 written to /workspace/builds/worker-5-tc1/source/Cargo.toml
[INFO] running `Command { std: CARGO_HOME="/workspace/cargo-home" RUSTUP_HOME="/workspace/rustup-home" "/workspace/cargo-home/bin/cargo" "+1.75.0" "generate-lockfile" "--manifest-path" "Cargo.toml", kill_on_drop: false }`
[INFO] [stderr]     Updating crates.io index
[INFO] running `Command { std: CARGO_HOME="/workspace/cargo-home" RUSTUP_HOME="/workspace/rustup-home" "/workspace/cargo-home/bin/cargo" "+1.75.0" "fetch" "--manifest-path" "Cargo.toml", kill_on_drop: false }`
[INFO] [stderr]  Downloading crates ...
[INFO] [stderr]   Downloaded inexor-rgf-model-config v0.9.1
[INFO] [stderr]   Downloaded inexor-rgf-model-file v0.9.1
[INFO] running `Command { std: "docker" "create" "-v" "/var/lib/crater-agent-workspace/builds/worker-5-tc1/target:/opt/rustwide/target:rw,Z" "-v" "/var/lib/crater-agent-workspace/builds/worker-5-tc1/source:/opt/rustwide/workdir:ro,Z" "-v" "/var/lib/crater-agent-workspace/cargo-home:/opt/rustwide/cargo-home:ro,Z" "-v" "/var/lib/crater-agent-workspace/rustup-home:/opt/rustwide/rustup-home:ro,Z" "-e" "SOURCE_DIR=/opt/rustwide/workdir" "-e" "CARGO_TARGET_DIR=/opt/rustwide/target" "-e" "CARGO_HOME=/opt/rustwide/cargo-home" "-e" "RUSTUP_HOME=/opt/rustwide/rustup-home" "-w" "/opt/rustwide/workdir" "-m" "1610612736" "--user" "0:0" "--network" "none" "ghcr.io/rust-lang/crates-build-env/linux@sha256:2788e3201cd34a07e3172128adcd8b3090168a8e3bcc40d7c032b9dda1df7d1c" "/opt/rustwide/cargo-home/bin/cargo" "+1.75.0" "metadata" "--no-deps" "--format-version=1", kill_on_drop: false }`
[INFO] [stdout] ac17da8f342dc22eafa8ff303e7a613b452f3631c8fc41c3f038fff9e5a7ae26
[INFO] running `Command { std: "docker" "start" "-a" "ac17da8f342dc22eafa8ff303e7a613b452f3631c8fc41c3f038fff9e5a7ae26", kill_on_drop: false }`
[INFO] running `Command { std: "docker" "inspect" "ac17da8f342dc22eafa8ff303e7a613b452f3631c8fc41c3f038fff9e5a7ae26", kill_on_drop: false }`
[INFO] running `Command { std: "docker" "rm" "-f" "ac17da8f342dc22eafa8ff303e7a613b452f3631c8fc41c3f038fff9e5a7ae26", kill_on_drop: false }`
[INFO] [stdout] ac17da8f342dc22eafa8ff303e7a613b452f3631c8fc41c3f038fff9e5a7ae26
[INFO] running `Command { std: "docker" "create" "-v" "/var/lib/crater-agent-workspace/builds/worker-5-tc1/target:/opt/rustwide/target:rw,Z" "-v" "/var/lib/crater-agent-workspace/builds/worker-5-tc1/source:/opt/rustwide/workdir:ro,Z" "-v" "/var/lib/crater-agent-workspace/cargo-home:/opt/rustwide/cargo-home:ro,Z" "-v" "/var/lib/crater-agent-workspace/rustup-home:/opt/rustwide/rustup-home:ro,Z" "-e" "SOURCE_DIR=/opt/rustwide/workdir" "-e" "CARGO_TARGET_DIR=/opt/rustwide/target" "-e" "CARGO_INCREMENTAL=0" "-e" "RUST_BACKTRACE=full" "-e" "RUSTFLAGS=--cap-lints=warn" "-e" "RUSTDOCFLAGS=--cap-lints=warn" "-e" "CARGO_HOME=/opt/rustwide/cargo-home" "-e" "RUSTUP_HOME=/opt/rustwide/rustup-home" "-w" "/opt/rustwide/workdir" "-m" "1610612736" "--user" "0:0" "--network" "none" "ghcr.io/rust-lang/crates-build-env/linux@sha256:2788e3201cd34a07e3172128adcd8b3090168a8e3bcc40d7c032b9dda1df7d1c" "/opt/rustwide/cargo-home/bin/cargo" "+1.75.0" "doc" "--frozen" "--no-deps" "--document-private-items" "--message-format=json", kill_on_drop: false }`
[INFO] [stdout] 7f07d1d154d6fa143618313f2df453bec740472b55cbfb481745ef57ec883de4
[INFO] running `Command { std: "docker" "start" "-a" "7f07d1d154d6fa143618313f2df453bec740472b55cbfb481745ef57ec883de4", kill_on_drop: false }`
[INFO] [stderr]    Compiling proc-macro2 v1.0.76
[INFO] [stderr]    Compiling syn v1.0.109
[INFO] [stderr]    Compiling ahash v0.7.7
[INFO] [stderr]    Compiling thiserror v1.0.56
[INFO] [stderr]     Checking linked-hash-map v0.5.6
[INFO] [stderr]     Checking destructure_traitobject v0.2.0
[INFO] [stderr]    Compiling anyhow v1.0.79
[INFO] [stderr]     Checking ordered-float v2.10.1
[INFO] [stderr]     Checking unsafe-any-ors v1.0.0
[INFO] [stderr]     Checking atomic v0.5.3
[INFO] [stderr]     Checking typemap-ors v1.0.0
[INFO] [stderr]     Checking yaml-rust v0.4.5
[INFO] [stderr]     Checking thread-id v4.2.1
[INFO] [stderr]     Checking arc-swap v1.6.0
[INFO] [stderr]     Checking log-mdc v0.1.0
[INFO] [stderr]     Checking rmp v0.8.12
[INFO] [stderr]     Checking dashmap v5.5.3
[INFO] [stderr]    Compiling semver v1.0.21
[INFO] [stderr]     Checking hashbrown v0.12.3
[INFO] [stderr]    Compiling typenum v1.17.0
[INFO] [stderr]    Compiling quote v1.0.35
[INFO] [stderr]     Checking winnow v0.5.33
[INFO] [stderr]    Compiling unicode-segmentation v1.10.1
[INFO] [stderr]    Compiling syn v2.0.48
[INFO] [stderr]    Compiling rle-decode-fast v1.0.3
[INFO] [stderr]     Checking anstyle-parse v0.2.3
[INFO] [stderr]    Compiling reword v7.0.0
[INFO] [stderr]    Compiling libflate_lz77 v1.2.0
[INFO] [stderr]    Compiling crc32fast v1.3.2
[INFO] [stderr]     Checking indexmap v1.9.3
[INFO] [stderr]    Compiling generic-array v0.14.7
[INFO] [stderr]     Checking anstyle-query v1.0.2
[INFO] [stderr]    Compiling adler32 v1.2.0
[INFO] [stderr]     Checking anstream v0.6.5
[INFO] [stderr]    Compiling libflate v1.4.0
[INFO] [stderr]    Compiling same-file v1.0.6
[INFO] [stderr]     Checking dlv-list v0.3.0
[INFO] [stderr]    Compiling cpufeatures v0.2.12
[INFO] [stderr]     Checking clap_builder v4.4.12
[INFO] [stderr]     Checking ordered-multimap v0.4.3
[INFO] [stderr]    Compiling block-buffer v0.10.4
[INFO] [stderr]    Compiling crypto-common v0.1.6
[INFO] [stderr]    Compiling walkdir v2.4.0
[INFO] [stderr]    Compiling digest v0.10.7
[INFO] [stderr]    Compiling rustc_version v0.4.0
[INFO] [stderr]    Compiling sha2 v0.10.8
[INFO] [stderr]     Checking option-ext v0.2.0
[INFO] [stderr]     Checking dirs-sys v0.4.1
[INFO] [stderr]    Compiling inexor-rgf-core-plugins v0.9.1
[INFO] [stderr]    Compiling rust-embed-utils v7.8.1
[INFO] [stderr]     Checking rust-ini v0.18.0
[INFO] [stderr]     Checking dirs v5.0.1
[INFO] [stderr]    Compiling inexor-rgf-plugin-config v0.9.1 (/opt/rustwide/workdir)
[INFO] [stderr]     Checking query_interface v0.3.5
[INFO] [stderr]     Checking shellexpand v3.1.0
[INFO] [stderr]    Compiling serde_derive v1.0.195
[INFO] [stderr]    Compiling thiserror-impl v1.0.56
[INFO] [stderr]    Compiling clap_derive v4.4.7
[INFO] [stderr]    Compiling async-trait v0.1.77
[INFO] [stderr]    Compiling rust-embed-impl v6.8.1
[INFO] [stderr]    Compiling pest v2.7.6
[INFO] [stderr]    Compiling derivative v2.2.0
[INFO] [stderr]    Compiling strum_macros v0.24.3
[INFO] [stderr]    Compiling include-flate-codegen v0.1.4
[INFO] [stderr]    Compiling inexor-rgf-core-di-codegen v0.9.1
[INFO] [stderr]     Checking clap v4.4.13
[INFO] [stderr]    Compiling pest_meta v2.7.6
[INFO] [stderr]     Checking include-flate-codegen-exports v0.1.4
[INFO] [stderr]     Checking include-flate v0.2.0
[INFO] [stderr]     Checking rust-embed v6.8.1
[INFO] [stderr]    Compiling pest_generator v2.7.6
[INFO] [stderr]     Checking strum v0.24.1
[INFO] [stderr]     Checking serde v1.0.195
[INFO] [stderr]    Compiling pest_derive v2.7.6
[INFO] [stderr]     Checking serde_json v1.0.111
[INFO] [stderr]     Checking toml v0.5.11
[INFO] [stderr]     Checking log v0.4.20
[INFO] [stderr]     Checking chrono v0.4.31
[INFO] [stderr]     Checking serde_yaml v0.8.26
[INFO] [stderr]     Checking uuid v1.6.1
[INFO] [stderr]     Checking serde-value v0.7.0
[INFO] [stderr]     Checking rmp-serde v1.1.2
[INFO] [stderr]     Checking bincode v1.3.3
[INFO] [stderr]     Checking toml_datetime v0.6.5
[INFO] [stderr]     Checking serde_spanned v0.6.5
[INFO] [stderr]     Checking ron v0.7.1
[INFO] [stderr]     Checking toml_edit v0.19.15
[INFO] [stderr]     Checking json5 v0.4.1
[INFO] [stderr]     Checking log4rs v1.2.0
[INFO] [stderr]     Checking indradb-lib v3.0.4
[INFO] [stderr]     Checking config v0.13.4
[INFO] [stderr]    Compiling license v3.2.0
[INFO] [stderr]     Checking toml v0.7.8
[INFO] [stderr]     Checking inexor-rgf-core-di v0.9.1
[INFO] [stderr]     Checking inexor-rgf-core-frp v0.9.1
[INFO] [stdout] error[E0554]: `#![feature]` may not be used on the stable release channel
[INFO] [stdout]  --> /opt/rustwide/cargo-home/registry/src/index.crates.io-6f17d22bba15001f/inexor-rgf-core-frp-0.9.1/src/lib.rs:2:1
[INFO] [stdout]   |
[INFO] [stdout] 2 | #![feature(unsized_tuple_coercion)]
[INFO] [stdout]   | ^^^^^^^^^^^^^^^^^^^^^^^^^^^^^^^^^^^
[INFO] [stdout] 
[INFO] [stdout] 
[INFO] [stdout] error[E0554]: `#![feature]` may not be used on the stable release channel
[INFO] [stdout]  --> /opt/rustwide/cargo-home/registry/src/index.crates.io-6f17d22bba15001f/inexor-rgf-core-frp-0.9.1/src/lib.rs:3:1
[INFO] [stdout]   |
[INFO] [stdout] 3 | #![feature(unboxed_closures)]
[INFO] [stdout]   | ^^^^^^^^^^^^^^^^^^^^^^^^^^^^^
[INFO] [stdout] 
[INFO] [stdout] 
[INFO] [stdout] error[E0554]: `#![feature]` may not be used on the stable release channel
[INFO] [stdout]  --> /opt/rustwide/cargo-home/registry/src/index.crates.io-6f17d22bba15001f/inexor-rgf-core-frp-0.9.1/src/lib.rs:4:1
[INFO] [stdout]   |
[INFO] [stdout] 4 | #![feature(register_tool)]
[INFO] [stdout]   | ^^^^^^^^^^^^^^^^^^^^^^^^^^
[INFO] [stdout] 
[INFO] [stdout] 
[INFO] [stderr]     Checking inexor-rgf-core-config v0.9.1
[INFO] [stdout] error: aborting due to 3 previous errors
[INFO] [stdout] 
[INFO] [stdout] 
[INFO] [stdout] For more information about this error, try `rustc --explain E0554`.
[INFO] [stdout] 
[INFO] [stderr] error: could not compile `inexor-rgf-core-frp` (lib) due to 4 previous errors
[INFO] [stderr] warning: build failed, waiting for other jobs to finish...
[INFO] [stderr] error: failed to run custom build command for `license v3.2.0`
[INFO] [stderr] note: To improve backtraces for build dependencies, set the CARGO_PROFILE_DEV_BUILD_OVERRIDE_DEBUG=true environment variable to enable debug information generation.
[INFO] [stderr] 
[INFO] [stderr] Caused by:
[INFO] [stderr]   process didn't exit successfully: `/opt/rustwide/target/debug/build/license-1895378b2a35926f/build-script-build` (exit status: 101)
[INFO] [stderr]   --- stderr
[INFO] [stderr]   Cloning into 'license-list-data'...
[INFO] [stderr]   fatal: unable to access 'https://github.com/spdx/license-list-data.git/': Could not resolve host: github.com
[INFO] [stderr]   thread 'main' panicked at /opt/rustwide/cargo-home/registry/src/index.crates.io-6f17d22bba15001f/license-3.2.0/build.rs:103:35:
[INFO] [stderr]   `git clone --depth 1` failed with exit code `128`
[INFO] [stderr]   stack backtrace:
[INFO] [stderr]      0:     0x560ccf9fad4c - std::backtrace_rs::backtrace::libunwind::trace::ha637c64ce894333a
[INFO] [stderr]                                  at /rustc/82e1608dfa6e0b5569232559e3d385fea5a93112/library/std/src/../../backtrace/src/backtrace/libunwind.rs:104:5
[INFO] [stderr]      1:     0x560ccf9fad4c - std::backtrace_rs::backtrace::trace_unsynchronized::h47f62dea28e0c88d
[INFO] [stderr]                                  at /rustc/82e1608dfa6e0b5569232559e3d385fea5a93112/library/std/src/../../backtrace/src/backtrace/mod.rs:66:5
[INFO] [stderr]      2:     0x560ccf9fad4c - std::sys_common::backtrace::_print_fmt::h9eef0abe20ede486
[INFO] [stderr]                                  at /rustc/82e1608dfa6e0b5569232559e3d385fea5a93112/library/std/src/sys_common/backtrace.rs:67:5
[INFO] [stderr]      3:     0x560ccf9fad4c - <std::sys_common::backtrace::_print::DisplayBacktrace as core::fmt::Display>::fmt::hed7f999df88cc644
[INFO] [stderr]                                  at /rustc/82e1608dfa6e0b5569232559e3d385fea5a93112/library/std/src/sys_common/backtrace.rs:44:22
[INFO] [stderr]      4:     0x560ccfa21cb0 - core::fmt::rt::Argument::fmt::h1539a9308b8d058d
[INFO] [stderr]                                  at /rustc/82e1608dfa6e0b5569232559e3d385fea5a93112/library/core/src/fmt/rt.rs:142:9
[INFO] [stderr]      5:     0x560ccfa21cb0 - core::fmt::write::h3a39390d8560d9c9
[INFO] [stderr]                                  at /rustc/82e1608dfa6e0b5569232559e3d385fea5a93112/library/core/src/fmt/mod.rs:1120:17
[INFO] [stderr]      6:     0x560ccf9f8e7f - std::io::Write::write_fmt::h5fc9997dfe05f882
[INFO] [stderr]                                  at /rustc/82e1608dfa6e0b5569232559e3d385fea5a93112/library/std/src/io/mod.rs:1762:15
[INFO] [stderr]      7:     0x560ccf9fab34 - std::sys_common::backtrace::_print::h894006fb5c6f3d45
[INFO] [stderr]                                  at /rustc/82e1608dfa6e0b5569232559e3d385fea5a93112/library/std/src/sys_common/backtrace.rs:47:5
[INFO] [stderr]      8:     0x560ccf9fab34 - std::sys_common::backtrace::print::h23a2d212c6fff936
[INFO] [stderr]                                  at /rustc/82e1608dfa6e0b5569232559e3d385fea5a93112/library/std/src/sys_common/backtrace.rs:34:9
[INFO] [stderr]      9:     0x560ccf9fc047 - std::panicking::default_hook::{{closure}}::h8a1d2ee00185001a
[INFO] [stderr]     10:     0x560ccf9fbdaf - std::panicking::default_hook::h6038f2eba384e475
[INFO] [stderr]                                  at /rustc/82e1608dfa6e0b5569232559e3d385fea5a93112/library/std/src/panicking.rs:292:9
[INFO] [stderr]     11:     0x560ccf9fc4c8 - std::panicking::rust_panic_with_hook::h2b5517d590cab22e
[INFO] [stderr]                                  at /rustc/82e1608dfa6e0b5569232559e3d385fea5a93112/library/std/src/panicking.rs:779:13
[INFO] [stderr]     12:     0x560ccf9fc3ae - std::panicking::begin_panic_handler::{{closure}}::h233112c06e0ef43e
[INFO] [stderr]                                  at /rustc/82e1608dfa6e0b5569232559e3d385fea5a93112/library/std/src/panicking.rs:657:13
[INFO] [stderr]     13:     0x560ccf9fb216 - std::sys_common::backtrace::__rust_end_short_backtrace::h6e893f24d7ebbff8
[INFO] [stderr]                                  at /rustc/82e1608dfa6e0b5569232559e3d385fea5a93112/library/std/src/sys_common/backtrace.rs:170:18
[INFO] [stderr]     14:     0x560ccf9fc112 - rust_begin_unwind
[INFO] [stderr]                                  at /rustc/82e1608dfa6e0b5569232559e3d385fea5a93112/library/std/src/panicking.rs:645:5
[INFO] [stderr]     15:     0x560ccf9aef95 - core::panicking::panic_fmt::hbf0e066aabfa482c
[INFO] [stderr]                                  at /rustc/82e1608dfa6e0b5569232559e3d385fea5a93112/library/core/src/panicking.rs:72:14
[INFO] [stderr]     16:     0x560ccf9c69f9 - build_script_build::main::h935e5d4ee1bf3b48
[INFO] [stderr]     17:     0x560ccf9b8673 - core::ops::function::FnOnce::call_once::ha02074fc358d6787
[INFO] [stderr]     18:     0x560ccf9b4196 - std::sys_common::backtrace::__rust_begin_short_backtrace::h777c88fc1c4b4934
[INFO] [stderr]     19:     0x560ccf9b1a29 - std::rt::lang_start::{{closure}}::hbaab6b5779a9bc90
[INFO] [stderr]     20:     0x560ccf9f5ef7 - core::ops::function::impls::<impl core::ops::function::FnOnce<A> for &F>::call_once::hd95060ecd5e1ca24
[INFO] [stderr]                                  at /rustc/82e1608dfa6e0b5569232559e3d385fea5a93112/library/core/src/ops/function.rs:284:13
[INFO] [stderr]     21:     0x560ccf9f5ef7 - std::panicking::try::do_call::h6e8cf51db32a6e4b
[INFO] [stderr]                                  at /rustc/82e1608dfa6e0b5569232559e3d385fea5a93112/library/std/src/panicking.rs:552:40
[INFO] [stderr]     22:     0x560ccf9f5ef7 - std::panicking::try::h3a52eefe24fe3c29
[INFO] [stderr]                                  at /rustc/82e1608dfa6e0b5569232559e3d385fea5a93112/library/std/src/panicking.rs:516:19
[INFO] [stderr]     23:     0x560ccf9f5ef7 - std::panic::catch_unwind::h24c28c23c02c3841
[INFO] [stderr]                                  at /rustc/82e1608dfa6e0b5569232559e3d385fea5a93112/library/std/src/panic.rs:142:14
[INFO] [stderr]     24:     0x560ccf9f5ef7 - std::rt::lang_start_internal::{{closure}}::h705d3c9cbc06ef47
[INFO] [stderr]                                  at /rustc/82e1608dfa6e0b5569232559e3d385fea5a93112/library/std/src/rt.rs:148:48
[INFO] [stderr]     25:     0x560ccf9f5ef7 - std::panicking::try::do_call::ha21f52ba13158470
[INFO] [stderr]                                  at /rustc/82e1608dfa6e0b5569232559e3d385fea5a93112/library/std/src/panicking.rs:552:40
[INFO] [stderr]     26:     0x560ccf9f5ef7 - std::panicking::try::h5581346bf6aeb1f8
[INFO] [stderr]                                  at /rustc/82e1608dfa6e0b5569232559e3d385fea5a93112/library/std/src/panicking.rs:516:19
[INFO] [stderr]     27:     0x560ccf9f5ef7 - std::panic::catch_unwind::h7919645a6b72e25b
[INFO] [stderr]                                  at /rustc/82e1608dfa6e0b5569232559e3d385fea5a93112/library/std/src/panic.rs:142:14
[INFO] [stderr]     28:     0x560ccf9f5ef7 - std::rt::lang_start_internal::h12de51168669836e
[INFO] [stderr]                                  at /rustc/82e1608dfa6e0b5569232559e3d385fea5a93112/library/std/src/rt.rs:148:20
[INFO] [stderr]     29:     0x560ccf9b1a07 - std::rt::lang_start::h6c62cf7fb058b66f
[INFO] [stderr]     30:     0x560ccf9cfbd5 - main
[INFO] [stderr]     31:     0x7f34ddca8d90 - <unknown>
[INFO] [stderr]     32:     0x7f34ddca8e40 - __libc_start_main
[INFO] [stderr]     33:     0x560ccf9af7e5 - _start
[INFO] [stderr]     34:                0x0 - <unknown>
[INFO] running `Command { std: "docker" "inspect" "7f07d1d154d6fa143618313f2df453bec740472b55cbfb481745ef57ec883de4", kill_on_drop: false }`
[INFO] running `Command { std: "docker" "rm" "-f" "7f07d1d154d6fa143618313f2df453bec740472b55cbfb481745ef57ec883de4", kill_on_drop: false }`
[INFO] [stdout] 7f07d1d154d6fa143618313f2df453bec740472b55cbfb481745ef57ec883de4
[INFO] documenting inexor-rgf-plugin-config-0.9.1 against beta-2023-12-22 for beta-1.76-rustdoc-1
[INFO] extracting crate inexor-rgf-plugin-config 0.9.1 into /workspace/builds/worker-5-tc2/source
[INFO] validating manifest of crates.io crate inexor-rgf-plugin-config 0.9.1 on toolchain beta-2023-12-22
[INFO] running `Command { std: CARGO_HOME="/workspace/cargo-home" RUSTUP_HOME="/workspace/rustup-home" "/workspace/cargo-home/bin/cargo" "+beta-2023-12-22" "metadata" "--manifest-path" "Cargo.toml" "--no-deps", kill_on_drop: false }`
[INFO] started tweaking crates.io crate inexor-rgf-plugin-config 0.9.1
[INFO] finished tweaking crates.io crate inexor-rgf-plugin-config 0.9.1
[INFO] tweaked toml for crates.io crate inexor-rgf-plugin-config 0.9.1 written to /workspace/builds/worker-5-tc2/source/Cargo.toml
[INFO] running `Command { std: CARGO_HOME="/workspace/cargo-home" RUSTUP_HOME="/workspace/rustup-home" "/workspace/cargo-home/bin/cargo" "+beta-2023-12-22" "generate-lockfile" "--manifest-path" "Cargo.toml", kill_on_drop: false }`
[INFO] [stderr]     Blocking waiting for file lock on package cache
[INFO] [stderr]     Updating crates.io index
[INFO] running `Command { std: CARGO_HOME="/workspace/cargo-home" RUSTUP_HOME="/workspace/rustup-home" "/workspace/cargo-home/bin/cargo" "+beta-2023-12-22" "fetch" "--manifest-path" "Cargo.toml", kill_on_drop: false }`
[INFO] [stderr]     Blocking waiting for file lock on package cache
[INFO] [stderr]     Blocking waiting for file lock on package cache
[INFO] running `Command { std: "docker" "create" "-v" "/var/lib/crater-agent-workspace/builds/worker-5-tc2/target:/opt/rustwide/target:rw,Z" "-v" "/var/lib/crater-agent-workspace/builds/worker-5-tc2/source:/opt/rustwide/workdir:ro,Z" "-v" "/var/lib/crater-agent-workspace/cargo-home:/opt/rustwide/cargo-home:ro,Z" "-v" "/var/lib/crater-agent-workspace/rustup-home:/opt/rustwide/rustup-home:ro,Z" "-e" "SOURCE_DIR=/opt/rustwide/workdir" "-e" "CARGO_TARGET_DIR=/opt/rustwide/target" "-e" "CARGO_HOME=/opt/rustwide/cargo-home" "-e" "RUSTUP_HOME=/opt/rustwide/rustup-home" "-w" "/opt/rustwide/workdir" "-m" "1610612736" "--user" "0:0" "--network" "none" "ghcr.io/rust-lang/crates-build-env/linux@sha256:2788e3201cd34a07e3172128adcd8b3090168a8e3bcc40d7c032b9dda1df7d1c" "/opt/rustwide/cargo-home/bin/cargo" "+beta-2023-12-22" "metadata" "--no-deps" "--format-version=1", kill_on_drop: false }`
[INFO] [stdout] 966bb3238464f271425b7deaa985b40e2136280522fe850135126326459925ce
[INFO] running `Command { std: "docker" "start" "-a" "966bb3238464f271425b7deaa985b40e2136280522fe850135126326459925ce", kill_on_drop: false }`
[INFO] running `Command { std: "docker" "inspect" "966bb3238464f271425b7deaa985b40e2136280522fe850135126326459925ce", kill_on_drop: false }`
[INFO] running `Command { std: "docker" "rm" "-f" "966bb3238464f271425b7deaa985b40e2136280522fe850135126326459925ce", kill_on_drop: false }`
[INFO] [stdout] 966bb3238464f271425b7deaa985b40e2136280522fe850135126326459925ce
[INFO] running `Command { std: "docker" "create" "-v" "/var/lib/crater-agent-workspace/builds/worker-5-tc2/target:/opt/rustwide/target:rw,Z" "-v" "/var/lib/crater-agent-workspace/builds/worker-5-tc2/source:/opt/rustwide/workdir:ro,Z" "-v" "/var/lib/crater-agent-workspace/cargo-home:/opt/rustwide/cargo-home:ro,Z" "-v" "/var/lib/crater-agent-workspace/rustup-home:/opt/rustwide/rustup-home:ro,Z" "-e" "SOURCE_DIR=/opt/rustwide/workdir" "-e" "CARGO_TARGET_DIR=/opt/rustwide/target" "-e" "CARGO_INCREMENTAL=0" "-e" "RUST_BACKTRACE=full" "-e" "RUSTFLAGS=--cap-lints=warn" "-e" "RUSTDOCFLAGS=--cap-lints=warn" "-e" "CARGO_HOME=/opt/rustwide/cargo-home" "-e" "RUSTUP_HOME=/opt/rustwide/rustup-home" "-w" "/opt/rustwide/workdir" "-m" "1610612736" "--user" "0:0" "--network" "none" "ghcr.io/rust-lang/crates-build-env/linux@sha256:2788e3201cd34a07e3172128adcd8b3090168a8e3bcc40d7c032b9dda1df7d1c" "/opt/rustwide/cargo-home/bin/cargo" "+beta-2023-12-22" "doc" "--frozen" "--no-deps" "--document-private-items" "--message-format=json", kill_on_drop: false }`
[INFO] [stdout] 84ebb3b8f6be05bdb7408f81d056e306c8d2a261be4ceb8b7b360a70f320fe46
[INFO] running `Command { std: "docker" "start" "-a" "84ebb3b8f6be05bdb7408f81d056e306c8d2a261be4ceb8b7b360a70f320fe46", kill_on_drop: false }`
[INFO] [stderr]    Compiling proc-macro2 v1.0.76
[INFO] [stderr]    Compiling syn v1.0.109
[INFO] [stderr]    Compiling thiserror v1.0.56
[INFO] [stderr]    Compiling ahash v0.7.7
[INFO] [stderr]     Checking linked-hash-map v0.5.6
[INFO] [stderr]     Checking destructure_traitobject v0.2.0
[INFO] [stderr]    Compiling anyhow v1.0.79
[INFO] [stderr]     Checking ordered-float v2.10.1
[INFO] [stderr]     Checking atomic v0.5.3
[INFO] [stderr]     Checking unsafe-any-ors v1.0.0
[INFO] [stderr]     Checking yaml-rust v0.4.5
[INFO] [stderr]     Checking typemap-ors v1.0.0
[INFO] [stderr]     Checking thread-id v4.2.1
[INFO] [stderr]     Checking log-mdc v0.1.0
[INFO] [stderr]     Checking arc-swap v1.6.0
[INFO] [stderr]     Checking rmp v0.8.12
[INFO] [stderr]     Checking dashmap v5.5.3
[INFO] [stderr]    Compiling semver v1.0.21
[INFO] [stderr]    Compiling typenum v1.17.0
[INFO] [stderr]    Compiling quote v1.0.35
[INFO] [stderr]     Checking hashbrown v0.12.3
[INFO] [stderr]     Checking winnow v0.5.33
[INFO] [stderr]    Compiling rle-decode-fast v1.0.3
[INFO] [stderr]    Compiling unicode-segmentation v1.10.1
[INFO] [stderr]    Compiling syn v2.0.48
[INFO] [stderr]    Compiling libflate_lz77 v1.2.0
[INFO] [stderr]     Checking anstyle-parse v0.2.3
[INFO] [stderr]     Checking indexmap v1.9.3
[INFO] [stderr]    Compiling generic-array v0.14.7
[INFO] [stderr]    Compiling crc32fast v1.3.2
[INFO] [stderr]    Compiling adler32 v1.2.0
[INFO] [stderr]    Compiling reword v7.0.0
[INFO] [stderr]     Checking anstyle-query v1.0.2
[INFO] [stderr]    Compiling libflate v1.4.0
[INFO] [stderr]     Checking anstream v0.6.5
[INFO] [stderr]    Compiling same-file v1.0.6
[INFO] [stderr]    Compiling cpufeatures v0.2.12
[INFO] [stderr]     Checking dlv-list v0.3.0
[INFO] [stderr]    Compiling block-buffer v0.10.4
[INFO] [stderr]    Compiling crypto-common v0.1.6
[INFO] [stderr]    Compiling digest v0.10.7
[INFO] [stderr]     Checking ordered-multimap v0.4.3
[INFO] [stderr]    Compiling rustc_version v0.4.0
[INFO] [stderr]     Checking clap_builder v4.4.12
[INFO] [stderr]    Compiling sha2 v0.10.8
[INFO] [stderr]    Compiling walkdir v2.4.0
[INFO] [stderr]     Checking option-ext v0.2.0
[INFO] [stderr]     Checking dirs-sys v0.4.1
[INFO] [stderr]    Compiling rust-embed-utils v7.8.1
[INFO] [stderr]    Compiling inexor-rgf-core-plugins v0.9.1
[INFO] [stderr]     Checking rust-ini v0.18.0
[INFO] [stderr]     Checking dirs v5.0.1
[INFO] [stderr]    Compiling inexor-rgf-plugin-config v0.9.1 (/opt/rustwide/workdir)
[INFO] [stderr]     Checking query_interface v0.3.5
[INFO] [stderr]     Checking shellexpand v3.1.0
[INFO] [stderr]    Compiling serde_derive v1.0.195
[INFO] [stderr]    Compiling thiserror-impl v1.0.56
[INFO] [stderr]    Compiling clap_derive v4.4.7
[INFO] [stderr]    Compiling async-trait v0.1.77
[INFO] [stderr]    Compiling rust-embed-impl v6.8.1
[INFO] [stderr]    Compiling derivative v2.2.0
[INFO] [stderr]    Compiling strum_macros v0.24.3
[INFO] [stderr]    Compiling include-flate-codegen v0.1.4
[INFO] [stderr]    Compiling inexor-rgf-core-di-codegen v0.9.1
[INFO] [stderr]    Compiling pest v2.7.6
[INFO] [stderr]     Checking include-flate-codegen-exports v0.1.4
[INFO] [stderr]     Checking include-flate v0.2.0
[INFO] [stderr]     Checking rust-embed v6.8.1
[INFO] [stderr]     Checking clap v4.4.13
[INFO] [stderr]    Compiling pest_meta v2.7.6
[INFO] [stderr]    Compiling pest_generator v2.7.6
[INFO] [stderr]     Checking strum v0.24.1
[INFO] [stderr]    Compiling pest_derive v2.7.6
[INFO] [stderr]     Checking serde v1.0.195
[INFO] [stderr]     Checking serde_json v1.0.111
[INFO] [stderr]     Checking toml v0.5.11
[INFO] [stderr]     Checking chrono v0.4.31
[INFO] [stderr]     Checking log v0.4.20
[INFO] [stderr]     Checking uuid v1.6.1
[INFO] [stderr]     Checking serde_yaml v0.8.26
[INFO] [stderr]     Checking serde-value v0.7.0
[INFO] [stderr]     Checking rmp-serde v1.1.2
[INFO] [stderr]     Checking bincode v1.3.3
[INFO] [stderr]     Checking toml_datetime v0.6.5
[INFO] [stderr]     Checking serde_spanned v0.6.5
[INFO] [stderr]     Checking ron v0.7.1
[INFO] [stderr]     Checking json5 v0.4.1
[INFO] [stderr]     Checking toml_edit v0.19.15
[INFO] [stderr]     Checking log4rs v1.2.0
[INFO] [stderr]     Checking indradb-lib v3.0.4
[INFO] [stderr]     Checking config v0.13.4
[INFO] [stderr]    Compiling license v3.2.0
[INFO] [stderr]     Checking inexor-rgf-core-di v0.9.1
[INFO] [stderr]     Checking inexor-rgf-core-frp v0.9.1
[INFO] [stdout] error[E0554]: `#![feature]` may not be used on the beta release channel
[INFO] [stdout]  --> /opt/rustwide/cargo-home/registry/src/index.crates.io-6f17d22bba15001f/inexor-rgf-core-frp-0.9.1/src/lib.rs:2:1
[INFO] [stdout]   |
[INFO] [stdout] 2 | #![feature(unsized_tuple_coercion)]
[INFO] [stdout]   | ^^^^^^^^^^^^^^^^^^^^^^^^^^^^^^^^^^^
[INFO] [stdout] 
[INFO] [stdout] 
[INFO] [stdout] error[E0554]: `#![feature]` may not be used on the beta release channel
[INFO] [stdout]  --> /opt/rustwide/cargo-home/registry/src/index.crates.io-6f17d22bba15001f/inexor-rgf-core-frp-0.9.1/src/lib.rs:3:1
[INFO] [stdout]   |
[INFO] [stdout] 3 | #![feature(unboxed_closures)]
[INFO] [stdout]   | ^^^^^^^^^^^^^^^^^^^^^^^^^^^^^
[INFO] [stdout] 
[INFO] [stdout] 
[INFO] [stdout] error[E0554]: `#![feature]` may not be used on the beta release channel
[INFO] [stdout]  --> /opt/rustwide/cargo-home/registry/src/index.crates.io-6f17d22bba15001f/inexor-rgf-core-frp-0.9.1/src/lib.rs:4:1
[INFO] [stdout]   |
[INFO] [stdout] 4 | #![feature(register_tool)]
[INFO] [stdout]   | ^^^^^^^^^^^^^^^^^^^^^^^^^^
[INFO] [stdout] 
[INFO] [stdout] 
[INFO] [stdout] error: aborting due to 3 previous errors
[INFO] [stdout] 
[INFO] [stdout] 
[INFO] [stdout] For more information about this error, try `rustc --explain E0554`.
[INFO] [stdout] 
[INFO] [stderr] error: could not compile `inexor-rgf-core-frp` (lib) due to 4 previous errors
[INFO] [stderr] warning: build failed, waiting for other jobs to finish...
[INFO] running `Command { std: "docker" "inspect" "84ebb3b8f6be05bdb7408f81d056e306c8d2a261be4ceb8b7b360a70f320fe46", kill_on_drop: false }`
[INFO] running `Command { std: "docker" "rm" "-f" "84ebb3b8f6be05bdb7408f81d056e306c8d2a261be4ceb8b7b360a70f320fe46", kill_on_drop: false }`
[INFO] [stdout] 84ebb3b8f6be05bdb7408f81d056e306c8d2a261be4ceb8b7b360a70f320fe46
