[INFO] fetching crate inexor-rgf-model-binary 0.9.1...
[INFO] documenting inexor-rgf-model-binary-0.9.1 against 1.75.0 for beta-1.76-rustdoc-1
[INFO] extracting crate inexor-rgf-model-binary 0.9.1 into /workspace/builds/worker-6-tc1/source
[INFO] validating manifest of crates.io crate inexor-rgf-model-binary 0.9.1 on toolchain 1.75.0
[INFO] running `Command { std: CARGO_HOME="/workspace/cargo-home" RUSTUP_HOME="/workspace/rustup-home" "/workspace/cargo-home/bin/cargo" "+1.75.0" "metadata" "--manifest-path" "Cargo.toml" "--no-deps", kill_on_drop: false }`
[INFO] started tweaking crates.io crate inexor-rgf-model-binary 0.9.1
[INFO] finished tweaking crates.io crate inexor-rgf-model-binary 0.9.1
[INFO] tweaked toml for crates.io crate inexor-rgf-model-binary 0.9.1 written to /workspace/builds/worker-6-tc1/source/Cargo.toml
[INFO] running `Command { std: CARGO_HOME="/workspace/cargo-home" RUSTUP_HOME="/workspace/rustup-home" "/workspace/cargo-home/bin/cargo" "+1.75.0" "generate-lockfile" "--manifest-path" "Cargo.toml", kill_on_drop: false }`
[INFO] [stderr]     Updating crates.io index
[INFO] running `Command { std: CARGO_HOME="/workspace/cargo-home" RUSTUP_HOME="/workspace/rustup-home" "/workspace/cargo-home/bin/cargo" "+1.75.0" "fetch" "--manifest-path" "Cargo.toml", kill_on_drop: false }`
[INFO] [stderr]  Downloading crates ...
[INFO] [stderr]   Downloaded destructure_traitobject v0.2.0
[INFO] [stderr]   Downloaded unsafe-any-ors v1.0.0
[INFO] [stderr]   Downloaded typemap-ors v1.0.0
[INFO] [stderr]   Downloaded inexor-rgf-core-frp v0.9.1
[INFO] [stderr]   Downloaded indradb-lib v3.0.4
[INFO] [stderr]   Downloaded log4rs v1.2.0
[INFO] [stderr]   Downloaded inexor-rgf-core-builder v0.9.1
[INFO] [stderr]   Downloaded inexor-rgf-model-runtime v0.9.1
[INFO] [stderr]   Downloaded inexor-rgf-core-model v0.9.1
[INFO] [stderr]   Downloaded license v3.2.0
[INFO] [stderr]   Downloaded inexor-rgf-core-reactive v0.9.1
[INFO] [stderr]   Downloaded inexor-rgf-model-base v0.9.1
[INFO] [stderr]   Downloaded reword v7.0.0
[INFO] [stderr]   Downloaded inexor-rgf-model-file v0.9.1
[INFO] [stderr]   Downloaded inexor-rgf-model-trigger v0.9.1
[INFO] running `Command { std: "docker" "create" "-v" "/var/lib/crater-agent-workspace/builds/worker-6-tc1/target:/opt/rustwide/target:rw,Z" "-v" "/var/lib/crater-agent-workspace/builds/worker-6-tc1/source:/opt/rustwide/workdir:ro,Z" "-v" "/var/lib/crater-agent-workspace/cargo-home:/opt/rustwide/cargo-home:ro,Z" "-v" "/var/lib/crater-agent-workspace/rustup-home:/opt/rustwide/rustup-home:ro,Z" "-e" "SOURCE_DIR=/opt/rustwide/workdir" "-e" "CARGO_TARGET_DIR=/opt/rustwide/target" "-e" "CARGO_HOME=/opt/rustwide/cargo-home" "-e" "RUSTUP_HOME=/opt/rustwide/rustup-home" "-w" "/opt/rustwide/workdir" "-m" "1610612736" "--user" "0:0" "--network" "none" "ghcr.io/rust-lang/crates-build-env/linux@sha256:2788e3201cd34a07e3172128adcd8b3090168a8e3bcc40d7c032b9dda1df7d1c" "/opt/rustwide/cargo-home/bin/cargo" "+1.75.0" "metadata" "--no-deps" "--format-version=1", kill_on_drop: false }`
[INFO] [stdout] 8b6af1a993b1614ad631da7443e03a03873d7df6c3b5b32f16198ed7561c00c3
[INFO] running `Command { std: "docker" "start" "-a" "8b6af1a993b1614ad631da7443e03a03873d7df6c3b5b32f16198ed7561c00c3", kill_on_drop: false }`
[INFO] running `Command { std: "docker" "inspect" "8b6af1a993b1614ad631da7443e03a03873d7df6c3b5b32f16198ed7561c00c3", kill_on_drop: false }`
[INFO] running `Command { std: "docker" "rm" "-f" "8b6af1a993b1614ad631da7443e03a03873d7df6c3b5b32f16198ed7561c00c3", kill_on_drop: false }`
[INFO] [stdout] 8b6af1a993b1614ad631da7443e03a03873d7df6c3b5b32f16198ed7561c00c3
[INFO] running `Command { std: "docker" "create" "-v" "/var/lib/crater-agent-workspace/builds/worker-6-tc1/target:/opt/rustwide/target:rw,Z" "-v" "/var/lib/crater-agent-workspace/builds/worker-6-tc1/source:/opt/rustwide/workdir:ro,Z" "-v" "/var/lib/crater-agent-workspace/cargo-home:/opt/rustwide/cargo-home:ro,Z" "-v" "/var/lib/crater-agent-workspace/rustup-home:/opt/rustwide/rustup-home:ro,Z" "-e" "SOURCE_DIR=/opt/rustwide/workdir" "-e" "CARGO_TARGET_DIR=/opt/rustwide/target" "-e" "CARGO_INCREMENTAL=0" "-e" "RUST_BACKTRACE=full" "-e" "RUSTFLAGS=--cap-lints=warn" "-e" "RUSTDOCFLAGS=--cap-lints=warn" "-e" "CARGO_HOME=/opt/rustwide/cargo-home" "-e" "RUSTUP_HOME=/opt/rustwide/rustup-home" "-w" "/opt/rustwide/workdir" "-m" "1610612736" "--user" "0:0" "--network" "none" "ghcr.io/rust-lang/crates-build-env/linux@sha256:2788e3201cd34a07e3172128adcd8b3090168a8e3bcc40d7c032b9dda1df7d1c" "/opt/rustwide/cargo-home/bin/cargo" "+1.75.0" "doc" "--frozen" "--no-deps" "--document-private-items" "--message-format=json", kill_on_drop: false }`
[INFO] [stdout] 23ca8a4bf2cd2895086cf001ed558f8862b980b91d5f5c6edb692fd9b2728f84
[INFO] running `Command { std: "docker" "start" "-a" "23ca8a4bf2cd2895086cf001ed558f8862b980b91d5f5c6edb692fd9b2728f84", kill_on_drop: false }`
[INFO] [stderr]    Compiling proc-macro2 v1.0.76
[INFO] [stderr]    Compiling unicode-ident v1.0.12
[INFO] [stderr]    Compiling serde v1.0.195
[INFO] [stderr]    Compiling autocfg v1.1.0
[INFO] [stderr]     Checking cfg-if v1.0.0
[INFO] [stderr]    Compiling libc v0.2.151
[INFO] [stderr]    Compiling serde_json v1.0.111
[INFO] [stderr]    Compiling syn v1.0.109
[INFO] [stderr]    Compiling crossbeam-utils v0.8.18
[INFO] [stderr]    Compiling parking_lot_core v0.9.9
[INFO] [stderr]     Checking ppv-lite86 v0.2.17
[INFO] [stderr]    Compiling paste v1.0.14
[INFO] [stderr]     Checking ryu v1.0.16
[INFO] [stderr]    Compiling num-traits v0.2.17
[INFO] [stderr]    Compiling lock_api v0.4.11
[INFO] [stderr]    Compiling indexmap v1.9.3
[INFO] [stderr]     Checking smallvec v1.11.2
[INFO] [stderr]     Checking scopeguard v1.2.0
[INFO] [stderr]     Checking itoa v1.0.10
[INFO] [stderr]    Compiling rayon-core v1.12.0
[INFO] [stderr]     Checking crossbeam-epoch v0.9.17
[INFO] [stderr]    Compiling anyhow v1.0.79
[INFO] [stderr]     Checking hashbrown v0.14.3
[INFO] [stderr]    Compiling quote v1.0.35
[INFO] [stderr]     Checking destructure_traitobject v0.2.0
[INFO] [stderr]    Compiling syn v2.0.48
[INFO] [stderr]    Compiling thiserror v1.0.56
[INFO] [stderr]    Compiling rustix v0.38.28
[INFO] [stderr]     Checking hashbrown v0.12.3
[INFO] [stderr]     Checking iana-time-zone v0.1.59
[INFO] [stderr]     Checking linked-hash-map v0.5.6
[INFO] [stderr]     Checking unsafe-any-ors v1.0.0
[INFO] [stderr]     Checking crossbeam-deque v0.8.4
[INFO] [stderr]     Checking yaml-rust v0.4.5
[INFO] [stderr]     Checking getrandom v0.2.11
[INFO] [stderr]     Checking rand_core v0.6.4
[INFO] [stderr]     Checking ordered-float v2.10.1
[INFO] [stderr]     Checking linux-raw-sys v0.4.12
[INFO] [stderr]     Checking bitflags v2.4.1
[INFO] [stderr]     Checking rand_chacha v0.3.1
[INFO] [stderr]     Checking byteorder v1.5.0
[INFO] [stderr]     Checking atomic v0.5.3
[INFO] [stderr]     Checking sha1_smol v1.0.0
[INFO] [stderr]     Checking rand v0.8.5
[INFO] [stderr]     Checking parking_lot v0.12.1
[INFO] [stderr]     Checking thread-id v4.2.1
[INFO] [stderr]     Checking typemap-ors v1.0.0
[INFO] [stderr]     Checking rmp v0.8.12
[INFO] [stderr]     Checking humantime v2.1.0
[INFO] [stderr]     Checking fnv v1.0.7
[INFO] [stderr]     Checking either v1.9.0
[INFO] [stderr]    Compiling rustversion v1.0.14
[INFO] [stderr]     Checking fastrand v2.0.1
[INFO] [stderr]     Checking arc-swap v1.6.0
[INFO] [stderr]     Checking log-mdc v0.1.0
[INFO] [stderr]     Checking rayon v1.8.0
[INFO] [stderr]     Checking once_cell v1.19.0
[INFO] [stderr]     Checking lazy_static v1.4.0
[INFO] [stderr]    Compiling heck v0.4.1
[INFO] [stderr]     Checking dashmap v5.5.3
[INFO] [stderr]    Compiling unicode-segmentation v1.10.1
[INFO] [stderr]     Checking equivalent v1.0.1
[INFO] [stderr]     Checking indexmap v2.1.0
[INFO] [stderr]    Compiling semver v1.0.21
[INFO] [stderr]    Compiling reword v7.0.0
[INFO] [stderr]     Checking winnow v0.5.33
[INFO] [stderr]     Checking data-url v0.2.0
[INFO] [stderr]     Checking tempfile v3.9.0
[INFO] [stderr]    Compiling derivative v2.2.0
[INFO] [stderr]    Compiling strum_macros v0.24.3
[INFO] [stderr]    Compiling serde_derive v1.0.195
[INFO] [stderr]    Compiling thiserror-impl v1.0.56
[INFO] [stderr]     Checking strum v0.24.1
[INFO] [stderr]     Checking chrono v0.4.31
[INFO] [stderr]     Checking serde_yaml v0.8.26
[INFO] [stderr]     Checking toml v0.5.11
[INFO] [stderr]     Checking uuid v1.6.1
[INFO] [stderr]     Checking log v0.4.20
[INFO] [stderr]     Checking serde-value v0.7.0
[INFO] [stderr]     Checking rmp-serde v1.1.2
[INFO] [stderr]     Checking bincode v1.3.3
[INFO] [stderr]     Checking toml_datetime v0.6.5
[INFO] [stderr]     Checking serde_spanned v0.6.5
[INFO] [stderr]     Checking toml_edit v0.19.15
[INFO] [stderr]     Checking log4rs v1.2.0
[INFO] [stderr]     Checking indradb-lib v3.0.4
[INFO] [stderr]    Compiling license v3.2.0
[INFO] [stderr]     Checking inexor-rgf-core-frp v0.9.1
[INFO] [stdout] error[E0554]: `#![feature]` may not be used on the stable release channel
[INFO] [stdout]  --> /opt/rustwide/cargo-home/registry/src/index.crates.io-6f17d22bba15001f/inexor-rgf-core-frp-0.9.1/src/lib.rs:2:1
[INFO] [stdout]   |
[INFO] [stdout] 2 | #![feature(unsized_tuple_coercion)]
[INFO] [stdout]   | ^^^^^^^^^^^^^^^^^^^^^^^^^^^^^^^^^^^
[INFO] [stdout] 
[INFO] [stdout] 
[INFO] [stdout] error[E0554]: `#![feature]` may not be used on the stable release channel
[INFO] [stdout]  --> /opt/rustwide/cargo-home/registry/src/index.crates.io-6f17d22bba15001f/inexor-rgf-core-frp-0.9.1/src/lib.rs:3:1
[INFO] [stdout]   |
[INFO] [stdout] 3 | #![feature(unboxed_closures)]
[INFO] [stdout]   | ^^^^^^^^^^^^^^^^^^^^^^^^^^^^^
[INFO] [stdout] 
[INFO] [stdout] 
[INFO] [stdout] error[E0554]: `#![feature]` may not be used on the stable release channel
[INFO] [stdout]  --> /opt/rustwide/cargo-home/registry/src/index.crates.io-6f17d22bba15001f/inexor-rgf-core-frp-0.9.1/src/lib.rs:4:1
[INFO] [stdout]   |
[INFO] [stdout] 4 | #![feature(register_tool)]
[INFO] [stdout]   | ^^^^^^^^^^^^^^^^^^^^^^^^^^
[INFO] [stdout] 
[INFO] [stdout] 
[INFO] [stdout] error: aborting due to 3 previous errors
[INFO] [stdout] 
[INFO] [stdout] 
[INFO] [stdout] For more information about this error, try `rustc --explain E0554`.
[INFO] [stdout] 
[INFO] [stderr]     Checking toml v0.7.8
[INFO] [stderr] error: could not compile `inexor-rgf-core-frp` (lib) due to 4 previous errors
[INFO] [stderr] warning: build failed, waiting for other jobs to finish...
[INFO] running `Command { std: "docker" "inspect" "23ca8a4bf2cd2895086cf001ed558f8862b980b91d5f5c6edb692fd9b2728f84", kill_on_drop: false }`
[INFO] running `Command { std: "docker" "rm" "-f" "23ca8a4bf2cd2895086cf001ed558f8862b980b91d5f5c6edb692fd9b2728f84", kill_on_drop: false }`
[INFO] [stdout] 23ca8a4bf2cd2895086cf001ed558f8862b980b91d5f5c6edb692fd9b2728f84
[INFO] documenting inexor-rgf-model-binary-0.9.1 against beta-2023-12-22 for beta-1.76-rustdoc-1
[INFO] extracting crate inexor-rgf-model-binary 0.9.1 into /workspace/builds/worker-6-tc2/source
[INFO] validating manifest of crates.io crate inexor-rgf-model-binary 0.9.1 on toolchain beta-2023-12-22
[INFO] running `Command { std: CARGO_HOME="/workspace/cargo-home" RUSTUP_HOME="/workspace/rustup-home" "/workspace/cargo-home/bin/cargo" "+beta-2023-12-22" "metadata" "--manifest-path" "Cargo.toml" "--no-deps", kill_on_drop: false }`
[INFO] started tweaking crates.io crate inexor-rgf-model-binary 0.9.1
[INFO] finished tweaking crates.io crate inexor-rgf-model-binary 0.9.1
[INFO] tweaked toml for crates.io crate inexor-rgf-model-binary 0.9.1 written to /workspace/builds/worker-6-tc2/source/Cargo.toml
[INFO] running `Command { std: CARGO_HOME="/workspace/cargo-home" RUSTUP_HOME="/workspace/rustup-home" "/workspace/cargo-home/bin/cargo" "+beta-2023-12-22" "generate-lockfile" "--manifest-path" "Cargo.toml", kill_on_drop: false }`
[INFO] [stderr]     Updating crates.io index
[INFO] running `Command { std: CARGO_HOME="/workspace/cargo-home" RUSTUP_HOME="/workspace/rustup-home" "/workspace/cargo-home/bin/cargo" "+beta-2023-12-22" "fetch" "--manifest-path" "Cargo.toml", kill_on_drop: false }`
[INFO] running `Command { std: "docker" "create" "-v" "/var/lib/crater-agent-workspace/builds/worker-6-tc2/target:/opt/rustwide/target:rw,Z" "-v" "/var/lib/crater-agent-workspace/builds/worker-6-tc2/source:/opt/rustwide/workdir:ro,Z" "-v" "/var/lib/crater-agent-workspace/cargo-home:/opt/rustwide/cargo-home:ro,Z" "-v" "/var/lib/crater-agent-workspace/rustup-home:/opt/rustwide/rustup-home:ro,Z" "-e" "SOURCE_DIR=/opt/rustwide/workdir" "-e" "CARGO_TARGET_DIR=/opt/rustwide/target" "-e" "CARGO_HOME=/opt/rustwide/cargo-home" "-e" "RUSTUP_HOME=/opt/rustwide/rustup-home" "-w" "/opt/rustwide/workdir" "-m" "1610612736" "--user" "0:0" "--network" "none" "ghcr.io/rust-lang/crates-build-env/linux@sha256:2788e3201cd34a07e3172128adcd8b3090168a8e3bcc40d7c032b9dda1df7d1c" "/opt/rustwide/cargo-home/bin/cargo" "+beta-2023-12-22" "metadata" "--no-deps" "--format-version=1", kill_on_drop: false }`
[INFO] [stdout] f015e2dd24a278ec14dca0656598c126efcd381212e9024f186faf276296b5e0
[INFO] running `Command { std: "docker" "start" "-a" "f015e2dd24a278ec14dca0656598c126efcd381212e9024f186faf276296b5e0", kill_on_drop: false }`
[INFO] running `Command { std: "docker" "inspect" "f015e2dd24a278ec14dca0656598c126efcd381212e9024f186faf276296b5e0", kill_on_drop: false }`
[INFO] running `Command { std: "docker" "rm" "-f" "f015e2dd24a278ec14dca0656598c126efcd381212e9024f186faf276296b5e0", kill_on_drop: false }`
[INFO] [stdout] f015e2dd24a278ec14dca0656598c126efcd381212e9024f186faf276296b5e0
[INFO] running `Command { std: "docker" "create" "-v" "/var/lib/crater-agent-workspace/builds/worker-6-tc2/target:/opt/rustwide/target:rw,Z" "-v" "/var/lib/crater-agent-workspace/builds/worker-6-tc2/source:/opt/rustwide/workdir:ro,Z" "-v" "/var/lib/crater-agent-workspace/cargo-home:/opt/rustwide/cargo-home:ro,Z" "-v" "/var/lib/crater-agent-workspace/rustup-home:/opt/rustwide/rustup-home:ro,Z" "-e" "SOURCE_DIR=/opt/rustwide/workdir" "-e" "CARGO_TARGET_DIR=/opt/rustwide/target" "-e" "CARGO_INCREMENTAL=0" "-e" "RUST_BACKTRACE=full" "-e" "RUSTFLAGS=--cap-lints=warn" "-e" "RUSTDOCFLAGS=--cap-lints=warn" "-e" "CARGO_HOME=/opt/rustwide/cargo-home" "-e" "RUSTUP_HOME=/opt/rustwide/rustup-home" "-w" "/opt/rustwide/workdir" "-m" "1610612736" "--user" "0:0" "--network" "none" "ghcr.io/rust-lang/crates-build-env/linux@sha256:2788e3201cd34a07e3172128adcd8b3090168a8e3bcc40d7c032b9dda1df7d1c" "/opt/rustwide/cargo-home/bin/cargo" "+beta-2023-12-22" "doc" "--frozen" "--no-deps" "--document-private-items" "--message-format=json", kill_on_drop: false }`
[INFO] [stdout] 5d2b570a934fa321efb367dd485168114b61be778261f5ed3f38aed386e6bc57
[INFO] running `Command { std: "docker" "start" "-a" "5d2b570a934fa321efb367dd485168114b61be778261f5ed3f38aed386e6bc57", kill_on_drop: false }`
[INFO] [stderr]    Compiling proc-macro2 v1.0.76
[INFO] [stderr]    Compiling unicode-ident v1.0.12
[INFO] [stderr]    Compiling serde v1.0.195
[INFO] [stderr]    Compiling autocfg v1.1.0
[INFO] [stderr]     Checking cfg-if v1.0.0
[INFO] [stderr]    Compiling libc v0.2.151
[INFO] [stderr]    Compiling serde_json v1.0.111
[INFO] [stderr]    Compiling crossbeam-utils v0.8.18
[INFO] [stderr]    Compiling syn v1.0.109
[INFO] [stderr]    Compiling parking_lot_core v0.9.9
[INFO] [stderr]    Compiling paste v1.0.14
[INFO] [stderr]     Checking scopeguard v1.2.0
[INFO] [stderr]     Checking ryu v1.0.16
[INFO] [stderr]     Checking smallvec v1.11.2
[INFO] [stderr]    Compiling num-traits v0.2.17
[INFO] [stderr]    Compiling lock_api v0.4.11
[INFO] [stderr]    Compiling indexmap v1.9.3
[INFO] [stderr]     Checking ppv-lite86 v0.2.17
[INFO] [stderr]     Checking hashbrown v0.14.3
[INFO] [stderr]    Compiling thiserror v1.0.56
[INFO] [stderr]     Checking crossbeam-epoch v0.9.17
[INFO] [stderr]    Compiling quote v1.0.35
[INFO] [stderr]     Checking destructure_traitobject v0.2.0
[INFO] [stderr]     Checking itoa v1.0.10
[INFO] [stderr]     Checking hashbrown v0.12.3
[INFO] [stderr]    Compiling rustix v0.38.28
[INFO] [stderr]     Checking linked-hash-map v0.5.6
[INFO] [stderr]    Compiling syn v2.0.48
[INFO] [stderr]    Compiling anyhow v1.0.79
[INFO] [stderr]    Compiling rayon-core v1.12.0
[INFO] [stderr]     Checking iana-time-zone v0.1.59
[INFO] [stderr]     Checking yaml-rust v0.4.5
[INFO] [stderr]     Checking unsafe-any-ors v1.0.0
[INFO] [stderr]     Checking crossbeam-deque v0.8.4
[INFO] [stderr]     Checking ordered-float v2.10.1
[INFO] [stderr]     Checking bitflags v2.4.1
[INFO] [stderr]     Checking byteorder v1.5.0
[INFO] [stderr]     Checking linux-raw-sys v0.4.12
[INFO] [stderr]     Checking atomic v0.5.3
[INFO] [stderr]     Checking getrandom v0.2.11
[INFO] [stderr]     Checking sha1_smol v1.0.0
[INFO] [stderr]     Checking rand_core v0.6.4
[INFO] [stderr]     Checking thread-id v4.2.1
[INFO] [stderr]     Checking rand_chacha v0.3.1
[INFO] [stderr]     Checking parking_lot v0.12.1
[INFO] [stderr]     Checking rmp v0.8.12
[INFO] [stderr]     Checking rand v0.8.5
[INFO] [stderr]     Checking typemap-ors v1.0.0
[INFO] [stderr]     Checking log-mdc v0.1.0
[INFO] [stderr]    Compiling rustversion v1.0.14
[INFO] [stderr]     Checking arc-swap v1.6.0
[INFO] [stderr]     Checking either v1.9.0
[INFO] [stderr]     Checking humantime v2.1.0
[INFO] [stderr]     Checking fnv v1.0.7
[INFO] [stderr]     Checking fastrand v2.0.1
[INFO] [stderr]     Checking rayon v1.8.0
[INFO] [stderr]     Checking once_cell v1.19.0
[INFO] [stderr]     Checking lazy_static v1.4.0
[INFO] [stderr]    Compiling heck v0.4.1
[INFO] [stderr]     Checking dashmap v5.5.3
[INFO] [stderr]    Compiling unicode-segmentation v1.10.1
[INFO] [stderr]     Checking equivalent v1.0.1
[INFO] [stderr]     Checking winnow v0.5.33
[INFO] [stderr]     Checking indexmap v2.1.0
[INFO] [stderr]    Compiling reword v7.0.0
[INFO] [stderr]    Compiling semver v1.0.21
[INFO] [stderr]     Checking data-url v0.2.0
[INFO] [stderr]     Checking tempfile v3.9.0
[INFO] [stderr]    Compiling derivative v2.2.0
[INFO] [stderr]    Compiling strum_macros v0.24.3
[INFO] [stderr]    Compiling serde_derive v1.0.195
[INFO] [stderr]    Compiling thiserror-impl v1.0.56
[INFO] [stderr]     Checking strum v0.24.1
[INFO] [stderr]     Checking chrono v0.4.31
[INFO] [stderr]     Checking uuid v1.6.1
[INFO] [stderr]     Checking serde-value v0.7.0
[INFO] [stderr]     Checking serde_yaml v0.8.26
[INFO] [stderr]     Checking toml v0.5.11
[INFO] [stderr]     Checking log v0.4.20
[INFO] [stderr]     Checking rmp-serde v1.1.2
[INFO] [stderr]     Checking bincode v1.3.3
[INFO] [stderr]     Checking toml_datetime v0.6.5
[INFO] [stderr]     Checking serde_spanned v0.6.5
[INFO] [stderr]     Checking toml_edit v0.19.15
[INFO] [stderr]     Checking log4rs v1.2.0
[INFO] [stderr]     Checking indradb-lib v3.0.4
[INFO] [stderr]    Compiling license v3.2.0
[INFO] [stderr]     Checking toml v0.7.8
[INFO] [stderr]     Checking inexor-rgf-core-frp v0.9.1
[INFO] [stdout] error[E0554]: `#![feature]` may not be used on the beta release channel
[INFO] [stdout]  --> /opt/rustwide/cargo-home/registry/src/index.crates.io-6f17d22bba15001f/inexor-rgf-core-frp-0.9.1/src/lib.rs:2:1
[INFO] [stdout]   |
[INFO] [stdout] 2 | #![feature(unsized_tuple_coercion)]
[INFO] [stdout]   | ^^^^^^^^^^^^^^^^^^^^^^^^^^^^^^^^^^^
[INFO] [stdout] 
[INFO] [stdout] 
[INFO] [stdout] error[E0554]: `#![feature]` may not be used on the beta release channel
[INFO] [stdout]  --> /opt/rustwide/cargo-home/registry/src/index.crates.io-6f17d22bba15001f/inexor-rgf-core-frp-0.9.1/src/lib.rs:3:1
[INFO] [stdout]   |
[INFO] [stdout] 3 | #![feature(unboxed_closures)]
[INFO] [stdout]   | ^^^^^^^^^^^^^^^^^^^^^^^^^^^^^
[INFO] [stdout] 
[INFO] [stdout] 
[INFO] [stdout] error[E0554]: `#![feature]` may not be used on the beta release channel
[INFO] [stdout]  --> /opt/rustwide/cargo-home/registry/src/index.crates.io-6f17d22bba15001f/inexor-rgf-core-frp-0.9.1/src/lib.rs:4:1
[INFO] [stdout]   |
[INFO] [stdout] 4 | #![feature(register_tool)]
[INFO] [stdout]   | ^^^^^^^^^^^^^^^^^^^^^^^^^^
[INFO] [stdout] 
[INFO] [stdout] 
[INFO] [stdout] error: aborting due to 3 previous errors
[INFO] [stdout] 
[INFO] [stdout] 
[INFO] [stdout] For more information about this error, try `rustc --explain E0554`.
[INFO] [stdout] 
[INFO] [stderr] error: could not compile `inexor-rgf-core-frp` (lib) due to 4 previous errors
[INFO] [stderr] warning: build failed, waiting for other jobs to finish...
[INFO] [stderr] error: failed to run custom build command for `license v3.2.0`
[INFO] [stderr] note: To improve backtraces for build dependencies, set the CARGO_PROFILE_DEV_BUILD_OVERRIDE_DEBUG=true environment variable to enable debug information generation.
[INFO] [stderr] 
[INFO] [stderr] Caused by:
[INFO] [stderr]   process didn't exit successfully: `/opt/rustwide/target/debug/build/license-88cbf0ddad88dbd3/build-script-build` (exit status: 101)
[INFO] [stderr]   --- stderr
[INFO] [stderr]   Cloning into 'license-list-data'...
[INFO] [stderr]   fatal: unable to access 'https://github.com/spdx/license-list-data.git/': Could not resolve host: github.com
[INFO] [stderr]   thread 'main' panicked at /opt/rustwide/cargo-home/registry/src/index.crates.io-6f17d22bba15001f/license-3.2.0/build.rs:103:35:
[INFO] [stderr]   `git clone --depth 1` failed with exit code `128`
[INFO] [stderr]   stack backtrace:
[INFO] [stderr]      0:     0x557b4f610566 - std::backtrace_rs::backtrace::libunwind::trace::h261606ad26a499c1
[INFO] [stderr]                                  at /rustc/0e09125c6c3c2fd70d7de961bcf0e51575235fad/library/std/src/../../backtrace/src/backtrace/libunwind.rs:104:5
[INFO] [stderr]      1:     0x557b4f610566 - std::backtrace_rs::backtrace::trace_unsynchronized::hd183f0625477fb28
[INFO] [stderr]                                  at /rustc/0e09125c6c3c2fd70d7de961bcf0e51575235fad/library/std/src/../../backtrace/src/backtrace/mod.rs:66:5
[INFO] [stderr]      2:     0x557b4f610566 - std::sys_common::backtrace::_print_fmt::hd7f8fef21b4eda67
[INFO] [stderr]                                  at /rustc/0e09125c6c3c2fd70d7de961bcf0e51575235fad/library/std/src/sys_common/backtrace.rs:68:5
[INFO] [stderr]      3:     0x557b4f610566 - <std::sys_common::backtrace::_print::DisplayBacktrace as core::fmt::Display>::fmt::h623d9b51f2f453f1
[INFO] [stderr]                                  at /rustc/0e09125c6c3c2fd70d7de961bcf0e51575235fad/library/std/src/sys_common/backtrace.rs:44:22
[INFO] [stderr]      4:     0x557b4f636780 - core::fmt::rt::Argument::fmt::h9f417ac76a86f368
[INFO] [stderr]                                  at /rustc/0e09125c6c3c2fd70d7de961bcf0e51575235fad/library/core/src/fmt/rt.rs:142:9
[INFO] [stderr]      5:     0x557b4f636780 - core::fmt::write::hc9b6faf4ac2aeff7
[INFO] [stderr]                                  at /rustc/0e09125c6c3c2fd70d7de961bcf0e51575235fad/library/core/src/fmt/mod.rs:1120:17
[INFO] [stderr]      6:     0x557b4f60e72f - std::io::Write::write_fmt::hfead1eee52c2e65e
[INFO] [stderr]                                  at /rustc/0e09125c6c3c2fd70d7de961bcf0e51575235fad/library/std/src/io/mod.rs:1810:15
[INFO] [stderr]      7:     0x557b4f610344 - std::sys_common::backtrace::_print::hd5d66399c7df88a2
[INFO] [stderr]                                  at /rustc/0e09125c6c3c2fd70d7de961bcf0e51575235fad/library/std/src/sys_common/backtrace.rs:47:5
[INFO] [stderr]      8:     0x557b4f610344 - std::sys_common::backtrace::print::he81ed2da642d37e5
[INFO] [stderr]                                  at /rustc/0e09125c6c3c2fd70d7de961bcf0e51575235fad/library/std/src/sys_common/backtrace.rs:34:9
[INFO] [stderr]      9:     0x557b4f6118a7 - std::panicking::default_hook::{{closure}}::h85773f4fa117163d
[INFO] [stderr]     10:     0x557b4f611609 - std::panicking::default_hook::h6a1694a91d09b278
[INFO] [stderr]                                  at /rustc/0e09125c6c3c2fd70d7de961bcf0e51575235fad/library/std/src/panicking.rs:292:9
[INFO] [stderr]     11:     0x557b4f611d38 - std::panicking::rust_panic_with_hook::h0a7ad96e90f7145b
[INFO] [stderr]                                  at /rustc/0e09125c6c3c2fd70d7de961bcf0e51575235fad/library/std/src/panicking.rs:779:13
[INFO] [stderr]     12:     0x557b4f611c12 - std::panicking::begin_panic_handler::{{closure}}::h7919090525c6485e
[INFO] [stderr]                                  at /rustc/0e09125c6c3c2fd70d7de961bcf0e51575235fad/library/std/src/panicking.rs:657:13
[INFO] [stderr]     13:     0x557b4f610a66 - std::sys_common::backtrace::__rust_end_short_backtrace::hf3289479464f7dfe
[INFO] [stderr]                                  at /rustc/0e09125c6c3c2fd70d7de961bcf0e51575235fad/library/std/src/sys_common/backtrace.rs:171:18
[INFO] [stderr]     14:     0x557b4f611970 - rust_begin_unwind
[INFO] [stderr]                                  at /rustc/0e09125c6c3c2fd70d7de961bcf0e51575235fad/library/std/src/panicking.rs:645:5
[INFO] [stderr]     15:     0x557b4f5c3fa5 - core::panicking::panic_fmt::hcc9f77c5c132af55
[INFO] [stderr]                                  at /rustc/0e09125c6c3c2fd70d7de961bcf0e51575235fad/library/core/src/panicking.rs:72:14
[INFO] [stderr]     16:     0x557b4f5dbc89 - build_script_build::main::h5c6dd203f726da66
[INFO] [stderr]     17:     0x557b4f5c6123 - core::ops::function::FnOnce::call_once::hbb24b3c4c138d1c2
[INFO] [stderr]     18:     0x557b4f5c9526 - std::sys_common::backtrace::__rust_begin_short_backtrace::hbd6a3bb47974f663
[INFO] [stderr]     19:     0x557b4f5d8f89 - std::rt::lang_start::{{closure}}::ha51becfebc34e853
[INFO] [stderr]     20:     0x557b4f60b691 - core::ops::function::impls::<impl core::ops::function::FnOnce<A> for &F>::call_once::h4eb4c5e1620f29b0
[INFO] [stderr]                                  at /rustc/0e09125c6c3c2fd70d7de961bcf0e51575235fad/library/core/src/ops/function.rs:284:13
[INFO] [stderr]     21:     0x557b4f60b691 - std::panicking::try::do_call::h73fd26535faffcdf
[INFO] [stderr]                                  at /rustc/0e09125c6c3c2fd70d7de961bcf0e51575235fad/library/std/src/panicking.rs:552:40
[INFO] [stderr]     22:     0x557b4f60b691 - std::panicking::try::h77ff1d98f0fb9f39
[INFO] [stderr]                                  at /rustc/0e09125c6c3c2fd70d7de961bcf0e51575235fad/library/std/src/panicking.rs:516:19
[INFO] [stderr]     23:     0x557b4f60b691 - std::panic::catch_unwind::hab3caf2448b95e37
[INFO] [stderr]                                  at /rustc/0e09125c6c3c2fd70d7de961bcf0e51575235fad/library/std/src/panic.rs:142:14
[INFO] [stderr]     24:     0x557b4f60b691 - std::rt::lang_start_internal::{{closure}}::h8086711f9c783f78
[INFO] [stderr]                                  at /rustc/0e09125c6c3c2fd70d7de961bcf0e51575235fad/library/std/src/rt.rs:148:48
[INFO] [stderr]     25:     0x557b4f60b691 - std::panicking::try::do_call::hf920d4dc291cd6ca
[INFO] [stderr]                                  at /rustc/0e09125c6c3c2fd70d7de961bcf0e51575235fad/library/std/src/panicking.rs:552:40
[INFO] [stderr]     26:     0x557b4f60b691 - std::panicking::try::h2b806ccc0a85db74
[INFO] [stderr]                                  at /rustc/0e09125c6c3c2fd70d7de961bcf0e51575235fad/library/std/src/panicking.rs:516:19
[INFO] [stderr]     27:     0x557b4f60b691 - std::panic::catch_unwind::h038489539c507df2
[INFO] [stderr]                                  at /rustc/0e09125c6c3c2fd70d7de961bcf0e51575235fad/library/std/src/panic.rs:142:14
[INFO] [stderr]     28:     0x557b4f60b691 - std::rt::lang_start_internal::h28503b88912e8a5c
[INFO] [stderr]                                  at /rustc/0e09125c6c3c2fd70d7de961bcf0e51575235fad/library/std/src/rt.rs:148:20
[INFO] [stderr]     29:     0x557b4f5d8f67 - std::rt::lang_start::h5fddca5a8836ab54
[INFO] [stderr]     30:     0x557b4f5e5275 - main
[INFO] [stderr]     31:     0x7f55b1909d90 - <unknown>
[INFO] [stderr]     32:     0x7f55b1909e40 - __libc_start_main
[INFO] [stderr]     33:     0x557b4f5c4805 - _start
[INFO] [stderr]     34:                0x0 - <unknown>
[INFO] running `Command { std: "docker" "inspect" "5d2b570a934fa321efb367dd485168114b61be778261f5ed3f38aed386e6bc57", kill_on_drop: false }`
[INFO] running `Command { std: "docker" "rm" "-f" "5d2b570a934fa321efb367dd485168114b61be778261f5ed3f38aed386e6bc57", kill_on_drop: false }`
[INFO] [stdout] 5d2b570a934fa321efb367dd485168114b61be778261f5ed3f38aed386e6bc57
