[INFO] fetching crate inexor-rgf-core-builder 0.9.1...
[INFO] documenting inexor-rgf-core-builder-0.9.1 against 1.75.0 for beta-1.76-rustdoc-1
[INFO] extracting crate inexor-rgf-core-builder 0.9.1 into /workspace/builds/worker-5-tc1/source
[INFO] validating manifest of crates.io crate inexor-rgf-core-builder 0.9.1 on toolchain 1.75.0
[INFO] running `Command { std: CARGO_HOME="/workspace/cargo-home" RUSTUP_HOME="/workspace/rustup-home" "/workspace/cargo-home/bin/cargo" "+1.75.0" "metadata" "--manifest-path" "Cargo.toml" "--no-deps", kill_on_drop: false }`
[INFO] started tweaking crates.io crate inexor-rgf-core-builder 0.9.1
[INFO] finished tweaking crates.io crate inexor-rgf-core-builder 0.9.1
[INFO] tweaked toml for crates.io crate inexor-rgf-core-builder 0.9.1 written to /workspace/builds/worker-5-tc1/source/Cargo.toml
[INFO] running `Command { std: CARGO_HOME="/workspace/cargo-home" RUSTUP_HOME="/workspace/rustup-home" "/workspace/cargo-home/bin/cargo" "+1.75.0" "generate-lockfile" "--manifest-path" "Cargo.toml", kill_on_drop: false }`
[INFO] [stderr]     Updating crates.io index
[INFO] running `Command { std: CARGO_HOME="/workspace/cargo-home" RUSTUP_HOME="/workspace/rustup-home" "/workspace/cargo-home/bin/cargo" "+1.75.0" "fetch" "--manifest-path" "Cargo.toml", kill_on_drop: false }`
[INFO] [stderr]  Downloading crates ...
[INFO] [stderr]   Downloaded random-string v1.0.1
[INFO] [stderr]   Downloaded inexor-rgf-core-frp v0.9.1
[INFO] [stderr]   Downloaded thread-id v4.2.1
[INFO] [stderr]   Downloaded inexor-rgf-core-model v0.9.1
[INFO] [stderr]   Downloaded indradb-lib v3.0.4
[INFO] running `Command { std: "docker" "create" "-v" "/var/lib/crater-agent-workspace/builds/worker-5-tc1/target:/opt/rustwide/target:rw,Z" "-v" "/var/lib/crater-agent-workspace/builds/worker-5-tc1/source:/opt/rustwide/workdir:ro,Z" "-v" "/var/lib/crater-agent-workspace/cargo-home:/opt/rustwide/cargo-home:ro,Z" "-v" "/var/lib/crater-agent-workspace/rustup-home:/opt/rustwide/rustup-home:ro,Z" "-e" "SOURCE_DIR=/opt/rustwide/workdir" "-e" "CARGO_TARGET_DIR=/opt/rustwide/target" "-e" "CARGO_HOME=/opt/rustwide/cargo-home" "-e" "RUSTUP_HOME=/opt/rustwide/rustup-home" "-w" "/opt/rustwide/workdir" "-m" "1610612736" "--user" "0:0" "--network" "none" "ghcr.io/rust-lang/crates-build-env/linux@sha256:2788e3201cd34a07e3172128adcd8b3090168a8e3bcc40d7c032b9dda1df7d1c" "/opt/rustwide/cargo-home/bin/cargo" "+1.75.0" "metadata" "--no-deps" "--format-version=1", kill_on_drop: false }`
[INFO] [stdout] ddab1c8e05fd1bdee33302c4582d6d2f8c5af207a1a90c39e6de0936a45f5c78
[INFO] running `Command { std: "docker" "start" "-a" "ddab1c8e05fd1bdee33302c4582d6d2f8c5af207a1a90c39e6de0936a45f5c78", kill_on_drop: false }`
[INFO] running `Command { std: "docker" "inspect" "ddab1c8e05fd1bdee33302c4582d6d2f8c5af207a1a90c39e6de0936a45f5c78", kill_on_drop: false }`
[INFO] running `Command { std: "docker" "rm" "-f" "ddab1c8e05fd1bdee33302c4582d6d2f8c5af207a1a90c39e6de0936a45f5c78", kill_on_drop: false }`
[INFO] [stdout] ddab1c8e05fd1bdee33302c4582d6d2f8c5af207a1a90c39e6de0936a45f5c78
[INFO] running `Command { std: "docker" "create" "-v" "/var/lib/crater-agent-workspace/builds/worker-5-tc1/target:/opt/rustwide/target:rw,Z" "-v" "/var/lib/crater-agent-workspace/builds/worker-5-tc1/source:/opt/rustwide/workdir:ro,Z" "-v" "/var/lib/crater-agent-workspace/cargo-home:/opt/rustwide/cargo-home:ro,Z" "-v" "/var/lib/crater-agent-workspace/rustup-home:/opt/rustwide/rustup-home:ro,Z" "-e" "SOURCE_DIR=/opt/rustwide/workdir" "-e" "CARGO_TARGET_DIR=/opt/rustwide/target" "-e" "CARGO_INCREMENTAL=0" "-e" "RUST_BACKTRACE=full" "-e" "RUSTFLAGS=--cap-lints=warn" "-e" "RUSTDOCFLAGS=--cap-lints=warn" "-e" "CARGO_HOME=/opt/rustwide/cargo-home" "-e" "RUSTUP_HOME=/opt/rustwide/rustup-home" "-w" "/opt/rustwide/workdir" "-m" "1610612736" "--user" "0:0" "--network" "none" "ghcr.io/rust-lang/crates-build-env/linux@sha256:2788e3201cd34a07e3172128adcd8b3090168a8e3bcc40d7c032b9dda1df7d1c" "/opt/rustwide/cargo-home/bin/cargo" "+1.75.0" "doc" "--frozen" "--no-deps" "--document-private-items" "--message-format=json", kill_on_drop: false }`
[INFO] [stdout] 1e019c5dab7d3478515b551ec3f799d67e242601688be84564819e2b38868bd9
[INFO] running `Command { std: "docker" "start" "-a" "1e019c5dab7d3478515b551ec3f799d67e242601688be84564819e2b38868bd9", kill_on_drop: false }`
[INFO] [stderr]    Compiling proc-macro2 v1.0.76
[INFO] [stderr]    Compiling crossbeam-utils v0.8.18
[INFO] [stderr]    Compiling indexmap v1.9.3
[INFO] [stderr]    Compiling syn v1.0.109
[INFO] [stderr]    Compiling rayon-core v1.12.0
[INFO] [stderr]     Checking linked-hash-map v0.5.6
[INFO] [stderr]     Checking sha1_smol v1.0.0
[INFO] [stderr]    Compiling anyhow v1.0.79
[INFO] [stderr]    Compiling thiserror v1.0.56
[INFO] [stderr]     Checking atomic v0.5.3
[INFO] [stderr]     Checking ordered-float v2.10.1
[INFO] [stderr]     Checking rmp v0.8.12
[INFO] [stderr]     Checking thread-id v4.2.1
[INFO] [stderr]     Checking rand v0.8.5
[INFO] [stderr]     Checking tempfile v3.9.0
[INFO] [stderr]     Checking hashbrown v0.14.3
[INFO] [stderr]     Checking yaml-rust v0.4.5
[INFO] [stderr]    Compiling quote v1.0.35
[INFO] [stderr]    Compiling syn v2.0.48
[INFO] [stderr]     Checking dashmap v5.5.3
[INFO] [stderr]     Checking crossbeam-epoch v0.9.17
[INFO] [stderr]     Checking crossbeam-deque v0.8.4
[INFO] [stderr]     Checking rayon v1.8.0
[INFO] [stderr]    Compiling derivative v2.2.0
[INFO] [stderr]    Compiling serde_derive v1.0.195
[INFO] [stderr]    Compiling thiserror-impl v1.0.56
[INFO] [stderr]     Checking serde v1.0.195
[INFO] [stderr]     Checking serde_json v1.0.111
[INFO] [stderr]     Checking chrono v0.4.31
[INFO] [stderr]     Checking log v0.4.20
[INFO] [stderr]     Checking toml v0.5.11
[INFO] [stderr]     Checking serde-value v0.7.0
[INFO] [stderr]     Checking uuid v1.6.1
[INFO] [stderr]     Checking serde_yaml v0.8.26
[INFO] [stderr]     Checking bincode v1.3.3
[INFO] [stderr]     Checking rmp-serde v1.1.2
[INFO] [stderr]     Checking log4rs v1.2.0
[INFO] [stderr]     Checking indradb-lib v3.0.4
[INFO] [stderr]     Checking inexor-rgf-core-frp v0.9.1
[INFO] [stdout] error[E0554]: `#![feature]` may not be used on the stable release channel
[INFO] [stdout]  --> /opt/rustwide/cargo-home/registry/src/index.crates.io-6f17d22bba15001f/inexor-rgf-core-frp-0.9.1/src/lib.rs:2:1
[INFO] [stdout]   |
[INFO] [stdout] 2 | #![feature(unsized_tuple_coercion)]
[INFO] [stdout]   | ^^^^^^^^^^^^^^^^^^^^^^^^^^^^^^^^^^^
[INFO] [stdout] 
[INFO] [stdout] 
[INFO] [stdout] error[E0554]: `#![feature]` may not be used on the stable release channel
[INFO] [stdout]  --> /opt/rustwide/cargo-home/registry/src/index.crates.io-6f17d22bba15001f/inexor-rgf-core-frp-0.9.1/src/lib.rs:3:1
[INFO] [stdout]   |
[INFO] [stdout] 3 | #![feature(unboxed_closures)]
[INFO] [stdout]   | ^^^^^^^^^^^^^^^^^^^^^^^^^^^^^
[INFO] [stdout] 
[INFO] [stdout] 
[INFO] [stdout] error[E0554]: `#![feature]` may not be used on the stable release channel
[INFO] [stdout]  --> /opt/rustwide/cargo-home/registry/src/index.crates.io-6f17d22bba15001f/inexor-rgf-core-frp-0.9.1/src/lib.rs:4:1
[INFO] [stdout]   |
[INFO] [stdout] 4 | #![feature(register_tool)]
[INFO] [stdout]   | ^^^^^^^^^^^^^^^^^^^^^^^^^^
[INFO] [stdout] 
[INFO] [stdout] 
[INFO] [stdout] error: aborting due to 3 previous errors
[INFO] [stdout] 
[INFO] [stdout] 
[INFO] [stdout] For more information about this error, try `rustc --explain E0554`.
[INFO] [stdout] 
[INFO] [stderr] error: could not compile `inexor-rgf-core-frp` (lib) due to 4 previous errors
[INFO] running `Command { std: "docker" "inspect" "1e019c5dab7d3478515b551ec3f799d67e242601688be84564819e2b38868bd9", kill_on_drop: false }`
[INFO] running `Command { std: "docker" "rm" "-f" "1e019c5dab7d3478515b551ec3f799d67e242601688be84564819e2b38868bd9", kill_on_drop: false }`
[INFO] [stdout] 1e019c5dab7d3478515b551ec3f799d67e242601688be84564819e2b38868bd9
[INFO] documenting inexor-rgf-core-builder-0.9.1 against beta-2023-12-22 for beta-1.76-rustdoc-1
[INFO] extracting crate inexor-rgf-core-builder 0.9.1 into /workspace/builds/worker-5-tc2/source
[INFO] validating manifest of crates.io crate inexor-rgf-core-builder 0.9.1 on toolchain beta-2023-12-22
[INFO] running `Command { std: CARGO_HOME="/workspace/cargo-home" RUSTUP_HOME="/workspace/rustup-home" "/workspace/cargo-home/bin/cargo" "+beta-2023-12-22" "metadata" "--manifest-path" "Cargo.toml" "--no-deps", kill_on_drop: false }`
[INFO] started tweaking crates.io crate inexor-rgf-core-builder 0.9.1
[INFO] finished tweaking crates.io crate inexor-rgf-core-builder 0.9.1
[INFO] tweaked toml for crates.io crate inexor-rgf-core-builder 0.9.1 written to /workspace/builds/worker-5-tc2/source/Cargo.toml
[INFO] running `Command { std: CARGO_HOME="/workspace/cargo-home" RUSTUP_HOME="/workspace/rustup-home" "/workspace/cargo-home/bin/cargo" "+beta-2023-12-22" "generate-lockfile" "--manifest-path" "Cargo.toml", kill_on_drop: false }`
[INFO] [stderr]     Updating crates.io index
[INFO] running `Command { std: CARGO_HOME="/workspace/cargo-home" RUSTUP_HOME="/workspace/rustup-home" "/workspace/cargo-home/bin/cargo" "+beta-2023-12-22" "fetch" "--manifest-path" "Cargo.toml", kill_on_drop: false }`
[INFO] running `Command { std: "docker" "create" "-v" "/var/lib/crater-agent-workspace/builds/worker-5-tc2/target:/opt/rustwide/target:rw,Z" "-v" "/var/lib/crater-agent-workspace/builds/worker-5-tc2/source:/opt/rustwide/workdir:ro,Z" "-v" "/var/lib/crater-agent-workspace/cargo-home:/opt/rustwide/cargo-home:ro,Z" "-v" "/var/lib/crater-agent-workspace/rustup-home:/opt/rustwide/rustup-home:ro,Z" "-e" "SOURCE_DIR=/opt/rustwide/workdir" "-e" "CARGO_TARGET_DIR=/opt/rustwide/target" "-e" "CARGO_HOME=/opt/rustwide/cargo-home" "-e" "RUSTUP_HOME=/opt/rustwide/rustup-home" "-w" "/opt/rustwide/workdir" "-m" "1610612736" "--user" "0:0" "--network" "none" "ghcr.io/rust-lang/crates-build-env/linux@sha256:2788e3201cd34a07e3172128adcd8b3090168a8e3bcc40d7c032b9dda1df7d1c" "/opt/rustwide/cargo-home/bin/cargo" "+beta-2023-12-22" "metadata" "--no-deps" "--format-version=1", kill_on_drop: false }`
[INFO] [stdout] aa4b20e3a3451d0737871010fa6cc183f17c58fcffddd5a30e08bb11edc49249
[INFO] running `Command { std: "docker" "start" "-a" "aa4b20e3a3451d0737871010fa6cc183f17c58fcffddd5a30e08bb11edc49249", kill_on_drop: false }`
[INFO] running `Command { std: "docker" "inspect" "aa4b20e3a3451d0737871010fa6cc183f17c58fcffddd5a30e08bb11edc49249", kill_on_drop: false }`
[INFO] running `Command { std: "docker" "rm" "-f" "aa4b20e3a3451d0737871010fa6cc183f17c58fcffddd5a30e08bb11edc49249", kill_on_drop: false }`
[INFO] [stdout] aa4b20e3a3451d0737871010fa6cc183f17c58fcffddd5a30e08bb11edc49249
[INFO] running `Command { std: "docker" "create" "-v" "/var/lib/crater-agent-workspace/builds/worker-5-tc2/target:/opt/rustwide/target:rw,Z" "-v" "/var/lib/crater-agent-workspace/builds/worker-5-tc2/source:/opt/rustwide/workdir:ro,Z" "-v" "/var/lib/crater-agent-workspace/cargo-home:/opt/rustwide/cargo-home:ro,Z" "-v" "/var/lib/crater-agent-workspace/rustup-home:/opt/rustwide/rustup-home:ro,Z" "-e" "SOURCE_DIR=/opt/rustwide/workdir" "-e" "CARGO_TARGET_DIR=/opt/rustwide/target" "-e" "CARGO_INCREMENTAL=0" "-e" "RUST_BACKTRACE=full" "-e" "RUSTFLAGS=--cap-lints=warn" "-e" "RUSTDOCFLAGS=--cap-lints=warn" "-e" "CARGO_HOME=/opt/rustwide/cargo-home" "-e" "RUSTUP_HOME=/opt/rustwide/rustup-home" "-w" "/opt/rustwide/workdir" "-m" "1610612736" "--user" "0:0" "--network" "none" "ghcr.io/rust-lang/crates-build-env/linux@sha256:2788e3201cd34a07e3172128adcd8b3090168a8e3bcc40d7c032b9dda1df7d1c" "/opt/rustwide/cargo-home/bin/cargo" "+beta-2023-12-22" "doc" "--frozen" "--no-deps" "--document-private-items" "--message-format=json", kill_on_drop: false }`
[INFO] [stdout] b63b5803736b88ddc850e7f357ddafa47cd0fd7bcf715625935e60b4d3301be7
[INFO] running `Command { std: "docker" "start" "-a" "b63b5803736b88ddc850e7f357ddafa47cd0fd7bcf715625935e60b4d3301be7", kill_on_drop: false }`
[INFO] [stderr]    Compiling proc-macro2 v1.0.76
[INFO] [stderr]    Compiling crossbeam-utils v0.8.18
[INFO] [stderr]    Compiling indexmap v1.9.3
[INFO] [stderr]    Compiling syn v1.0.109
[INFO] [stderr]     Checking linked-hash-map v0.5.6
[INFO] [stderr]    Compiling rayon-core v1.12.0
[INFO] [stderr]    Compiling thiserror v1.0.56
[INFO] [stderr]    Compiling anyhow v1.0.79
[INFO] [stderr]     Checking ordered-float v2.10.1
[INFO] [stderr]     Checking atomic v0.5.3
[INFO] [stderr]     Checking sha1_smol v1.0.0
[INFO] [stderr]     Checking rmp v0.8.12
[INFO] [stderr]     Checking thread-id v4.2.1
[INFO] [stderr]     Checking rand v0.8.5
[INFO] [stderr]     Checking tempfile v3.9.0
[INFO] [stderr]     Checking hashbrown v0.14.3
[INFO] [stderr]     Checking yaml-rust v0.4.5
[INFO] [stderr]    Compiling quote v1.0.35
[INFO] [stderr]    Compiling syn v2.0.48
[INFO] [stderr]     Checking crossbeam-epoch v0.9.17
[INFO] [stderr]     Checking dashmap v5.5.3
[INFO] [stderr]     Checking crossbeam-deque v0.8.4
[INFO] [stderr]     Checking rayon v1.8.0
[INFO] [stderr]    Compiling derivative v2.2.0
[INFO] [stderr]    Compiling serde_derive v1.0.195
[INFO] [stderr]    Compiling thiserror-impl v1.0.56
[INFO] [stderr]     Checking serde v1.0.195
[INFO] [stderr]     Checking chrono v0.4.31
[INFO] [stderr]     Checking serde_json v1.0.111
[INFO] [stderr]     Checking uuid v1.6.1
[INFO] [stderr]     Checking serde-value v0.7.0
[INFO] [stderr]     Checking serde_yaml v0.8.26
[INFO] [stderr]     Checking log v0.4.20
[INFO] [stderr]     Checking toml v0.5.11
[INFO] [stderr]     Checking bincode v1.3.3
[INFO] [stderr]     Checking rmp-serde v1.1.2
[INFO] [stderr]     Checking log4rs v1.2.0
[INFO] [stderr]     Checking indradb-lib v3.0.4
[INFO] [stderr]     Checking inexor-rgf-core-frp v0.9.1
[INFO] [stdout] error[E0554]: `#![feature]` may not be used on the beta release channel
[INFO] [stdout]  --> /opt/rustwide/cargo-home/registry/src/index.crates.io-6f17d22bba15001f/inexor-rgf-core-frp-0.9.1/src/lib.rs:2:1
[INFO] [stdout]   |
[INFO] [stdout] 2 | #![feature(unsized_tuple_coercion)]
[INFO] [stdout]   | ^^^^^^^^^^^^^^^^^^^^^^^^^^^^^^^^^^^
[INFO] [stdout] 
[INFO] [stdout] 
[INFO] [stdout] error[E0554]: `#![feature]` may not be used on the beta release channel
[INFO] [stdout]  --> /opt/rustwide/cargo-home/registry/src/index.crates.io-6f17d22bba15001f/inexor-rgf-core-frp-0.9.1/src/lib.rs:3:1
[INFO] [stdout]   |
[INFO] [stdout] 3 | #![feature(unboxed_closures)]
[INFO] [stdout]   | ^^^^^^^^^^^^^^^^^^^^^^^^^^^^^
[INFO] [stdout] 
[INFO] [stdout] 
[INFO] [stdout] error[E0554]: `#![feature]` may not be used on the beta release channel
[INFO] [stdout]  --> /opt/rustwide/cargo-home/registry/src/index.crates.io-6f17d22bba15001f/inexor-rgf-core-frp-0.9.1/src/lib.rs:4:1
[INFO] [stdout]   |
[INFO] [stdout] 4 | #![feature(register_tool)]
[INFO] [stdout]   | ^^^^^^^^^^^^^^^^^^^^^^^^^^
[INFO] [stdout] 
[INFO] [stdout] 
[INFO] [stdout] error: aborting due to 3 previous errors
[INFO] [stdout] 
[INFO] [stdout] 
[INFO] [stdout] For more information about this error, try `rustc --explain E0554`.
[INFO] [stdout] 
[INFO] [stderr] error: could not compile `inexor-rgf-core-frp` (lib) due to 4 previous errors
[INFO] running `Command { std: "docker" "inspect" "b63b5803736b88ddc850e7f357ddafa47cd0fd7bcf715625935e60b4d3301be7", kill_on_drop: false }`
[INFO] running `Command { std: "docker" "rm" "-f" "b63b5803736b88ddc850e7f357ddafa47cd0fd7bcf715625935e60b4d3301be7", kill_on_drop: false }`
[INFO] [stdout] b63b5803736b88ddc850e7f357ddafa47cd0fd7bcf715625935e60b4d3301be7
