[INFO] fetching crate include_dir_bytes 0.2.1...
[INFO] documenting include_dir_bytes-0.2.1 against 1.75.0 for beta-1.76-rustdoc-1
[INFO] extracting crate include_dir_bytes 0.2.1 into /workspace/builds/worker-6-tc1/source
[INFO] validating manifest of crates.io crate include_dir_bytes 0.2.1 on toolchain 1.75.0
[INFO] running `Command { std: CARGO_HOME="/workspace/cargo-home" RUSTUP_HOME="/workspace/rustup-home" "/workspace/cargo-home/bin/cargo" "+1.75.0" "metadata" "--manifest-path" "Cargo.toml" "--no-deps", kill_on_drop: false }`
[INFO] started tweaking crates.io crate include_dir_bytes 0.2.1
[INFO] finished tweaking crates.io crate include_dir_bytes 0.2.1
[INFO] tweaked toml for crates.io crate include_dir_bytes 0.2.1 written to /workspace/builds/worker-6-tc1/source/Cargo.toml
[INFO] running `Command { std: CARGO_HOME="/workspace/cargo-home" RUSTUP_HOME="/workspace/rustup-home" "/workspace/cargo-home/bin/cargo" "+1.75.0" "generate-lockfile" "--manifest-path" "Cargo.toml", kill_on_drop: false }`
[INFO] [stderr]     Updating crates.io index
[INFO] running `Command { std: CARGO_HOME="/workspace/cargo-home" RUSTUP_HOME="/workspace/rustup-home" "/workspace/cargo-home/bin/cargo" "+1.75.0" "fetch" "--manifest-path" "Cargo.toml", kill_on_drop: false }`
[INFO] running `Command { std: "docker" "create" "-v" "/var/lib/crater-agent-workspace/builds/worker-6-tc1/target:/opt/rustwide/target:rw,Z" "-v" "/var/lib/crater-agent-workspace/builds/worker-6-tc1/source:/opt/rustwide/workdir:ro,Z" "-v" "/var/lib/crater-agent-workspace/cargo-home:/opt/rustwide/cargo-home:ro,Z" "-v" "/var/lib/crater-agent-workspace/rustup-home:/opt/rustwide/rustup-home:ro,Z" "-e" "SOURCE_DIR=/opt/rustwide/workdir" "-e" "CARGO_TARGET_DIR=/opt/rustwide/target" "-e" "CARGO_HOME=/opt/rustwide/cargo-home" "-e" "RUSTUP_HOME=/opt/rustwide/rustup-home" "-w" "/opt/rustwide/workdir" "-m" "1610612736" "--user" "0:0" "--network" "none" "ghcr.io/rust-lang/crates-build-env/linux@sha256:2788e3201cd34a07e3172128adcd8b3090168a8e3bcc40d7c032b9dda1df7d1c" "/opt/rustwide/cargo-home/bin/cargo" "+1.75.0" "metadata" "--no-deps" "--format-version=1", kill_on_drop: false }`
[INFO] [stdout] 6032e240a15649e180959b15e2c83cbb8600c54602b34cf9ed2d6ed5d414ef6c
[INFO] running `Command { std: "docker" "start" "-a" "6032e240a15649e180959b15e2c83cbb8600c54602b34cf9ed2d6ed5d414ef6c", kill_on_drop: false }`
[INFO] running `Command { std: "docker" "inspect" "6032e240a15649e180959b15e2c83cbb8600c54602b34cf9ed2d6ed5d414ef6c", kill_on_drop: false }`
[INFO] running `Command { std: "docker" "rm" "-f" "6032e240a15649e180959b15e2c83cbb8600c54602b34cf9ed2d6ed5d414ef6c", kill_on_drop: false }`
[INFO] [stdout] 6032e240a15649e180959b15e2c83cbb8600c54602b34cf9ed2d6ed5d414ef6c
[INFO] running `Command { std: "docker" "create" "-v" "/var/lib/crater-agent-workspace/builds/worker-6-tc1/target:/opt/rustwide/target:rw,Z" "-v" "/var/lib/crater-agent-workspace/builds/worker-6-tc1/source:/opt/rustwide/workdir:ro,Z" "-v" "/var/lib/crater-agent-workspace/cargo-home:/opt/rustwide/cargo-home:ro,Z" "-v" "/var/lib/crater-agent-workspace/rustup-home:/opt/rustwide/rustup-home:ro,Z" "-e" "SOURCE_DIR=/opt/rustwide/workdir" "-e" "CARGO_TARGET_DIR=/opt/rustwide/target" "-e" "CARGO_INCREMENTAL=0" "-e" "RUST_BACKTRACE=full" "-e" "RUSTFLAGS=--cap-lints=warn" "-e" "RUSTDOCFLAGS=--cap-lints=warn" "-e" "CARGO_HOME=/opt/rustwide/cargo-home" "-e" "RUSTUP_HOME=/opt/rustwide/rustup-home" "-w" "/opt/rustwide/workdir" "-m" "1610612736" "--user" "0:0" "--network" "none" "ghcr.io/rust-lang/crates-build-env/linux@sha256:2788e3201cd34a07e3172128adcd8b3090168a8e3bcc40d7c032b9dda1df7d1c" "/opt/rustwide/cargo-home/bin/cargo" "+1.75.0" "doc" "--frozen" "--no-deps" "--document-private-items" "--message-format=json", kill_on_drop: false }`
[INFO] [stdout] cab74f2158126b87ee441eed1fcea62a293f429265e8579f762ab1ac0fa8fa22
[INFO] running `Command { std: "docker" "start" "-a" "cab74f2158126b87ee441eed1fcea62a293f429265e8579f762ab1ac0fa8fa22", kill_on_drop: false }`
[INFO] [stderr]     Checking glob v0.2.11
[INFO] [stderr]  Documenting include_dir_bytes v0.2.1 (/opt/rustwide/workdir)
[INFO] [stdout] error[E0557]: feature has been removed
[INFO] [stdout]  --> src/lib.rs:2:12
[INFO] [stdout]   |
[INFO] [stdout] 2 | #![feature(plugin_registrar, quote, rustc_private)]
[INFO] [stdout]   |            ^^^^^^^^^^^^^^^^ feature has been removed
[INFO] [stdout]   |
[INFO] [stdout]   = note: plugins are no longer supported
[INFO] [stdout] 
[INFO] [stdout] 
[INFO] [stdout] error[E0557]: feature has been removed
[INFO] [stdout]  --> src/lib.rs:2:30
[INFO] [stdout]   |
[INFO] [stdout] 2 | #![feature(plugin_registrar, quote, rustc_private)]
[INFO] [stdout]   |                              ^^^^^ feature has been removed
[INFO] [stdout] 
[INFO] [stdout] 
[INFO] [stdout] error: Compilation failed, aborting rustdoc
[INFO] [stdout] 
[INFO] [stdout] 
[INFO] [stdout] error: aborting due to 3 previous errors
[INFO] [stdout] 
[INFO] [stdout] 
[INFO] [stdout] For more information about this error, try `rustc --explain E0557`.
[INFO] [stdout] 
[INFO] [stderr] error: could not document `include_dir_bytes`
[INFO] [stderr] 
[INFO] [stderr] Caused by:
[INFO] [stderr]   process didn't exit successfully: `/opt/rustwide/rustup-home/toolchains/1.75.0-x86_64-unknown-linux-gnu/bin/rustdoc --crate-type dylib --crate-name include_dir_bytes src/lib.rs -o /opt/rustwide/target/doc --error-format=json --json=diagnostic-rendered-ansi,artifacts,future-incompat --document-private-items -C metadata=20d95877cfec1d4c -L dependency=/opt/rustwide/target/debug/deps --extern glob=/opt/rustwide/target/debug/deps/libglob-8f2095d171dc7344.rmeta --cap-lints=warn --crate-version 0.2.1` (exit status: 1)
[INFO] running `Command { std: "docker" "inspect" "cab74f2158126b87ee441eed1fcea62a293f429265e8579f762ab1ac0fa8fa22", kill_on_drop: false }`
[INFO] running `Command { std: "docker" "rm" "-f" "cab74f2158126b87ee441eed1fcea62a293f429265e8579f762ab1ac0fa8fa22", kill_on_drop: false }`
[INFO] [stdout] cab74f2158126b87ee441eed1fcea62a293f429265e8579f762ab1ac0fa8fa22
[INFO] documenting include_dir_bytes-0.2.1 against beta-2023-12-22 for beta-1.76-rustdoc-1
[INFO] extracting crate include_dir_bytes 0.2.1 into /workspace/builds/worker-6-tc2/source
[INFO] validating manifest of crates.io crate include_dir_bytes 0.2.1 on toolchain beta-2023-12-22
[INFO] running `Command { std: CARGO_HOME="/workspace/cargo-home" RUSTUP_HOME="/workspace/rustup-home" "/workspace/cargo-home/bin/cargo" "+beta-2023-12-22" "metadata" "--manifest-path" "Cargo.toml" "--no-deps", kill_on_drop: false }`
[INFO] started tweaking crates.io crate include_dir_bytes 0.2.1
[INFO] finished tweaking crates.io crate include_dir_bytes 0.2.1
[INFO] tweaked toml for crates.io crate include_dir_bytes 0.2.1 written to /workspace/builds/worker-6-tc2/source/Cargo.toml
[INFO] running `Command { std: CARGO_HOME="/workspace/cargo-home" RUSTUP_HOME="/workspace/rustup-home" "/workspace/cargo-home/bin/cargo" "+beta-2023-12-22" "generate-lockfile" "--manifest-path" "Cargo.toml", kill_on_drop: false }`
[INFO] [stderr]     Updating crates.io index
[INFO] running `Command { std: CARGO_HOME="/workspace/cargo-home" RUSTUP_HOME="/workspace/rustup-home" "/workspace/cargo-home/bin/cargo" "+beta-2023-12-22" "fetch" "--manifest-path" "Cargo.toml", kill_on_drop: false }`
[INFO] running `Command { std: "docker" "create" "-v" "/var/lib/crater-agent-workspace/builds/worker-6-tc2/target:/opt/rustwide/target:rw,Z" "-v" "/var/lib/crater-agent-workspace/builds/worker-6-tc2/source:/opt/rustwide/workdir:ro,Z" "-v" "/var/lib/crater-agent-workspace/cargo-home:/opt/rustwide/cargo-home:ro,Z" "-v" "/var/lib/crater-agent-workspace/rustup-home:/opt/rustwide/rustup-home:ro,Z" "-e" "SOURCE_DIR=/opt/rustwide/workdir" "-e" "CARGO_TARGET_DIR=/opt/rustwide/target" "-e" "CARGO_HOME=/opt/rustwide/cargo-home" "-e" "RUSTUP_HOME=/opt/rustwide/rustup-home" "-w" "/opt/rustwide/workdir" "-m" "1610612736" "--user" "0:0" "--network" "none" "ghcr.io/rust-lang/crates-build-env/linux@sha256:2788e3201cd34a07e3172128adcd8b3090168a8e3bcc40d7c032b9dda1df7d1c" "/opt/rustwide/cargo-home/bin/cargo" "+beta-2023-12-22" "metadata" "--no-deps" "--format-version=1", kill_on_drop: false }`
[INFO] [stdout] 1765bd23dcb25e1783682ec85b7c8e8db13a8bb31d988bb5c6dc7898fe381021
[INFO] running `Command { std: "docker" "start" "-a" "1765bd23dcb25e1783682ec85b7c8e8db13a8bb31d988bb5c6dc7898fe381021", kill_on_drop: false }`
[INFO] running `Command { std: "docker" "inspect" "1765bd23dcb25e1783682ec85b7c8e8db13a8bb31d988bb5c6dc7898fe381021", kill_on_drop: false }`
[INFO] running `Command { std: "docker" "rm" "-f" "1765bd23dcb25e1783682ec85b7c8e8db13a8bb31d988bb5c6dc7898fe381021", kill_on_drop: false }`
[INFO] [stdout] 1765bd23dcb25e1783682ec85b7c8e8db13a8bb31d988bb5c6dc7898fe381021
[INFO] running `Command { std: "docker" "create" "-v" "/var/lib/crater-agent-workspace/builds/worker-6-tc2/target:/opt/rustwide/target:rw,Z" "-v" "/var/lib/crater-agent-workspace/builds/worker-6-tc2/source:/opt/rustwide/workdir:ro,Z" "-v" "/var/lib/crater-agent-workspace/cargo-home:/opt/rustwide/cargo-home:ro,Z" "-v" "/var/lib/crater-agent-workspace/rustup-home:/opt/rustwide/rustup-home:ro,Z" "-e" "SOURCE_DIR=/opt/rustwide/workdir" "-e" "CARGO_TARGET_DIR=/opt/rustwide/target" "-e" "CARGO_INCREMENTAL=0" "-e" "RUST_BACKTRACE=full" "-e" "RUSTFLAGS=--cap-lints=warn" "-e" "RUSTDOCFLAGS=--cap-lints=warn" "-e" "CARGO_HOME=/opt/rustwide/cargo-home" "-e" "RUSTUP_HOME=/opt/rustwide/rustup-home" "-w" "/opt/rustwide/workdir" "-m" "1610612736" "--user" "0:0" "--network" "none" "ghcr.io/rust-lang/crates-build-env/linux@sha256:2788e3201cd34a07e3172128adcd8b3090168a8e3bcc40d7c032b9dda1df7d1c" "/opt/rustwide/cargo-home/bin/cargo" "+beta-2023-12-22" "doc" "--frozen" "--no-deps" "--document-private-items" "--message-format=json", kill_on_drop: false }`
[INFO] [stdout] 8a5610fdca6e6728043d89a424484478d9c2d68e975c8e7834cda3b668ba728e
[INFO] running `Command { std: "docker" "start" "-a" "8a5610fdca6e6728043d89a424484478d9c2d68e975c8e7834cda3b668ba728e", kill_on_drop: false }`
[INFO] [stderr]     Checking glob v0.2.11
[INFO] [stderr]  Documenting include_dir_bytes v0.2.1 (/opt/rustwide/workdir)
[INFO] [stdout] error[E0557]: feature has been removed
[INFO] [stdout]  --> src/lib.rs:2:12
[INFO] [stdout]   |
[INFO] [stdout] 2 | #![feature(plugin_registrar, quote, rustc_private)]
[INFO] [stdout]   |            ^^^^^^^^^^^^^^^^ feature has been removed
[INFO] [stdout]   |
[INFO] [stdout]   = note: plugins are no longer supported
[INFO] [stdout] 
[INFO] [stdout] 
[INFO] [stdout] error[E0557]: feature has been removed
[INFO] [stdout]  --> src/lib.rs:2:30
[INFO] [stdout]   |
[INFO] [stdout] 2 | #![feature(plugin_registrar, quote, rustc_private)]
[INFO] [stdout]   |                              ^^^^^ feature has been removed
[INFO] [stdout] 
[INFO] [stdout] 
[INFO] [stdout] error: Compilation failed, aborting rustdoc
[INFO] [stdout] 
[INFO] [stdout] 
[INFO] [stdout] error: aborting due to 3 previous errors
[INFO] [stdout] 
[INFO] [stdout] 
[INFO] [stdout] For more information about this error, try `rustc --explain E0557`.
[INFO] [stdout] 
[INFO] [stderr] error: could not document `include_dir_bytes`
[INFO] [stderr] 
[INFO] [stderr] Caused by:
[INFO] [stderr]   process didn't exit successfully: `/opt/rustwide/rustup-home/toolchains/beta-2023-12-22-x86_64-unknown-linux-gnu/bin/rustdoc --crate-type dylib --crate-name include_dir_bytes src/lib.rs -o /opt/rustwide/target/doc --error-format=json --json=diagnostic-rendered-ansi,artifacts,future-incompat --document-private-items -C metadata=27ec61169028259e -L dependency=/opt/rustwide/target/debug/deps --extern glob=/opt/rustwide/target/debug/deps/libglob-b3f8e8a2940a7ae5.rmeta --cap-lints=warn --crate-version 0.2.1` (exit status: 1)
[INFO] running `Command { std: "docker" "inspect" "8a5610fdca6e6728043d89a424484478d9c2d68e975c8e7834cda3b668ba728e", kill_on_drop: false }`
[INFO] running `Command { std: "docker" "rm" "-f" "8a5610fdca6e6728043d89a424484478d9c2d68e975c8e7834cda3b668ba728e", kill_on_drop: false }`
[INFO] [stdout] 8a5610fdca6e6728043d89a424484478d9c2d68e975c8e7834cda3b668ba728e
