[INFO] fetching crate image2 1.9.2...
[INFO] documenting image2-1.9.2 against 1.75.0 for beta-1.76-rustdoc-1
[INFO] extracting crate image2 1.9.2 into /workspace/builds/worker-4-tc1/source
[INFO] validating manifest of crates.io crate image2 1.9.2 on toolchain 1.75.0
[INFO] running `Command { std: CARGO_HOME="/workspace/cargo-home" RUSTUP_HOME="/workspace/rustup-home" "/workspace/cargo-home/bin/cargo" "+1.75.0" "metadata" "--manifest-path" "Cargo.toml" "--no-deps", kill_on_drop: false }`
[INFO] started tweaking crates.io crate image2 1.9.2
[INFO] removed 0 missing examples
[INFO] finished tweaking crates.io crate image2 1.9.2
[INFO] tweaked toml for crates.io crate image2 1.9.2 written to /workspace/builds/worker-4-tc1/source/Cargo.toml
[INFO] crate crates.io crate image2 1.9.2 already has a lockfile, it will not be regenerated
[INFO] running `Command { std: CARGO_HOME="/workspace/cargo-home" RUSTUP_HOME="/workspace/rustup-home" "/workspace/cargo-home/bin/cargo" "+1.75.0" "fetch" "--manifest-path" "Cargo.toml", kill_on_drop: false }`
[INFO] [stderr]     Updating crates.io index
[INFO] [stderr]  Downloading crates ...
[INFO] [stderr]   Downloaded cpp v0.5.7
[INFO] [stderr]   Downloaded cpp_common v0.5.7
[INFO] [stderr]   Downloaded cpp_macros v0.5.7
[INFO] [stderr]   Downloaded cmake v0.1.49
[INFO] [stderr]   Downloaded cpp_build v0.5.7
[INFO] [stderr]   Downloaded memmap2 v0.5.8
[INFO] [stderr]   Downloaded smol v1.3.0
[INFO] [stderr]   Downloaded glfw v0.51.0
[INFO] [stderr]   Downloaded glfw-sys v4.0.0+3.3.5
[INFO] [stderr]   Downloaded glow v0.12.0
[INFO] [stderr]   Downloaded async-net v1.7.0
[INFO] running `Command { std: "docker" "create" "-v" "/var/lib/crater-agent-workspace/builds/worker-4-tc1/target:/opt/rustwide/target:rw,Z" "-v" "/var/lib/crater-agent-workspace/builds/worker-4-tc1/source:/opt/rustwide/workdir:ro,Z" "-v" "/var/lib/crater-agent-workspace/cargo-home:/opt/rustwide/cargo-home:ro,Z" "-v" "/var/lib/crater-agent-workspace/rustup-home:/opt/rustwide/rustup-home:ro,Z" "-e" "SOURCE_DIR=/opt/rustwide/workdir" "-e" "CARGO_TARGET_DIR=/opt/rustwide/target" "-e" "CARGO_HOME=/opt/rustwide/cargo-home" "-e" "RUSTUP_HOME=/opt/rustwide/rustup-home" "-w" "/opt/rustwide/workdir" "-m" "1610612736" "--user" "0:0" "--network" "none" "ghcr.io/rust-lang/crates-build-env/linux@sha256:2788e3201cd34a07e3172128adcd8b3090168a8e3bcc40d7c032b9dda1df7d1c" "/opt/rustwide/cargo-home/bin/cargo" "+1.75.0" "metadata" "--no-deps" "--format-version=1", kill_on_drop: false }`
[INFO] [stdout] 835a4557c19c025f23a5d852d5725dd5fd58e11908debfdcc36402b924892995
[INFO] running `Command { std: "docker" "start" "-a" "835a4557c19c025f23a5d852d5725dd5fd58e11908debfdcc36402b924892995", kill_on_drop: false }`
[INFO] running `Command { std: "docker" "inspect" "835a4557c19c025f23a5d852d5725dd5fd58e11908debfdcc36402b924892995", kill_on_drop: false }`
[INFO] running `Command { std: "docker" "rm" "-f" "835a4557c19c025f23a5d852d5725dd5fd58e11908debfdcc36402b924892995", kill_on_drop: false }`
[INFO] [stdout] 835a4557c19c025f23a5d852d5725dd5fd58e11908debfdcc36402b924892995
[INFO] running `Command { std: "docker" "create" "-v" "/var/lib/crater-agent-workspace/builds/worker-4-tc1/target:/opt/rustwide/target:rw,Z" "-v" "/var/lib/crater-agent-workspace/builds/worker-4-tc1/source:/opt/rustwide/workdir:ro,Z" "-v" "/var/lib/crater-agent-workspace/cargo-home:/opt/rustwide/cargo-home:ro,Z" "-v" "/var/lib/crater-agent-workspace/rustup-home:/opt/rustwide/rustup-home:ro,Z" "-e" "SOURCE_DIR=/opt/rustwide/workdir" "-e" "CARGO_TARGET_DIR=/opt/rustwide/target" "-e" "CARGO_INCREMENTAL=0" "-e" "RUST_BACKTRACE=full" "-e" "RUSTFLAGS=--cap-lints=warn" "-e" "RUSTDOCFLAGS=--cap-lints=warn" "-e" "CARGO_HOME=/opt/rustwide/cargo-home" "-e" "RUSTUP_HOME=/opt/rustwide/rustup-home" "-w" "/opt/rustwide/workdir" "-m" "1610612736" "--user" "0:0" "--network" "none" "ghcr.io/rust-lang/crates-build-env/linux@sha256:2788e3201cd34a07e3172128adcd8b3090168a8e3bcc40d7c032b9dda1df7d1c" "/opt/rustwide/cargo-home/bin/cargo" "+1.75.0" "doc" "--frozen" "--no-deps" "--document-private-items" "--message-format=json", kill_on_drop: false }`
[INFO] [stdout] 1b2a6aa57de1855ae6a27f21ebbba2cd777811c8b564e761ca15a3744a80eddc
[INFO] running `Command { std: "docker" "start" "-a" "1b2a6aa57de1855ae6a27f21ebbba2cd777811c8b564e761ca15a3744a80eddc", kill_on_drop: false }`
[INFO] [stderr]    Compiling proc-macro2 v1.0.51
[INFO] [stderr]    Compiling quote v1.0.23
[INFO] [stderr]    Compiling unicode-ident v1.0.6
[INFO] [stderr]    Compiling syn v1.0.107
[INFO] [stderr]    Compiling crossbeam-utils v0.8.14
[INFO] [stderr]    Compiling memoffset v0.7.1
[INFO] [stderr]    Compiling memchr v2.5.0
[INFO] [stderr]    Compiling libc v0.2.139
[INFO] [stderr]    Compiling crossbeam-epoch v0.9.13
[INFO] [stderr]    Compiling regex-syntax v0.6.28
[INFO] [stderr]    Compiling num-traits v0.2.15
[INFO] [stderr]    Compiling rayon-core v1.10.2
[INFO] [stderr]    Compiling aho-corasick v0.7.20
[INFO] [stderr]    Compiling unicode-xid v0.2.4
[INFO] [stderr]     Checking crossbeam-channel v0.5.6
[INFO] [stderr]     Checking crossbeam-deque v0.8.2
[INFO] [stderr]    Compiling byteorder v1.4.3
[INFO] [stderr]     Checking ttf-parser v0.15.2
[INFO] [stderr]     Checking num_cpus v1.15.0
[INFO] [stderr]    Compiling thiserror v1.0.38
[INFO] [stderr]     Checking ab_glyph_rasterizer v0.1.8
[INFO] [stderr]     Checking either v1.8.1
[INFO] [stderr]     Checking memmap2 v0.5.8
[INFO] [stderr]     Checking half v2.2.1
[INFO] [stderr]     Checking rayon v1.6.1
[INFO] [stderr]     Checking euclid v0.22.7
[INFO] [stderr]    Compiling regex v1.7.1
[INFO] [stderr]     Checking owned_ttf_parser v0.15.2
[INFO] [stderr]     Checking rusttype v0.9.3
[INFO] [stderr]    Compiling cpp_common v0.5.7
[INFO] [stderr]    Compiling cpp_build v0.5.7
[INFO] [stderr]    Compiling cpp_macros v0.5.7
[INFO] [stderr]    Compiling image2 v1.9.2 (/opt/rustwide/workdir)
[INFO] [stderr]    Compiling thiserror-impl v1.0.38
[INFO] [stderr] The following warnings were emitted during compilation:
[INFO] [stderr] 
[INFO] [stderr] warning: image2@1.9.2: src/io/oiio.rs:8:14: fatal error: OpenImageIO/paramlist.h: No such file or directory
[INFO] [stderr] warning: image2@1.9.2:     8 |     #include <OpenImageIO/paramlist.h>
[INFO] [stderr] warning: image2@1.9.2:       |              ^~~~~~~~~~~~~~~~~~~~~~~~~
[INFO] [stderr] warning: image2@1.9.2: compilation terminated.
[INFO] [stderr] 
[INFO] [stderr] error: failed to run custom build command for `image2 v1.9.2 (/opt/rustwide/workdir)`
[INFO] [stderr] note: To improve backtraces for build dependencies, set the CARGO_PROFILE_DEV_BUILD_OVERRIDE_DEBUG=true environment variable to enable debug information generation.
[INFO] [stderr] 
[INFO] [stderr] Caused by:
[INFO] [stderr]   process didn't exit successfully: `/opt/rustwide/target/debug/build/image2-f462208c6c0e3cd7/build-script-build` (exit status: 1)
[INFO] [stderr]   --- stdout
[INFO] [stderr]   TARGET = Some("x86_64-unknown-linux-gnu")
[INFO] [stderr]   OPT_LEVEL = Some("0")
[INFO] [stderr]   HOST = Some("x86_64-unknown-linux-gnu")
[INFO] [stderr]   cargo:rerun-if-env-changed=CXX_x86_64-unknown-linux-gnu
[INFO] [stderr]   CXX_x86_64-unknown-linux-gnu = None
[INFO] [stderr]   cargo:rerun-if-env-changed=CXX_x86_64_unknown_linux_gnu
[INFO] [stderr]   CXX_x86_64_unknown_linux_gnu = None
[INFO] [stderr]   cargo:rerun-if-env-changed=HOST_CXX
[INFO] [stderr]   HOST_CXX = None
[INFO] [stderr]   cargo:rerun-if-env-changed=CXX
[INFO] [stderr]   CXX = None
[INFO] [stderr]   cargo:rerun-if-env-changed=CXXFLAGS_x86_64-unknown-linux-gnu
[INFO] [stderr]   CXXFLAGS_x86_64-unknown-linux-gnu = None
[INFO] [stderr]   cargo:rerun-if-env-changed=CXXFLAGS_x86_64_unknown_linux_gnu
[INFO] [stderr]   CXXFLAGS_x86_64_unknown_linux_gnu = None
[INFO] [stderr]   cargo:rerun-if-env-changed=HOST_CXXFLAGS
[INFO] [stderr]   HOST_CXXFLAGS = None
[INFO] [stderr]   cargo:rerun-if-env-changed=CXXFLAGS
[INFO] [stderr]   CXXFLAGS = None
[INFO] [stderr]   cargo:rerun-if-env-changed=CRATE_CC_NO_DEFAULTS
[INFO] [stderr]   CRATE_CC_NO_DEFAULTS = None
[INFO] [stderr]   DEBUG = Some("true")
[INFO] [stderr]   CARGO_CFG_TARGET_FEATURE = Some("fxsr,sse,sse2")
[INFO] [stderr]   running: "c++" "-O0" "-ffunction-sections" "-fdata-sections" "-fPIC" "-gdwarf-4" "-fno-omit-frame-pointer" "-m64" "-I" "/opt/rustwide/workdir" "-Wall" "-Wextra" "-std=c++14" "-w" "" "-o" "/opt/rustwide/target/debug/build/image2-98f9d1a0d8c83036/out/a7bd61a2d1053f2b-cpp_closures.o" "-c" "/opt/rustwide/target/debug/build/image2-98f9d1a0d8c83036/out/rust_cpp/cpp_closures.cpp"
[INFO] [stderr]   cargo:warning=src/io/oiio.rs:8:14: fatal error: OpenImageIO/paramlist.h: No such file or directory
[INFO] [stderr]   cargo:warning=    8 |     #include <OpenImageIO/paramlist.h>
[INFO] [stderr]   cargo:warning=      |              ^~~~~~~~~~~~~~~~~~~~~~~~~
[INFO] [stderr]   cargo:warning=compilation terminated.
[INFO] [stderr]   exit status: 1
[INFO] [stderr] 
[INFO] [stderr]   --- stderr
[INFO] [stderr] 
[INFO] [stderr] 
[INFO] [stderr]   error occurred: ToolExecError: Command "c++" "-O0" "-ffunction-sections" "-fdata-sections" "-fPIC" "-gdwarf-4" "-fno-omit-frame-pointer" "-m64" "-I" "/opt/rustwide/workdir" "-Wall" "-Wextra" "-std=c++14" "-w" "" "-o" "/opt/rustwide/target/debug/build/image2-98f9d1a0d8c83036/out/a7bd61a2d1053f2b-cpp_closures.o" "-c" "/opt/rustwide/target/debug/build/image2-98f9d1a0d8c83036/out/rust_cpp/cpp_closures.cpp" with args "c++" did not execute successfully (status code exit status: 1).
[INFO] [stderr] 
[INFO] [stderr] 
[INFO] [stderr] warning: build failed, waiting for other jobs to finish...
[INFO] running `Command { std: "docker" "inspect" "1b2a6aa57de1855ae6a27f21ebbba2cd777811c8b564e761ca15a3744a80eddc", kill_on_drop: false }`
[INFO] running `Command { std: "docker" "rm" "-f" "1b2a6aa57de1855ae6a27f21ebbba2cd777811c8b564e761ca15a3744a80eddc", kill_on_drop: false }`
[INFO] [stdout] 1b2a6aa57de1855ae6a27f21ebbba2cd777811c8b564e761ca15a3744a80eddc
[INFO] documenting image2-1.9.2 against beta-2023-12-22 for beta-1.76-rustdoc-1
[INFO] extracting crate image2 1.9.2 into /workspace/builds/worker-4-tc2/source
[INFO] validating manifest of crates.io crate image2 1.9.2 on toolchain beta-2023-12-22
[INFO] running `Command { std: CARGO_HOME="/workspace/cargo-home" RUSTUP_HOME="/workspace/rustup-home" "/workspace/cargo-home/bin/cargo" "+beta-2023-12-22" "metadata" "--manifest-path" "Cargo.toml" "--no-deps", kill_on_drop: false }`
[INFO] started tweaking crates.io crate image2 1.9.2
[INFO] removed 0 missing examples
[INFO] finished tweaking crates.io crate image2 1.9.2
[INFO] tweaked toml for crates.io crate image2 1.9.2 written to /workspace/builds/worker-4-tc2/source/Cargo.toml
[INFO] crate crates.io crate image2 1.9.2 already has a lockfile, it will not be regenerated
[INFO] running `Command { std: CARGO_HOME="/workspace/cargo-home" RUSTUP_HOME="/workspace/rustup-home" "/workspace/cargo-home/bin/cargo" "+beta-2023-12-22" "fetch" "--manifest-path" "Cargo.toml", kill_on_drop: false }`
[INFO] running `Command { std: "docker" "create" "-v" "/var/lib/crater-agent-workspace/builds/worker-4-tc2/target:/opt/rustwide/target:rw,Z" "-v" "/var/lib/crater-agent-workspace/builds/worker-4-tc2/source:/opt/rustwide/workdir:ro,Z" "-v" "/var/lib/crater-agent-workspace/cargo-home:/opt/rustwide/cargo-home:ro,Z" "-v" "/var/lib/crater-agent-workspace/rustup-home:/opt/rustwide/rustup-home:ro,Z" "-e" "SOURCE_DIR=/opt/rustwide/workdir" "-e" "CARGO_TARGET_DIR=/opt/rustwide/target" "-e" "CARGO_HOME=/opt/rustwide/cargo-home" "-e" "RUSTUP_HOME=/opt/rustwide/rustup-home" "-w" "/opt/rustwide/workdir" "-m" "1610612736" "--user" "0:0" "--network" "none" "ghcr.io/rust-lang/crates-build-env/linux@sha256:2788e3201cd34a07e3172128adcd8b3090168a8e3bcc40d7c032b9dda1df7d1c" "/opt/rustwide/cargo-home/bin/cargo" "+beta-2023-12-22" "metadata" "--no-deps" "--format-version=1", kill_on_drop: false }`
[INFO] [stdout] bf2fca9e36ea4c3065f1ad94e34cf11ca29ed8ace5f8498d2347f8bf58c47588
[INFO] running `Command { std: "docker" "start" "-a" "bf2fca9e36ea4c3065f1ad94e34cf11ca29ed8ace5f8498d2347f8bf58c47588", kill_on_drop: false }`
[INFO] running `Command { std: "docker" "inspect" "bf2fca9e36ea4c3065f1ad94e34cf11ca29ed8ace5f8498d2347f8bf58c47588", kill_on_drop: false }`
[INFO] running `Command { std: "docker" "rm" "-f" "bf2fca9e36ea4c3065f1ad94e34cf11ca29ed8ace5f8498d2347f8bf58c47588", kill_on_drop: false }`
[INFO] [stdout] bf2fca9e36ea4c3065f1ad94e34cf11ca29ed8ace5f8498d2347f8bf58c47588
[INFO] running `Command { std: "docker" "create" "-v" "/var/lib/crater-agent-workspace/builds/worker-4-tc2/target:/opt/rustwide/target:rw,Z" "-v" "/var/lib/crater-agent-workspace/builds/worker-4-tc2/source:/opt/rustwide/workdir:ro,Z" "-v" "/var/lib/crater-agent-workspace/cargo-home:/opt/rustwide/cargo-home:ro,Z" "-v" "/var/lib/crater-agent-workspace/rustup-home:/opt/rustwide/rustup-home:ro,Z" "-e" "SOURCE_DIR=/opt/rustwide/workdir" "-e" "CARGO_TARGET_DIR=/opt/rustwide/target" "-e" "CARGO_INCREMENTAL=0" "-e" "RUST_BACKTRACE=full" "-e" "RUSTFLAGS=--cap-lints=warn" "-e" "RUSTDOCFLAGS=--cap-lints=warn" "-e" "CARGO_HOME=/opt/rustwide/cargo-home" "-e" "RUSTUP_HOME=/opt/rustwide/rustup-home" "-w" "/opt/rustwide/workdir" "-m" "1610612736" "--user" "0:0" "--network" "none" "ghcr.io/rust-lang/crates-build-env/linux@sha256:2788e3201cd34a07e3172128adcd8b3090168a8e3bcc40d7c032b9dda1df7d1c" "/opt/rustwide/cargo-home/bin/cargo" "+beta-2023-12-22" "doc" "--frozen" "--no-deps" "--document-private-items" "--message-format=json", kill_on_drop: false }`
[INFO] [stdout] c027d8ea10b004c19b84f604f655af05da4df0943560e4944fc0b750ab77244f
[INFO] running `Command { std: "docker" "start" "-a" "c027d8ea10b004c19b84f604f655af05da4df0943560e4944fc0b750ab77244f", kill_on_drop: false }`
[INFO] [stderr]    Compiling proc-macro2 v1.0.51
[INFO] [stderr]    Compiling quote v1.0.23
[INFO] [stderr]    Compiling unicode-ident v1.0.6
[INFO] [stderr]    Compiling syn v1.0.107
[INFO] [stderr]    Compiling crossbeam-utils v0.8.14
[INFO] [stderr]    Compiling memchr v2.5.0
[INFO] [stderr]    Compiling memoffset v0.7.1
[INFO] [stderr]    Compiling libc v0.2.139
[INFO] [stderr]    Compiling crossbeam-epoch v0.9.13
[INFO] [stderr]    Compiling regex-syntax v0.6.28
[INFO] [stderr]    Compiling num-traits v0.2.15
[INFO] [stderr]    Compiling unicode-xid v0.2.4
[INFO] [stderr]    Compiling rayon-core v1.10.2
[INFO] [stderr]    Compiling aho-corasick v0.7.20
[INFO] [stderr]    Compiling thiserror v1.0.38
[INFO] [stderr]     Checking crossbeam-channel v0.5.6
[INFO] [stderr]     Checking crossbeam-deque v0.8.2
[INFO] [stderr]     Checking ttf-parser v0.15.2
[INFO] [stderr]     Checking num_cpus v1.15.0
[INFO] [stderr]    Compiling byteorder v1.4.3
[INFO] [stderr]     Checking either v1.8.1
[INFO] [stderr]     Checking ab_glyph_rasterizer v0.1.8
[INFO] [stderr]     Checking memmap2 v0.5.8
[INFO] [stderr]     Checking half v2.2.1
[INFO] [stderr]     Checking rayon v1.6.1
[INFO] [stderr]     Checking euclid v0.22.7
[INFO] [stderr]    Compiling regex v1.7.1
[INFO] [stderr]     Checking owned_ttf_parser v0.15.2
[INFO] [stderr]     Checking rusttype v0.9.3
[INFO] [stderr]    Compiling cpp_common v0.5.7
[INFO] [stderr]    Compiling cpp_build v0.5.7
[INFO] [stderr]    Compiling thiserror-impl v1.0.38
[INFO] [stderr]    Compiling image2 v1.9.2 (/opt/rustwide/workdir)
[INFO] [stderr]    Compiling cpp_macros v0.5.7
[INFO] [stderr] The following warnings were emitted during compilation:
[INFO] [stderr] 
[INFO] [stderr] warning: image2@1.9.2: src/io/oiio.rs:8:14: fatal error: OpenImageIO/paramlist.h: No such file or directory
[INFO] [stderr] warning: image2@1.9.2:     8 |     #include <OpenImageIO/paramlist.h>
[INFO] [stderr] warning: image2@1.9.2:       |              ^~~~~~~~~~~~~~~~~~~~~~~~~
[INFO] [stderr] warning: image2@1.9.2: compilation terminated.
[INFO] [stderr] 
[INFO] [stderr] error: failed to run custom build command for `image2 v1.9.2 (/opt/rustwide/workdir)`
[INFO] [stderr] note: To improve backtraces for build dependencies, set the CARGO_PROFILE_DEV_BUILD_OVERRIDE_DEBUG=true environment variable to enable debug information generation.
[INFO] [stderr] 
[INFO] [stderr] Caused by:
[INFO] [stderr]   process didn't exit successfully: `/opt/rustwide/target/debug/build/image2-c1df5e6cc1fe760f/build-script-build` (exit status: 1)
[INFO] [stderr]   --- stdout
[INFO] [stderr]   TARGET = Some("x86_64-unknown-linux-gnu")
[INFO] [stderr]   OPT_LEVEL = Some("0")
[INFO] [stderr]   HOST = Some("x86_64-unknown-linux-gnu")
[INFO] [stderr]   cargo:rerun-if-env-changed=CXX_x86_64-unknown-linux-gnu
[INFO] [stderr]   CXX_x86_64-unknown-linux-gnu = None
[INFO] [stderr]   cargo:rerun-if-env-changed=CXX_x86_64_unknown_linux_gnu
[INFO] [stderr]   CXX_x86_64_unknown_linux_gnu = None
[INFO] [stderr]   cargo:rerun-if-env-changed=HOST_CXX
[INFO] [stderr]   HOST_CXX = None
[INFO] [stderr]   cargo:rerun-if-env-changed=CXX
[INFO] [stderr]   CXX = None
[INFO] [stderr]   cargo:rerun-if-env-changed=CXXFLAGS_x86_64-unknown-linux-gnu
[INFO] [stderr]   CXXFLAGS_x86_64-unknown-linux-gnu = None
[INFO] [stderr]   cargo:rerun-if-env-changed=CXXFLAGS_x86_64_unknown_linux_gnu
[INFO] [stderr]   CXXFLAGS_x86_64_unknown_linux_gnu = None
[INFO] [stderr]   cargo:rerun-if-env-changed=HOST_CXXFLAGS
[INFO] [stderr]   HOST_CXXFLAGS = None
[INFO] [stderr]   cargo:rerun-if-env-changed=CXXFLAGS
[INFO] [stderr]   CXXFLAGS = None
[INFO] [stderr]   cargo:rerun-if-env-changed=CRATE_CC_NO_DEFAULTS
[INFO] [stderr]   CRATE_CC_NO_DEFAULTS = None
[INFO] [stderr]   DEBUG = Some("true")
[INFO] [stderr]   CARGO_CFG_TARGET_FEATURE = Some("fxsr,sse,sse2")
[INFO] [stderr]   running: "c++" "-O0" "-ffunction-sections" "-fdata-sections" "-fPIC" "-gdwarf-4" "-fno-omit-frame-pointer" "-m64" "-I" "/opt/rustwide/workdir" "-Wall" "-Wextra" "-std=c++14" "-w" "" "-o" "/opt/rustwide/target/debug/build/image2-7562a7df75fd2045/out/f018d132fdf2f864-cpp_closures.o" "-c" "/opt/rustwide/target/debug/build/image2-7562a7df75fd2045/out/rust_cpp/cpp_closures.cpp"
[INFO] [stderr]   cargo:warning=src/io/oiio.rs:8:14: fatal error: OpenImageIO/paramlist.h: No such file or directory
[INFO] [stderr]   cargo:warning=    8 |     #include <OpenImageIO/paramlist.h>
[INFO] [stderr]   cargo:warning=      |              ^~~~~~~~~~~~~~~~~~~~~~~~~
[INFO] [stderr]   cargo:warning=compilation terminated.
[INFO] [stderr]   exit status: 1
[INFO] [stderr] 
[INFO] [stderr]   --- stderr
[INFO] [stderr] 
[INFO] [stderr] 
[INFO] [stderr]   error occurred: ToolExecError: Command "c++" "-O0" "-ffunction-sections" "-fdata-sections" "-fPIC" "-gdwarf-4" "-fno-omit-frame-pointer" "-m64" "-I" "/opt/rustwide/workdir" "-Wall" "-Wextra" "-std=c++14" "-w" "" "-o" "/opt/rustwide/target/debug/build/image2-7562a7df75fd2045/out/f018d132fdf2f864-cpp_closures.o" "-c" "/opt/rustwide/target/debug/build/image2-7562a7df75fd2045/out/rust_cpp/cpp_closures.cpp" with args "c++" did not execute successfully (status code exit status: 1).
[INFO] [stderr] 
[INFO] [stderr] 
[INFO] [stderr] warning: build failed, waiting for other jobs to finish...
[INFO] running `Command { std: "docker" "inspect" "c027d8ea10b004c19b84f604f655af05da4df0943560e4944fc0b750ab77244f", kill_on_drop: false }`
[INFO] running `Command { std: "docker" "rm" "-f" "c027d8ea10b004c19b84f604f655af05da4df0943560e4944fc0b750ab77244f", kill_on_drop: false }`
[INFO] [stdout] c027d8ea10b004c19b84f604f655af05da4df0943560e4944fc0b750ab77244f
