[INFO] fetching crate i-slint-backend-gl 0.2.5...
[INFO] documenting i-slint-backend-gl-0.2.5 against 1.75.0 for beta-1.76-rustdoc-1
[INFO] extracting crate i-slint-backend-gl 0.2.5 into /workspace/builds/worker-5-tc1/source
[INFO] validating manifest of crates.io crate i-slint-backend-gl 0.2.5 on toolchain 1.75.0
[INFO] running `Command { std: CARGO_HOME="/workspace/cargo-home" RUSTUP_HOME="/workspace/rustup-home" "/workspace/cargo-home/bin/cargo" "+1.75.0" "metadata" "--manifest-path" "Cargo.toml" "--no-deps", kill_on_drop: false }`
[INFO] started tweaking crates.io crate i-slint-backend-gl 0.2.5
[INFO] finished tweaking crates.io crate i-slint-backend-gl 0.2.5
[INFO] tweaked toml for crates.io crate i-slint-backend-gl 0.2.5 written to /workspace/builds/worker-5-tc1/source/Cargo.toml
[INFO] running `Command { std: CARGO_HOME="/workspace/cargo-home" RUSTUP_HOME="/workspace/rustup-home" "/workspace/cargo-home/bin/cargo" "+1.75.0" "generate-lockfile" "--manifest-path" "Cargo.toml", kill_on_drop: false }`
[INFO] [stderr]     Updating crates.io index
[INFO] running `Command { std: CARGO_HOME="/workspace/cargo-home" RUSTUP_HOME="/workspace/rustup-home" "/workspace/cargo-home/bin/cargo" "+1.75.0" "fetch" "--manifest-path" "Cargo.toml", kill_on_drop: false }`
[INFO] [stderr]  Downloading crates ...
[INFO] [stderr]   Downloaded x11-dl v2.21.0
[INFO] [stderr]   Downloaded vtable v0.1.11
[INFO] [stderr]   Downloaded calloop v0.9.3
[INFO] [stderr]   Downloaded unicode-script v0.5.5
[INFO] [stderr]   Downloaded ouroboros v0.15.6
[INFO] [stderr]   Downloaded roxmltree v0.14.1
[INFO] [stderr]   Downloaded auto_enums_derive v0.7.12
[INFO] [stderr]   Downloaded smithay-client-toolkit v0.16.1
[INFO] [stderr]   Downloaded detect-desktop-environment v0.2.0
[INFO] [stderr]   Downloaded servo-fontconfig-sys v5.1.0
[INFO] [stderr]   Downloaded rustybuzz v0.5.1
[INFO] [stderr]   Downloaded x11rb-protocol v0.10.0
[INFO] [stderr]   Downloaded jpeg-decoder v0.2.6
[INFO] [stderr]   Downloaded khronos_api v3.1.0
[INFO] [stderr]   Downloaded sid v0.6.1
[INFO] [stderr]   Downloaded gif v0.11.4
[INFO] [stderr]   Downloaded lyon_svg v0.17.2
[INFO] [stderr]   Downloaded ttf-parser v0.15.2
[INFO] [stderr]   Downloaded i-slint-core-macros v0.2.5
[INFO] [stderr]   Downloaded expat-sys v2.1.6
[INFO] [stderr]   Downloaded dark-light v0.2.3
[INFO] [stderr]   Downloaded i-slint-common v0.2.5
[INFO] [stderr]   Downloaded fontdb v0.9.3
[INFO] [stderr]   Downloaded wayland-protocols v0.29.5
[INFO] [stderr]   Downloaded winit v0.26.1
[INFO] [stderr]   Downloaded lyon_algorithms v0.17.7
[INFO] [stderr]   Downloaded zbus v3.14.1
[INFO] [stderr]   Downloaded kurbo v0.8.3
[INFO] [stderr]   Downloaded ouroboros_macro v0.15.6
[INFO] [stderr]   Downloaded unicode-general-category v0.6.0
[INFO] [stderr]   Downloaded glutin v0.28.0
[INFO] [stderr]   Downloaded ndk-glue v0.5.2
[INFO] [stderr]   Downloaded imgref v1.10.0
[INFO] [stderr]   Downloaded euclid v0.22.9
[INFO] [stderr]   Downloaded glutin_gles2_sys v0.1.5
[INFO] [stderr]   Downloaded lyon_geom v0.17.7
[INFO] [stderr]   Downloaded ordered-stream v0.2.0
[INFO] [stderr]   Downloaded zbus_macros v3.14.1
[INFO] [stderr]   Downloaded const-field-offset v0.1.3
[INFO] [stderr]   Downloaded zvariant_utils v1.0.1
[INFO] [stderr]   Downloaded aliasable v0.1.3
[INFO] [stderr]   Downloaded unicode-vo v0.1.0
[INFO] [stderr]   Downloaded core-graphics v0.19.2
[INFO] [stderr]   Downloaded ndk v0.5.0
[INFO] [stderr]   Downloaded enumflags2 v0.7.8
[INFO] [stderr]   Downloaded auto_enums v0.7.12
[INFO] [stderr]   Downloaded usvg v0.23.0
[INFO] [stderr]   Downloaded darling v0.13.4
[INFO] [stderr]   Downloaded gl_generator v0.14.0
[INFO] [stderr]   Downloaded scoped-tls v1.0.1
[INFO] [stderr]   Downloaded ndk-macro v0.3.0
[INFO] [stderr]   Downloaded core-video-sys v0.1.4
[INFO] [stderr]   Downloaded resvg v0.23.0
[INFO] [stderr]   Downloaded femtovg v0.3.7
[INFO] [stderr]   Downloaded roxmltree v0.18.1
[INFO] [stderr]   Downloaded simplecss v0.2.1
[INFO] [stderr]   Downloaded raw-window-handle v0.4.3
[INFO] [stderr]   Downloaded const-field-offset-macro v0.1.3
[INFO] [stderr]   Downloaded smithay-clipboard v0.6.6
[INFO] [stderr]   Downloaded serde_repr v0.1.18
[INFO] [stderr]   Downloaded winapi-wsapoll v0.1.1
[INFO] [stderr]   Downloaded i-slint-core v0.2.5
[INFO] [stderr]   Downloaded lazy-bytes-cast v5.0.1
[INFO] [stderr]   Downloaded x11-clipboard v0.7.1
[INFO] [stderr]   Downloaded objc_id v0.1.1
[INFO] [stderr]   Downloaded dlv-list v0.3.0
[INFO] [stderr]   Downloaded enumflags2_derive v0.7.8
[INFO] [stderr]   Downloaded rust-ini v0.18.0
[INFO] [stderr]   Downloaded objc-foundation v0.1.1
[INFO] [stderr]   Downloaded async-fs v1.6.0
[INFO] [stderr]   Downloaded by_address v1.1.0
[INFO] [stderr]   Downloaded async-signal v0.2.5
[INFO] [stderr]   Downloaded ordered-multimap v0.4.3
[INFO] [stderr]   Downloaded event-listener v3.1.0
[INFO] [stderr]   Downloaded dconf_rs v0.3.0
[INFO] [stderr]   Downloaded async-process v1.8.1
[INFO] [stderr]   Downloaded copypasta v0.8.2
[INFO] [stderr]   Downloaded zbus_names v2.6.0
[INFO] [stderr]   Downloaded clipboard-win v3.1.1
[INFO] [stderr]   Downloaded gethostname v0.2.3
[INFO] [stderr]   Downloaded async-broadcast v0.5.1
[INFO] [stderr]   Downloaded osmesa-sys v0.1.2
[INFO] [stderr]   Downloaded svgtypes v0.5.0
[INFO] [stderr]   Downloaded glutin_egl_sys v0.1.6
[INFO] [stderr]   Downloaded lyon_path v0.17.7
[INFO] [stderr]   Downloaded pin-weak v1.1.0
[INFO] [stderr]   Downloaded auto_enums_core v0.7.12
[INFO] [stderr]   Downloaded darling_core v0.13.4
[INFO] [stderr]   Downloaded rustybuzz v0.6.0
[INFO] [stderr]   Downloaded servo-fontconfig v0.5.1
[INFO] [stderr]   Downloaded safe_arch v0.5.2
[INFO] [stderr]   Downloaded tiny-skia v0.6.6
[INFO] [stderr]   Downloaded rctree v0.4.0
[INFO] [stderr]   Downloaded svgtypes v0.8.2
[INFO] [stderr]   Downloaded zvariant_derive v3.15.0
[INFO] [stderr]   Downloaded xml-rs v0.8.19
[INFO] [stderr]   Downloaded derive_utils v0.11.2
[INFO] [stderr]   Downloaded unicode-ccc v0.1.2
[INFO] [stderr]   Downloaded wayland-cursor v0.29.5
[INFO] [stderr]   Downloaded dispatch v0.2.0
[INFO] [stderr]   Downloaded xcursor v0.3.5
[INFO] [stderr]   Downloaded vtable-macro v0.1.10
[INFO] [stderr]   Downloaded wayland-commons v0.29.5
[INFO] [stderr]   Downloaded cocoa v0.24.1
[INFO] [stderr]   Downloaded smithay-client-toolkit v0.15.4
[INFO] [stderr]   Downloaded wayland-sys v0.29.5
[INFO] [stderr]   Downloaded x11rb v0.10.1
[INFO] [stderr]   Downloaded zvariant v3.15.0
[INFO] [stderr]   Downloaded slotmap v1.0.7
[INFO] [stderr]   Downloaded glow v0.11.2
[INFO] [stderr]   Downloaded unicode-general-category v0.4.0
[INFO] [stderr]   Downloaded cgl v0.3.2
[INFO] [stderr]   Downloaded glutin_emscripten_sys v0.1.1
[INFO] [stderr]   Downloaded unicode-bidi-mirroring v0.1.0
[INFO] [stderr]   Downloaded xdg-home v1.0.0
[INFO] [stderr]   Downloaded data-url v0.1.1
[INFO] [stderr]   Downloaded glutin_wgl_sys v0.1.5
[INFO] [stderr]   Downloaded wayland-egl v0.29.5
[INFO] [stderr]   Downloaded scoped-tls-hkt v0.1.4
[INFO] [stderr]   Downloaded android_glue v0.2.3
[INFO] [stderr]   Downloaded uds_windows v1.1.0
[INFO] [stderr]   Downloaded wayland-scanner v0.29.5
[INFO] [stderr]   Downloaded fontconfig-parser v0.5.3
[INFO] [stderr]   Downloaded ndk-sys v0.2.2
[INFO] [stderr]   Downloaded generational-arena v0.2.9
[INFO] [stderr]   Downloaded glutin_glx_sys v0.1.8
[INFO] [stderr]   Downloaded lru v0.7.8
[INFO] [stderr]   Downloaded darling_macro v0.13.4
[INFO] [stderr]   Downloaded nix v0.22.3
[INFO] [stderr]   Downloaded cocoa-foundation v0.1.2
[INFO] [stderr]   Downloaded memmap2 v0.3.1
[INFO] [stderr]   Downloaded wayland-client v0.29.5
[INFO] running `Command { std: "docker" "create" "-v" "/var/lib/crater-agent-workspace/builds/worker-5-tc1/target:/opt/rustwide/target:rw,Z" "-v" "/var/lib/crater-agent-workspace/builds/worker-5-tc1/source:/opt/rustwide/workdir:ro,Z" "-v" "/var/lib/crater-agent-workspace/cargo-home:/opt/rustwide/cargo-home:ro,Z" "-v" "/var/lib/crater-agent-workspace/rustup-home:/opt/rustwide/rustup-home:ro,Z" "-e" "SOURCE_DIR=/opt/rustwide/workdir" "-e" "CARGO_TARGET_DIR=/opt/rustwide/target" "-e" "CARGO_HOME=/opt/rustwide/cargo-home" "-e" "RUSTUP_HOME=/opt/rustwide/rustup-home" "-w" "/opt/rustwide/workdir" "-m" "1610612736" "--user" "0:0" "--network" "none" "ghcr.io/rust-lang/crates-build-env/linux@sha256:2788e3201cd34a07e3172128adcd8b3090168a8e3bcc40d7c032b9dda1df7d1c" "/opt/rustwide/cargo-home/bin/cargo" "+1.75.0" "metadata" "--no-deps" "--format-version=1", kill_on_drop: false }`
[INFO] [stdout] fefa98652798fb9cf5777c3a6bc802933936c7ad9c7bbf209eefdbb90aa89b61
[INFO] running `Command { std: "docker" "start" "-a" "fefa98652798fb9cf5777c3a6bc802933936c7ad9c7bbf209eefdbb90aa89b61", kill_on_drop: false }`
[INFO] running `Command { std: "docker" "inspect" "fefa98652798fb9cf5777c3a6bc802933936c7ad9c7bbf209eefdbb90aa89b61", kill_on_drop: false }`
[INFO] running `Command { std: "docker" "rm" "-f" "fefa98652798fb9cf5777c3a6bc802933936c7ad9c7bbf209eefdbb90aa89b61", kill_on_drop: false }`
[INFO] [stdout] fefa98652798fb9cf5777c3a6bc802933936c7ad9c7bbf209eefdbb90aa89b61
[INFO] running `Command { std: "docker" "create" "-v" "/var/lib/crater-agent-workspace/builds/worker-5-tc1/target:/opt/rustwide/target:rw,Z" "-v" "/var/lib/crater-agent-workspace/builds/worker-5-tc1/source:/opt/rustwide/workdir:ro,Z" "-v" "/var/lib/crater-agent-workspace/cargo-home:/opt/rustwide/cargo-home:ro,Z" "-v" "/var/lib/crater-agent-workspace/rustup-home:/opt/rustwide/rustup-home:ro,Z" "-e" "SOURCE_DIR=/opt/rustwide/workdir" "-e" "CARGO_TARGET_DIR=/opt/rustwide/target" "-e" "CARGO_INCREMENTAL=0" "-e" "RUST_BACKTRACE=full" "-e" "RUSTFLAGS=--cap-lints=warn" "-e" "RUSTDOCFLAGS=--cap-lints=warn" "-e" "CARGO_HOME=/opt/rustwide/cargo-home" "-e" "RUSTUP_HOME=/opt/rustwide/rustup-home" "-w" "/opt/rustwide/workdir" "-m" "1610612736" "--user" "0:0" "--network" "none" "ghcr.io/rust-lang/crates-build-env/linux@sha256:2788e3201cd34a07e3172128adcd8b3090168a8e3bcc40d7c032b9dda1df7d1c" "/opt/rustwide/cargo-home/bin/cargo" "+1.75.0" "doc" "--frozen" "--no-deps" "--document-private-items" "--message-format=json", kill_on_drop: false }`
[INFO] [stdout] 74d3005eb97c757f06b237ee03c9541873a26b8ef7596b63b4c18e32d33bfc0a
[INFO] running `Command { std: "docker" "start" "-a" "74d3005eb97c757f06b237ee03c9541873a26b8ef7596b63b4c18e32d33bfc0a", kill_on_drop: false }`
[INFO] [stderr]    Compiling syn v1.0.109
[INFO] [stderr]    Compiling crossbeam-utils v0.8.18
[INFO] [stderr]     Checking parking v2.2.0
[INFO] [stderr]     Checking bytemuck v1.14.0
[INFO] [stderr]    Compiling proc-macro2 v1.0.76
[INFO] [stderr]     Checking simd-adler32 v0.3.7
[INFO] [stderr]    Compiling semver v1.0.21
[INFO] [stderr]     Checking futures-io v0.3.30
[INFO] [stderr]    Compiling khronos_api v3.1.0
[INFO] [stderr]    Compiling cmake v0.1.50
[INFO] [stderr]     Checking arrayvec v0.5.2
[INFO] [stderr]    Compiling ahash v0.7.7
[INFO] [stderr]     Checking instant v0.1.12
[INFO] [stderr]    Compiling memoffset v0.9.0
[INFO] [stderr]    Compiling memoffset v0.7.1
[INFO] [stderr]     Checking unicode-script v0.5.5
[INFO] [stderr]    Compiling xml-rs v0.8.19
[INFO] [stderr]    Compiling log v0.4.20
[INFO] [stderr]    Compiling io-lifetimes v1.0.11
[INFO] [stderr]     Checking miniz_oxide v0.7.1
[INFO] [stderr]     Checking event-listener v2.5.3
[INFO] [stderr]    Compiling memchr v2.7.1
[INFO] [stderr]     Checking xmlparser v0.13.6
[INFO] [stderr]     Checking fdeflate v0.3.3
[INFO] [stderr]     Checking euclid v0.22.9
[INFO] [stderr]     Checking futures-lite v2.2.0
[INFO] [stderr]    Compiling polling v2.8.0
[INFO] [stderr]     Checking fastrand v1.9.0
[INFO] [stderr]     Checking async-task v4.7.0
[INFO] [stderr]    Compiling quote v1.0.35
[INFO] [stderr]    Compiling freetype-sys v0.13.1
[INFO] [stderr]    Compiling expat-sys v2.1.6
[INFO] [stderr]     Checking ttf-parser v0.17.1
[INFO] [stderr]    Compiling rustc_version v0.4.0
[INFO] [stderr]     Checking flate2 v1.0.28
[INFO] [stderr]    Compiling rustversion v1.0.14
[INFO] [stderr]     Checking atomic-waker v1.1.2
[INFO] [stderr]     Checking concurrent-queue v2.4.0
[INFO] [stderr]    Compiling syn v2.0.48
[INFO] [stderr]     Checking unicode-bidi-mirroring v0.1.0
[INFO] [stderr]    Compiling aho-corasick v1.1.2
[INFO] [stderr]    Compiling gl_generator v0.14.0
[INFO] [stderr]     Checking event-listener v4.0.3
[INFO] [stderr]     Checking unicode-ccc v0.1.2
[INFO] [stderr]    Compiling parking_lot_core v0.8.6
[INFO] [stderr]    Compiling unicode-general-category v0.4.0
[INFO] [stderr]    Compiling regex-syntax v0.8.2
[INFO] [stderr]    Compiling field-offset v0.3.6
[INFO] [stderr]     Checking waker-fn v1.1.1
[INFO] [stderr]    Compiling rustix v0.37.27
[INFO] [stderr]     Checking futures-lite v1.13.0
[INFO] [stderr]     Checking png v0.17.10
[INFO] [stderr]     Checking event-listener-strategy v0.4.0
[INFO] [stderr]     Checking lyon_geom v0.17.7
[INFO] [stderr]     Checking async-lock v3.2.0
[INFO] [stderr]     Checking async-channel v2.1.1
[INFO] [stderr]    Compiling proc-macro-error-attr v1.0.4
[INFO] [stderr]     Checking piper v0.2.1
[INFO] [stderr]     Checking roxmltree v0.18.1
[INFO] [stderr]     Checking async-lock v2.8.0
[INFO] [stderr]    Compiling async-fs v1.6.0
[INFO] [stderr]    Compiling async-io v1.13.0
[INFO] [stderr]    Compiling glutin_egl_sys v0.1.6
[INFO] [stderr]    Compiling auto_enums_derive v0.7.12
[INFO] [stderr]     Checking linux-raw-sys v0.3.8
[INFO] [stderr]    Compiling winit v0.26.1
[INFO] [stderr]     Checking cty v0.2.2
[INFO] [stderr]    Compiling unicode-general-category v0.6.0
[INFO] [stderr]     Checking raw-window-handle v0.4.3
[INFO] [stderr]     Checking hashbrown v0.12.3
[INFO] [stderr]     Checking fontconfig-parser v0.5.3
[INFO] [stderr]    Compiling async-trait v0.1.77
[INFO] [stderr]     Checking lyon_path v0.17.7
[INFO] [stderr]     Checking nix v0.26.4
[INFO] [stderr]     Checking shared_library v0.1.9
[INFO] [stderr]     Checking rgb v0.8.37
[INFO] [stderr]     Checking socket2 v0.4.10
[INFO] [stderr]     Checking memmap2 v0.5.10
[INFO] [stderr]    Compiling servo-fontconfig-sys v5.1.0
[INFO] [stderr]     Checking arrayvec v0.7.4
[INFO] [stderr]    Compiling atomic-polyfill v0.1.11
[INFO] [stderr]     Checking unicode-bidi v0.3.14
[INFO] [stderr]     Checking dlv-list v0.3.0
[INFO] [stderr]     Checking siphasher v0.3.11
[INFO] [stderr]     Checking ttf-parser v0.15.2
[INFO] [stderr]     Checking float-cmp v0.5.3
[INFO] [stderr]    Compiling Inflector v0.11.4
[INFO] [stderr]     Checking svgtypes v0.5.0
[INFO] [stderr]     Checking svgtypes v0.8.2
[INFO] [stderr]     Checking ordered-multimap v0.4.3
[INFO] [stderr]     Checking kurbo v0.8.3
[INFO] [stderr]    Compiling regex-automata v0.4.3
[INFO] [stderr]     Checking xdg-home v1.0.0
[INFO] [stderr]     Checking futures-util v0.3.30
[INFO] [stderr]     Checking data-url v0.1.1
[INFO] [stderr]     Checking fontdb v0.9.3
[INFO] [stderr]     Checking osmesa-sys v0.1.2
[INFO] [stderr]     Checking parking_lot v0.11.2
[INFO] [stderr]     Checking async-executor v1.8.0
[INFO] [stdout] error: Please select a feature to build for unix: `x11`, `wayland`
[INFO] [stdout]   --> /opt/rustwide/cargo-home/registry/src/index.crates.io-6f17d22bba15001f/winit-0.26.1/src/platform_impl/linux/mod.rs:10:1
[INFO] [stdout]    |
[INFO] [stdout] 10 | compile_error!("Please select a feature to build for unix: `x11`, `wayland`");
[INFO] [stdout]    | ^^^^^^^^^^^^^^^^^^^^^^^^^^^^^^^^^^^^^^^^^^^^^^^^^^^^^^^^^^^^^^^^^^^^^^^^^^^^^
[INFO] [stdout] 
[INFO] [stdout] 
[INFO] [stdout] error[E0392]: parameter `T` is never used
[INFO] [stdout]   --> /opt/rustwide/cargo-home/registry/src/index.crates.io-6f17d22bba15001f/winit-0.26.1/src/event_loop.rs:32:22
[INFO] [stdout]    |
[INFO] [stdout] 32 | pub struct EventLoop<T: 'static> {
[INFO] [stdout]    |                      ^ unused parameter
[INFO] [stdout]    |
[INFO] [stdout]    = help: consider removing `T`, referring to it in a field, or using a marker such as `PhantomData`
[INFO] [stdout] 
[INFO] [stdout] 
[INFO] [stdout] error[E0392]: parameter `T` is never used
[INFO] [stdout]   --> /opt/rustwide/cargo-home/registry/src/index.crates.io-6f17d22bba15001f/winit-0.26.1/src/event_loop.rs:43:34
[INFO] [stdout]    |
[INFO] [stdout] 43 | pub struct EventLoopWindowTarget<T: 'static> {
[INFO] [stdout]    |                                  ^ unused parameter
[INFO] [stdout]    |
[INFO] [stdout]    = help: consider removing `T`, referring to it in a field, or using a marker such as `PhantomData`
[INFO] [stdout] 
[INFO] [stdout] 
[INFO] [stdout] error[E0392]: parameter `T` is never used
[INFO] [stdout]    --> /opt/rustwide/cargo-home/registry/src/index.crates.io-6f17d22bba15001f/winit-0.26.1/src/event_loop.rs:196:27
[INFO] [stdout]     |
[INFO] [stdout] 196 | pub struct EventLoopProxy<T: 'static> {
[INFO] [stdout]     |                           ^ unused parameter
[INFO] [stdout]     |
[INFO] [stdout]     = help: consider removing `T`, referring to it in a field, or using a marker such as `PhantomData`
[INFO] [stdout] 
[INFO] [stdout] 
[INFO] [stdout] error[E0392]: parameter `T` is never used
[INFO] [stdout]    --> /opt/rustwide/cargo-home/registry/src/index.crates.io-6f17d22bba15001f/winit-0.26.1/src/platform_impl/linux/mod.rs:550:20
[INFO] [stdout]     |
[INFO] [stdout] 550 | pub enum EventLoop<T: 'static> {
[INFO] [stdout]     |                    ^ unused parameter
[INFO] [stdout]     |
[INFO] [stdout]     = help: consider removing `T`, referring to it in a field, or using a marker such as `PhantomData`
[INFO] [stdout] 
[INFO] [stdout] 
[INFO] [stdout] error[E0392]: parameter `T` is never used
[INFO] [stdout]    --> /opt/rustwide/cargo-home/registry/src/index.crates.io-6f17d22bba15001f/winit-0.26.1/src/platform_impl/linux/mod.rs:557:25
[INFO] [stdout]     |
[INFO] [stdout] 557 | pub enum EventLoopProxy<T: 'static> {
[INFO] [stdout]     |                         ^ unused parameter
[INFO] [stdout]     |
[INFO] [stdout]     = help: consider removing `T`, referring to it in a field, or using a marker such as `PhantomData`
[INFO] [stdout] 
[INFO] [stdout] 
[INFO] [stdout] error[E0392]: parameter `T` is never used
[INFO] [stdout]    --> /opt/rustwide/cargo-home/registry/src/index.crates.io-6f17d22bba15001f/winit-0.26.1/src/platform_impl/linux/mod.rs:683:32
[INFO] [stdout]     |
[INFO] [stdout] 683 | pub enum EventLoopWindowTarget<T> {
[INFO] [stdout]     |                                ^ unused parameter
[INFO] [stdout]     |
[INFO] [stdout]     = help: consider removing `T`, referring to it in a field, or using a marker such as `PhantomData`
[INFO] [stdout]     = help: if you intended `T` to be a const parameter, use `const T: usize` instead
[INFO] [stdout] 
[INFO] [stdout] 
[INFO] [stderr]     Checking roxmltree v0.14.1
[INFO] [stdout] error[E0282]: type annotations needed
[INFO] [stdout]    --> /opt/rustwide/cargo-home/registry/src/index.crates.io-6f17d22bba15001f/winit-0.26.1/src/event_loop.rs:176:9
[INFO] [stdout]     |
[INFO] [stdout] 176 |         self.p
[INFO] [stdout]     |         ^^^^^^ cannot infer type for type parameter `T`
[INFO] [stdout] 
[INFO] [stdout] 
[INFO] [stderr]     Checking async-broadcast v0.5.1
[INFO] [stderr]     Checking safe_arch v0.5.2
[INFO] [stdout] error[E0282]: type annotations needed
[INFO] [stdout]    --> /opt/rustwide/cargo-home/registry/src/index.crates.io-6f17d22bba15001f/winit-0.26.1/src/event_loop.rs:133:9
[INFO] [stdout]     |
[INFO] [stdout] 133 | /         EventLoop {
[INFO] [stdout] 134 | |             event_loop: platform_impl::EventLoop::new(),
[INFO] [stdout] 135 | |             _marker: ::std::marker::PhantomData,
[INFO] [stdout] 136 | |         }
[INFO] [stdout]     | |_________^ cannot infer type of the type parameter `T` declared on the struct `EventLoop`
[INFO] [stdout]     |
[INFO] [stdout] help: consider specifying the generic argument
[INFO] [stdout]     |
[INFO] [stdout] 133 |         EventLoop::<T> {
[INFO] [stdout]     |                  +++++
[INFO] [stdout] 
[INFO] [stdout] 
[INFO] [stdout] error[E0282]: type annotations needed
[INFO] [stdout]    --> /opt/rustwide/cargo-home/registry/src/index.crates.io-6f17d22bba15001f/winit-0.26.1/src/event_loop.rs:159:9
[INFO] [stdout]     |
[INFO] [stdout] 159 | /         EventLoopProxy {
[INFO] [stdout] 160 | |             event_loop_proxy: self.event_loop.create_proxy(),
[INFO] [stdout] 161 | |         }
[INFO] [stdout]     | |_________^ cannot infer type of the type parameter `T` declared on the struct `EventLoopProxy`
[INFO] [stdout]     |
[INFO] [stdout] help: consider specifying the generic argument
[INFO] [stdout]     |
[INFO] [stdout] 159 |         EventLoopProxy::<T> {
[INFO] [stdout]     |                       +++++
[INFO] [stdout] 
[INFO] [stdout] 
[INFO] [stdout] error[E0282]: type annotations needed
[INFO] [stdout]    --> /opt/rustwide/cargo-home/registry/src/index.crates.io-6f17d22bba15001f/winit-0.26.1/src/event_loop.rs:168:9
[INFO] [stdout]     |
[INFO] [stdout] 168 |         self.event_loop.window_target()
[INFO] [stdout]     |         ^^^^^^^^^^^^^^^ cannot infer type for type parameter `T`
[INFO] [stdout] 
[INFO] [stdout] 
[INFO] [stdout] error[E0282]: type annotations needed
[INFO] [stdout]    --> /opt/rustwide/cargo-home/registry/src/index.crates.io-6f17d22bba15001f/winit-0.26.1/src/event_loop.rs:191:9
[INFO] [stdout]     |
[INFO] [stdout] 191 |         self.p.primary_monitor()
[INFO] [stdout]     |         ^^^^^^ cannot infer type for type parameter `T`
[INFO] [stdout] 
[INFO] [stdout] 
[INFO] [stdout] error[E0308]: mismatched types
[INFO] [stdout]    --> /opt/rustwide/cargo-home/registry/src/index.crates.io-6f17d22bba15001f/winit-0.26.1/src/platform_impl/linux/mod.rs:144:36
[INFO] [stdout]     |
[INFO] [stdout] 144 |     pub const unsafe fn dummy() -> Self {
[INFO] [stdout]     |                         -----      ^^^^ expected `WindowId`, found `()`
[INFO] [stdout]     |                         |
[INFO] [stdout]     |                         implicitly returns `()` as its body has no tail or `return` expression
[INFO] [stdout] 
[INFO] [stdout] 
[INFO] [stdout] error[E0308]: mismatched types
[INFO] [stdout]    --> /opt/rustwide/cargo-home/registry/src/index.crates.io-6f17d22bba15001f/winit-0.26.1/src/platform_impl/linux/mod.rs:161:36
[INFO] [stdout]     |
[INFO] [stdout] 161 |     pub const unsafe fn dummy() -> Self {
[INFO] [stdout]     |                         -----      ^^^^ expected `DeviceId`, found `()`
[INFO] [stdout]     |                         |
[INFO] [stdout]     |                         implicitly returns `()` as its body has no tail or `return` expression
[INFO] [stdout] 
[INFO] [stdout] 
[INFO] [stdout] error[E0282]: type annotations needed
[INFO] [stdout]    --> /opt/rustwide/cargo-home/registry/src/index.crates.io-6f17d22bba15001f/winit-0.26.1/src/platform_impl/linux/mod.rs:574:9
[INFO] [stdout]     |
[INFO] [stdout] 574 |         EventLoop::new_any_thread()
[INFO] [stdout]     |         ^^^^^^^^^^^^^^^^^^^^^^^^^ cannot infer type of the type parameter `T` declared on the enum `EventLoop`
[INFO] [stdout]     |
[INFO] [stdout] help: consider specifying the generic argument
[INFO] [stdout]     |
[INFO] [stdout] 574 |         EventLoop::<T>::new_any_thread()
[INFO] [stdout]     |                  +++++
[INFO] [stdout] 
[INFO] [stdout] 
[INFO] [stdout] error[E0282]: type annotations needed
[INFO] [stdout]    --> /opt/rustwide/cargo-home/registry/src/index.crates.io-6f17d22bba15001f/winit-0.26.1/src/window.rs:374:9
[INFO] [stdout]     |
[INFO] [stdout] 374 |         platform_impl::Window::new(&window_target.p, self.window, self.platform_specific).map(
[INFO] [stdout]     |         ^^^^^^^^^^^^^^^^^^^^^^^^^^ cannot infer type of the type parameter `T` declared on the associated function `new`
[INFO] [stdout]     |
[INFO] [stdout] help: consider specifying the generic argument
[INFO] [stdout]     |
[INFO] [stdout] 374 |         platform_impl::Window::new::<T>(&window_target.p, self.window, self.platform_specific).map(
[INFO] [stdout]     |                                   +++++
[INFO] [stdout] 
[INFO] [stdout] 
[INFO] [stdout] error[E0282]: type annotations needed
[INFO] [stdout]    --> /opt/rustwide/cargo-home/registry/src/index.crates.io-6f17d22bba15001f/winit-0.26.1/src/window.rs:400:17
[INFO] [stdout]     |
[INFO] [stdout] 400 |         builder.build(event_loop)
[INFO] [stdout]     |                 ^^^^^ cannot infer type of the type parameter `T` declared on the method `build`
[INFO] [stdout]     |
[INFO] [stdout] help: consider specifying the generic argument
[INFO] [stdout]     |
[INFO] [stdout] 400 |         builder.build::<T>(event_loop)
[INFO] [stdout]     |                      +++++
[INFO] [stdout] 
[INFO] [stdout] 
[INFO] [stdout] error[E0282]: type annotations needed
[INFO] [stdout]    --> /opt/rustwide/cargo-home/registry/src/index.crates.io-6f17d22bba15001f/winit-0.26.1/src/platform/unix.rs:148:5
[INFO] [stdout]     |
[INFO] [stdout] 148 | /     EventLoop {
[INFO] [stdout] 149 | |         event_loop,
[INFO] [stdout] 150 | |         _marker: std::marker::PhantomData,
[INFO] [stdout] 151 | |     }
[INFO] [stdout]     | |_____^ cannot infer type of the type parameter `T` declared on the struct `EventLoop`
[INFO] [stdout]     |
[INFO] [stdout] help: consider specifying the generic argument
[INFO] [stdout]     |
[INFO] [stdout] 148 |     EventLoop::<T> {
[INFO] [stdout]     |              +++++
[INFO] [stdout] 
[INFO] [stdout] 
[INFO] [stdout] error[E0282]: type annotations needed
[INFO] [stdout]    --> /opt/rustwide/cargo-home/registry/src/index.crates.io-6f17d22bba15001f/winit-0.26.1/src/platform/unix.rs:157:9
[INFO] [stdout]     |
[INFO] [stdout] 157 |         wrap_ev(LinuxEventLoop::new_any_thread())
[INFO] [stdout]     |         ^^^^^^^ cannot infer type of the type parameter `T` declared on the function `wrap_ev`
[INFO] [stdout]     |
[INFO] [stdout] help: consider specifying the generic argument
[INFO] [stdout]     |
[INFO] [stdout] 157 |         wrap_ev::<T>(LinuxEventLoop::new_any_thread())
[INFO] [stdout]     |                +++++
[INFO] [stdout] 
[INFO] [stdout] 
[INFO] [stdout] error: aborting due to 19 previous errors
[INFO] [stdout] 
[INFO] [stdout] 
[INFO] [stdout] Some errors have detailed explanations: E0282, E0308, E0392.
[INFO] [stdout] 
[INFO] [stdout] For more information about an error, try `rustc --explain E0282`.
[INFO] [stdout] 
[INFO] [stderr] error: could not compile `winit` (lib) due to 20 previous errors
[INFO] [stderr] warning: build failed, waiting for other jobs to finish...
[INFO] running `Command { std: "docker" "inspect" "74d3005eb97c757f06b237ee03c9541873a26b8ef7596b63b4c18e32d33bfc0a", kill_on_drop: false }`
[INFO] running `Command { std: "docker" "rm" "-f" "74d3005eb97c757f06b237ee03c9541873a26b8ef7596b63b4c18e32d33bfc0a", kill_on_drop: false }`
[INFO] [stdout] 74d3005eb97c757f06b237ee03c9541873a26b8ef7596b63b4c18e32d33bfc0a
[INFO] documenting i-slint-backend-gl-0.2.5 against beta-2023-12-22 for beta-1.76-rustdoc-1
[INFO] extracting crate i-slint-backend-gl 0.2.5 into /workspace/builds/worker-5-tc2/source
[INFO] validating manifest of crates.io crate i-slint-backend-gl 0.2.5 on toolchain beta-2023-12-22
[INFO] running `Command { std: CARGO_HOME="/workspace/cargo-home" RUSTUP_HOME="/workspace/rustup-home" "/workspace/cargo-home/bin/cargo" "+beta-2023-12-22" "metadata" "--manifest-path" "Cargo.toml" "--no-deps", kill_on_drop: false }`
[INFO] started tweaking crates.io crate i-slint-backend-gl 0.2.5
[INFO] finished tweaking crates.io crate i-slint-backend-gl 0.2.5
[INFO] tweaked toml for crates.io crate i-slint-backend-gl 0.2.5 written to /workspace/builds/worker-5-tc2/source/Cargo.toml
[INFO] running `Command { std: CARGO_HOME="/workspace/cargo-home" RUSTUP_HOME="/workspace/rustup-home" "/workspace/cargo-home/bin/cargo" "+beta-2023-12-22" "generate-lockfile" "--manifest-path" "Cargo.toml", kill_on_drop: false }`
[INFO] [stderr]     Updating crates.io index
[INFO] running `Command { std: CARGO_HOME="/workspace/cargo-home" RUSTUP_HOME="/workspace/rustup-home" "/workspace/cargo-home/bin/cargo" "+beta-2023-12-22" "fetch" "--manifest-path" "Cargo.toml", kill_on_drop: false }`
[INFO] running `Command { std: "docker" "create" "-v" "/var/lib/crater-agent-workspace/builds/worker-5-tc2/target:/opt/rustwide/target:rw,Z" "-v" "/var/lib/crater-agent-workspace/builds/worker-5-tc2/source:/opt/rustwide/workdir:ro,Z" "-v" "/var/lib/crater-agent-workspace/cargo-home:/opt/rustwide/cargo-home:ro,Z" "-v" "/var/lib/crater-agent-workspace/rustup-home:/opt/rustwide/rustup-home:ro,Z" "-e" "SOURCE_DIR=/opt/rustwide/workdir" "-e" "CARGO_TARGET_DIR=/opt/rustwide/target" "-e" "CARGO_HOME=/opt/rustwide/cargo-home" "-e" "RUSTUP_HOME=/opt/rustwide/rustup-home" "-w" "/opt/rustwide/workdir" "-m" "1610612736" "--user" "0:0" "--network" "none" "ghcr.io/rust-lang/crates-build-env/linux@sha256:2788e3201cd34a07e3172128adcd8b3090168a8e3bcc40d7c032b9dda1df7d1c" "/opt/rustwide/cargo-home/bin/cargo" "+beta-2023-12-22" "metadata" "--no-deps" "--format-version=1", kill_on_drop: false }`
[INFO] [stdout] 05d53b7d3cf5960f86df6e1da8f0960de7b56001f02b737fc3ed036c05b25454
[INFO] running `Command { std: "docker" "start" "-a" "05d53b7d3cf5960f86df6e1da8f0960de7b56001f02b737fc3ed036c05b25454", kill_on_drop: false }`
[INFO] running `Command { std: "docker" "inspect" "05d53b7d3cf5960f86df6e1da8f0960de7b56001f02b737fc3ed036c05b25454", kill_on_drop: false }`
[INFO] running `Command { std: "docker" "rm" "-f" "05d53b7d3cf5960f86df6e1da8f0960de7b56001f02b737fc3ed036c05b25454", kill_on_drop: false }`
[INFO] [stdout] 05d53b7d3cf5960f86df6e1da8f0960de7b56001f02b737fc3ed036c05b25454
[INFO] running `Command { std: "docker" "create" "-v" "/var/lib/crater-agent-workspace/builds/worker-5-tc2/target:/opt/rustwide/target:rw,Z" "-v" "/var/lib/crater-agent-workspace/builds/worker-5-tc2/source:/opt/rustwide/workdir:ro,Z" "-v" "/var/lib/crater-agent-workspace/cargo-home:/opt/rustwide/cargo-home:ro,Z" "-v" "/var/lib/crater-agent-workspace/rustup-home:/opt/rustwide/rustup-home:ro,Z" "-e" "SOURCE_DIR=/opt/rustwide/workdir" "-e" "CARGO_TARGET_DIR=/opt/rustwide/target" "-e" "CARGO_INCREMENTAL=0" "-e" "RUST_BACKTRACE=full" "-e" "RUSTFLAGS=--cap-lints=warn" "-e" "RUSTDOCFLAGS=--cap-lints=warn" "-e" "CARGO_HOME=/opt/rustwide/cargo-home" "-e" "RUSTUP_HOME=/opt/rustwide/rustup-home" "-w" "/opt/rustwide/workdir" "-m" "1610612736" "--user" "0:0" "--network" "none" "ghcr.io/rust-lang/crates-build-env/linux@sha256:2788e3201cd34a07e3172128adcd8b3090168a8e3bcc40d7c032b9dda1df7d1c" "/opt/rustwide/cargo-home/bin/cargo" "+beta-2023-12-22" "doc" "--frozen" "--no-deps" "--document-private-items" "--message-format=json", kill_on_drop: false }`
[INFO] [stdout] e0dca30f00b8cb496b7bbda679701a7feb5e4c2e4a0f20f3d60c0a45a3d35e7e
[INFO] running `Command { std: "docker" "start" "-a" "e0dca30f00b8cb496b7bbda679701a7feb5e4c2e4a0f20f3d60c0a45a3d35e7e", kill_on_drop: false }`
[INFO] [stderr]    Compiling syn v1.0.109
[INFO] [stderr]    Compiling crossbeam-utils v0.8.18
[INFO] [stderr]     Checking parking v2.2.0
[INFO] [stderr]    Compiling proc-macro2 v1.0.76
[INFO] [stderr]     Checking bytemuck v1.14.0
[INFO] [stderr]    Compiling semver v1.0.21
[INFO] [stderr]     Checking simd-adler32 v0.3.7
[INFO] [stderr]     Checking futures-io v0.3.30
[INFO] [stderr]    Compiling khronos_api v3.1.0
[INFO] [stderr]    Compiling cmake v0.1.50
[INFO] [stderr]     Checking arrayvec v0.5.2
[INFO] [stderr]     Checking instant v0.1.12
[INFO] [stderr]    Compiling ahash v0.7.7
[INFO] [stderr]    Compiling memoffset v0.9.0
[INFO] [stderr]    Compiling memoffset v0.7.1
[INFO] [stderr]     Checking event-listener v2.5.3
[INFO] [stderr]     Checking unicode-script v0.5.5
[INFO] [stderr]    Compiling io-lifetimes v1.0.11
[INFO] [stderr]    Compiling memchr v2.7.1
[INFO] [stderr]    Compiling xml-rs v0.8.19
[INFO] [stderr]     Checking miniz_oxide v0.7.1
[INFO] [stderr]    Compiling log v0.4.20
[INFO] [stderr]     Checking xmlparser v0.13.6
[INFO] [stderr]     Checking fdeflate v0.3.3
[INFO] [stderr]     Checking euclid v0.22.9
[INFO] [stderr]     Checking futures-lite v2.2.0
[INFO] [stderr]    Compiling polling v2.8.0
[INFO] [stderr]     Checking waker-fn v1.1.1
[INFO] [stderr]    Compiling parking_lot_core v0.8.6
[INFO] [stderr]    Compiling unicode-general-category v0.4.0
[INFO] [stderr]    Compiling quote v1.0.35
[INFO] [stderr]    Compiling rustc_version v0.4.0
[INFO] [stderr]    Compiling freetype-sys v0.13.1
[INFO] [stderr]    Compiling aho-corasick v1.1.2
[INFO] [stderr]     Checking concurrent-queue v2.4.0
[INFO] [stderr]     Checking flate2 v1.0.28
[INFO] [stderr]    Compiling syn v2.0.48
[INFO] [stderr]    Compiling gl_generator v0.14.0
[INFO] [stderr]    Compiling expat-sys v2.1.6
[INFO] [stderr]    Compiling regex-syntax v0.8.2
[INFO] [stderr]    Compiling field-offset v0.3.6
[INFO] [stderr]     Checking event-listener v4.0.3
[INFO] [stderr]    Compiling rustversion v1.0.14
[INFO] [stderr]     Checking unicode-bidi-mirroring v0.1.0
[INFO] [stderr]     Checking atomic-waker v1.1.2
[INFO] [stderr]    Compiling rustix v0.37.27
[INFO] [stderr]     Checking unicode-ccc v0.1.2
[INFO] [stderr]     Checking async-task v4.7.0
[INFO] [stderr]     Checking fastrand v1.9.0
[INFO] [stderr]     Checking ttf-parser v0.17.1
[INFO] [stderr]     Checking piper v0.2.1
[INFO] [stderr]     Checking event-listener-strategy v0.4.0
[INFO] [stderr]    Compiling proc-macro-error-attr v1.0.4
[INFO] [stderr]     Checking futures-lite v1.13.0
[INFO] [stderr]     Checking png v0.17.10
[INFO] [stderr]     Checking lyon_geom v0.17.7
[INFO] [stderr]     Checking async-lock v3.2.0
[INFO] [stderr]     Checking async-channel v2.1.1
[INFO] [stderr]     Checking roxmltree v0.18.1
[INFO] [stderr]     Checking async-lock v2.8.0
[INFO] [stderr]    Compiling async-io v1.13.0
[INFO] [stderr]    Compiling glutin_egl_sys v0.1.6
[INFO] [stderr]    Compiling async-fs v1.6.0
[INFO] [stderr]    Compiling auto_enums_derive v0.7.12
[INFO] [stderr]     Checking cty v0.2.2
[INFO] [stderr]    Compiling unicode-general-category v0.6.0
[INFO] [stderr]     Checking linux-raw-sys v0.3.8
[INFO] [stderr]    Compiling winit v0.26.1
[INFO] [stderr]    Compiling async-trait v0.1.77
[INFO] [stderr]     Checking lyon_path v0.17.7
[INFO] [stderr]     Checking raw-window-handle v0.4.3
[INFO] [stderr]     Checking fontconfig-parser v0.5.3
[INFO] [stderr]     Checking hashbrown v0.12.3
[INFO] [stderr]     Checking nix v0.26.4
[INFO] [stderr]     Checking shared_library v0.1.9
[INFO] [stderr]     Checking rgb v0.8.37
[INFO] [stderr]     Checking socket2 v0.4.10
[INFO] [stderr]     Checking memmap2 v0.5.10
[INFO] [stderr]    Compiling servo-fontconfig-sys v5.1.0
[INFO] [stderr]     Checking ttf-parser v0.15.2
[INFO] [stderr]    Compiling Inflector v0.11.4
[INFO] [stderr]     Checking dlv-list v0.3.0
[INFO] [stderr]     Checking arrayvec v0.7.4
[INFO] [stderr]     Checking siphasher v0.3.11
[INFO] [stderr]     Checking unicode-bidi v0.3.14
[INFO] [stderr]    Compiling atomic-polyfill v0.1.11
[INFO] [stderr]     Checking float-cmp v0.5.3
[INFO] [stderr]     Checking futures-util v0.3.30
[INFO] [stderr]     Checking svgtypes v0.8.2
[INFO] [stderr]    Compiling regex-automata v0.4.3
[INFO] [stderr]     Checking svgtypes v0.5.0
[INFO] [stderr]     Checking kurbo v0.8.3
[INFO] [stderr]     Checking xdg-home v1.0.0
[INFO] [stderr]     Checking ordered-multimap v0.4.3
[INFO] [stderr]     Checking data-url v0.1.1
[INFO] [stderr]     Checking fontdb v0.9.3
[INFO] [stderr]     Checking parking_lot v0.11.2
[INFO] [stderr]     Checking osmesa-sys v0.1.2
[INFO] [stderr]     Checking async-executor v1.8.0
[INFO] [stdout] error: Please select a feature to build for unix: `x11`, `wayland`
[INFO] [stdout]   --> /opt/rustwide/cargo-home/registry/src/index.crates.io-6f17d22bba15001f/winit-0.26.1/src/platform_impl/linux/mod.rs:10:1
[INFO] [stdout]    |
[INFO] [stdout] 10 | compile_error!("Please select a feature to build for unix: `x11`, `wayland`");
[INFO] [stdout]    | ^^^^^^^^^^^^^^^^^^^^^^^^^^^^^^^^^^^^^^^^^^^^^^^^^^^^^^^^^^^^^^^^^^^^^^^^^^^^^
[INFO] [stdout] 
[INFO] [stdout] 
[INFO] [stderr]     Checking roxmltree v0.14.1
[INFO] [stderr]     Checking safe_arch v0.5.2
[INFO] [stderr]     Checking async-broadcast v0.5.1
[INFO] [stdout] error[E0392]: parameter `T` is never used
[INFO] [stdout]   --> /opt/rustwide/cargo-home/registry/src/index.crates.io-6f17d22bba15001f/winit-0.26.1/src/event_loop.rs:32:22
[INFO] [stdout]    |
[INFO] [stdout] 32 | pub struct EventLoop<T: 'static> {
[INFO] [stdout]    |                      ^ unused parameter
[INFO] [stdout]    |
[INFO] [stdout]    = help: consider removing `T`, referring to it in a field, or using a marker such as `PhantomData`
[INFO] [stdout] 
[INFO] [stdout] 
[INFO] [stdout] error[E0392]: parameter `T` is never used
[INFO] [stdout]   --> /opt/rustwide/cargo-home/registry/src/index.crates.io-6f17d22bba15001f/winit-0.26.1/src/event_loop.rs:43:34
[INFO] [stdout]    |
[INFO] [stdout] 43 | pub struct EventLoopWindowTarget<T: 'static> {
[INFO] [stdout]    |                                  ^ unused parameter
[INFO] [stdout]    |
[INFO] [stdout]    = help: consider removing `T`, referring to it in a field, or using a marker such as `PhantomData`
[INFO] [stdout] 
[INFO] [stdout] 
[INFO] [stdout] error[E0392]: parameter `T` is never used
[INFO] [stdout]    --> /opt/rustwide/cargo-home/registry/src/index.crates.io-6f17d22bba15001f/winit-0.26.1/src/event_loop.rs:196:27
[INFO] [stdout]     |
[INFO] [stdout] 196 | pub struct EventLoopProxy<T: 'static> {
[INFO] [stdout]     |                           ^ unused parameter
[INFO] [stdout]     |
[INFO] [stdout]     = help: consider removing `T`, referring to it in a field, or using a marker such as `PhantomData`
[INFO] [stdout] 
[INFO] [stdout] 
[INFO] [stdout] error[E0392]: parameter `T` is never used
[INFO] [stdout]    --> /opt/rustwide/cargo-home/registry/src/index.crates.io-6f17d22bba15001f/winit-0.26.1/src/platform_impl/linux/mod.rs:550:20
[INFO] [stdout]     |
[INFO] [stdout] 550 | pub enum EventLoop<T: 'static> {
[INFO] [stdout]     |                    ^ unused parameter
[INFO] [stdout]     |
[INFO] [stdout]     = help: consider removing `T`, referring to it in a field, or using a marker such as `PhantomData`
[INFO] [stdout] 
[INFO] [stdout] 
[INFO] [stdout] error[E0392]: parameter `T` is never used
[INFO] [stdout]    --> /opt/rustwide/cargo-home/registry/src/index.crates.io-6f17d22bba15001f/winit-0.26.1/src/platform_impl/linux/mod.rs:557:25
[INFO] [stdout]     |
[INFO] [stdout] 557 | pub enum EventLoopProxy<T: 'static> {
[INFO] [stdout]     |                         ^ unused parameter
[INFO] [stdout]     |
[INFO] [stdout]     = help: consider removing `T`, referring to it in a field, or using a marker such as `PhantomData`
[INFO] [stdout] 
[INFO] [stdout] 
[INFO] [stdout] error[E0392]: parameter `T` is never used
[INFO] [stdout]    --> /opt/rustwide/cargo-home/registry/src/index.crates.io-6f17d22bba15001f/winit-0.26.1/src/platform_impl/linux/mod.rs:683:32
[INFO] [stdout]     |
[INFO] [stdout] 683 | pub enum EventLoopWindowTarget<T> {
[INFO] [stdout]     |                                ^ unused parameter
[INFO] [stdout]     |
[INFO] [stdout]     = help: consider removing `T`, referring to it in a field, or using a marker such as `PhantomData`
[INFO] [stdout]     = help: if you intended `T` to be a const parameter, use `const T: usize` instead
[INFO] [stdout] 
[INFO] [stdout] 
[INFO] [stderr]     Checking sid v0.6.1
[INFO] [stdout] error[E0282]: type annotations needed
[INFO] [stdout]    --> /opt/rustwide/cargo-home/registry/src/index.crates.io-6f17d22bba15001f/winit-0.26.1/src/event_loop.rs:176:9
[INFO] [stdout]     |
[INFO] [stdout] 176 |         self.p
[INFO] [stdout]     |         ^^^^^^ cannot infer type for type parameter `T`
[INFO] [stdout] 
[INFO] [stdout] 
[INFO] [stdout] error[E0282]: type annotations needed
[INFO] [stdout]    --> /opt/rustwide/cargo-home/registry/src/index.crates.io-6f17d22bba15001f/winit-0.26.1/src/event_loop.rs:133:9
[INFO] [stdout]     |
[INFO] [stdout] 133 | /         EventLoop {
[INFO] [stdout] 134 | |             event_loop: platform_impl::EventLoop::new(),
[INFO] [stdout] 135 | |             _marker: ::std::marker::PhantomData,
[INFO] [stdout] 136 | |         }
[INFO] [stdout]     | |_________^ cannot infer type of the type parameter `T` declared on the struct `EventLoop`
[INFO] [stdout]     |
[INFO] [stdout] help: consider specifying the generic argument
[INFO] [stdout]     |
[INFO] [stdout] 133 |         EventLoop::<T> {
[INFO] [stdout]     |                  +++++
[INFO] [stdout] 
[INFO] [stdout] 
[INFO] [stdout] error[E0282]: type annotations needed
[INFO] [stdout]    --> /opt/rustwide/cargo-home/registry/src/index.crates.io-6f17d22bba15001f/winit-0.26.1/src/event_loop.rs:159:9
[INFO] [stdout]     |
[INFO] [stdout] 159 | /         EventLoopProxy {
[INFO] [stdout] 160 | |             event_loop_proxy: self.event_loop.create_proxy(),
[INFO] [stdout] 161 | |         }
[INFO] [stdout]     | |_________^ cannot infer type of the type parameter `T` declared on the struct `EventLoopProxy`
[INFO] [stdout]     |
[INFO] [stdout] help: consider specifying the generic argument
[INFO] [stdout]     |
[INFO] [stdout] 159 |         EventLoopProxy::<T> {
[INFO] [stdout]     |                       +++++
[INFO] [stdout] 
[INFO] [stdout] 
[INFO] [stdout] error[E0282]: type annotations needed
[INFO] [stdout]    --> /opt/rustwide/cargo-home/registry/src/index.crates.io-6f17d22bba15001f/winit-0.26.1/src/event_loop.rs:168:9
[INFO] [stdout]     |
[INFO] [stdout] 168 |         self.event_loop.window_target()
[INFO] [stdout]     |         ^^^^^^^^^^^^^^^ cannot infer type for type parameter `T`
[INFO] [stdout] 
[INFO] [stdout] 
[INFO] [stdout] error[E0282]: type annotations needed
[INFO] [stdout]    --> /opt/rustwide/cargo-home/registry/src/index.crates.io-6f17d22bba15001f/winit-0.26.1/src/event_loop.rs:191:9
[INFO] [stdout]     |
[INFO] [stdout] 191 |         self.p.primary_monitor()
[INFO] [stdout]     |         ^^^^^^ cannot infer type for type parameter `T`
[INFO] [stdout] 
[INFO] [stdout] 
[INFO] [stdout] error[E0308]: mismatched types
[INFO] [stdout]    --> /opt/rustwide/cargo-home/registry/src/index.crates.io-6f17d22bba15001f/winit-0.26.1/src/platform_impl/linux/mod.rs:144:36
[INFO] [stdout]     |
[INFO] [stdout] 144 |     pub const unsafe fn dummy() -> Self {
[INFO] [stdout]     |                         -----      ^^^^ expected `WindowId`, found `()`
[INFO] [stdout]     |                         |
[INFO] [stdout]     |                         implicitly returns `()` as its body has no tail or `return` expression
[INFO] [stdout] 
[INFO] [stdout] 
[INFO] [stderr]     Checking dirs-sys v0.3.7
[INFO] [stdout] error[E0308]: mismatched types
[INFO] [stdout]    --> /opt/rustwide/cargo-home/registry/src/index.crates.io-6f17d22bba15001f/winit-0.26.1/src/platform_impl/linux/mod.rs:161:36
[INFO] [stdout]     |
[INFO] [stdout] 161 |     pub const unsafe fn dummy() -> Self {
[INFO] [stdout]     |                         -----      ^^^^ expected `DeviceId`, found `()`
[INFO] [stdout]     |                         |
[INFO] [stdout]     |                         implicitly returns `()` as its body has no tail or `return` expression
[INFO] [stdout] 
[INFO] [stdout] 
[INFO] [stderr]     Checking libloading v0.7.4
[INFO] [stdout] error[E0282]: type annotations needed
[INFO] [stdout]    --> /opt/rustwide/cargo-home/registry/src/index.crates.io-6f17d22bba15001f/winit-0.26.1/src/platform_impl/linux/mod.rs:574:9
[INFO] [stdout]     |
[INFO] [stdout] 574 |         EventLoop::new_any_thread()
[INFO] [stdout]     |         ^^^^^^^^^^^^^^^^^^^^^^^^^ cannot infer type of the type parameter `T` declared on the enum `EventLoop`
[INFO] [stdout]     |
[INFO] [stdout] help: consider specifying the generic argument
[INFO] [stdout]     |
[INFO] [stdout] 574 |         EventLoop::<T>::new_any_thread()
[INFO] [stdout]     |                  +++++
[INFO] [stdout] 
[INFO] [stdout] 
[INFO] [stdout] error[E0282]: type annotations needed
[INFO] [stdout]    --> /opt/rustwide/cargo-home/registry/src/index.crates.io-6f17d22bba15001f/winit-0.26.1/src/window.rs:374:9
[INFO] [stdout]     |
[INFO] [stdout] 374 |         platform_impl::Window::new(&window_target.p, self.window, self.platform_specific).map(
[INFO] [stdout]     |         ^^^^^^^^^^^^^^^^^^^^^^^^^^ cannot infer type of the type parameter `T` declared on the associated function `new`
[INFO] [stdout]     |
[INFO] [stdout] help: consider specifying the generic argument
[INFO] [stdout]     |
[INFO] [stdout] 374 |         platform_impl::Window::new::<T>(&window_target.p, self.window, self.platform_specific).map(
[INFO] [stdout]     |                                   +++++
[INFO] [stdout] 
[INFO] [stdout] 
[INFO] [stdout] error[E0282]: type annotations needed
[INFO] [stdout]    --> /opt/rustwide/cargo-home/registry/src/index.crates.io-6f17d22bba15001f/winit-0.26.1/src/window.rs:400:17
[INFO] [stdout]     |
[INFO] [stdout] 400 |         builder.build(event_loop)
[INFO] [stdout]     |                 ^^^^^ cannot infer type of the type parameter `T` declared on the method `build`
[INFO] [stdout]     |
[INFO] [stdout] help: consider specifying the generic argument
[INFO] [stdout]     |
[INFO] [stdout] 400 |         builder.build::<T>(event_loop)
[INFO] [stdout]     |                      +++++
[INFO] [stdout] 
[INFO] [stdout] 
[INFO] [stderr]     Checking ordered-stream v0.2.0
[INFO] [stdout] error[E0282]: type annotations needed
[INFO] [stdout]    --> /opt/rustwide/cargo-home/registry/src/index.crates.io-6f17d22bba15001f/winit-0.26.1/src/platform/unix.rs:148:5
[INFO] [stdout]     |
[INFO] [stdout] 148 | /     EventLoop {
[INFO] [stdout] 149 | |         event_loop,
[INFO] [stdout] 150 | |         _marker: std::marker::PhantomData,
[INFO] [stdout] 151 | |     }
[INFO] [stdout]     | |_____^ cannot infer type of the type parameter `T` declared on the struct `EventLoop`
[INFO] [stdout]     |
[INFO] [stdout] help: consider specifying the generic argument
[INFO] [stdout]     |
[INFO] [stdout] 148 |     EventLoop::<T> {
[INFO] [stdout]     |              +++++
[INFO] [stdout] 
[INFO] [stdout] 
[INFO] [stdout] error[E0282]: type annotations needed
[INFO] [stdout]    --> /opt/rustwide/cargo-home/registry/src/index.crates.io-6f17d22bba15001f/winit-0.26.1/src/platform/unix.rs:157:9
[INFO] [stdout]     |
[INFO] [stdout] 157 |         wrap_ev(LinuxEventLoop::new_any_thread())
[INFO] [stdout]     |         ^^^^^^^ cannot infer type of the type parameter `T` declared on the function `wrap_ev`
[INFO] [stdout]     |
[INFO] [stdout] help: consider specifying the generic argument
[INFO] [stdout]     |
[INFO] [stdout] 157 |         wrap_ev::<T>(LinuxEventLoop::new_any_thread())
[INFO] [stdout]     |                +++++
[INFO] [stdout] 
[INFO] [stdout] 
[INFO] [stdout] error: aborting due to 19 previous errors
[INFO] [stdout] 
[INFO] [stdout] 
[INFO] [stdout] Some errors have detailed explanations: E0282, E0308, E0392.
[INFO] [stdout] 
[INFO] [stdout] For more information about an error, try `rustc --explain E0282`.
[INFO] [stdout] 
[INFO] [stderr] error: could not compile `winit` (lib) due to 20 previous errors
[INFO] [stderr] warning: build failed, waiting for other jobs to finish...
[INFO] running `Command { std: "docker" "inspect" "e0dca30f00b8cb496b7bbda679701a7feb5e4c2e4a0f20f3d60c0a45a3d35e7e", kill_on_drop: false }`
[INFO] running `Command { std: "docker" "rm" "-f" "e0dca30f00b8cb496b7bbda679701a7feb5e4c2e4a0f20f3d60c0a45a3d35e7e", kill_on_drop: false }`
[INFO] [stdout] e0dca30f00b8cb496b7bbda679701a7feb5e4c2e4a0f20f3d60c0a45a3d35e7e
