[INFO] fetching crate hyperspeed-broadcast 0.0.11...
[INFO] documenting hyperspeed-broadcast-0.0.11 against 1.75.0 for beta-1.76-rustdoc-1
[INFO] extracting crate hyperspeed-broadcast 0.0.11 into /workspace/builds/worker-1-tc1/source
[INFO] validating manifest of crates.io crate hyperspeed-broadcast 0.0.11 on toolchain 1.75.0
[INFO] running `Command { std: CARGO_HOME="/workspace/cargo-home" RUSTUP_HOME="/workspace/rustup-home" "/workspace/cargo-home/bin/cargo" "+1.75.0" "metadata" "--manifest-path" "Cargo.toml" "--no-deps", kill_on_drop: false }`
[INFO] started tweaking crates.io crate hyperspeed-broadcast 0.0.11
[INFO] finished tweaking crates.io crate hyperspeed-broadcast 0.0.11
[INFO] tweaked toml for crates.io crate hyperspeed-broadcast 0.0.11 written to /workspace/builds/worker-1-tc1/source/Cargo.toml
[INFO] running `Command { std: CARGO_HOME="/workspace/cargo-home" RUSTUP_HOME="/workspace/rustup-home" "/workspace/cargo-home/bin/cargo" "+1.75.0" "generate-lockfile" "--manifest-path" "Cargo.toml", kill_on_drop: false }`
[INFO] [stderr]     Updating crates.io index
[INFO] running `Command { std: CARGO_HOME="/workspace/cargo-home" RUSTUP_HOME="/workspace/rustup-home" "/workspace/cargo-home/bin/cargo" "+1.75.0" "fetch" "--manifest-path" "Cargo.toml", kill_on_drop: false }`
[INFO] [stderr]  Downloading crates ...
[INFO] [stderr]   Downloaded ftl-protocol v0.0.6
[INFO] [stderr]   Downloaded async-tungstenite v0.16.1
[INFO] [stderr]   Downloaded bitpattern v0.1.0
[INFO] [stderr]   Downloaded tungstenite v0.16.0
[INFO] [stderr]   Downloaded futures-micro v0.5.0
[INFO] [stderr]   Downloaded rtp v0.6.8
[INFO] [stderr]   Downloaded h264-profile-level-id v0.1.1
[INFO] [stderr]   Downloaded hash_hasher v2.0.3
[INFO] [stderr]   Downloaded event-listener-primitives v2.0.1
[INFO] [stderr]   Downloaded async-oneshot v0.5.9
[INFO] [stderr]   Downloaded mediasoup v0.9.3
[INFO] [stderr]   Downloaded mediasoup-sys v0.3.3
[INFO] running `Command { std: "docker" "create" "-v" "/var/lib/crater-agent-workspace/builds/worker-1-tc1/target:/opt/rustwide/target:rw,Z" "-v" "/var/lib/crater-agent-workspace/builds/worker-1-tc1/source:/opt/rustwide/workdir:ro,Z" "-v" "/var/lib/crater-agent-workspace/cargo-home:/opt/rustwide/cargo-home:ro,Z" "-v" "/var/lib/crater-agent-workspace/rustup-home:/opt/rustwide/rustup-home:ro,Z" "-e" "SOURCE_DIR=/opt/rustwide/workdir" "-e" "CARGO_TARGET_DIR=/opt/rustwide/target" "-e" "CARGO_HOME=/opt/rustwide/cargo-home" "-e" "RUSTUP_HOME=/opt/rustwide/rustup-home" "-w" "/opt/rustwide/workdir" "-m" "1610612736" "--user" "0:0" "--network" "none" "ghcr.io/rust-lang/crates-build-env/linux@sha256:2788e3201cd34a07e3172128adcd8b3090168a8e3bcc40d7c032b9dda1df7d1c" "/opt/rustwide/cargo-home/bin/cargo" "+1.75.0" "metadata" "--no-deps" "--format-version=1", kill_on_drop: false }`
[INFO] [stdout] 78937902237f0d6b4aec997b85947ad18decd31752cea080a5e3bb83ee25a6e4
[INFO] running `Command { std: "docker" "start" "-a" "78937902237f0d6b4aec997b85947ad18decd31752cea080a5e3bb83ee25a6e4", kill_on_drop: false }`
[INFO] running `Command { std: "docker" "inspect" "78937902237f0d6b4aec997b85947ad18decd31752cea080a5e3bb83ee25a6e4", kill_on_drop: false }`
[INFO] running `Command { std: "docker" "rm" "-f" "78937902237f0d6b4aec997b85947ad18decd31752cea080a5e3bb83ee25a6e4", kill_on_drop: false }`
[INFO] [stdout] 78937902237f0d6b4aec997b85947ad18decd31752cea080a5e3bb83ee25a6e4
[INFO] running `Command { std: "docker" "create" "-v" "/var/lib/crater-agent-workspace/builds/worker-1-tc1/target:/opt/rustwide/target:rw,Z" "-v" "/var/lib/crater-agent-workspace/builds/worker-1-tc1/source:/opt/rustwide/workdir:ro,Z" "-v" "/var/lib/crater-agent-workspace/cargo-home:/opt/rustwide/cargo-home:ro,Z" "-v" "/var/lib/crater-agent-workspace/rustup-home:/opt/rustwide/rustup-home:ro,Z" "-e" "SOURCE_DIR=/opt/rustwide/workdir" "-e" "CARGO_TARGET_DIR=/opt/rustwide/target" "-e" "CARGO_INCREMENTAL=0" "-e" "RUST_BACKTRACE=full" "-e" "RUSTFLAGS=--cap-lints=warn" "-e" "RUSTDOCFLAGS=--cap-lints=warn" "-e" "CARGO_HOME=/opt/rustwide/cargo-home" "-e" "RUSTUP_HOME=/opt/rustwide/rustup-home" "-w" "/opt/rustwide/workdir" "-m" "1610612736" "--user" "0:0" "--network" "none" "ghcr.io/rust-lang/crates-build-env/linux@sha256:2788e3201cd34a07e3172128adcd8b3090168a8e3bcc40d7c032b9dda1df7d1c" "/opt/rustwide/cargo-home/bin/cargo" "+1.75.0" "doc" "--frozen" "--no-deps" "--document-private-items" "--message-format=json", kill_on_drop: false }`
[INFO] [stdout] df5b8d5486f3bf8d8ffc64750696d92d3c2f1dc60c6067ae7b4b8f1ea8e62585
[INFO] running `Command { std: "docker" "start" "-a" "df5b8d5486f3bf8d8ffc64750696d92d3c2f1dc60c6067ae7b4b8f1ea8e62585", kill_on_drop: false }`
[INFO] [stderr]    Compiling libc v0.2.151
[INFO] [stderr]    Compiling crossbeam-utils v0.8.18
[INFO] [stderr]     Checking parking v2.2.0
[INFO] [stderr]     Checking futures-io v0.3.30
[INFO] [stderr]     Checking value-bag v1.4.3
[INFO] [stderr]     Checking fastrand v2.0.1
[INFO] [stderr]    Compiling rustix v0.38.28
[INFO] [stderr]     Checking tracing-core v0.1.32
[INFO] [stderr]    Compiling proc-macro2 v1.0.76
[INFO] [stderr]    Compiling lock_api v0.4.11
[INFO] [stderr]     Checking smallvec v1.11.2
[INFO] [stderr]     Checking bitflags v1.3.2
[INFO] [stderr]     Checking ppv-lite86 v0.2.17
[INFO] [stderr]     Checking linux-raw-sys v0.4.12
[INFO] [stderr]     Checking scopeguard v1.2.0
[INFO] [stderr]    Compiling thiserror v1.0.56
[INFO] [stderr]    Compiling io-lifetimes v1.0.11
[INFO] [stderr]     Checking event-listener v2.5.3
[INFO] [stderr]    Compiling typenum v1.17.0
[INFO] [stderr]    Compiling polling v2.8.0
[INFO] [stderr]    Compiling generic-array v0.14.7
[INFO] [stderr]    Compiling proc-macro-hack v0.5.20+deprecated
[INFO] [stderr]     Checking log v0.4.20
[INFO] [stderr]     Checking futures-lite v2.2.0
[INFO] [stderr]     Checking tracing v0.1.40
[INFO] [stderr]     Checking waker-fn v1.1.1
[INFO] [stderr]    Compiling rustix v0.37.27
[INFO] [stderr]    Compiling parking_lot_core v0.9.9
[INFO] [stderr]     Checking async-task v4.7.0
[INFO] [stderr]    Compiling quote v1.0.35
[INFO] [stderr]     Checking fastrand v1.9.0
[INFO] [stderr]    Compiling async-trait v0.1.77
[INFO] [stderr]     Checking async-lock v2.8.0
[INFO] [stderr]    Compiling syn v2.0.48
[INFO] [stderr]    Compiling async-io v1.13.0
[INFO] [stderr]    Compiling memoffset v0.6.5
[INFO] [stderr]     Checking futures-lite v1.13.0
[INFO] [stderr]     Checking atomic-waker v1.1.2
[INFO] [stderr]     Checking linux-raw-sys v0.3.8
[INFO] [stderr]    Compiling syn v1.0.109
[INFO] [stderr]     Checking piper v0.2.1
[INFO] [stderr]     Checking concurrent-queue v2.4.0
[INFO] [stderr]     Checking futures-sink v0.3.30
[INFO] [stderr]     Checking event-listener v4.0.3
[INFO] [stderr]    Compiling parking_lot_core v0.8.6
[INFO] [stderr]     Checking async-channel v1.9.0
[INFO] [stderr]     Checking futures-channel v0.3.30
[INFO] [stderr]     Checking event-listener v3.1.0
[INFO] [stderr]     Checking instant v0.1.12
[INFO] [stderr]     Checking kv-log-macro v1.0.7
[INFO] [stderr]     Checking aho-corasick v1.1.2
[INFO] [stderr]     Checking regex-syntax v0.8.2
[INFO] [stderr]    Compiling mediasoup-sys v0.3.3
[INFO] [stderr]     Checking event-listener-strategy v0.4.0
[INFO] [stderr]     Checking cpufeatures v0.2.12
[INFO] [stderr]     Checking opaque-debug v0.3.0
[INFO] [stderr]     Checking async-lock v3.2.0
[INFO] [stderr]     Checking async-channel v2.1.1
[INFO] [stderr]     Checking futures-micro v0.5.0
[INFO] [stderr]     Checking untrusted v0.7.1
[INFO] [stderr]     Checking byteorder v1.5.0
[INFO] [stderr]     Checking utf-8 v0.7.6
[INFO] [stderr]     Checking nohash-hasher v0.2.0
[INFO] [stderr]     Checking spin v0.5.2
[INFO] [stderr]     Checking async-oneshot v0.5.9
[INFO] [stderr]     Checking hash_hasher v2.0.3
[INFO] [stderr]     Checking hex v0.4.3
[INFO] [stderr]     Checking atomic-take v1.1.0
[INFO] [stderr]     Checking lru v0.7.8
[INFO] [stderr] error: failed to run custom build command for `mediasoup-sys v0.3.3`
[INFO] [stderr] note: To improve backtraces for build dependencies, set the CARGO_PROFILE_DEV_BUILD_OVERRIDE_DEBUG=true environment variable to enable debug information generation.
[INFO] [stderr] 
[INFO] [stderr] Caused by:
[INFO] [stderr]   process didn't exit successfully: `/opt/rustwide/target/debug/build/mediasoup-sys-993aaf440e31b605/build-script-build` (exit status: 101)
[INFO] [stderr]   --- stdout
[INFO] [stderr]   cargo:rustc-link-search=native=/usr/lib/gcc/x86_64-linux-gnu/11/
[INFO] [stderr]   cargo:rustc-link-lib=static=stdc++
[INFO] [stderr]   # Updated pip and setuptools are needed for meson
[INFO] [stderr]   # `--system` is not present everywhere and is only needed as workaround for
[INFO] [stderr]   # Debian-specific issue (copied from
[INFO] [stderr]   # https://github.com/gluster/gstatus/pull/33), fallback to command without
[INFO] [stderr]   # `--system` if the first one fails.
[INFO] [stderr]   /usr/bin/python3 -m pip install --system --target=/opt/rustwide/target/debug/build/mediasoup-sys-de82a1b5304d8b20/out/out/pip pip setuptools || \
[INFO] [stderr]   	/usr/bin/python3 -m pip install --target=/opt/rustwide/target/debug/build/mediasoup-sys-de82a1b5304d8b20/out/out/pip pip setuptools || \
[INFO] [stderr]   	echo "Installation failed, likely because PIP is unavailable, if you are on Debian/Ubuntu or derivative please install the python3-pip package"
[INFO] [stderr]   Installation failed, likely because PIP is unavailable, if you are on Debian/Ubuntu or derivative please install the python3-pip package
[INFO] [stderr]   # Install `meson` and `ninja` using `pip` into custom location, so we don't
[INFO] [stderr]   # depend on system-wide installation.
[INFO] [stderr]   /usr/bin/python3 -m pip install --upgrade --target=/opt/rustwide/target/debug/build/mediasoup-sys-de82a1b5304d8b20/out/out/pip  meson ninja
[INFO] [stderr] 
[INFO] [stderr]   --- stderr
[INFO] [stderr]   /usr/bin/python3: No module named pip
[INFO] [stderr]   /usr/bin/python3: No module named pip
[INFO] [stderr]   /usr/bin/python3: No module named pip
[INFO] [stderr]   make: *** [Makefile:75: meson-ninja] Error 1
[INFO] [stderr]   thread 'main' panicked at /opt/rustwide/cargo-home/registry/src/index.crates.io-6f17d22bba15001f/mediasoup-sys-0.3.3/build.rs:96:9:
[INFO] [stderr]   Failed to build libmediasoup-worker
[INFO] [stderr]   stack backtrace:
[INFO] [stderr]      0:     0x55cfde637acc - std::backtrace_rs::backtrace::libunwind::trace::ha637c64ce894333a
[INFO] [stderr]                                  at /rustc/82e1608dfa6e0b5569232559e3d385fea5a93112/library/std/src/../../backtrace/src/backtrace/libunwind.rs:104:5
[INFO] [stderr]      1:     0x55cfde637acc - std::backtrace_rs::backtrace::trace_unsynchronized::h47f62dea28e0c88d
[INFO] [stderr]                                  at /rustc/82e1608dfa6e0b5569232559e3d385fea5a93112/library/std/src/../../backtrace/src/backtrace/mod.rs:66:5
[INFO] [stderr]      2:     0x55cfde637acc - std::sys_common::backtrace::_print_fmt::h9eef0abe20ede486
[INFO] [stderr]                                  at /rustc/82e1608dfa6e0b5569232559e3d385fea5a93112/library/std/src/sys_common/backtrace.rs:67:5
[INFO] [stderr]      3:     0x55cfde637acc - <std::sys_common::backtrace::_print::DisplayBacktrace as core::fmt::Display>::fmt::hed7f999df88cc644
[INFO] [stderr]                                  at /rustc/82e1608dfa6e0b5569232559e3d385fea5a93112/library/std/src/sys_common/backtrace.rs:44:22
[INFO] [stderr]      4:     0x55cfde65b1d0 - core::fmt::rt::Argument::fmt::h1539a9308b8d058d
[INFO] [stderr]                                  at /rustc/82e1608dfa6e0b5569232559e3d385fea5a93112/library/core/src/fmt/rt.rs:142:9
[INFO] [stderr]      5:     0x55cfde65b1d0 - core::fmt::write::h3a39390d8560d9c9
[INFO] [stderr]                                  at /rustc/82e1608dfa6e0b5569232559e3d385fea5a93112/library/core/src/fmt/mod.rs:1120:17
[INFO] [stderr]      6:     0x55cfde63597f - std::io::Write::write_fmt::h5fc9997dfe05f882
[INFO] [stderr]                                  at /rustc/82e1608dfa6e0b5569232559e3d385fea5a93112/library/std/src/io/mod.rs:1762:15
[INFO] [stderr]      7:     0x55cfde6378b4 - std::sys_common::backtrace::_print::h894006fb5c6f3d45
[INFO] [stderr]                                  at /rustc/82e1608dfa6e0b5569232559e3d385fea5a93112/library/std/src/sys_common/backtrace.rs:47:5
[INFO] [stderr]      8:     0x55cfde6378b4 - std::sys_common::backtrace::print::h23a2d212c6fff936
[INFO] [stderr]                                  at /rustc/82e1608dfa6e0b5569232559e3d385fea5a93112/library/std/src/sys_common/backtrace.rs:34:9
[INFO] [stderr]      9:     0x55cfde638f57 - std::panicking::default_hook::{{closure}}::h8a1d2ee00185001a
[INFO] [stderr]     10:     0x55cfde638cbf - std::panicking::default_hook::h6038f2eba384e475
[INFO] [stderr]                                  at /rustc/82e1608dfa6e0b5569232559e3d385fea5a93112/library/std/src/panicking.rs:292:9
[INFO] [stderr]     11:     0x55cfde6393d8 - std::panicking::rust_panic_with_hook::h2b5517d590cab22e
[INFO] [stderr]                                  at /rustc/82e1608dfa6e0b5569232559e3d385fea5a93112/library/std/src/panicking.rs:779:13
[INFO] [stderr]     12:     0x55cfde60ffbe - std::panicking::begin_panic::{{closure}}::h20256a59053bc785
[INFO] [stderr]     13:     0x55cfde614236 - std::sys_common::backtrace::__rust_end_short_backtrace::h48a66c52e9642839
[INFO] [stderr]     14:     0x55cfde60ff37 - std::panicking::begin_panic::hc4054e047e8ec25c
[INFO] [stderr]     15:     0x55cfde613557 - build_script_build::main::h6b43490590cdccf2
[INFO] [stderr]     16:     0x55cfde614a03 - core::ops::function::FnOnce::call_once::ha6fc8068a6732fcb
[INFO] [stderr]     17:     0x55cfde614246 - std::sys_common::backtrace::__rust_begin_short_backtrace::h11f69fdf01fd7097
[INFO] [stderr]     18:     0x55cfde60fef9 - std::rt::lang_start::{{closure}}::h7d718a3757b04d51
[INFO] [stderr]     19:     0x55cfde632737 - core::ops::function::impls::<impl core::ops::function::FnOnce<A> for &F>::call_once::hd95060ecd5e1ca24
[INFO] [stderr]                                  at /rustc/82e1608dfa6e0b5569232559e3d385fea5a93112/library/core/src/ops/function.rs:284:13
[INFO] [stderr]     20:     0x55cfde632737 - std::panicking::try::do_call::h6e8cf51db32a6e4b
[INFO] [stderr]                                  at /rustc/82e1608dfa6e0b5569232559e3d385fea5a93112/library/std/src/panicking.rs:552:40
[INFO] [stderr]     21:     0x55cfde632737 - std::panicking::try::h3a52eefe24fe3c29
[INFO] [stderr]                                  at /rustc/82e1608dfa6e0b5569232559e3d385fea5a93112/library/std/src/panicking.rs:516:19
[INFO] [stderr]     22:     0x55cfde632737 - std::panic::catch_unwind::h24c28c23c02c3841
[INFO] [stderr]                                  at /rustc/82e1608dfa6e0b5569232559e3d385fea5a93112/library/std/src/panic.rs:142:14
[INFO] [stderr]     23:     0x55cfde632737 - std::rt::lang_start_internal::{{closure}}::h705d3c9cbc06ef47
[INFO] [stderr]                                  at /rustc/82e1608dfa6e0b5569232559e3d385fea5a93112/library/std/src/rt.rs:148:48
[INFO] [stderr]     24:     0x55cfde632737 - std::panicking::try::do_call::ha21f52ba13158470
[INFO] [stderr]                                  at /rustc/82e1608dfa6e0b5569232559e3d385fea5a93112/library/std/src/panicking.rs:552:40
[INFO] [stderr]     25:     0x55cfde632737 - std::panicking::try::h5581346bf6aeb1f8
[INFO] [stderr]                                  at /rustc/82e1608dfa6e0b5569232559e3d385fea5a93112/library/std/src/panicking.rs:516:19
[INFO] [stderr]     26:     0x55cfde632737 - std::panic::catch_unwind::h7919645a6b72e25b
[INFO] [stderr]                                  at /rustc/82e1608dfa6e0b5569232559e3d385fea5a93112/library/std/src/panic.rs:142:14
[INFO] [stderr]     27:     0x55cfde632737 - std::rt::lang_start_internal::h12de51168669836e
[INFO] [stderr]                                  at /rustc/82e1608dfa6e0b5569232559e3d385fea5a93112/library/std/src/rt.rs:148:20
[INFO] [stderr]     28:     0x55cfde60fed7 - std::rt::lang_start::h2c0041e2e1f3b4e4
[INFO] [stderr]     29:     0x55cfde6139c5 - main
[INFO] [stderr]     30:     0x7fe496155d90 - <unknown>
[INFO] [stderr]     31:     0x7fe496155e40 - __libc_start_main
[INFO] [stderr]     32:     0x55cfde60f925 - _start
[INFO] [stderr]     33:                0x0 - <unknown>
[INFO] [stderr] warning: build failed, waiting for other jobs to finish...
[INFO] running `Command { std: "docker" "inspect" "df5b8d5486f3bf8d8ffc64750696d92d3c2f1dc60c6067ae7b4b8f1ea8e62585", kill_on_drop: false }`
[INFO] running `Command { std: "docker" "rm" "-f" "df5b8d5486f3bf8d8ffc64750696d92d3c2f1dc60c6067ae7b4b8f1ea8e62585", kill_on_drop: false }`
[INFO] [stdout] df5b8d5486f3bf8d8ffc64750696d92d3c2f1dc60c6067ae7b4b8f1ea8e62585
[INFO] documenting hyperspeed-broadcast-0.0.11 against beta-2023-12-22 for beta-1.76-rustdoc-1
[INFO] extracting crate hyperspeed-broadcast 0.0.11 into /workspace/builds/worker-1-tc2/source
[INFO] validating manifest of crates.io crate hyperspeed-broadcast 0.0.11 on toolchain beta-2023-12-22
[INFO] running `Command { std: CARGO_HOME="/workspace/cargo-home" RUSTUP_HOME="/workspace/rustup-home" "/workspace/cargo-home/bin/cargo" "+beta-2023-12-22" "metadata" "--manifest-path" "Cargo.toml" "--no-deps", kill_on_drop: false }`
[INFO] started tweaking crates.io crate hyperspeed-broadcast 0.0.11
[INFO] finished tweaking crates.io crate hyperspeed-broadcast 0.0.11
[INFO] tweaked toml for crates.io crate hyperspeed-broadcast 0.0.11 written to /workspace/builds/worker-1-tc2/source/Cargo.toml
[INFO] running `Command { std: CARGO_HOME="/workspace/cargo-home" RUSTUP_HOME="/workspace/rustup-home" "/workspace/cargo-home/bin/cargo" "+beta-2023-12-22" "generate-lockfile" "--manifest-path" "Cargo.toml", kill_on_drop: false }`
[INFO] [stderr]     Updating crates.io index
[INFO] running `Command { std: CARGO_HOME="/workspace/cargo-home" RUSTUP_HOME="/workspace/rustup-home" "/workspace/cargo-home/bin/cargo" "+beta-2023-12-22" "fetch" "--manifest-path" "Cargo.toml", kill_on_drop: false }`
[INFO] running `Command { std: "docker" "create" "-v" "/var/lib/crater-agent-workspace/builds/worker-1-tc2/target:/opt/rustwide/target:rw,Z" "-v" "/var/lib/crater-agent-workspace/builds/worker-1-tc2/source:/opt/rustwide/workdir:ro,Z" "-v" "/var/lib/crater-agent-workspace/cargo-home:/opt/rustwide/cargo-home:ro,Z" "-v" "/var/lib/crater-agent-workspace/rustup-home:/opt/rustwide/rustup-home:ro,Z" "-e" "SOURCE_DIR=/opt/rustwide/workdir" "-e" "CARGO_TARGET_DIR=/opt/rustwide/target" "-e" "CARGO_HOME=/opt/rustwide/cargo-home" "-e" "RUSTUP_HOME=/opt/rustwide/rustup-home" "-w" "/opt/rustwide/workdir" "-m" "1610612736" "--user" "0:0" "--network" "none" "ghcr.io/rust-lang/crates-build-env/linux@sha256:2788e3201cd34a07e3172128adcd8b3090168a8e3bcc40d7c032b9dda1df7d1c" "/opt/rustwide/cargo-home/bin/cargo" "+beta-2023-12-22" "metadata" "--no-deps" "--format-version=1", kill_on_drop: false }`
[INFO] [stdout] d57ee4369b8cee40dcb37130cec4626ba3810ad9594180b9c36fe1aefed10bc5
[INFO] running `Command { std: "docker" "start" "-a" "d57ee4369b8cee40dcb37130cec4626ba3810ad9594180b9c36fe1aefed10bc5", kill_on_drop: false }`
[INFO] running `Command { std: "docker" "inspect" "d57ee4369b8cee40dcb37130cec4626ba3810ad9594180b9c36fe1aefed10bc5", kill_on_drop: false }`
[INFO] running `Command { std: "docker" "rm" "-f" "d57ee4369b8cee40dcb37130cec4626ba3810ad9594180b9c36fe1aefed10bc5", kill_on_drop: false }`
[INFO] [stdout] d57ee4369b8cee40dcb37130cec4626ba3810ad9594180b9c36fe1aefed10bc5
[INFO] running `Command { std: "docker" "create" "-v" "/var/lib/crater-agent-workspace/builds/worker-1-tc2/target:/opt/rustwide/target:rw,Z" "-v" "/var/lib/crater-agent-workspace/builds/worker-1-tc2/source:/opt/rustwide/workdir:ro,Z" "-v" "/var/lib/crater-agent-workspace/cargo-home:/opt/rustwide/cargo-home:ro,Z" "-v" "/var/lib/crater-agent-workspace/rustup-home:/opt/rustwide/rustup-home:ro,Z" "-e" "SOURCE_DIR=/opt/rustwide/workdir" "-e" "CARGO_TARGET_DIR=/opt/rustwide/target" "-e" "CARGO_INCREMENTAL=0" "-e" "RUST_BACKTRACE=full" "-e" "RUSTFLAGS=--cap-lints=warn" "-e" "RUSTDOCFLAGS=--cap-lints=warn" "-e" "CARGO_HOME=/opt/rustwide/cargo-home" "-e" "RUSTUP_HOME=/opt/rustwide/rustup-home" "-w" "/opt/rustwide/workdir" "-m" "1610612736" "--user" "0:0" "--network" "none" "ghcr.io/rust-lang/crates-build-env/linux@sha256:2788e3201cd34a07e3172128adcd8b3090168a8e3bcc40d7c032b9dda1df7d1c" "/opt/rustwide/cargo-home/bin/cargo" "+beta-2023-12-22" "doc" "--frozen" "--no-deps" "--document-private-items" "--message-format=json", kill_on_drop: false }`
[INFO] [stdout] 5d5b11a41f157f855b0ae71d97aab3541daba365bde11c237727fcf1722f8aee
[INFO] running `Command { std: "docker" "start" "-a" "5d5b11a41f157f855b0ae71d97aab3541daba365bde11c237727fcf1722f8aee", kill_on_drop: false }`
[INFO] [stderr]    Compiling libc v0.2.151
[INFO] [stderr]    Compiling crossbeam-utils v0.8.18
[INFO] [stderr]     Checking parking v2.2.0
[INFO] [stderr]     Checking futures-io v0.3.30
[INFO] [stderr]     Checking value-bag v1.4.3
[INFO] [stderr]     Checking fastrand v2.0.1
[INFO] [stderr]     Checking smallvec v1.11.2
[INFO] [stderr]    Compiling rustix v0.38.28
[INFO] [stderr]    Compiling proc-macro2 v1.0.76
[INFO] [stderr]    Compiling lock_api v0.4.11
[INFO] [stderr]     Checking tracing-core v0.1.32
[INFO] [stderr]     Checking bitflags v1.3.2
[INFO] [stderr]     Checking ppv-lite86 v0.2.17
[INFO] [stderr]     Checking linux-raw-sys v0.4.12
[INFO] [stderr]     Checking scopeguard v1.2.0
[INFO] [stderr]    Compiling thiserror v1.0.56
[INFO] [stderr]    Compiling io-lifetimes v1.0.11
[INFO] [stderr]    Compiling typenum v1.17.0
[INFO] [stderr]     Checking event-listener v2.5.3
[INFO] [stderr]    Compiling generic-array v0.14.7
[INFO] [stderr]    Compiling polling v2.8.0
[INFO] [stderr]     Checking waker-fn v1.1.1
[INFO] [stderr]     Checking log v0.4.20
[INFO] [stderr]     Checking futures-lite v2.2.0
[INFO] [stderr]    Compiling proc-macro-hack v0.5.20+deprecated
[INFO] [stderr]     Checking fastrand v1.9.0
[INFO] [stderr]    Compiling async-trait v0.1.77
[INFO] [stderr]    Compiling rustix v0.37.27
[INFO] [stderr]     Checking tracing v0.1.40
[INFO] [stderr]    Compiling parking_lot_core v0.9.9
[INFO] [stderr]     Checking async-task v4.7.0
[INFO] [stderr]     Checking futures-lite v1.13.0
[INFO] [stderr]     Checking async-lock v2.8.0
[INFO] [stderr]    Compiling memoffset v0.6.5
[INFO] [stderr]    Compiling async-io v1.13.0
[INFO] [stderr]    Compiling syn v1.0.109
[INFO] [stderr]    Compiling quote v1.0.35
[INFO] [stderr]     Checking atomic-waker v1.1.2
[INFO] [stderr]     Checking linux-raw-sys v0.3.8
[INFO] [stderr]     Checking piper v0.2.1
[INFO] [stderr]     Checking concurrent-queue v2.4.0
[INFO] [stderr]    Compiling syn v2.0.48
[INFO] [stderr]     Checking futures-sink v0.3.30
[INFO] [stderr]    Compiling parking_lot_core v0.8.6
[INFO] [stderr]     Checking instant v0.1.12
[INFO] [stderr]     Checking futures-channel v0.3.30
[INFO] [stderr]     Checking kv-log-macro v1.0.7
[INFO] [stderr]     Checking aho-corasick v1.1.2
[INFO] [stderr]     Checking event-listener v4.0.3
[INFO] [stderr]     Checking event-listener v3.1.0
[INFO] [stderr]     Checking async-channel v1.9.0
[INFO] [stderr]    Compiling mediasoup-sys v0.3.3
[INFO] [stderr]     Checking cpufeatures v0.2.12
[INFO] [stderr]     Checking event-listener-strategy v0.4.0
[INFO] [stderr]     Checking regex-syntax v0.8.2
[INFO] [stderr]     Checking opaque-debug v0.3.0
[INFO] [stderr]     Checking futures-micro v0.5.0
[INFO] [stderr]     Checking nohash-hasher v0.2.0
[INFO] [stderr]     Checking async-lock v3.2.0
[INFO] [stderr]     Checking async-channel v2.1.1
[INFO] [stderr]     Checking spin v0.5.2
[INFO] [stderr]     Checking utf-8 v0.7.6
[INFO] [stderr]     Checking untrusted v0.7.1
[INFO] [stderr]     Checking byteorder v1.5.0
[INFO] [stderr]     Checking async-oneshot v0.5.9
[INFO] [stderr]     Checking hex v0.4.3
[INFO] [stderr]     Checking hash_hasher v2.0.3
[INFO] [stderr]     Checking lru v0.7.8
[INFO] [stderr]     Checking atomic-take v1.1.0
[INFO] [stderr] error: failed to run custom build command for `mediasoup-sys v0.3.3`
[INFO] [stderr] note: To improve backtraces for build dependencies, set the CARGO_PROFILE_DEV_BUILD_OVERRIDE_DEBUG=true environment variable to enable debug information generation.
[INFO] [stderr] 
[INFO] [stderr] Caused by:
[INFO] [stderr]   process didn't exit successfully: `/opt/rustwide/target/debug/build/mediasoup-sys-43db4c04af1572f2/build-script-build` (exit status: 101)
[INFO] [stderr]   --- stdout
[INFO] [stderr]   cargo:rustc-link-search=native=/usr/lib/gcc/x86_64-linux-gnu/11/
[INFO] [stderr]   cargo:rustc-link-lib=static=stdc++
[INFO] [stderr]   # Updated pip and setuptools are needed for meson
[INFO] [stderr]   # `--system` is not present everywhere and is only needed as workaround for
[INFO] [stderr]   # Debian-specific issue (copied from
[INFO] [stderr]   # https://github.com/gluster/gstatus/pull/33), fallback to command without
[INFO] [stderr]   # `--system` if the first one fails.
[INFO] [stderr]   /usr/bin/python3 -m pip install --system --target=/opt/rustwide/target/debug/build/mediasoup-sys-14553b6f495b00bd/out/out/pip pip setuptools || \
[INFO] [stderr]   	/usr/bin/python3 -m pip install --target=/opt/rustwide/target/debug/build/mediasoup-sys-14553b6f495b00bd/out/out/pip pip setuptools || \
[INFO] [stderr]   	echo "Installation failed, likely because PIP is unavailable, if you are on Debian/Ubuntu or derivative please install the python3-pip package"
[INFO] [stderr]   Installation failed, likely because PIP is unavailable, if you are on Debian/Ubuntu or derivative please install the python3-pip package
[INFO] [stderr]   # Install `meson` and `ninja` using `pip` into custom location, so we don't
[INFO] [stderr]   # depend on system-wide installation.
[INFO] [stderr]   /usr/bin/python3 -m pip install --upgrade --target=/opt/rustwide/target/debug/build/mediasoup-sys-14553b6f495b00bd/out/out/pip  meson ninja
[INFO] [stderr] 
[INFO] [stderr]   --- stderr
[INFO] [stderr]   /usr/bin/python3: No module named pip
[INFO] [stderr]   /usr/bin/python3: No module named pip
[INFO] [stderr]   /usr/bin/python3: No module named pip
[INFO] [stderr]   make: *** [Makefile:75: meson-ninja] Error 1
[INFO] [stderr]   thread 'main' panicked at /opt/rustwide/cargo-home/registry/src/index.crates.io-6f17d22bba15001f/mediasoup-sys-0.3.3/build.rs:96:9:
[INFO] [stderr]   Failed to build libmediasoup-worker
[INFO] [stderr]   stack backtrace:
[INFO] [stderr]      0:     0x55fb3cad8cb6 - std::backtrace_rs::backtrace::libunwind::trace::h261606ad26a499c1
[INFO] [stderr]                                  at /rustc/0e09125c6c3c2fd70d7de961bcf0e51575235fad/library/std/src/../../backtrace/src/backtrace/libunwind.rs:104:5
[INFO] [stderr]      1:     0x55fb3cad8cb6 - std::backtrace_rs::backtrace::trace_unsynchronized::hd183f0625477fb28
[INFO] [stderr]                                  at /rustc/0e09125c6c3c2fd70d7de961bcf0e51575235fad/library/std/src/../../backtrace/src/backtrace/mod.rs:66:5
[INFO] [stderr]      2:     0x55fb3cad8cb6 - std::sys_common::backtrace::_print_fmt::hd7f8fef21b4eda67
[INFO] [stderr]                                  at /rustc/0e09125c6c3c2fd70d7de961bcf0e51575235fad/library/std/src/sys_common/backtrace.rs:68:5
[INFO] [stderr]      3:     0x55fb3cad8cb6 - <std::sys_common::backtrace::_print::DisplayBacktrace as core::fmt::Display>::fmt::h623d9b51f2f453f1
[INFO] [stderr]                                  at /rustc/0e09125c6c3c2fd70d7de961bcf0e51575235fad/library/std/src/sys_common/backtrace.rs:44:22
[INFO] [stderr]      4:     0x55fb3cafb6c0 - core::fmt::rt::Argument::fmt::h9f417ac76a86f368
[INFO] [stderr]                                  at /rustc/0e09125c6c3c2fd70d7de961bcf0e51575235fad/library/core/src/fmt/rt.rs:142:9
[INFO] [stderr]      5:     0x55fb3cafb6c0 - core::fmt::write::hc9b6faf4ac2aeff7
[INFO] [stderr]                                  at /rustc/0e09125c6c3c2fd70d7de961bcf0e51575235fad/library/core/src/fmt/mod.rs:1120:17
[INFO] [stderr]      6:     0x55fb3cad6c7f - std::io::Write::write_fmt::hfead1eee52c2e65e
[INFO] [stderr]                                  at /rustc/0e09125c6c3c2fd70d7de961bcf0e51575235fad/library/std/src/io/mod.rs:1810:15
[INFO] [stderr]      7:     0x55fb3cad8a94 - std::sys_common::backtrace::_print::hd5d66399c7df88a2
[INFO] [stderr]                                  at /rustc/0e09125c6c3c2fd70d7de961bcf0e51575235fad/library/std/src/sys_common/backtrace.rs:47:5
[INFO] [stderr]      8:     0x55fb3cad8a94 - std::sys_common::backtrace::print::he81ed2da642d37e5
[INFO] [stderr]                                  at /rustc/0e09125c6c3c2fd70d7de961bcf0e51575235fad/library/std/src/sys_common/backtrace.rs:34:9
[INFO] [stderr]      9:     0x55fb3cada187 - std::panicking::default_hook::{{closure}}::h85773f4fa117163d
[INFO] [stderr]     10:     0x55fb3cad9ee9 - std::panicking::default_hook::h6a1694a91d09b278
[INFO] [stderr]                                  at /rustc/0e09125c6c3c2fd70d7de961bcf0e51575235fad/library/std/src/panicking.rs:292:9
[INFO] [stderr]     11:     0x55fb3cada618 - std::panicking::rust_panic_with_hook::h0a7ad96e90f7145b
[INFO] [stderr]                                  at /rustc/0e09125c6c3c2fd70d7de961bcf0e51575235fad/library/std/src/panicking.rs:779:13
[INFO] [stderr]     12:     0x55fb3cab12fe - std::panicking::begin_panic::{{closure}}::h15d8e9d81d9a1572
[INFO] [stderr]     13:     0x55fb3cab1126 - std::sys_common::backtrace::__rust_end_short_backtrace::h9149be2ce6dc73e7
[INFO] [stderr]     14:     0x55fb3cab1287 - std::panicking::begin_panic::ha8abac8107e57b4b
[INFO] [stderr]     15:     0x55fb3cab4207 - build_script_build::main::hd42c5e81983be853
[INFO] [stderr]     16:     0x55fb3cab4fd3 - core::ops::function::FnOnce::call_once::h17c987814fa6e083
[INFO] [stderr]     17:     0x55fb3cab1136 - std::sys_common::backtrace::__rust_begin_short_backtrace::h5a62011647ebfe2c
[INFO] [stderr]     18:     0x55fb3cab1189 - std::rt::lang_start::{{closure}}::h62e17725ad545308
[INFO] [stderr]     19:     0x55fb3cad37b1 - core::ops::function::impls::<impl core::ops::function::FnOnce<A> for &F>::call_once::h4eb4c5e1620f29b0
[INFO] [stderr]                                  at /rustc/0e09125c6c3c2fd70d7de961bcf0e51575235fad/library/core/src/ops/function.rs:284:13
[INFO] [stderr]     20:     0x55fb3cad37b1 - std::panicking::try::do_call::h73fd26535faffcdf
[INFO] [stderr]                                  at /rustc/0e09125c6c3c2fd70d7de961bcf0e51575235fad/library/std/src/panicking.rs:552:40
[INFO] [stderr]     21:     0x55fb3cad37b1 - std::panicking::try::h77ff1d98f0fb9f39
[INFO] [stderr]                                  at /rustc/0e09125c6c3c2fd70d7de961bcf0e51575235fad/library/std/src/panicking.rs:516:19
[INFO] [stderr]     22:     0x55fb3cad37b1 - std::panic::catch_unwind::hab3caf2448b95e37
[INFO] [stderr]                                  at /rustc/0e09125c6c3c2fd70d7de961bcf0e51575235fad/library/std/src/panic.rs:142:14
[INFO] [stderr]     23:     0x55fb3cad37b1 - std::rt::lang_start_internal::{{closure}}::h8086711f9c783f78
[INFO] [stderr]                                  at /rustc/0e09125c6c3c2fd70d7de961bcf0e51575235fad/library/std/src/rt.rs:148:48
[INFO] [stderr]     24:     0x55fb3cad37b1 - std::panicking::try::do_call::hf920d4dc291cd6ca
[INFO] [stderr]                                  at /rustc/0e09125c6c3c2fd70d7de961bcf0e51575235fad/library/std/src/panicking.rs:552:40
[INFO] [stderr]     25:     0x55fb3cad37b1 - std::panicking::try::h2b806ccc0a85db74
[INFO] [stderr]                                  at /rustc/0e09125c6c3c2fd70d7de961bcf0e51575235fad/library/std/src/panicking.rs:516:19
[INFO] [stderr]     26:     0x55fb3cad37b1 - std::panic::catch_unwind::h038489539c507df2
[INFO] [stderr]                                  at /rustc/0e09125c6c3c2fd70d7de961bcf0e51575235fad/library/std/src/panic.rs:142:14
[INFO] [stderr]     27:     0x55fb3cad37b1 - std::rt::lang_start_internal::h28503b88912e8a5c
[INFO] [stderr]                                  at /rustc/0e09125c6c3c2fd70d7de961bcf0e51575235fad/library/std/src/rt.rs:148:20
[INFO] [stderr]     28:     0x55fb3cab1167 - std::rt::lang_start::h1f19c73d59389aae
[INFO] [stderr]     29:     0x55fb3cab4675 - main
[INFO] [stderr]     30:     0x7f445d4acd90 - <unknown>
[INFO] [stderr]     31:     0x7f445d4ace40 - __libc_start_main
[INFO] [stderr]     32:     0x55fb3cab0925 - _start
[INFO] [stderr]     33:                0x0 - <unknown>
[INFO] [stderr] warning: build failed, waiting for other jobs to finish...
[INFO] running `Command { std: "docker" "inspect" "5d5b11a41f157f855b0ae71d97aab3541daba365bde11c237727fcf1722f8aee", kill_on_drop: false }`
[INFO] running `Command { std: "docker" "rm" "-f" "5d5b11a41f157f855b0ae71d97aab3541daba365bde11c237727fcf1722f8aee", kill_on_drop: false }`
[INFO] [stdout] 5d5b11a41f157f855b0ae71d97aab3541daba365bde11c237727fcf1722f8aee
