[INFO] fetching crate hsa 0.1.0...
[INFO] documenting hsa-0.1.0 against 1.75.0 for beta-1.76-rustdoc-1
[INFO] extracting crate hsa 0.1.0 into /workspace/builds/worker-6-tc1/source
[INFO] validating manifest of crates.io crate hsa 0.1.0 on toolchain 1.75.0
[INFO] running `Command { std: CARGO_HOME="/workspace/cargo-home" RUSTUP_HOME="/workspace/rustup-home" "/workspace/cargo-home/bin/cargo" "+1.75.0" "metadata" "--manifest-path" "Cargo.toml" "--no-deps", kill_on_drop: false }`
[INFO] started tweaking crates.io crate hsa 0.1.0
[INFO] finished tweaking crates.io crate hsa 0.1.0
[INFO] tweaked toml for crates.io crate hsa 0.1.0 written to /workspace/builds/worker-6-tc1/source/Cargo.toml
[INFO] running `Command { std: CARGO_HOME="/workspace/cargo-home" RUSTUP_HOME="/workspace/rustup-home" "/workspace/cargo-home/bin/cargo" "+1.75.0" "generate-lockfile" "--manifest-path" "Cargo.toml", kill_on_drop: false }`
[INFO] [stderr]     Updating crates.io index
[INFO] running `Command { std: CARGO_HOME="/workspace/cargo-home" RUSTUP_HOME="/workspace/rustup-home" "/workspace/cargo-home/bin/cargo" "+1.75.0" "fetch" "--manifest-path" "Cargo.toml", kill_on_drop: false }`
[INFO] running `Command { std: "docker" "create" "-v" "/var/lib/crater-agent-workspace/builds/worker-6-tc1/target:/opt/rustwide/target:rw,Z" "-v" "/var/lib/crater-agent-workspace/builds/worker-6-tc1/source:/opt/rustwide/workdir:ro,Z" "-v" "/var/lib/crater-agent-workspace/cargo-home:/opt/rustwide/cargo-home:ro,Z" "-v" "/var/lib/crater-agent-workspace/rustup-home:/opt/rustwide/rustup-home:ro,Z" "-e" "SOURCE_DIR=/opt/rustwide/workdir" "-e" "CARGO_TARGET_DIR=/opt/rustwide/target" "-e" "CARGO_HOME=/opt/rustwide/cargo-home" "-e" "RUSTUP_HOME=/opt/rustwide/rustup-home" "-w" "/opt/rustwide/workdir" "-m" "1610612736" "--user" "0:0" "--network" "none" "ghcr.io/rust-lang/crates-build-env/linux@sha256:2788e3201cd34a07e3172128adcd8b3090168a8e3bcc40d7c032b9dda1df7d1c" "/opt/rustwide/cargo-home/bin/cargo" "+1.75.0" "metadata" "--no-deps" "--format-version=1", kill_on_drop: false }`
[INFO] [stdout] fed5144b68c64dba15eaaa84e0fe8a77be4ef5bcb5a4a014e36719de0bf97ce3
[INFO] running `Command { std: "docker" "start" "-a" "fed5144b68c64dba15eaaa84e0fe8a77be4ef5bcb5a4a014e36719de0bf97ce3", kill_on_drop: false }`
[INFO] running `Command { std: "docker" "inspect" "fed5144b68c64dba15eaaa84e0fe8a77be4ef5bcb5a4a014e36719de0bf97ce3", kill_on_drop: false }`
[INFO] running `Command { std: "docker" "rm" "-f" "fed5144b68c64dba15eaaa84e0fe8a77be4ef5bcb5a4a014e36719de0bf97ce3", kill_on_drop: false }`
[INFO] [stdout] fed5144b68c64dba15eaaa84e0fe8a77be4ef5bcb5a4a014e36719de0bf97ce3
[INFO] running `Command { std: "docker" "create" "-v" "/var/lib/crater-agent-workspace/builds/worker-6-tc1/target:/opt/rustwide/target:rw,Z" "-v" "/var/lib/crater-agent-workspace/builds/worker-6-tc1/source:/opt/rustwide/workdir:ro,Z" "-v" "/var/lib/crater-agent-workspace/cargo-home:/opt/rustwide/cargo-home:ro,Z" "-v" "/var/lib/crater-agent-workspace/rustup-home:/opt/rustwide/rustup-home:ro,Z" "-e" "SOURCE_DIR=/opt/rustwide/workdir" "-e" "CARGO_TARGET_DIR=/opt/rustwide/target" "-e" "CARGO_INCREMENTAL=0" "-e" "RUST_BACKTRACE=full" "-e" "RUSTFLAGS=--cap-lints=warn" "-e" "RUSTDOCFLAGS=--cap-lints=warn" "-e" "CARGO_HOME=/opt/rustwide/cargo-home" "-e" "RUSTUP_HOME=/opt/rustwide/rustup-home" "-w" "/opt/rustwide/workdir" "-m" "1610612736" "--user" "0:0" "--network" "none" "ghcr.io/rust-lang/crates-build-env/linux@sha256:2788e3201cd34a07e3172128adcd8b3090168a8e3bcc40d7c032b9dda1df7d1c" "/opt/rustwide/cargo-home/bin/cargo" "+1.75.0" "doc" "--frozen" "--no-deps" "--document-private-items" "--message-format=json", kill_on_drop: false }`
[INFO] [stdout] 3d1d0d4b12b405e60f95f864ec6a716a648bbf0eaec389a2dac2a5f85f9f956f
[INFO] running `Command { std: "docker" "start" "-a" "3d1d0d4b12b405e60f95f864ec6a716a648bbf0eaec389a2dac2a5f85f9f956f", kill_on_drop: false }`
[INFO] [stderr]     Checking num-traits v0.1.43
[INFO] [stderr]     Checking enum_primitive v0.1.1
[INFO] [stderr]     Checking hsa v0.1.0 (/opt/rustwide/workdir)
[INFO] [stderr]  Documenting hsa v0.1.0 (/opt/rustwide/workdir)
[INFO] [stdout] error[E0432]: unresolved import `std::intrinsics::atomic_store_rel`
[INFO] [stdout]  --> src/queue.rs:5:5
[INFO] [stdout]   |
[INFO] [stdout] 5 | use std::intrinsics::atomic_store_rel;
[INFO] [stdout]   |     ^^^^^^^^^^^^^^^^^----------------
[INFO] [stdout]   |     |                |
[INFO] [stdout]   |     |                help: a similar name exists in the module: `atomic_store_release`
[INFO] [stdout]   |     no `atomic_store_rel` in `intrinsics`
[INFO] [stdout] 
[INFO] [stdout] 
[INFO] [stdout] error[E0432]: unresolved import `std::intrinsics::atomic_store_rel`
[INFO] [stdout]  --> src/queue.rs:5:5
[INFO] [stdout]   |
[INFO] [stdout] 5 | use std::intrinsics::atomic_store_rel;
[INFO] [stdout]   |     ^^^^^^^^^^^^^^^^^----------------
[INFO] [stdout]   |     |                |
[INFO] [stdout]   |     |                help: a similar name exists in the module: `atomic_store_release`
[INFO] [stdout]   |     no `atomic_store_rel` in `intrinsics`
[INFO] [stdout] 
[INFO] [stdout] 
[INFO] [stdout] error[E0554]: `#![feature]` may not be used on the stable release channel
[INFO] [stdout]  --> src/lib.rs:1:12
[INFO] [stdout]   |
[INFO] [stdout] 1 | #![feature(core_intrinsics)]
[INFO] [stdout]   |            ^^^^^^^^^^^^^^^
[INFO] [stdout] 
[INFO] [stdout] 
[INFO] [stdout] error: aborting due to previous error
[INFO] [stdout] 
[INFO] [stdout] 
[INFO] [stdout] For more information about this error, try `rustc --explain E0432`.
[INFO] [stdout] 
[INFO] [stderr] error: could not document `hsa`
[INFO] [stderr] 
[INFO] [stderr] Caused by:
[INFO] [stderr]   process didn't exit successfully: `/opt/rustwide/rustup-home/toolchains/1.75.0-x86_64-unknown-linux-gnu/bin/rustdoc --crate-type lib --crate-name hsa src/lib.rs -o /opt/rustwide/target/doc --error-format=json --json=diagnostic-rendered-ansi,artifacts,future-incompat --document-private-items -C metadata=e94ffb4b0e90184d -L dependency=/opt/rustwide/target/debug/deps --extern enum_primitive=/opt/rustwide/target/debug/deps/libenum_primitive-54f4957e0b29c1cf.rmeta --cap-lints=warn --crate-version 0.1.0` (exit status: 1)
[INFO] [stderr] warning: build failed, waiting for other jobs to finish...
[INFO] [stdout] error: aborting due to 2 previous errors
[INFO] [stdout] 
[INFO] [stdout] 
[INFO] [stdout] Some errors have detailed explanations: E0432, E0554.
[INFO] [stdout] 
[INFO] [stdout] For more information about an error, try `rustc --explain E0432`.
[INFO] [stdout] 
[INFO] [stderr] error: could not compile `hsa` (lib) due to 3 previous errors
[INFO] running `Command { std: "docker" "inspect" "3d1d0d4b12b405e60f95f864ec6a716a648bbf0eaec389a2dac2a5f85f9f956f", kill_on_drop: false }`
[INFO] running `Command { std: "docker" "rm" "-f" "3d1d0d4b12b405e60f95f864ec6a716a648bbf0eaec389a2dac2a5f85f9f956f", kill_on_drop: false }`
[INFO] [stdout] 3d1d0d4b12b405e60f95f864ec6a716a648bbf0eaec389a2dac2a5f85f9f956f
[INFO] documenting hsa-0.1.0 against beta-2023-12-22 for beta-1.76-rustdoc-1
[INFO] extracting crate hsa 0.1.0 into /workspace/builds/worker-6-tc2/source
[INFO] validating manifest of crates.io crate hsa 0.1.0 on toolchain beta-2023-12-22
[INFO] running `Command { std: CARGO_HOME="/workspace/cargo-home" RUSTUP_HOME="/workspace/rustup-home" "/workspace/cargo-home/bin/cargo" "+beta-2023-12-22" "metadata" "--manifest-path" "Cargo.toml" "--no-deps", kill_on_drop: false }`
[INFO] started tweaking crates.io crate hsa 0.1.0
[INFO] finished tweaking crates.io crate hsa 0.1.0
[INFO] tweaked toml for crates.io crate hsa 0.1.0 written to /workspace/builds/worker-6-tc2/source/Cargo.toml
[INFO] running `Command { std: CARGO_HOME="/workspace/cargo-home" RUSTUP_HOME="/workspace/rustup-home" "/workspace/cargo-home/bin/cargo" "+beta-2023-12-22" "generate-lockfile" "--manifest-path" "Cargo.toml", kill_on_drop: false }`
[INFO] [stderr]     Updating crates.io index
[INFO] running `Command { std: CARGO_HOME="/workspace/cargo-home" RUSTUP_HOME="/workspace/rustup-home" "/workspace/cargo-home/bin/cargo" "+beta-2023-12-22" "fetch" "--manifest-path" "Cargo.toml", kill_on_drop: false }`
[INFO] running `Command { std: "docker" "create" "-v" "/var/lib/crater-agent-workspace/builds/worker-6-tc2/target:/opt/rustwide/target:rw,Z" "-v" "/var/lib/crater-agent-workspace/builds/worker-6-tc2/source:/opt/rustwide/workdir:ro,Z" "-v" "/var/lib/crater-agent-workspace/cargo-home:/opt/rustwide/cargo-home:ro,Z" "-v" "/var/lib/crater-agent-workspace/rustup-home:/opt/rustwide/rustup-home:ro,Z" "-e" "SOURCE_DIR=/opt/rustwide/workdir" "-e" "CARGO_TARGET_DIR=/opt/rustwide/target" "-e" "CARGO_HOME=/opt/rustwide/cargo-home" "-e" "RUSTUP_HOME=/opt/rustwide/rustup-home" "-w" "/opt/rustwide/workdir" "-m" "1610612736" "--user" "0:0" "--network" "none" "ghcr.io/rust-lang/crates-build-env/linux@sha256:2788e3201cd34a07e3172128adcd8b3090168a8e3bcc40d7c032b9dda1df7d1c" "/opt/rustwide/cargo-home/bin/cargo" "+beta-2023-12-22" "metadata" "--no-deps" "--format-version=1", kill_on_drop: false }`
[INFO] [stdout] 7df745e0ec5f49b78ce0ad855b71e20256e75d2f806e0f73db4202337933c168
[INFO] running `Command { std: "docker" "start" "-a" "7df745e0ec5f49b78ce0ad855b71e20256e75d2f806e0f73db4202337933c168", kill_on_drop: false }`
[INFO] running `Command { std: "docker" "inspect" "7df745e0ec5f49b78ce0ad855b71e20256e75d2f806e0f73db4202337933c168", kill_on_drop: false }`
[INFO] running `Command { std: "docker" "rm" "-f" "7df745e0ec5f49b78ce0ad855b71e20256e75d2f806e0f73db4202337933c168", kill_on_drop: false }`
[INFO] [stdout] 7df745e0ec5f49b78ce0ad855b71e20256e75d2f806e0f73db4202337933c168
[INFO] running `Command { std: "docker" "create" "-v" "/var/lib/crater-agent-workspace/builds/worker-6-tc2/target:/opt/rustwide/target:rw,Z" "-v" "/var/lib/crater-agent-workspace/builds/worker-6-tc2/source:/opt/rustwide/workdir:ro,Z" "-v" "/var/lib/crater-agent-workspace/cargo-home:/opt/rustwide/cargo-home:ro,Z" "-v" "/var/lib/crater-agent-workspace/rustup-home:/opt/rustwide/rustup-home:ro,Z" "-e" "SOURCE_DIR=/opt/rustwide/workdir" "-e" "CARGO_TARGET_DIR=/opt/rustwide/target" "-e" "CARGO_INCREMENTAL=0" "-e" "RUST_BACKTRACE=full" "-e" "RUSTFLAGS=--cap-lints=warn" "-e" "RUSTDOCFLAGS=--cap-lints=warn" "-e" "CARGO_HOME=/opt/rustwide/cargo-home" "-e" "RUSTUP_HOME=/opt/rustwide/rustup-home" "-w" "/opt/rustwide/workdir" "-m" "1610612736" "--user" "0:0" "--network" "none" "ghcr.io/rust-lang/crates-build-env/linux@sha256:2788e3201cd34a07e3172128adcd8b3090168a8e3bcc40d7c032b9dda1df7d1c" "/opt/rustwide/cargo-home/bin/cargo" "+beta-2023-12-22" "doc" "--frozen" "--no-deps" "--document-private-items" "--message-format=json", kill_on_drop: false }`
[INFO] [stdout] d488cd8ff7d4f953164775de525aea395feb2b45d351d44e3efecad904c8623a
[INFO] running `Command { std: "docker" "start" "-a" "d488cd8ff7d4f953164775de525aea395feb2b45d351d44e3efecad904c8623a", kill_on_drop: false }`
[INFO] [stderr]     Checking num-traits v0.1.43
[INFO] [stderr]     Checking enum_primitive v0.1.1
[INFO] [stderr]     Checking hsa v0.1.0 (/opt/rustwide/workdir)
[INFO] [stderr]  Documenting hsa v0.1.0 (/opt/rustwide/workdir)
[INFO] [stdout] error[E0432]: unresolved import `std::intrinsics::atomic_store_rel`
[INFO] [stdout]  --> src/queue.rs:5:5
[INFO] [stdout]   |
[INFO] [stdout] 5 | use std::intrinsics::atomic_store_rel;
[INFO] [stdout]   |     ^^^^^^^^^^^^^^^^^----------------
[INFO] [stdout]   |     |                |
[INFO] [stdout]   |     |                help: a similar name exists in the module: `atomic_store_release`
[INFO] [stdout]   |     no `atomic_store_rel` in `intrinsics`
[INFO] [stdout] 
[INFO] [stdout] 
[INFO] [stdout] error[E0432]: unresolved import `std::intrinsics::atomic_store_rel`
[INFO] [stdout]  --> src/queue.rs:5:5
[INFO] [stdout]   |
[INFO] [stdout] 5 | use std::intrinsics::atomic_store_rel;
[INFO] [stdout]   |     ^^^^^^^^^^^^^^^^^----------------
[INFO] [stdout]   |     |                |
[INFO] [stdout]   |     |                help: a similar name exists in the module: `atomic_store_release`
[INFO] [stdout]   |     no `atomic_store_rel` in `intrinsics`
[INFO] [stdout] 
[INFO] [stdout] 
[INFO] [stdout] warning: the feature `core_intrinsics` is internal to the compiler or standard library
[INFO] [stdout]  --> src/lib.rs:1:12
[INFO] [stdout]   |
[INFO] [stdout] 1 | #![feature(core_intrinsics)]
[INFO] [stdout]   |            ^^^^^^^^^^^^^^^
[INFO] [stdout]   |
[INFO] [stdout]   = note: using it is strongly discouraged
[INFO] [stdout]   = note: `#[warn(internal_features)]` on by default
[INFO] [stdout] 
[INFO] [stdout] 
[INFO] [stdout] warning: the feature `core_intrinsics` is internal to the compiler or standard library
[INFO] [stdout]  --> src/lib.rs:1:12
[INFO] [stdout]   |
[INFO] [stdout] 1 | #![feature(core_intrinsics)]
[INFO] [stdout]   |            ^^^^^^^^^^^^^^^
[INFO] [stdout]   |
[INFO] [stdout]   = note: using it is strongly discouraged
[INFO] [stdout]   = note: `#[warn(internal_features)]` on by default
[INFO] [stdout] 
[INFO] [stdout] 
[INFO] [stdout] error[E0554]: `#![feature]` may not be used on the beta release channel
[INFO] [stdout]  --> src/lib.rs:1:12
[INFO] [stdout]   |
[INFO] [stdout] 1 | #![feature(core_intrinsics)]
[INFO] [stdout]   |            ^^^^^^^^^^^^^^^
[INFO] [stdout] 
[INFO] [stdout] 
[INFO] [stdout] error: aborting due to 1 previous error; 1 warning emitted
[INFO] [stdout] 
[INFO] [stdout] 
[INFO] [stdout] For more information about this error, try `rustc --explain E0432`.
[INFO] [stdout] 
[INFO] [stderr] error: could not document `hsa`
[INFO] [stderr] 
[INFO] [stderr] Caused by:
[INFO] [stderr]   process didn't exit successfully: `/opt/rustwide/rustup-home/toolchains/beta-2023-12-22-x86_64-unknown-linux-gnu/bin/rustdoc --crate-type lib --crate-name hsa src/lib.rs -o /opt/rustwide/target/doc --error-format=json --json=diagnostic-rendered-ansi,artifacts,future-incompat --document-private-items -C metadata=a77d56fb15b5da6b -L dependency=/opt/rustwide/target/debug/deps --extern enum_primitive=/opt/rustwide/target/debug/deps/libenum_primitive-d0280b580417d9bd.rmeta --cap-lints=warn --crate-version 0.1.0` (exit status: 1)
[INFO] [stderr] warning: build failed, waiting for other jobs to finish...
[INFO] [stdout] error: aborting due to 2 previous errors; 1 warning emitted
[INFO] [stdout] 
[INFO] [stdout] 
[INFO] [stdout] Some errors have detailed explanations: E0432, E0554.
[INFO] [stdout] 
[INFO] [stdout] For more information about an error, try `rustc --explain E0432`.
[INFO] [stdout] 
[INFO] [stderr] error: could not compile `hsa` (lib) due to 3 previous errors; 1 warning emitted
[INFO] running `Command { std: "docker" "inspect" "d488cd8ff7d4f953164775de525aea395feb2b45d351d44e3efecad904c8623a", kill_on_drop: false }`
[INFO] running `Command { std: "docker" "rm" "-f" "d488cd8ff7d4f953164775de525aea395feb2b45d351d44e3efecad904c8623a", kill_on_drop: false }`
[INFO] [stdout] d488cd8ff7d4f953164775de525aea395feb2b45d351d44e3efecad904c8623a
