[INFO] fetching crate hrt 0.1.3...
[INFO] documenting hrt-0.1.3 against 1.75.0 for beta-1.76-rustdoc-1
[INFO] extracting crate hrt 0.1.3 into /workspace/builds/worker-4-tc1/source
[INFO] validating manifest of crates.io crate hrt 0.1.3 on toolchain 1.75.0
[INFO] running `Command { std: CARGO_HOME="/workspace/cargo-home" RUSTUP_HOME="/workspace/rustup-home" "/workspace/cargo-home/bin/cargo" "+1.75.0" "metadata" "--manifest-path" "Cargo.toml" "--no-deps", kill_on_drop: false }`
[INFO] started tweaking crates.io crate hrt 0.1.3
[INFO] finished tweaking crates.io crate hrt 0.1.3
[INFO] tweaked toml for crates.io crate hrt 0.1.3 written to /workspace/builds/worker-4-tc1/source/Cargo.toml
[INFO] crate crates.io crate hrt 0.1.3 already has a lockfile, it will not be regenerated
[INFO] running `Command { std: CARGO_HOME="/workspace/cargo-home" RUSTUP_HOME="/workspace/rustup-home" "/workspace/cargo-home/bin/cargo" "+1.75.0" "fetch" "--manifest-path" "Cargo.toml", kill_on_drop: false }`
[INFO] [stderr]     Updating crates.io index
[INFO] [stderr]  Downloading crates ...
[INFO] [stderr]   Downloaded adler32 v1.0.3
[INFO] [stderr]   Downloaded either v1.5.2
[INFO] [stderr]   Downloaded prettytable-rs v0.8.0
[INFO] [stderr]   Downloaded hyper v0.12.34
[INFO] [stderr]   Downloaded cc v1.0.42
[INFO] [stderr]   Downloaded reqwest v0.9.20
[INFO] [stderr]   Downloaded serde v1.0.99
[INFO] [stderr]   Downloaded bstr v0.2.8
[INFO] [stderr]   Downloaded csv v1.1.1
[INFO] [stderr]   Downloaded encoding_rs v0.8.19
[INFO] [stderr]   Downloaded serde_derive v1.0.99
[INFO] [stderr]   Downloaded indexmap v1.1.0
[INFO] [stderr]   Downloaded blake2b_simd v0.5.8
[INFO] [stderr]   Downloaded serde-xml-rs v0.3.1
[INFO] running `Command { std: "docker" "create" "-v" "/var/lib/crater-agent-workspace/builds/worker-4-tc1/target:/opt/rustwide/target:rw,Z" "-v" "/var/lib/crater-agent-workspace/builds/worker-4-tc1/source:/opt/rustwide/workdir:ro,Z" "-v" "/var/lib/crater-agent-workspace/cargo-home:/opt/rustwide/cargo-home:ro,Z" "-v" "/var/lib/crater-agent-workspace/rustup-home:/opt/rustwide/rustup-home:ro,Z" "-e" "SOURCE_DIR=/opt/rustwide/workdir" "-e" "CARGO_TARGET_DIR=/opt/rustwide/target" "-e" "CARGO_HOME=/opt/rustwide/cargo-home" "-e" "RUSTUP_HOME=/opt/rustwide/rustup-home" "-w" "/opt/rustwide/workdir" "-m" "1610612736" "--user" "0:0" "--network" "none" "ghcr.io/rust-lang/crates-build-env/linux@sha256:2788e3201cd34a07e3172128adcd8b3090168a8e3bcc40d7c032b9dda1df7d1c" "/opt/rustwide/cargo-home/bin/cargo" "+1.75.0" "metadata" "--no-deps" "--format-version=1", kill_on_drop: false }`
[INFO] [stdout] 504263cab64f4484327f8b2f528718dfb9a5da035fbc55923a62f48038789c90
[INFO] running `Command { std: "docker" "start" "-a" "504263cab64f4484327f8b2f528718dfb9a5da035fbc55923a62f48038789c90", kill_on_drop: false }`
[INFO] running `Command { std: "docker" "inspect" "504263cab64f4484327f8b2f528718dfb9a5da035fbc55923a62f48038789c90", kill_on_drop: false }`
[INFO] running `Command { std: "docker" "rm" "-f" "504263cab64f4484327f8b2f528718dfb9a5da035fbc55923a62f48038789c90", kill_on_drop: false }`
[INFO] [stdout] 504263cab64f4484327f8b2f528718dfb9a5da035fbc55923a62f48038789c90
[INFO] running `Command { std: "docker" "create" "-v" "/var/lib/crater-agent-workspace/builds/worker-4-tc1/target:/opt/rustwide/target:rw,Z" "-v" "/var/lib/crater-agent-workspace/builds/worker-4-tc1/source:/opt/rustwide/workdir:ro,Z" "-v" "/var/lib/crater-agent-workspace/cargo-home:/opt/rustwide/cargo-home:ro,Z" "-v" "/var/lib/crater-agent-workspace/rustup-home:/opt/rustwide/rustup-home:ro,Z" "-e" "SOURCE_DIR=/opt/rustwide/workdir" "-e" "CARGO_TARGET_DIR=/opt/rustwide/target" "-e" "CARGO_INCREMENTAL=0" "-e" "RUST_BACKTRACE=full" "-e" "RUSTFLAGS=--cap-lints=warn" "-e" "RUSTDOCFLAGS=--cap-lints=warn" "-e" "CARGO_HOME=/opt/rustwide/cargo-home" "-e" "RUSTUP_HOME=/opt/rustwide/rustup-home" "-w" "/opt/rustwide/workdir" "-m" "1610612736" "--user" "0:0" "--network" "none" "ghcr.io/rust-lang/crates-build-env/linux@sha256:2788e3201cd34a07e3172128adcd8b3090168a8e3bcc40d7c032b9dda1df7d1c" "/opt/rustwide/cargo-home/bin/cargo" "+1.75.0" "doc" "--frozen" "--no-deps" "--document-private-items" "--message-format=json", kill_on_drop: false }`
[INFO] [stdout] e5bfbba154935b474adb2cc06c489f164eb58cc94398db8e989a775948b113f7
[INFO] running `Command { std: "docker" "start" "-a" "e5bfbba154935b474adb2cc06c489f164eb58cc94398db8e989a775948b113f7", kill_on_drop: false }`
[INFO] [stderr]    Compiling libc v0.2.62
[INFO] [stderr]     Checking cfg-if v0.1.9
[INFO] [stderr]    Compiling autocfg v0.1.6
[INFO] [stderr]    Compiling byteorder v1.3.2
[INFO] [stderr]     Checking rand_core v0.4.2
[INFO] [stderr]    Compiling cc v1.0.42
[INFO] [stderr]    Compiling version_check v0.1.5
[INFO] [stderr]     Checking futures v0.1.29
[INFO] [stderr]     Checking smallvec v0.6.10
[INFO] [stderr]    Compiling proc-macro2 v1.0.3
[INFO] [stderr]    Compiling log v0.4.8
[INFO] [stderr]    Compiling unicode-xid v0.2.0
[INFO] [stderr]    Compiling syn v1.0.5
[INFO] [stderr]    Compiling memchr v2.2.1
[INFO] [stderr]     Checking either v1.5.2
[INFO] [stderr]     Checking itoa v0.4.4
[INFO] [stderr]     Checking crossbeam-utils v0.6.6
[INFO] [stderr]    Compiling serde v1.0.99
[INFO] [stderr]     Checking rand_core v0.3.1
[INFO] [stderr]     Checking rand_jitter v0.1.4
[INFO] [stderr]     Checking fnv v1.0.6
[INFO] [stderr]     Checking rand_isaac v0.1.1
[INFO] [stderr]     Checking rand_hc v0.1.0
[INFO] [stderr]     Checking rand_xorshift v0.1.1
[INFO] [stderr]     Checking matches v0.1.8
[INFO] [stderr]     Checking slab v0.4.2
[INFO] [stderr]     Checking unicode-bidi v0.3.4
[INFO] [stderr]    Compiling rand_pcg v0.1.2
[INFO] [stderr]    Compiling rand_chacha v0.1.1
[INFO] [stderr]    Compiling rand v0.6.5
[INFO] [stderr]     Checking unicode-normalization v0.1.8
[INFO] [stderr]    Compiling memoffset v0.5.1
[INFO] [stderr]    Compiling parking_lot_core v0.4.0
[INFO] [stderr]    Compiling proc-macro2 v0.4.30
[INFO] [stderr]    Compiling arrayvec v0.4.11
[INFO] [stderr]     Checking stable_deref_trait v1.1.1
[INFO] [stderr]    Compiling pkg-config v0.3.15
[INFO] [stderr]     Checking owning_ref v0.4.0
[INFO] [stderr]    Compiling unicase v2.5.1
[INFO] [stderr]    Compiling ryu v1.0.0
[INFO] [stderr]     Checking scopeguard v0.3.3
[INFO] [stderr]     Checking nodrop v0.1.13
[INFO] [stderr]    Compiling unicode-xid v0.1.0
[INFO] [stderr]     Checking rustc-demangle v0.1.16
[INFO] [stderr]     Checking lock_api v0.1.5
[INFO] [stderr]     Checking scopeguard v1.0.0
[INFO] [stderr]    Compiling bitflags v1.1.0
[INFO] [stderr]    Compiling syn v0.15.44
[INFO] [stderr]    Compiling quote v1.0.2
[INFO] [stderr]     Checking thread_local v0.3.6
[INFO] [stderr]     Checking regex-syntax v0.6.12
[INFO] [stderr]     Checking crossbeam-queue v0.1.2
[INFO] [stderr]    Compiling num-traits v0.2.8
[INFO] [stderr]     Checking iovec v0.1.2
[INFO] [stderr]     Checking rand_os v0.1.3
[INFO] [stderr]     Checking bytes v0.4.12
[INFO] [stderr]     Checking num_cpus v1.10.1
[INFO] [stderr]     Checking net2 v0.2.33
[INFO] [stderr]    Compiling backtrace-sys v0.1.31
[INFO] [stderr]    Compiling openssl-sys v0.9.49
[INFO] [stderr]     Checking time v0.1.42
[INFO] [stderr]    Compiling quote v0.6.13
[INFO] [stderr]    Compiling error-chain v0.12.1
[INFO] [stderr]     Checking tokio-executor v0.1.8
[INFO] [stderr]     Checking aho-corasick v0.7.6
[INFO] [stderr]     Checking tokio-sync v0.1.6
[INFO] [stderr]     Checking idna v0.1.5
[INFO] [stderr]     Checking mio v0.6.19
[INFO] [stderr]     Checking crossbeam-epoch v0.7.2
[INFO] [stderr]    Compiling openssl v0.10.24
[INFO] [stderr]     Checking tokio-io v0.1.12
[INFO] [stderr]     Checking http v0.1.18
[INFO] [stderr]    Compiling httparse v1.3.4
[INFO] [stderr]     Checking crossbeam-deque v0.7.1
[INFO] [stderr]    Compiling failure_derive v0.1.5
[INFO] [stderr]     Checking tokio-buf v0.1.1
[INFO] [stderr]     Checking string v0.2.1
[INFO] [stderr]     Checking tokio-current-thread v0.1.6
[INFO] [stderr]     Checking tokio-timer v0.2.11
[INFO] [stderr]     Checking idna v0.2.0
[INFO] [stderr]     Checking url v1.7.2
[INFO] [stderr]     Checking tokio-threadpool v0.1.15
[INFO] [stderr]    Compiling hyper v0.12.34
[INFO] [stderr]    Compiling crc32fast v1.2.0
[INFO] [stderr]     Checking indexmap v1.1.0
[INFO] [stderr] The following warnings were emitted during compilation:
[INFO] [stderr] 
[INFO] [stderr] warning: openssl-sys@0.9.49: build/expando.c:4:24: error: pasting "RUST_VERSION_OPENSSL_" and "(" does not give a valid preprocessing token
[INFO] [stderr] warning: openssl-sys@0.9.49:     4 | #define VERSION2(n, v) RUST_VERSION_##n##_##v
[INFO] [stderr] warning: openssl-sys@0.9.49:       |                        ^~~~~~~~~~~~~
[INFO] [stderr] warning: openssl-sys@0.9.49: build/expando.c:5:23: note: in expansion of macro 'VERSION2'
[INFO] [stderr] warning: openssl-sys@0.9.49:     5 | #define VERSION(n, v) VERSION2(n, v)
[INFO] [stderr] warning: openssl-sys@0.9.49:       |                       ^~~~~~~~
[INFO] [stderr] warning: openssl-sys@0.9.49: build/expando.c:10:1: note: in expansion of macro 'VERSION'
[INFO] [stderr] warning: openssl-sys@0.9.49:    10 | VERSION(OPENSSL, OPENSSL_VERSION_NUMBER)
[INFO] [stderr] warning: openssl-sys@0.9.49:       | ^~~~~~~
[INFO] [stderr] 
[INFO] [stderr] error: failed to run custom build command for `openssl-sys v0.9.49`
[INFO] [stderr] note: To improve backtraces for build dependencies, set the CARGO_PROFILE_DEV_BUILD_OVERRIDE_DEBUG=true environment variable to enable debug information generation.
[INFO] [stderr] 
[INFO] [stderr] Caused by:
[INFO] [stderr]   process didn't exit successfully: `/opt/rustwide/target/debug/build/openssl-sys-6d7eacb1033be11f/build-script-main` (exit status: 101)
[INFO] [stderr]   --- stdout
[INFO] [stderr]   cargo:rustc-cfg=const_fn
[INFO] [stderr]   cargo:rerun-if-env-changed=X86_64_UNKNOWN_LINUX_GNU_OPENSSL_LIB_DIR
[INFO] [stderr]   X86_64_UNKNOWN_LINUX_GNU_OPENSSL_LIB_DIR unset
[INFO] [stderr]   cargo:rerun-if-env-changed=OPENSSL_LIB_DIR
[INFO] [stderr]   OPENSSL_LIB_DIR unset
[INFO] [stderr]   cargo:rerun-if-env-changed=X86_64_UNKNOWN_LINUX_GNU_OPENSSL_INCLUDE_DIR
[INFO] [stderr]   X86_64_UNKNOWN_LINUX_GNU_OPENSSL_INCLUDE_DIR unset
[INFO] [stderr]   cargo:rerun-if-env-changed=OPENSSL_INCLUDE_DIR
[INFO] [stderr]   OPENSSL_INCLUDE_DIR unset
[INFO] [stderr]   cargo:rerun-if-env-changed=X86_64_UNKNOWN_LINUX_GNU_OPENSSL_DIR
[INFO] [stderr]   X86_64_UNKNOWN_LINUX_GNU_OPENSSL_DIR unset
[INFO] [stderr]   cargo:rerun-if-env-changed=OPENSSL_DIR
[INFO] [stderr]   OPENSSL_DIR unset
[INFO] [stderr]   cargo:rustc-link-lib=ssl
[INFO] [stderr]   cargo:rustc-link-lib=crypto
[INFO] [stderr]   OPT_LEVEL = Some("0")
[INFO] [stderr]   TARGET = Some("x86_64-unknown-linux-gnu")
[INFO] [stderr]   HOST = Some("x86_64-unknown-linux-gnu")
[INFO] [stderr]   CC_x86_64-unknown-linux-gnu = None
[INFO] [stderr]   CC_x86_64_unknown_linux_gnu = None
[INFO] [stderr]   HOST_CC = None
[INFO] [stderr]   CC = None
[INFO] [stderr]   CFLAGS_x86_64-unknown-linux-gnu = None
[INFO] [stderr]   CFLAGS_x86_64_unknown_linux_gnu = None
[INFO] [stderr]   HOST_CFLAGS = None
[INFO] [stderr]   CFLAGS = None
[INFO] [stderr]   CRATE_CC_NO_DEFAULTS = None
[INFO] [stderr]   DEBUG = Some("true")
[INFO] [stderr]   CARGO_CFG_TARGET_FEATURE = Some("fxsr,sse,sse2")
[INFO] [stderr]   running: "cc" "-O0" "-ffunction-sections" "-fdata-sections" "-fPIC" "-g" "-fno-omit-frame-pointer" "-m64" "-Wall" "-Wextra" "-E" "build/expando.c"
[INFO] [stderr]   cargo:warning=build/expando.c:4:24: error: pasting "RUST_VERSION_OPENSSL_" and "(" does not give a valid preprocessing token
[INFO] [stderr]   cargo:warning=    4 | #define VERSION2(n, v) RUST_VERSION_##n##_##v
[INFO] [stderr]   cargo:warning=      |                        ^~~~~~~~~~~~~
[INFO] [stderr]   cargo:warning=build/expando.c:5:23: note: in expansion of macro 'VERSION2'
[INFO] [stderr]   cargo:warning=    5 | #define VERSION(n, v) VERSION2(n, v)
[INFO] [stderr]   cargo:warning=      |                       ^~~~~~~~
[INFO] [stderr]   cargo:warning=build/expando.c:10:1: note: in expansion of macro 'VERSION'
[INFO] [stderr]   cargo:warning=   10 | VERSION(OPENSSL, OPENSSL_VERSION_NUMBER)
[INFO] [stderr]   cargo:warning=      | ^~~~~~~
[INFO] [stderr]   exit status: 1
[INFO] [stderr] 
[INFO] [stderr]   --- stderr
[INFO] [stderr]   thread 'main' panicked at /opt/rustwide/cargo-home/registry/src/index.crates.io-6f17d22bba15001f/openssl-sys-0.9.49/build/main.rs:126:13:
[INFO] [stderr] 
[INFO] [stderr]   Header expansion error:
[INFO] [stderr]   Error { kind: ToolExecError, message: "Command \"cc\" \"-O0\" \"-ffunction-sections\" \"-fdata-sections\" \"-fPIC\" \"-g\" \"-fno-omit-frame-pointer\" \"-m64\" \"-Wall\" \"-Wextra\" \"-E\" \"build/expando.c\" with args \"cc\" did not execute successfully (status code exit status: 1)." }
[INFO] [stderr] 
[INFO] [stderr]   Failed to find OpenSSL development headers.
[INFO] [stderr] 
[INFO] [stderr]   You can try fixing this setting the `OPENSSL_DIR` environment variable
[INFO] [stderr]   pointing to your OpenSSL installation or installing OpenSSL headers package
[INFO] [stderr]   specific to your distribution:
[INFO] [stderr] 
[INFO] [stderr]       # On Ubuntu
[INFO] [stderr]       sudo apt-get install libssl-dev
[INFO] [stderr]       # On Arch Linux
[INFO] [stderr]       sudo pacman -S openssl
[INFO] [stderr]       # On Fedora
[INFO] [stderr]       sudo dnf install openssl-devel
[INFO] [stderr] 
[INFO] [stderr]   See rust-openssl README for more information:
[INFO] [stderr] 
[INFO] [stderr]       https://github.com/sfackler/rust-openssl#linux
[INFO] [stderr] 
[INFO] [stderr]   stack backtrace:
[INFO] [stderr]      0:     0x55c44a0f0c6c - std::backtrace_rs::backtrace::libunwind::trace::ha637c64ce894333a
[INFO] [stderr]                                  at /rustc/82e1608dfa6e0b5569232559e3d385fea5a93112/library/std/src/../../backtrace/src/backtrace/libunwind.rs:104:5
[INFO] [stderr]      1:     0x55c44a0f0c6c - std::backtrace_rs::backtrace::trace_unsynchronized::h47f62dea28e0c88d
[INFO] [stderr]                                  at /rustc/82e1608dfa6e0b5569232559e3d385fea5a93112/library/std/src/../../backtrace/src/backtrace/mod.rs:66:5
[INFO] [stderr]      2:     0x55c44a0f0c6c - std::sys_common::backtrace::_print_fmt::h9eef0abe20ede486
[INFO] [stderr]                                  at /rustc/82e1608dfa6e0b5569232559e3d385fea5a93112/library/std/src/sys_common/backtrace.rs:67:5
[INFO] [stderr]      3:     0x55c44a0f0c6c - <std::sys_common::backtrace::_print::DisplayBacktrace as core::fmt::Display>::fmt::hed7f999df88cc644
[INFO] [stderr]                                  at /rustc/82e1608dfa6e0b5569232559e3d385fea5a93112/library/std/src/sys_common/backtrace.rs:44:22
[INFO] [stderr]      4:     0x55c44a116dd0 - core::fmt::rt::Argument::fmt::h1539a9308b8d058d
[INFO] [stderr]                                  at /rustc/82e1608dfa6e0b5569232559e3d385fea5a93112/library/core/src/fmt/rt.rs:142:9
[INFO] [stderr]      5:     0x55c44a116dd0 - core::fmt::write::h3a39390d8560d9c9
[INFO] [stderr]                                  at /rustc/82e1608dfa6e0b5569232559e3d385fea5a93112/library/core/src/fmt/mod.rs:1120:17
[INFO] [stderr]      6:     0x55c44a0ee66f - std::io::Write::write_fmt::h5fc9997dfe05f882
[INFO] [stderr]                                  at /rustc/82e1608dfa6e0b5569232559e3d385fea5a93112/library/std/src/io/mod.rs:1762:15
[INFO] [stderr]      7:     0x55c44a0f0a54 - std::sys_common::backtrace::_print::h894006fb5c6f3d45
[INFO] [stderr]                                  at /rustc/82e1608dfa6e0b5569232559e3d385fea5a93112/library/std/src/sys_common/backtrace.rs:47:5
[INFO] [stderr]      8:     0x55c44a0f0a54 - std::sys_common::backtrace::print::h23a2d212c6fff936
[INFO] [stderr]                                  at /rustc/82e1608dfa6e0b5569232559e3d385fea5a93112/library/std/src/sys_common/backtrace.rs:34:9
[INFO] [stderr]      9:     0x55c44a0f2267 - std::panicking::default_hook::{{closure}}::h8a1d2ee00185001a
[INFO] [stderr]     10:     0x55c44a0f1fcf - std::panicking::default_hook::h6038f2eba384e475
[INFO] [stderr]                                  at /rustc/82e1608dfa6e0b5569232559e3d385fea5a93112/library/std/src/panicking.rs:292:9
[INFO] [stderr]     11:     0x55c44a0f26e8 - std::panicking::rust_panic_with_hook::h2b5517d590cab22e
[INFO] [stderr]                                  at /rustc/82e1608dfa6e0b5569232559e3d385fea5a93112/library/std/src/panicking.rs:779:13
[INFO] [stderr]     12:     0x55c44a0f25ce - std::panicking::begin_panic_handler::{{closure}}::h233112c06e0ef43e
[INFO] [stderr]                                  at /rustc/82e1608dfa6e0b5569232559e3d385fea5a93112/library/std/src/panicking.rs:657:13
[INFO] [stderr]     13:     0x55c44a0f1136 - std::sys_common::backtrace::__rust_end_short_backtrace::h6e893f24d7ebbff8
[INFO] [stderr]                                  at /rustc/82e1608dfa6e0b5569232559e3d385fea5a93112/library/std/src/sys_common/backtrace.rs:170:18
[INFO] [stderr]     14:     0x55c44a0f2332 - rust_begin_unwind
[INFO] [stderr]                                  at /rustc/82e1608dfa6e0b5569232559e3d385fea5a93112/library/std/src/panicking.rs:645:5
[INFO] [stderr]     15:     0x55c44a067685 - core::panicking::panic_fmt::hbf0e066aabfa482c
[INFO] [stderr]                                  at /rustc/82e1608dfa6e0b5569232559e3d385fea5a93112/library/core/src/panicking.rs:72:14
[INFO] [stderr]     16:     0x55c44a06f949 - build_script_main::validate_headers::hdd4bf29f9b9674d8
[INFO] [stderr]     17:     0x55c44a06c6b2 - build_script_main::find::try_pkg_config::hcc1cdc84dee74098
[INFO] [stderr]     18:     0x55c44a06b574 - build_script_main::find::find_openssl_dir::h8d4dafea7dd3da18
[INFO] [stderr]     19:     0x55c44a06b412 - build_script_main::find::get_openssl::{{closure}}::he4b7879ca54d26ec
[INFO] [stderr]     20:     0x55c44a068c79 - core::option::Option<T>::unwrap_or_else::hcaa82b767b613530
[INFO] [stderr]     21:     0x55c44a06b211 - build_script_main::find::get_openssl::h2fa270c4d2bdfef7
[INFO] [stderr]     22:     0x55c44a06d435 - build_script_main::main::h4adbc9fbe0e29a62
[INFO] [stderr]     23:     0x55c44a0735e3 - core::ops::function::FnOnce::call_once::h0f5264d9edbef2f1
[INFO] [stderr]     24:     0x55c44a0732a6 - std::sys_common::backtrace::__rust_begin_short_backtrace::h0a44af497f706711
[INFO] [stderr]     25:     0x55c44a0733e9 - std::rt::lang_start::{{closure}}::ha5e6ce3fb76917c8
[INFO] [stderr]     26:     0x55c44a0ea9f7 - core::ops::function::impls::<impl core::ops::function::FnOnce<A> for &F>::call_once::hd95060ecd5e1ca24
[INFO] [stderr]                                  at /rustc/82e1608dfa6e0b5569232559e3d385fea5a93112/library/core/src/ops/function.rs:284:13
[INFO] [stderr]     27:     0x55c44a0ea9f7 - std::panicking::try::do_call::h6e8cf51db32a6e4b
[INFO] [stderr]                                  at /rustc/82e1608dfa6e0b5569232559e3d385fea5a93112/library/std/src/panicking.rs:552:40
[INFO] [stderr]     28:     0x55c44a0ea9f7 - std::panicking::try::h3a52eefe24fe3c29
[INFO] [stderr]                                  at /rustc/82e1608dfa6e0b5569232559e3d385fea5a93112/library/std/src/panicking.rs:516:19
[INFO] [stderr]     29:     0x55c44a0ea9f7 - std::panic::catch_unwind::h24c28c23c02c3841
[INFO] [stderr]                                  at /rustc/82e1608dfa6e0b5569232559e3d385fea5a93112/library/std/src/panic.rs:142:14
[INFO] [stderr]     30:     0x55c44a0ea9f7 - std::rt::lang_start_internal::{{closure}}::h705d3c9cbc06ef47
[INFO] [stderr]                                  at /rustc/82e1608dfa6e0b5569232559e3d385fea5a93112/library/std/src/rt.rs:148:48
[INFO] [stderr]     31:     0x55c44a0ea9f7 - std::panicking::try::do_call::ha21f52ba13158470
[INFO] [stderr]                                  at /rustc/82e1608dfa6e0b5569232559e3d385fea5a93112/library/std/src/panicking.rs:552:40
[INFO] [stderr]     32:     0x55c44a0ea9f7 - std::panicking::try::h5581346bf6aeb1f8
[INFO] [stderr]                                  at /rustc/82e1608dfa6e0b5569232559e3d385fea5a93112/library/std/src/panicking.rs:516:19
[INFO] [stderr]     33:     0x55c44a0ea9f7 - std::panic::catch_unwind::h7919645a6b72e25b
[INFO] [stderr]                                  at /rustc/82e1608dfa6e0b5569232559e3d385fea5a93112/library/std/src/panic.rs:142:14
[INFO] [stderr]     34:     0x55c44a0ea9f7 - std::rt::lang_start_internal::h12de51168669836e
[INFO] [stderr]                                  at /rustc/82e1608dfa6e0b5569232559e3d385fea5a93112/library/std/src/rt.rs:148:20
[INFO] [stderr]     35:     0x55c44a0733c7 - std::rt::lang_start::ha1053de8ec32e461
[INFO] [stderr]     36:     0x55c44a070685 - main
[INFO] [stderr]     37:     0x7f3d258d5d90 - <unknown>
[INFO] [stderr]     38:     0x7f3d258d5e40 - __libc_start_main
[INFO] [stderr]     39:     0x55c44a067e95 - _start
[INFO] [stderr]     40:                0x0 - <unknown>
[INFO] [stderr] warning: build failed, waiting for other jobs to finish...
[INFO] running `Command { std: "docker" "inspect" "e5bfbba154935b474adb2cc06c489f164eb58cc94398db8e989a775948b113f7", kill_on_drop: false }`
[INFO] running `Command { std: "docker" "rm" "-f" "e5bfbba154935b474adb2cc06c489f164eb58cc94398db8e989a775948b113f7", kill_on_drop: false }`
[INFO] [stdout] e5bfbba154935b474adb2cc06c489f164eb58cc94398db8e989a775948b113f7
