[INFO] fetching crate hermod-api 0.1.2...
[INFO] documenting hermod-api-0.1.2 against 1.75.0 for beta-1.76-rustdoc-1
[INFO] extracting crate hermod-api 0.1.2 into /workspace/builds/worker-0-tc1/source
[INFO] validating manifest of crates.io crate hermod-api 0.1.2 on toolchain 1.75.0
[INFO] running `Command { std: CARGO_HOME="/workspace/cargo-home" RUSTUP_HOME="/workspace/rustup-home" "/workspace/cargo-home/bin/cargo" "+1.75.0" "metadata" "--manifest-path" "Cargo.toml" "--no-deps", kill_on_drop: false }`
[INFO] started tweaking crates.io crate hermod-api 0.1.2
[INFO] finished tweaking crates.io crate hermod-api 0.1.2
[INFO] tweaked toml for crates.io crate hermod-api 0.1.2 written to /workspace/builds/worker-0-tc1/source/Cargo.toml
[INFO] crate crates.io crate hermod-api 0.1.2 already has a lockfile, it will not be regenerated
[INFO] running `Command { std: CARGO_HOME="/workspace/cargo-home" RUSTUP_HOME="/workspace/rustup-home" "/workspace/cargo-home/bin/cargo" "+1.75.0" "fetch" "--manifest-path" "Cargo.toml", kill_on_drop: false }`
[INFO] [stderr]     Updating crates.io index
[INFO] [stderr]  Downloading crates ...
[INFO] [stderr]   Downloaded unicode-bidi v0.3.6
[INFO] [stderr]   Downloaded actix-codec v0.4.0
[INFO] [stderr]   Downloaded sqlx-rt v0.5.9
[INFO] [stderr]   Downloaded flate2 v1.0.22
[INFO] [stderr]   Downloaded actix-server v2.0.0-beta.5
[INFO] [stderr]   Downloaded actix-router v0.5.0-beta.2
[INFO] [stderr]   Downloaded argon2 v0.3.1
[INFO] [stderr]   Downloaded minimal-lexical v0.1.4
[INFO] [stderr]   Downloaded password-hash v0.3.2
[INFO] [stderr]   Downloaded config v0.11.0
[INFO] [stderr]   Downloaded thiserror v1.0.29
[INFO] [stderr]   Downloaded actix-web-codegen v0.5.0-beta.5
[INFO] [stderr]   Downloaded sqlformat v0.1.8
[INFO] [stderr]   Downloaded time v0.3.3
[INFO] [stderr]   Downloaded sqlx-core v0.5.9
[INFO] [stderr]   Downloaded zstd-sys v1.5.0+zstd.1.4.9
[INFO] [stderr]   Downloaded brotli-sys v0.3.2
[INFO] [stderr]   Downloaded hyper v0.14.13
[INFO] [stderr]   Downloaded tracing-bunyan-formatter v0.2.6
[INFO] [stderr]   Downloaded tower v0.4.8
[INFO] [stderr]   Downloaded sqlx v0.5.9
[INFO] [stderr]   Downloaded actix v0.12.0
[INFO] [stderr]   Downloaded actix-cors v0.6.0-beta.2
[INFO] [stderr]   Downloaded tonic v0.5.2
[INFO] [stderr]   Downloaded tokio-io-timeout v1.1.1
[INFO] [stderr]   Downloaded redox_users v0.4.0
[INFO] [stderr]   Downloaded httpdate v1.0.1
[INFO] [stderr]   Downloaded language-tags v0.3.2
[INFO] [stderr]   Downloaded tonic-build v0.5.2
[INFO] [stderr]   Downloaded linked-hash-map v0.5.4
[INFO] [stderr]   Downloaded bytestring v1.0.0
[INFO] [stderr]   Downloaded jobserver v0.1.24
[INFO] [stderr]   Downloaded rustc_version v0.3.3
[INFO] [stderr]   Downloaded derive_more v0.99.16
[INFO] [stderr]   Downloaded zstd-safe v3.1.0+zstd.1.4.9
[INFO] [stderr]   Downloaded cookie v0.15.1
[INFO] [stderr]   Downloaded actix-tls v3.0.0-beta.7
[INFO] [stderr]   Downloaded actix-service v2.0.0
[INFO] [stderr]   Downloaded thiserror-impl v1.0.29
[INFO] [stderr]   Downloaded wiremock v0.5.7
[INFO] [stderr]   Downloaded firestorm v0.4.6
[INFO] [stderr]   Downloaded brotli2 v0.3.2
[INFO] [stderr]   Downloaded tokio-stream v0.1.7
[INFO] [stderr]   Downloaded actix_derive v0.6.0
[INFO] [stderr]   Downloaded base64ct v1.0.1
[INFO] [stderr]   Downloaded serde-aux v2.3.0
[INFO] [stderr]   Downloaded atoi v0.4.0
[INFO] [stderr]   Downloaded dirs-sys v0.3.6
[INFO] [stderr]   Downloaded actix-utils v3.0.0
[INFO] [stderr]   Downloaded local-channel v0.1.2
[INFO] [stderr]   Downloaded whoami v1.1.5
[INFO] [stderr]   Downloaded tracing-actix-web v0.4.0-beta.15
[INFO] [stderr]   Downloaded local-waker v0.1.1
[INFO] [stderr]   Downloaded gethostname v0.2.1
[INFO] [stderr]   Downloaded which v4.2.2
[INFO] [stderr]   Downloaded opentelemetry-otlp v0.9.0
[INFO] [stderr]   Downloaded actix-macros v0.2.3
[INFO] [stderr]   Downloaded urlencoding v2.1.0
[INFO] [stderr]   Downloaded tower-layer v0.3.1
[INFO] [stderr]   Downloaded futures-intrusive v0.4.0
[INFO] [stderr]   Downloaded actix-rt v2.2.0
[INFO] [stderr]   Downloaded zstd v0.7.0+zstd.1.4.9
[INFO] [stderr]   Downloaded cc v1.0.70
[INFO] [stderr]   Downloaded sqlx-macros v0.5.9
[INFO] [stderr]   Downloaded actix-web v4.0.0-beta.10
[INFO] [stderr]   Downloaded actix-http v3.0.0-beta.11
[INFO] running `Command { std: "docker" "create" "-v" "/var/lib/crater-agent-workspace/builds/worker-0-tc1/target:/opt/rustwide/target:rw,Z" "-v" "/var/lib/crater-agent-workspace/builds/worker-0-tc1/source:/opt/rustwide/workdir:ro,Z" "-v" "/var/lib/crater-agent-workspace/cargo-home:/opt/rustwide/cargo-home:ro,Z" "-v" "/var/lib/crater-agent-workspace/rustup-home:/opt/rustwide/rustup-home:ro,Z" "-e" "SOURCE_DIR=/opt/rustwide/workdir" "-e" "CARGO_TARGET_DIR=/opt/rustwide/target" "-e" "CARGO_HOME=/opt/rustwide/cargo-home" "-e" "RUSTUP_HOME=/opt/rustwide/rustup-home" "-w" "/opt/rustwide/workdir" "-m" "1610612736" "--user" "0:0" "--network" "none" "ghcr.io/rust-lang/crates-build-env/linux@sha256:2788e3201cd34a07e3172128adcd8b3090168a8e3bcc40d7c032b9dda1df7d1c" "/opt/rustwide/cargo-home/bin/cargo" "+1.75.0" "metadata" "--no-deps" "--format-version=1", kill_on_drop: false }`
[INFO] [stdout] 928604fff838f576a0f304ebb8e5bda660415bedf7d5d53e7c6c554ef300524b
[INFO] running `Command { std: "docker" "start" "-a" "928604fff838f576a0f304ebb8e5bda660415bedf7d5d53e7c6c554ef300524b", kill_on_drop: false }`
[INFO] running `Command { std: "docker" "inspect" "928604fff838f576a0f304ebb8e5bda660415bedf7d5d53e7c6c554ef300524b", kill_on_drop: false }`
[INFO] running `Command { std: "docker" "rm" "-f" "928604fff838f576a0f304ebb8e5bda660415bedf7d5d53e7c6c554ef300524b", kill_on_drop: false }`
[INFO] [stdout] 928604fff838f576a0f304ebb8e5bda660415bedf7d5d53e7c6c554ef300524b
[INFO] running `Command { std: "docker" "create" "-v" "/var/lib/crater-agent-workspace/builds/worker-0-tc1/target:/opt/rustwide/target:rw,Z" "-v" "/var/lib/crater-agent-workspace/builds/worker-0-tc1/source:/opt/rustwide/workdir:ro,Z" "-v" "/var/lib/crater-agent-workspace/cargo-home:/opt/rustwide/cargo-home:ro,Z" "-v" "/var/lib/crater-agent-workspace/rustup-home:/opt/rustwide/rustup-home:ro,Z" "-e" "SOURCE_DIR=/opt/rustwide/workdir" "-e" "CARGO_TARGET_DIR=/opt/rustwide/target" "-e" "CARGO_INCREMENTAL=0" "-e" "RUST_BACKTRACE=full" "-e" "RUSTFLAGS=--cap-lints=warn" "-e" "RUSTDOCFLAGS=--cap-lints=warn" "-e" "CARGO_HOME=/opt/rustwide/cargo-home" "-e" "RUSTUP_HOME=/opt/rustwide/rustup-home" "-w" "/opt/rustwide/workdir" "-m" "1610612736" "--user" "0:0" "--network" "none" "ghcr.io/rust-lang/crates-build-env/linux@sha256:2788e3201cd34a07e3172128adcd8b3090168a8e3bcc40d7c032b9dda1df7d1c" "/opt/rustwide/cargo-home/bin/cargo" "+1.75.0" "doc" "--frozen" "--no-deps" "--document-private-items" "--message-format=json", kill_on_drop: false }`
[INFO] [stdout] 49a80470478d138fb002e3b84efc163d7117176e73d30fbd8fbc9e2234057433
[INFO] running `Command { std: "docker" "start" "-a" "49a80470478d138fb002e3b84efc163d7117176e73d30fbd8fbc9e2234057433", kill_on_drop: false }`
[INFO] [stderr]    Compiling libc v0.2.103
[INFO] [stderr]    Compiling proc-macro2 v1.0.29
[INFO] [stderr]    Compiling syn v1.0.80
[INFO] [stderr]    Compiling version_check v0.9.3
[INFO] [stderr]    Compiling memchr v2.4.1
[INFO] [stderr]    Compiling log v0.4.14
[INFO] [stderr]    Compiling serde_derive v1.0.130
[INFO] [stderr]    Compiling serde v1.0.130
[INFO] [stderr]     Checking once_cell v1.8.0
[INFO] [stderr]    Compiling futures-core v0.3.17
[INFO] [stderr]     Checking pin-project-lite v0.2.7
[INFO] [stderr]    Compiling tokio v1.12.0
[INFO] [stderr]     Checking bytes v1.1.0
[INFO] [stderr]    Compiling indexmap v1.7.0
[INFO] [stderr]     Checking instant v0.1.11
[INFO] [stderr]    Compiling typenum v1.14.0
[INFO] [stderr]     Checking lock_api v0.4.5
[INFO] [stderr]    Compiling futures-task v0.3.17
[INFO] [stderr]    Compiling futures-channel v0.3.17
[INFO] [stderr]    Compiling futures-macro v0.3.17
[INFO] [stderr]    Compiling futures-util v0.3.17
[INFO] [stderr]    Compiling ahash v0.7.4
[INFO] [stderr]    Compiling generic-array v0.14.4
[INFO] [stderr]     Checking itoa v0.4.8
[INFO] [stderr]     Checking futures-sink v0.3.17
[INFO] [stderr]     Checking slab v0.4.4
[INFO] [stderr]     Checking futures-io v0.3.17
[INFO] [stderr]    Compiling num-traits v0.2.14
[INFO] [stderr]     Checking tracing-core v0.1.21
[INFO] [stderr]    Compiling num-integer v0.1.44
[INFO] [stderr]    Compiling serde_json v1.0.68
[INFO] [stderr]    Compiling crossbeam-utils v0.8.5
[INFO] [stderr]     Checking base64 v0.13.0
[INFO] [stderr]     Checking http v0.2.5
[INFO] [stderr]    Compiling anyhow v1.0.44
[INFO] [stderr]     Checking regex-syntax v0.6.25
[INFO] [stderr]     Checking untrusted v0.7.1
[INFO] [stderr]    Compiling quote v1.0.10
[INFO] [stderr]     Checking spin v0.5.2
[INFO] [stderr]    Compiling httparse v1.5.1
[INFO] [stderr]    Compiling smallvec v1.7.0
[INFO] [stderr]    Compiling ppv-lite86 v0.2.10
[INFO] [stderr]    Compiling scopeguard v1.1.0
[INFO] [stderr]     Checking tinyvec v1.5.0
[INFO] [stderr]    Compiling jobserver v0.1.24
[INFO] [stderr]     Checking getrandom v0.2.3
[INFO] [stderr]     Checking parking_lot_core v0.8.5
[INFO] [stderr]     Checking mio v0.7.13
[INFO] [stderr]     Checking signal-hook-registry v1.4.0
[INFO] [stderr]     Checking num_cpus v1.13.0
[INFO] [stderr]    Compiling cc v1.0.70
[INFO] [stderr]     Checking parking_lot v0.11.2
[INFO] [stderr]     Checking rand_core v0.6.3
[INFO] [stderr]     Checking rand_chacha v0.3.1
[INFO] [stderr]     Checking hashbrown v0.11.2
[INFO] [stderr]     Checking aho-corasick v0.7.18
[INFO] [stderr]    Compiling standback v0.2.17
[INFO] [stderr]     Checking rand v0.8.4
[INFO] [stderr]     Checking httpdate v1.0.1
[INFO] [stderr]     Checking matches v0.1.9
[INFO] [stderr]     Checking unicode-normalization v0.1.19
[INFO] [stderr]     Checking time v0.1.43
[INFO] [stderr]     Checking socket2 v0.4.2
[INFO] [stderr]     Checking digest v0.9.0
[INFO] [stderr]     Checking block-buffer v0.9.0
[INFO] [stderr]    Compiling nom v7.0.0
[INFO] [stderr]     Checking unicode-bidi v0.3.6
[INFO] [stderr]     Checking form_urlencoded v1.0.1
[INFO] [stderr]     Checking local-waker v0.1.1
[INFO] [stderr]    Compiling unicode-segmentation v1.8.0
[INFO] [stderr]    Compiling tinyvec_macros v0.1.0
[INFO] [stderr]     Checking cpufeatures v0.2.1
[INFO] [stderr]     Checking subtle v2.4.1
[INFO] [stderr]    Compiling ring v0.16.20
[INFO] [stderr]    Compiling zstd-sys v1.5.0+zstd.1.4.9
[INFO] [stderr]    Compiling brotli-sys v0.3.2
[INFO] [stderr]    Compiling miniz_oxide v0.4.4
[INFO] [stderr]     Checking tower-service v0.3.1
[INFO] [stderr]    Compiling const_fn v0.4.8
[INFO] [stderr]    Compiling zstd-safe v3.1.0+zstd.1.4.9
[INFO] [stderr]     Checking regex v1.5.4
[INFO] [stderr]    Compiling crossbeam-queue v0.3.2
[INFO] [stderr]    Compiling whoami v1.1.5
[INFO] [stderr]    Compiling heck v0.3.3
[INFO] [stderr]     Checking idna v0.2.3
[INFO] [stderr]    Compiling crc32fast v1.2.1
[INFO] [stderr]     Checking actix-service v2.0.0
[INFO] [stderr]     Checking want v0.3.0
[INFO] [stderr]     Checking crossbeam-channel v0.5.1
[INFO] [stderr]     Checking sha-1 v0.9.8
[INFO] [stderr]     Checking actix-utils v3.0.0
[INFO] [stderr]     Checking http-body v0.4.3
[INFO] [stderr]    Compiling time v0.2.27
[INFO] [stderr]    Compiling remove_dir_all v0.5.3
[INFO] [stderr]    Compiling async-trait v0.1.51
[INFO] [stderr]    Compiling fixedbitset v0.2.0
[INFO] [stderr]    Compiling petgraph v0.5.1
[INFO] [stderr]    Compiling tempfile v3.2.0
[INFO] [stderr]    Compiling bytestring v1.0.0
[INFO] [stderr]    Compiling cookie v0.15.1
[INFO] [stderr]    Compiling minimal-lexical v0.1.4
[INFO] [stderr]    Compiling percent-encoding v2.1.0
[INFO] [stderr]    Compiling multimap v0.8.3
[INFO] [stderr]    Compiling firestorm v0.4.6
[INFO] [stderr]    Compiling crypto-mac v0.11.1
[INFO] [stderr]     Checking flate2 v1.0.22
[INFO] [stderr]     Checking regex-automata v0.1.10
[INFO] [stderr]    Compiling dirs-sys v0.3.6
[INFO] [stderr]    Compiling proc-macro-nested v0.1.7
[INFO] [stderr]    Compiling num-bigint v0.2.6
[INFO] [stderr]    Compiling lexical-core v0.7.6
[INFO] [stderr]    Compiling crc-catalog v1.1.1
[INFO] [stderr]     Checking language-tags v0.3.2
[INFO] [stderr]    Compiling pin-utils v0.1.0
[INFO] [stderr]    Compiling unicode_categories v0.1.1
[INFO] [stderr]    Compiling crc v2.0.0
[INFO] [stderr]    Compiling dirs v3.0.2
[INFO] [stderr]    Compiling atoi v0.4.0
[INFO] [stderr]    Compiling hmac v0.11.0
[INFO] [stderr]    Compiling stringprep v0.1.2
[INFO] [stderr]    Compiling sha2 v0.9.8
[INFO] [stderr]    Compiling md-5 v0.9.1
[INFO] [stderr]     Checking matchers v0.0.1
[INFO] [stderr]    Compiling futures-intrusive v0.4.0
[INFO] [stderr]    Compiling hashlink v0.7.0
[INFO] [stderr]     Checking tracing-log v0.1.2
[INFO] [stderr]     Checking time v0.3.3
[INFO] [stderr]    Compiling nom v5.1.2
[INFO] [stderr]     Checking thread_local v1.1.3
[INFO] [stderr]     Checking sharded-slab v0.1.3
[INFO] [stderr]    Compiling hex v0.4.3
[INFO] [stderr]    Compiling byteorder v1.4.3
[INFO] [stderr]     Checking tower-layer v0.3.1
[INFO] [stderr]     Checking arrayvec v0.5.2
[INFO] [stderr]     Checking crypto-mac v0.8.0
[INFO] [stderr]     Checking linked-hash-map v0.5.4
[INFO] [stderr]    Compiling dotenv v0.15.0
[INFO] [stderr]     Checking base64ct v1.0.1
[INFO] [stderr]     Checking yaml-rust v0.4.5
[INFO] [stderr]     Checking password-hash v0.3.2
[INFO] [stderr]     Checking blake2 v0.9.2
[INFO] [stderr]     Checking pem v0.8.3
[INFO] [stderr]     Checking gethostname v0.2.1
[INFO] [stderr]    Compiling hermod-api v0.1.2 (/opt/rustwide/workdir)
[INFO] [stderr]     Checking base64 v0.12.3
[INFO] [stderr]     Checking ipnet v2.3.1
[INFO] [stderr]     Checking urlencoding v2.1.0
[INFO] [stderr]     Checking argon2 v0.3.1
[INFO] [stderr]     Checking webpki v0.21.4
[INFO] [stderr]     Checking sct v0.6.1
[INFO] [stderr]    Compiling tokio-macros v1.4.1
[INFO] [stderr]    Compiling tracing-attributes v0.1.18
[INFO] [stderr]    Compiling actix-macros v0.2.3
[INFO] [stderr]    Compiling pin-project-internal v1.0.8
[INFO] [stderr]    Compiling thiserror-impl v1.0.29
[INFO] [stderr]     Checking rustls v0.19.1
[INFO] [stderr]    Compiling time-macros-impl v0.1.2
[INFO] [stderr]     Checking tracing v0.1.29
[INFO] [stderr]    Compiling derive_more v0.99.16
[INFO] [stderr]     Checking pin-project v1.0.8
[INFO] [stderr]     Checking time-macros v0.1.1
[INFO] [stderr]     Checking thiserror v1.0.29
[INFO] [stderr]     Checking tracing-futures v0.2.5
[INFO] [stderr]    Compiling webpki-roots v0.21.1
[INFO] [stderr]    Compiling async-stream-impl v0.3.2
[INFO] [stderr]    Compiling actix_derive v0.6.0
[INFO] [stderr]     Checking brotli2 v0.3.2
[INFO] [stderr] error: could not compile `tokio` (lib)
[INFO] [stderr] 
[INFO] [stderr] Caused by:
[INFO] [stderr]   process didn't exit successfully: `/opt/rustwide/rustup-home/toolchains/1.75.0-x86_64-unknown-linux-gnu/bin/rustc --crate-name tokio --edition=2018 /opt/rustwide/cargo-home/registry/src/index.crates.io-6f17d22bba15001f/tokio-1.12.0/src/lib.rs --error-format=json --json=diagnostic-rendered-ansi,artifacts,future-incompat --crate-type lib --emit=dep-info,metadata -C embed-bitcode=no -C debuginfo=2 --cfg 'feature="bytes"' --cfg 'feature="default"' --cfg 'feature="fs"' --cfg 'feature="full"' --cfg 'feature="io-std"' --cfg 'feature="io-util"' --cfg 'feature="libc"' --cfg 'feature="macros"' --cfg 'feature="memchr"' --cfg 'feature="mio"' --cfg 'feature="net"' --cfg 'feature="num_cpus"' --cfg 'feature="once_cell"' --cfg 'feature="parking_lot"' --cfg 'feature="process"' --cfg 'feature="rt"' --cfg 'feature="rt-multi-thread"' --cfg 'feature="signal"' --cfg 'feature="signal-hook-registry"' --cfg 'feature="sync"' --cfg 'feature="time"' --cfg 'feature="tokio-macros"' --cfg 'feature="winapi"' -C metadata=2f295aa6c7b6d0bf -C extra-filename=-2f295aa6c7b6d0bf --out-dir /opt/rustwide/target/debug/deps -L dependency=/opt/rustwide/target/debug/deps --extern bytes=/opt/rustwide/target/debug/deps/libbytes-988920cb8f541a89.rmeta --extern libc=/opt/rustwide/target/debug/deps/liblibc-c9d34f17aff8c857.rmeta --extern memchr=/opt/rustwide/target/debug/deps/libmemchr-351a7dd391434f6f.rmeta --extern mio=/opt/rustwide/target/debug/deps/libmio-bedcf36f51fc8d69.rmeta --extern num_cpus=/opt/rustwide/target/debug/deps/libnum_cpus-a37fb8552f157be6.rmeta --extern once_cell=/opt/rustwide/target/debug/deps/libonce_cell-bf9478779873d100.rmeta --extern parking_lot=/opt/rustwide/target/debug/deps/libparking_lot-2ffaf3a914f825f6.rmeta --extern pin_project_lite=/opt/rustwide/target/debug/deps/libpin_project_lite-774aca0014dca095.rmeta --extern signal_hook_registry=/opt/rustwide/target/debug/deps/libsignal_hook_registry-5e2f43ce28bca318.rmeta --extern tokio_macros=/opt/rustwide/target/debug/deps/libtokio_macros-55274dd8f84e2d41.so --cap-lints allow --cap-lints=warn --cfg tokio_track_caller` (signal: 9, SIGKILL: kill)
[INFO] [stderr] warning: build failed, waiting for other jobs to finish...
[INFO] running `Command { std: "docker" "inspect" "49a80470478d138fb002e3b84efc163d7117176e73d30fbd8fbc9e2234057433", kill_on_drop: false }`
[INFO] running `Command { std: "docker" "rm" "-f" "49a80470478d138fb002e3b84efc163d7117176e73d30fbd8fbc9e2234057433", kill_on_drop: false }`
[INFO] [stdout] 49a80470478d138fb002e3b84efc163d7117176e73d30fbd8fbc9e2234057433
[INFO] documenting hermod-api-0.1.2 against beta-2023-12-22 for beta-1.76-rustdoc-1
[INFO] extracting crate hermod-api 0.1.2 into /workspace/builds/worker-0-tc2/source
[INFO] validating manifest of crates.io crate hermod-api 0.1.2 on toolchain beta-2023-12-22
[INFO] running `Command { std: CARGO_HOME="/workspace/cargo-home" RUSTUP_HOME="/workspace/rustup-home" "/workspace/cargo-home/bin/cargo" "+beta-2023-12-22" "metadata" "--manifest-path" "Cargo.toml" "--no-deps", kill_on_drop: false }`
[INFO] started tweaking crates.io crate hermod-api 0.1.2
[INFO] finished tweaking crates.io crate hermod-api 0.1.2
[INFO] tweaked toml for crates.io crate hermod-api 0.1.2 written to /workspace/builds/worker-0-tc2/source/Cargo.toml
[INFO] crate crates.io crate hermod-api 0.1.2 already has a lockfile, it will not be regenerated
[INFO] running `Command { std: CARGO_HOME="/workspace/cargo-home" RUSTUP_HOME="/workspace/rustup-home" "/workspace/cargo-home/bin/cargo" "+beta-2023-12-22" "fetch" "--manifest-path" "Cargo.toml", kill_on_drop: false }`
[INFO] running `Command { std: "docker" "create" "-v" "/var/lib/crater-agent-workspace/builds/worker-0-tc2/target:/opt/rustwide/target:rw,Z" "-v" "/var/lib/crater-agent-workspace/builds/worker-0-tc2/source:/opt/rustwide/workdir:ro,Z" "-v" "/var/lib/crater-agent-workspace/cargo-home:/opt/rustwide/cargo-home:ro,Z" "-v" "/var/lib/crater-agent-workspace/rustup-home:/opt/rustwide/rustup-home:ro,Z" "-e" "SOURCE_DIR=/opt/rustwide/workdir" "-e" "CARGO_TARGET_DIR=/opt/rustwide/target" "-e" "CARGO_HOME=/opt/rustwide/cargo-home" "-e" "RUSTUP_HOME=/opt/rustwide/rustup-home" "-w" "/opt/rustwide/workdir" "-m" "1610612736" "--user" "0:0" "--network" "none" "ghcr.io/rust-lang/crates-build-env/linux@sha256:2788e3201cd34a07e3172128adcd8b3090168a8e3bcc40d7c032b9dda1df7d1c" "/opt/rustwide/cargo-home/bin/cargo" "+beta-2023-12-22" "metadata" "--no-deps" "--format-version=1", kill_on_drop: false }`
[INFO] [stdout] 9253e9dd16f629b44731fee788e1fc7a477f3b9e4be40d9e9c3408a419467fcc
[INFO] running `Command { std: "docker" "start" "-a" "9253e9dd16f629b44731fee788e1fc7a477f3b9e4be40d9e9c3408a419467fcc", kill_on_drop: false }`
[INFO] running `Command { std: "docker" "inspect" "9253e9dd16f629b44731fee788e1fc7a477f3b9e4be40d9e9c3408a419467fcc", kill_on_drop: false }`
[INFO] running `Command { std: "docker" "rm" "-f" "9253e9dd16f629b44731fee788e1fc7a477f3b9e4be40d9e9c3408a419467fcc", kill_on_drop: false }`
[INFO] [stdout] 9253e9dd16f629b44731fee788e1fc7a477f3b9e4be40d9e9c3408a419467fcc
[INFO] running `Command { std: "docker" "create" "-v" "/var/lib/crater-agent-workspace/builds/worker-0-tc2/target:/opt/rustwide/target:rw,Z" "-v" "/var/lib/crater-agent-workspace/builds/worker-0-tc2/source:/opt/rustwide/workdir:ro,Z" "-v" "/var/lib/crater-agent-workspace/cargo-home:/opt/rustwide/cargo-home:ro,Z" "-v" "/var/lib/crater-agent-workspace/rustup-home:/opt/rustwide/rustup-home:ro,Z" "-e" "SOURCE_DIR=/opt/rustwide/workdir" "-e" "CARGO_TARGET_DIR=/opt/rustwide/target" "-e" "CARGO_INCREMENTAL=0" "-e" "RUST_BACKTRACE=full" "-e" "RUSTFLAGS=--cap-lints=warn" "-e" "RUSTDOCFLAGS=--cap-lints=warn" "-e" "CARGO_HOME=/opt/rustwide/cargo-home" "-e" "RUSTUP_HOME=/opt/rustwide/rustup-home" "-w" "/opt/rustwide/workdir" "-m" "1610612736" "--user" "0:0" "--network" "none" "ghcr.io/rust-lang/crates-build-env/linux@sha256:2788e3201cd34a07e3172128adcd8b3090168a8e3bcc40d7c032b9dda1df7d1c" "/opt/rustwide/cargo-home/bin/cargo" "+beta-2023-12-22" "doc" "--frozen" "--no-deps" "--document-private-items" "--message-format=json", kill_on_drop: false }`
[INFO] [stdout] 128e0331a0992dfbe6116f7d796c342368ad826c3701f090b4657c2743f75254
[INFO] running `Command { std: "docker" "start" "-a" "128e0331a0992dfbe6116f7d796c342368ad826c3701f090b4657c2743f75254", kill_on_drop: false }`
[INFO] [stderr]    Compiling libc v0.2.103
[INFO] [stderr]    Compiling proc-macro2 v1.0.29
[INFO] [stderr]    Compiling syn v1.0.80
[INFO] [stderr]    Compiling version_check v0.9.3
[INFO] [stderr]    Compiling memchr v2.4.1
[INFO] [stderr]    Compiling log v0.4.14
[INFO] [stderr]    Compiling serde_derive v1.0.130
[INFO] [stderr]    Compiling serde v1.0.130
[INFO] [stderr]     Checking once_cell v1.8.0
[INFO] [stderr]    Compiling futures-core v0.3.17
[INFO] [stderr]     Checking pin-project-lite v0.2.7
[INFO] [stderr]    Compiling tokio v1.12.0
[INFO] [stderr]     Checking bytes v1.1.0
[INFO] [stderr]    Compiling indexmap v1.7.0
[INFO] [stderr]     Checking instant v0.1.11
[INFO] [stderr]    Compiling typenum v1.14.0
[INFO] [stderr]     Checking lock_api v0.4.5
[INFO] [stderr]    Compiling futures-channel v0.3.17
[INFO] [stderr]    Compiling futures-task v0.3.17
[INFO] [stderr]    Compiling futures-macro v0.3.17
[INFO] [stderr]    Compiling futures-util v0.3.17
[INFO] [stderr]     Checking itoa v0.4.8
[INFO] [stderr]     Checking futures-sink v0.3.17
[INFO] [stderr]    Compiling ahash v0.7.4
[INFO] [stderr]    Compiling generic-array v0.14.4
[INFO] [stderr]     Checking slab v0.4.4
[INFO] [stderr]     Checking futures-io v0.3.17
[INFO] [stderr]    Compiling num-traits v0.2.14
[INFO] [stderr]     Checking tracing-core v0.1.21
[INFO] [stderr]    Compiling num-integer v0.1.44
[INFO] [stderr]    Compiling serde_json v1.0.68
[INFO] [stderr]     Checking base64 v0.13.0
[INFO] [stderr]    Compiling crossbeam-utils v0.8.5
[INFO] [stderr]     Checking http v0.2.5
[INFO] [stderr]    Compiling anyhow v1.0.44
[INFO] [stderr]    Compiling httparse v1.5.1
[INFO] [stderr]     Checking regex-syntax v0.6.25
[INFO] [stderr]     Checking untrusted v0.7.1
[INFO] [stderr]     Checking spin v0.5.2
[INFO] [stderr]    Compiling quote v1.0.10
[INFO] [stderr]    Compiling jobserver v0.1.24
[INFO] [stderr]    Compiling getrandom v0.2.3
[INFO] [stderr]    Compiling scopeguard v1.1.0
[INFO] [stderr]    Compiling ppv-lite86 v0.2.10
[INFO] [stderr]    Compiling smallvec v1.7.0
[INFO] [stderr]     Checking tinyvec v1.5.0
[INFO] [stderr]     Checking parking_lot_core v0.8.5
[INFO] [stderr]    Compiling cc v1.0.70
[INFO] [stderr]     Checking mio v0.7.13
[INFO] [stderr]     Checking signal-hook-registry v1.4.0
[INFO] [stderr]     Checking num_cpus v1.13.0
[INFO] [stderr]     Checking parking_lot v0.11.2
[INFO] [stderr]     Checking rand_core v0.6.3
[INFO] [stderr]     Checking rand_chacha v0.3.1
[INFO] [stderr]     Checking hashbrown v0.11.2
[INFO] [stderr]     Checking aho-corasick v0.7.18
[INFO] [stderr]     Checking rand v0.8.4
[INFO] [stderr]    Compiling standback v0.2.17
[INFO] [stderr]     Checking httpdate v1.0.1
[INFO] [stderr]     Checking matches v0.1.9
[INFO] [stderr]     Checking unicode-normalization v0.1.19
[INFO] [stderr]     Checking socket2 v0.4.2
[INFO] [stderr]     Checking time v0.1.43
[INFO] [stderr]     Checking digest v0.9.0
[INFO] [stderr]     Checking block-buffer v0.9.0
[INFO] [stderr]    Compiling nom v7.0.0
[INFO] [stderr]     Checking unicode-bidi v0.3.6
[INFO] [stderr]     Checking form_urlencoded v1.0.1
[INFO] [stderr]    Compiling ring v0.16.20
[INFO] [stderr]    Compiling zstd-sys v1.5.0+zstd.1.4.9
[INFO] [stderr]    Compiling tinyvec_macros v0.1.0
[INFO] [stderr]     Checking subtle v2.4.1
[INFO] [stderr]     Checking cpufeatures v0.2.1
[INFO] [stderr]    Compiling unicode-segmentation v1.8.0
[INFO] [stderr]     Checking local-waker v0.1.1
[INFO] [stderr]    Compiling brotli-sys v0.3.2
[INFO] [stderr]    Compiling miniz_oxide v0.4.4
[INFO] [stderr]     Checking tower-service v0.3.1
[INFO] [stderr]    Compiling zstd-safe v3.1.0+zstd.1.4.9
[INFO] [stderr]    Compiling whoami v1.1.5
[INFO] [stderr]    Compiling crossbeam-queue v0.3.2
[INFO] [stderr]    Compiling crc32fast v1.2.1
[INFO] [stderr]    Compiling const_fn v0.4.8
[INFO] [stderr]     Checking regex v1.5.4
[INFO] [stderr]     Checking idna v0.2.3
[INFO] [stderr]     Checking actix-service v2.0.0
[INFO] [stderr]    Compiling heck v0.3.3
[INFO] [stderr]     Checking want v0.3.0
[INFO] [stderr]     Checking crossbeam-channel v0.5.1
[INFO] [stderr]     Checking actix-utils v3.0.0
[INFO] [stderr]     Checking sha-1 v0.9.8
[INFO] [stderr]     Checking http-body v0.4.3
[INFO] [stderr]    Compiling time v0.2.27
[INFO] [stderr]    Compiling async-trait v0.1.51
[INFO] [stderr]    Compiling remove_dir_all v0.5.3
[INFO] [stderr]    Compiling fixedbitset v0.2.0
[INFO] [stderr]    Compiling tempfile v3.2.0
[INFO] [stderr]    Compiling petgraph v0.5.1
[INFO] [stderr]    Compiling bytestring v1.0.0
[INFO] [stderr]    Compiling cookie v0.15.1
[INFO] [stderr]    Compiling multimap v0.8.3
[INFO] [stderr]    Compiling minimal-lexical v0.1.4
[INFO] [stderr]    Compiling percent-encoding v2.1.0
[INFO] [stderr]    Compiling firestorm v0.4.6
[INFO] [stderr]    Compiling crypto-mac v0.11.1
[INFO] [stderr]     Checking flate2 v1.0.22
[INFO] [stderr]     Checking regex-automata v0.1.10
[INFO] [stderr]    Compiling dirs-sys v0.3.6
[INFO] [stderr]    Compiling proc-macro-nested v0.1.7
[INFO] [stderr]    Compiling num-bigint v0.2.6
[INFO] [stderr]     Checking language-tags v0.3.2
[INFO] [stderr]    Compiling crc-catalog v1.1.1
[INFO] [stderr]    Compiling pin-utils v0.1.0
[INFO] [stderr]    Compiling unicode_categories v0.1.1
[INFO] [stderr]    Compiling lexical-core v0.7.6
[INFO] [stderr]    Compiling crc v2.0.0
[INFO] [stderr]    Compiling dirs v3.0.2
[INFO] [stderr]    Compiling atoi v0.4.0
[INFO] [stderr]    Compiling hmac v0.11.0
[INFO] [stderr]    Compiling sha2 v0.9.8
[INFO] [stderr]    Compiling md-5 v0.9.1
[INFO] [stderr]     Checking matchers v0.0.1
[INFO] [stderr]    Compiling stringprep v0.1.2
[INFO] [stderr]    Compiling futures-intrusive v0.4.0
[INFO] [stderr]    Compiling hashlink v0.7.0
[INFO] [stderr]     Checking tracing-log v0.1.2
[INFO] [stderr]     Checking time v0.3.3
[INFO] [stderr]    Compiling nom v5.1.2
[INFO] [stderr]     Checking thread_local v1.1.3
[INFO] [stderr]     Checking sharded-slab v0.1.3
[INFO] [stderr]    Compiling byteorder v1.4.3
[INFO] [stderr]     Checking arrayvec v0.5.2
[INFO] [stderr]     Checking tower-layer v0.3.1
[INFO] [stderr]    Compiling bitflags v1.3.2
[INFO] [stderr]    Compiling hex v0.4.3
[INFO] [stderr]     Checking crypto-mac v0.8.0
[INFO] [stderr]    Compiling dotenv v0.15.0
[INFO] [stderr]     Checking base64ct v1.0.1
[INFO] [stderr]     Checking linked-hash-map v0.5.4
[INFO] [stderr]     Checking password-hash v0.3.2
[INFO] [stderr]     Checking blake2 v0.9.2
[INFO] [stderr]     Checking pem v0.8.3
[INFO] [stderr]     Checking yaml-rust v0.4.5
[INFO] [stderr]     Checking gethostname v0.2.1
[INFO] [stderr]    Compiling hermod-api v0.1.2 (/opt/rustwide/workdir)
[INFO] [stderr]     Checking ipnet v2.3.1
[INFO] [stderr]     Checking urlencoding v2.1.0
[INFO] [stderr]     Checking argon2 v0.3.1
[INFO] [stderr]     Checking webpki v0.21.4
[INFO] [stderr]     Checking sct v0.6.1
[INFO] [stderr]     Checking rustls v0.19.1
[INFO] [stderr]     Checking webpki-roots v0.21.1
[INFO] [stderr]    Compiling tokio-macros v1.4.1
[INFO] [stderr]    Compiling tracing-attributes v0.1.18
[INFO] [stderr]    Compiling actix-macros v0.2.3
[INFO] [stderr]    Compiling pin-project-internal v1.0.8
[INFO] [stderr]    Compiling thiserror-impl v1.0.29
[INFO] [stderr]    Compiling time-macros-impl v0.1.2
[INFO] [stderr]    Compiling derive_more v0.99.16
[INFO] [stderr]     Checking tracing v0.1.29
[INFO] [stderr]     Checking time-macros v0.1.1
[INFO] [stderr]     Checking brotli2 v0.3.2
[INFO] [stderr]     Checking pin-project v1.0.8
[INFO] [stderr]     Checking tracing-futures v0.2.5
[INFO] [stderr]    Compiling async-stream-impl v0.3.2
[INFO] [stderr]     Checking thiserror v1.0.29
[INFO] [stderr]    Compiling actix_derive v0.6.0
[INFO] [stderr]     Checking async-stream v0.3.2
[INFO] [stderr]     Checking futures-executor v0.3.17
[INFO] [stderr]     Checking local-channel v0.1.2
[INFO] [stderr]     Checking futures v0.3.17
[INFO] [stderr]     Checking tokio-util v0.6.8
[INFO] [stderr]     Checking actix-rt v2.2.0
[INFO] [stderr]     Checking tokio-stream v0.1.7
[INFO] [stderr]     Checking tokio-rustls v0.22.0
[INFO] [stderr]     Checking h2 v0.3.6
[INFO] [stderr]     Checking actix-codec v0.4.0
[INFO] [stderr]     Checking actix-server v2.0.0-beta.5
[INFO] [stderr]     Checking tokio-io-timeout v1.1.1
[INFO] [stderr]     Checking actix-tls v3.0.0-beta.7
[INFO] [stderr]    Compiling sqlx-rt v0.5.9
[INFO] [stderr]     Checking tower v0.4.8
[INFO] [stderr]     Checking opentelemetry v0.16.0
[INFO] [stderr]     Checking actix v0.12.0
[INFO] [stderr]     Checking hyper v0.14.13
[INFO] [stderr]    Compiling either v1.6.1
[INFO] [stderr]    Compiling actix-router v0.5.0-beta.2
[INFO] [stderr]    Compiling url v2.2.2
[INFO] [stderr]    Compiling chrono v0.4.19
[INFO] [stderr]    Compiling uuid v0.8.2
[INFO] [stderr]     Checking serde_urlencoded v0.7.0
[INFO] [stderr]     Checking tracing-serde v0.1.2
[INFO] [stderr]     Checking config v0.11.0
[INFO] [stderr]    Compiling itertools v0.10.1
[INFO] [stderr]    Compiling which v4.2.2
[INFO] [stderr]    Compiling prost-build v0.8.0
[INFO] [stderr]    Compiling actix-web-codegen v0.5.0-beta.5
[INFO] [stderr]     Checking simple_asn1 v0.4.1
[INFO] [stderr]     Checking tracing-subscriber v0.2.25
[INFO] [stderr]     Checking serde-aux v2.3.0
[INFO] [stderr]     Checking jsonwebtoken v7.2.0
[INFO] [stderr]     Checking sqlformat v0.1.8
[INFO] [stderr]    Compiling prost-derive v0.8.0
[INFO] [stderr]     Checking tracing-bunyan-formatter v0.2.6
[INFO] [stderr]     Checking tracing-opentelemetry v0.15.0
[INFO] [stderr]     Checking sqlx-core v0.5.9
[INFO] [stderr]     Checking hyper-timeout v0.4.1
[INFO] [stderr]     Checking hyper-rustls v0.22.1
[INFO] [stderr]     Checking reqwest v0.11.5
[INFO] [stderr]    Compiling prost v0.8.0
[INFO] [stderr]     Checking tonic v0.5.2
[INFO] [stderr]    Compiling prost-types v0.8.0
[INFO] [stderr]    Compiling tonic-build v0.5.2
[INFO] [stderr]    Compiling opentelemetry-otlp v0.9.0
[INFO] [stderr]    Compiling sqlx-macros v0.5.9
[INFO] [stderr]     Checking zstd v0.7.0+zstd.1.4.9
[INFO] [stderr]     Checking actix-http v3.0.0-beta.11
[INFO] [stderr]     Checking actix-web v4.0.0-beta.10
[INFO] [stderr]     Checking sqlx v0.5.9
[INFO] [stderr]     Checking actix-cors v0.6.0-beta.2
[INFO] [stderr]     Checking tracing-actix-web v0.4.0-beta.15
[INFO] [stderr]  Documenting hermod-api v0.1.2 (/opt/rustwide/workdir)
[INFO] [stdout] error: error communicating with the server: Cannot assign requested address (os error 99)
[INFO] [stdout]   --> src/db/feedback.rs:40:9
[INFO] [stdout]    |
[INFO] [stdout] 40 | /         sqlx::query!(
[INFO] [stdout] 41 | |             "INSERT INTO feedback (id, form_input_id, payload)
[INFO] [stdout] 42 | |              VALUES ($1, $2, $3)",
[INFO] [stdout] 43 | |             self.id,
[INFO] [stdout] 44 | |             self.form_input_id,
[INFO] [stdout] 45 | |             self.payload,
[INFO] [stdout] 46 | |         )
[INFO] [stdout]    | |_________^
[INFO] [stdout]    |
[INFO] [stdout]    = note: this error originates in the macro `$crate::sqlx_macros::expand_query` which comes from the expansion of the macro `sqlx::query` (in Nightly builds, run with -Z macro-backtrace for more info)
[INFO] [stdout] 
[INFO] [stdout] 
[INFO] [stdout] error: error communicating with the server: Cannot assign requested address (os error 99)
[INFO] [stdout]   --> src/db/field.rs:40:9
[INFO] [stdout]    |
[INFO] [stdout] 40 | /         sqlx::query!(
[INFO] [stdout] 41 | |             "INSERT INTO form_input (id, form_id, type)
[INFO] [stdout] 42 | |              VALUES ($1, $2, $3)",
[INFO] [stdout] 43 | |             self.id,
[INFO] [stdout] 44 | |             self.form_id,
[INFO] [stdout] 45 | |             self.field_type,
[INFO] [stdout] 46 | |         )
[INFO] [stdout]    | |_________^
[INFO] [stdout]    |
[INFO] [stdout]    = note: this error originates in the macro `$crate::sqlx_macros::expand_query` which comes from the expansion of the macro `sqlx::query` (in Nightly builds, run with -Z macro-backtrace for more info)
[INFO] [stdout] 
[INFO] [stdout] 
[INFO] [stdout] error: error communicating with the server: Cannot assign requested address (os error 99)
[INFO] [stdout]   --> src/db/form.rs:40:9
[INFO] [stdout]    |
[INFO] [stdout] 40 | /         sqlx::query!(
[INFO] [stdout] 41 | |             "INSERT INTO form (id, qr_code_id, account_id)
[INFO] [stdout] 42 | |              VALUES ($1, $2, $3)",
[INFO] [stdout] 43 | |             self.id,
[INFO] [stdout] 44 | |             self.qr_code_id,
[INFO] [stdout] 45 | |             self.account_id
[INFO] [stdout] 46 | |         )
[INFO] [stdout]    | |_________^
[INFO] [stdout]    |
[INFO] [stdout]    = note: this error originates in the macro `$crate::sqlx_macros::expand_query` which comes from the expansion of the macro `sqlx::query` (in Nightly builds, run with -Z macro-backtrace for more info)
[INFO] [stdout] 
[INFO] [stdout] 
[INFO] [stdout] error: error communicating with the server: Cannot assign requested address (os error 99)
[INFO] [stdout]   --> src/db/user.rs:63:9
[INFO] [stdout]    |
[INFO] [stdout] 63 | /         sqlx::query!(
[INFO] [stdout] 64 | |             "INSERT INTO account (id, username, password)
[INFO] [stdout] 65 | |             VALUES ($1, $2, $3)",
[INFO] [stdout] 66 | |             self.id,
[INFO] [stdout] 67 | |             self.username.to_lowercase(),
[INFO] [stdout] 68 | |             password_hash,
[INFO] [stdout] 69 | |         )
[INFO] [stdout]    | |_________^
[INFO] [stdout]    |
[INFO] [stdout]    = note: this error originates in the macro `$crate::sqlx_macros::expand_query` which comes from the expansion of the macro `sqlx::query` (in Nightly builds, run with -Z macro-backtrace for more info)
[INFO] [stdout] 
[INFO] [stdout] 
[INFO] [stdout] error: error communicating with the server: Cannot assign requested address (os error 99)
[INFO] [stdout]   --> src/db/user.rs:79:16
[INFO] [stdout]    |
[INFO] [stdout] 79 |     let user = sqlx::query_as!(User, "SELECT * FROM account WHERE id=$1", user_id)
[INFO] [stdout]    |                ^^^^^^^^^^^^^^^^^^^^^^^^^^^^^^^^^^^^^^^^^^^^^^^^^^^^^^^^^^^^^^^^^^^
[INFO] [stdout]    |
[INFO] [stdout]    = note: this error originates in the macro `$crate::sqlx_macros::expand_query` which comes from the expansion of the macro `sqlx::query_as` (in Nightly builds, run with -Z macro-backtrace for more info)
[INFO] [stdout] 
[INFO] [stdout] 
[INFO] [stdout] error: error communicating with the server: Cannot assign requested address (os error 99)
[INFO] [stdout]   --> src/handlers/form.rs:18:17
[INFO] [stdout]    |
[INFO] [stdout] 18 |       let forms = sqlx::query!(
[INFO] [stdout]    |  _________________^
[INFO] [stdout] 19 | |         r#"
[INFO] [stdout] 20 | |             SELECT * FROM form
[INFO] [stdout] 21 | |             WHERE account_id=$1"#,
[INFO] [stdout] 22 | |         current_user.id,
[INFO] [stdout] 23 | |     )
[INFO] [stdout]    | |_____^
[INFO] [stdout]    |
[INFO] [stdout]    = note: this error originates in the macro `$crate::sqlx_macros::expand_query` which comes from the expansion of the macro `sqlx::query` (in Nightly builds, run with -Z macro-backtrace for more info)
[INFO] [stdout] 
[INFO] [stdout] 
[INFO] [stdout] error: error communicating with the server: Cannot assign requested address (os error 99)
[INFO] [stdout]   --> src/handlers/form.rs:61:25
[INFO] [stdout]    |
[INFO] [stdout] 61 |     if let Some(form) = sqlx::query!("SELECT * FROM form WHERE id=$1", &query.form_id)
[INFO] [stdout]    |                         ^^^^^^^^^^^^^^^^^^^^^^^^^^^^^^^^^^^^^^^^^^^^^^^^^^^^^^^^^^^^^^
[INFO] [stdout]    |
[INFO] [stdout]    = note: this error originates in the macro `$crate::sqlx_macros::expand_query` which comes from the expansion of the macro `sqlx::query` (in Nightly builds, run with -Z macro-backtrace for more info)
[INFO] [stdout] 
[INFO] [stdout] 
[INFO] [stdout] error: error communicating with the server: Cannot assign requested address (os error 99)
[INFO] [stdout]   --> src/handlers/form.rs:66:22
[INFO] [stdout]    |
[INFO] [stdout] 66 |         let fields = sqlx::query!("SELECT * FROM form_input WHERE form_id=$1", form.id)
[INFO] [stdout]    |                      ^^^^^^^^^^^^^^^^^^^^^^^^^^^^^^^^^^^^^^^^^^^^^^^^^^^^^^^^^^^^^^^^^^
[INFO] [stdout]    |
[INFO] [stdout]    = note: this error originates in the macro `$crate::sqlx_macros::expand_query` which comes from the expansion of the macro `sqlx::query` (in Nightly builds, run with -Z macro-backtrace for more info)
[INFO] [stdout] 
[INFO] [stdout] 
[INFO] [stdout] error: error communicating with the server: Cannot assign requested address (os error 99)
[INFO] [stdout]    --> src/handlers/form.rs:111:9
[INFO] [stdout]     |
[INFO] [stdout] 111 | /         sqlx::query!(
[INFO] [stdout] 112 | |             r#"INSERT INTO form_input (id, form_id, type) 
[INFO] [stdout] 113 | |                 VALUES ($1, $2, $3)"#,
[INFO] [stdout] 114 | |             Uuid::new_v4(),
[INFO] [stdout] 115 | |             new_form.id,
[INFO] [stdout] 116 | |             field
[INFO] [stdout] 117 | |         )
[INFO] [stdout]     | |_________^
[INFO] [stdout]     |
[INFO] [stdout]     = note: this error originates in the macro `$crate::sqlx_macros::expand_query` which comes from the expansion of the macro `sqlx::query` (in Nightly builds, run with -Z macro-backtrace for more info)
[INFO] [stdout] 
[INFO] [stdout] 
[INFO] [stdout] error: error communicating with the server: Cannot assign requested address (os error 99)
[INFO] [stdout]   --> src/handlers/qr_code.rs:31:28
[INFO] [stdout]    |
[INFO] [stdout] 31 |     if let Some(qr_code) = sqlx::query!("SELECT * FROM qr_code WHERE slug=$1", &query.slug)
[INFO] [stdout]    |                            ^^^^^^^^^^^^^^^^^^^^^^^^^^^^^^^^^^^^^^^^^^^^^^^^^^^^^^^^^^^^^^^^
[INFO] [stdout]    |
[INFO] [stdout]    = note: this error originates in the macro `$crate::sqlx_macros::expand_query` which comes from the expansion of the macro `sqlx::query` (in Nightly builds, run with -Z macro-backtrace for more info)
[INFO] [stdout] 
[INFO] [stdout] 
[INFO] [stdout] error: error communicating with the server: Cannot assign requested address (os error 99)
[INFO] [stdout]   --> src/handlers/qr_code.rs:65:17
[INFO] [stdout]    |
[INFO] [stdout] 65 |       let query = sqlx::query!(
[INFO] [stdout]    |  _________________^
[INFO] [stdout] 66 | |         r#"
[INFO] [stdout] 67 | |             UPDATE qr_code
[INFO] [stdout] 68 | |             SET generation_data=$2, slug=$3
[INFO] [stdout] ...  |
[INFO] [stdout] 75 | |         user.id
[INFO] [stdout] 76 | |     )
[INFO] [stdout]    | |_____^
[INFO] [stdout]    |
[INFO] [stdout]    = note: this error originates in the macro `$crate::sqlx_macros::expand_query` which comes from the expansion of the macro `sqlx::query` (in Nightly builds, run with -Z macro-backtrace for more info)
[INFO] [stdout] 
[INFO] [stdout] 
[INFO] [stdout] error: error communicating with the server: Cannot assign requested address (os error 99)
[INFO] [stdout]    --> src/handlers/qr_code.rs:106:17
[INFO] [stdout]     |
[INFO] [stdout] 106 |       let query = sqlx::query!(
[INFO] [stdout]     |  _________________^
[INFO] [stdout] 107 | |         r#"
[INFO] [stdout] 108 | |             DELETE FROM qr_code
[INFO] [stdout] 109 | |             WHERE id=$1 AND account_id=$2
[INFO] [stdout] ...   |
[INFO] [stdout] 113 | |         user.id
[INFO] [stdout] 114 | |     )
[INFO] [stdout]     | |_____^
[INFO] [stdout]     |
[INFO] [stdout]     = note: this error originates in the macro `$crate::sqlx_macros::expand_query` which comes from the expansion of the macro `sqlx::query` (in Nightly builds, run with -Z macro-backtrace for more info)
[INFO] [stdout] 
[INFO] [stdout] 
[INFO] [stdout] error: error communicating with the server: Cannot assign requested address (os error 99)
[INFO] [stdout]    --> src/handlers/qr_code.rs:144:5
[INFO] [stdout]     |
[INFO] [stdout] 144 | /     sqlx::query!(
[INFO] [stdout] 145 | |         r#"
[INFO] [stdout] 146 | |             INSERT INTO qr_code (id, account_id, slug, generation_data)
[INFO] [stdout] 147 | |             VALUES ($1, $2, $3, $4)"#,
[INFO] [stdout] ...   |
[INFO] [stdout] 151 | |         query.generation_data
[INFO] [stdout] 152 | |     )
[INFO] [stdout]     | |_____^
[INFO] [stdout]     |
[INFO] [stdout]     = note: this error originates in the macro `$crate::sqlx_macros::expand_query` which comes from the expansion of the macro `sqlx::query` (in Nightly builds, run with -Z macro-backtrace for more info)
[INFO] [stdout] 
[INFO] [stdout] 
[INFO] [stdout] error: error communicating with the server: Cannot assign requested address (os error 99)
[INFO] [stdout]    --> src/handlers/qr_code.rs:172:20
[INFO] [stdout]     |
[INFO] [stdout] 172 |       let qr_codes = sqlx::query_as!(
[INFO] [stdout]     |  ____________________^
[INFO] [stdout] 173 | |         QrCode,
[INFO] [stdout] 174 | |         r#"
[INFO] [stdout] 175 | |             SELECT * FROM qr_code
[INFO] [stdout] 176 | |             WHERE account_id=$1"#,
[INFO] [stdout] 177 | |         user.id,
[INFO] [stdout] 178 | |     )
[INFO] [stdout]     | |_____^
[INFO] [stdout]     |
[INFO] [stdout]     = note: this error originates in the macro `$crate::sqlx_macros::expand_query` which comes from the expansion of the macro `sqlx::query_as` (in Nightly builds, run with -Z macro-backtrace for more info)
[INFO] [stdout] 
[INFO] [stdout] 
[INFO] [stdout] error: error communicating with the server: Cannot assign requested address (os error 99)
[INFO] [stdout]   --> src/services/auth.rs:60:15
[INFO] [stdout]    |
[INFO] [stdout] 60 |       let row = sqlx::query_as!(
[INFO] [stdout]    |  _______________^
[INFO] [stdout] 61 | |         User,
[INFO] [stdout] 62 | |         r#"
[INFO] [stdout] 63 | |         SELECT *
[INFO] [stdout] ...  |
[INFO] [stdout] 67 | |         username,
[INFO] [stdout] 68 | |     )
[INFO] [stdout]    | |_____^
[INFO] [stdout]    |
[INFO] [stdout]    = note: this error originates in the macro `$crate::sqlx_macros::expand_query` which comes from the expansion of the macro `sqlx::query_as` (in Nightly builds, run with -Z macro-backtrace for more info)
[INFO] [stdout] 
[INFO] [stdout] 
[INFO] [stdout] error: aborting due to 15 previous errors
[INFO] [stdout] 
[INFO] [stdout] 
[INFO] [stderr] error: could not document `hermod-api`
[INFO] [stderr] 
[INFO] [stderr] Caused by:
[INFO] [stderr]   process didn't exit successfully: `/opt/rustwide/rustup-home/toolchains/beta-2023-12-22-x86_64-unknown-linux-gnu/bin/rustdoc --edition=2018 --crate-type lib --crate-name hermod_api src/lib.rs -o /opt/rustwide/target/doc --error-format=json --json=diagnostic-rendered-ansi,artifacts,future-incompat --document-private-items -C metadata=5b70ab50732227c4 -L dependency=/opt/rustwide/target/debug/deps --extern actix=/opt/rustwide/target/debug/deps/libactix-a8c9ebe47f37e4f6.rmeta --extern actix_cors=/opt/rustwide/target/debug/deps/libactix_cors-1439051cf5e6c043.rmeta --extern actix_web=/opt/rustwide/target/debug/deps/libactix_web-c7c0257ba45f9db6.rmeta --extern anyhow=/opt/rustwide/target/debug/deps/libanyhow-f541c2036bd3a911.rmeta --extern argon2=/opt/rustwide/target/debug/deps/libargon2-5062e5fed2a71987.rmeta --extern base64=/opt/rustwide/target/debug/deps/libbase64-1a8c326e8404b491.rmeta --extern chrono=/opt/rustwide/target/debug/deps/libchrono-9e1fa3609d1f027b.rmeta --extern config=/opt/rustwide/target/debug/deps/libconfig-431f5215d00c6c7a.rmeta --extern jsonwebtoken=/opt/rustwide/target/debug/deps/libjsonwebtoken-3cd82b3dcaa7cf9b.rmeta --extern opentelemetry=/opt/rustwide/target/debug/deps/libopentelemetry-347b1c5cff09b73f.rmeta --extern opentelemetry_otlp=/opt/rustwide/target/debug/deps/libopentelemetry_otlp-56ebf1997f0e4b43.rmeta --extern rand=/opt/rustwide/target/debug/deps/librand-f1fee787476b2c0d.rmeta --extern reqwest=/opt/rustwide/target/debug/deps/libreqwest-2cf193e87cf0dcc1.rmeta --extern serde=/opt/rustwide/target/debug/deps/libserde-d7b3d14bd391eeeb.rmeta --extern serde_aux=/opt/rustwide/target/debug/deps/libserde_aux-1aaf5537f1d26a02.rmeta --extern serde_json=/opt/rustwide/target/debug/deps/libserde_json-126cbcd81185cf29.rmeta --extern sqlx=/opt/rustwide/target/debug/deps/libsqlx-910b15ca67f852a8.rmeta --extern thiserror=/opt/rustwide/target/debug/deps/libthiserror-8749cc25474c46a3.rmeta --extern tokio=/opt/rustwide/target/debug/deps/libtokio-7a21077feb20a4f1.rmeta --extern tracing=/opt/rustwide/target/debug/deps/libtracing-e4ef617b7967f202.rmeta --extern tracing_actix_web=/opt/rustwide/target/debug/deps/libtracing_actix_web-cc4c370072bf7ce1.rmeta --extern tracing_bunyan_formatter=/opt/rustwide/target/debug/deps/libtracing_bunyan_formatter-323725cabf10bca5.rmeta --extern tracing_log=/opt/rustwide/target/debug/deps/libtracing_log-d0dce07c4d556fac.rmeta --extern tracing_opentelemetry=/opt/rustwide/target/debug/deps/libtracing_opentelemetry-9d41257812524e24.rmeta --extern tracing_subscriber=/opt/rustwide/target/debug/deps/libtracing_subscriber-464c8883f85d4bd1.rmeta --extern urlencoding=/opt/rustwide/target/debug/deps/liburlencoding-3ea360d47e723f6a.rmeta --extern uuid=/opt/rustwide/target/debug/deps/libuuid-b5726f25e3eb51a1.rmeta --cap-lints=warn --crate-version 0.1.2` (exit status: 1)
[INFO] running `Command { std: "docker" "inspect" "128e0331a0992dfbe6116f7d796c342368ad826c3701f090b4657c2743f75254", kill_on_drop: false }`
[INFO] running `Command { std: "docker" "rm" "-f" "128e0331a0992dfbe6116f7d796c342368ad826c3701f090b4657c2743f75254", kill_on_drop: false }`
[INFO] [stdout] 128e0331a0992dfbe6116f7d796c342368ad826c3701f090b4657c2743f75254
