[INFO] fetching crate hax-subcommands 0.1.0-pre.1...
[INFO] documenting hax-subcommands-0.1.0-pre.1 against 1.75.0 for beta-1.76-rustdoc-1
[INFO] extracting crate hax-subcommands 0.1.0-pre.1 into /workspace/builds/worker-1-tc1/source
[INFO] validating manifest of crates.io crate hax-subcommands 0.1.0-pre.1 on toolchain 1.75.0
[INFO] running `Command { std: CARGO_HOME="/workspace/cargo-home" RUSTUP_HOME="/workspace/rustup-home" "/workspace/cargo-home/bin/cargo" "+1.75.0" "metadata" "--manifest-path" "Cargo.toml" "--no-deps", kill_on_drop: false }`
[INFO] removed /workspace/builds/worker-1-tc1/source/rust-toolchain.toml
[INFO] started tweaking crates.io crate hax-subcommands 0.1.0-pre.1
[INFO] finished tweaking crates.io crate hax-subcommands 0.1.0-pre.1
[INFO] tweaked toml for crates.io crate hax-subcommands 0.1.0-pre.1 written to /workspace/builds/worker-1-tc1/source/Cargo.toml
[INFO] crate crates.io crate hax-subcommands 0.1.0-pre.1 already has a lockfile, it will not be regenerated
[INFO] running `Command { std: CARGO_HOME="/workspace/cargo-home" RUSTUP_HOME="/workspace/rustup-home" "/workspace/cargo-home/bin/cargo" "+1.75.0" "fetch" "--manifest-path" "Cargo.toml", kill_on_drop: false }`
[INFO] [stderr]     Updating crates.io index
[INFO] [stderr]  Downloading crates ...
[INFO] [stderr]   Downloaded ext-trait v1.0.1
[INFO] [stderr]   Downloaded ext-trait-proc_macros v1.0.1
[INFO] [stderr]   Downloaded hax-diagnostics v0.1.0-pre.1
[INFO] [stderr]   Downloaded hax-frontend-exporter-options v0.1.0-pre.1
[INFO] [stderr]   Downloaded rustup-toolchain v0.1.5
[INFO] [stderr]   Downloaded hax-cli-options-engine v0.1.0-pre.1
[INFO] [stderr]   Downloaded hax-cli-options v0.1.0-pre.1
[INFO] [stderr]   Downloaded hax-frontend-exporter v0.1.0-pre.1
[INFO] [stderr]   Downloaded extension-traits v1.0.1
[INFO] [stderr]   Downloaded hax-adt-into v0.1.0-pre.1
[INFO] running `Command { std: "docker" "create" "-v" "/var/lib/crater-agent-workspace/builds/worker-1-tc1/target:/opt/rustwide/target:rw,Z" "-v" "/var/lib/crater-agent-workspace/builds/worker-1-tc1/source:/opt/rustwide/workdir:ro,Z" "-v" "/var/lib/crater-agent-workspace/cargo-home:/opt/rustwide/cargo-home:ro,Z" "-v" "/var/lib/crater-agent-workspace/rustup-home:/opt/rustwide/rustup-home:ro,Z" "-e" "SOURCE_DIR=/opt/rustwide/workdir" "-e" "CARGO_TARGET_DIR=/opt/rustwide/target" "-e" "CARGO_HOME=/opt/rustwide/cargo-home" "-e" "RUSTUP_HOME=/opt/rustwide/rustup-home" "-w" "/opt/rustwide/workdir" "-m" "1610612736" "--user" "0:0" "--network" "none" "ghcr.io/rust-lang/crates-build-env/linux@sha256:2788e3201cd34a07e3172128adcd8b3090168a8e3bcc40d7c032b9dda1df7d1c" "/opt/rustwide/cargo-home/bin/cargo" "+1.75.0" "metadata" "--no-deps" "--format-version=1", kill_on_drop: false }`
[INFO] [stdout] 5c3e77d9c5aef2ce145e227d44d2bbc066eb7327fab31c4d8e804f93ec670b46
[INFO] running `Command { std: "docker" "start" "-a" "5c3e77d9c5aef2ce145e227d44d2bbc066eb7327fab31c4d8e804f93ec670b46", kill_on_drop: false }`
[INFO] running `Command { std: "docker" "inspect" "5c3e77d9c5aef2ce145e227d44d2bbc066eb7327fab31c4d8e804f93ec670b46", kill_on_drop: false }`
[INFO] running `Command { std: "docker" "rm" "-f" "5c3e77d9c5aef2ce145e227d44d2bbc066eb7327fab31c4d8e804f93ec670b46", kill_on_drop: false }`
[INFO] [stdout] 5c3e77d9c5aef2ce145e227d44d2bbc066eb7327fab31c4d8e804f93ec670b46
[INFO] running `Command { std: "docker" "create" "-v" "/var/lib/crater-agent-workspace/builds/worker-1-tc1/target:/opt/rustwide/target:rw,Z" "-v" "/var/lib/crater-agent-workspace/builds/worker-1-tc1/source:/opt/rustwide/workdir:ro,Z" "-v" "/var/lib/crater-agent-workspace/cargo-home:/opt/rustwide/cargo-home:ro,Z" "-v" "/var/lib/crater-agent-workspace/rustup-home:/opt/rustwide/rustup-home:ro,Z" "-e" "SOURCE_DIR=/opt/rustwide/workdir" "-e" "CARGO_TARGET_DIR=/opt/rustwide/target" "-e" "CARGO_INCREMENTAL=0" "-e" "RUST_BACKTRACE=full" "-e" "RUSTFLAGS=--cap-lints=warn" "-e" "RUSTDOCFLAGS=--cap-lints=warn" "-e" "CARGO_HOME=/opt/rustwide/cargo-home" "-e" "RUSTUP_HOME=/opt/rustwide/rustup-home" "-w" "/opt/rustwide/workdir" "-m" "1610612736" "--user" "0:0" "--network" "none" "ghcr.io/rust-lang/crates-build-env/linux@sha256:2788e3201cd34a07e3172128adcd8b3090168a8e3bcc40d7c032b9dda1df7d1c" "/opt/rustwide/cargo-home/bin/cargo" "+1.75.0" "doc" "--frozen" "--no-deps" "--document-private-items" "--message-format=json", kill_on_drop: false }`
[INFO] [stdout] 787c9247f2abd8b64d16b533ba5c5ba23876913643f82c79927160f83f4580f0
[INFO] running `Command { std: "docker" "start" "-a" "787c9247f2abd8b64d16b533ba5c5ba23876913643f82c79927160f83f4580f0", kill_on_drop: false }`
[INFO] [stderr]    Compiling serde v1.0.189
[INFO] [stderr]    Compiling serde_json v1.0.107
[INFO] [stderr]    Compiling schemars v0.8.15
[INFO] [stderr]    Compiling ryu v1.0.15
[INFO] [stderr]    Compiling utf8parse v0.2.1
[INFO] [stderr]    Compiling rustix v0.38.20
[INFO] [stderr]    Compiling dyn-clone v1.0.14
[INFO] [stderr]    Compiling bitflags v2.4.1
[INFO] [stderr]    Compiling linux-raw-sys v0.4.10
[INFO] [stderr]    Compiling anstyle v1.0.4
[INFO] [stderr]    Compiling anstyle-query v1.0.0
[INFO] [stderr]    Compiling colorchoice v1.0.0
[INFO] [stderr]    Compiling either v1.9.0
[INFO] [stderr]    Compiling syn v2.0.38
[INFO] [stderr]    Compiling serde_derive_internals v0.26.0
[INFO] [stderr]    Compiling anstyle-parse v0.2.2
[INFO] [stderr]    Compiling ext-trait-proc_macros v1.0.1
[INFO] [stderr]    Compiling hax-cli-options v0.1.0-pre.1
[INFO] [stderr]    Compiling clap_lex v0.5.1
[INFO] [stderr]    Compiling itertools v0.11.0
[INFO] [stderr]    Compiling tracing-core v0.1.32
[INFO] [stderr]    Compiling anstream v0.6.4
[INFO] [stderr]    Compiling hashbrown v0.14.2
[INFO] [stderr]    Compiling path-clean v1.0.1
[INFO] [stderr]    Compiling winnow v0.5.17
[INFO] [stderr]     Checking fastrand v2.0.1
[INFO] [stderr]    Compiling clap_builder v4.4.6
[INFO] [stderr]     Checking version_check v0.9.4
[INFO] [stderr]    Compiling schemars_derive v0.8.15
[INFO] [stderr]    Compiling indexmap v2.0.2
[INFO] [stderr]    Compiling ext-trait v1.0.1
[INFO] [stderr]    Compiling extension-traits v1.0.1
[INFO] [stderr]    Compiling is-terminal v0.4.9
[INFO] [stderr]    Compiling colored v2.0.4
[INFO] [stderr]    Compiling hax-adt-into v0.1.0-pre.1
[INFO] [stderr]     Checking which v4.4.2
[INFO] [stderr]     Checking tempfile v3.8.0
[INFO] [stderr]    Compiling serde_derive v1.0.189
[INFO] [stderr]    Compiling clap_derive v4.4.2
[INFO] [stderr]    Compiling tracing-attributes v0.1.27
[INFO] [stderr]    Compiling thiserror-impl v1.0.50
[INFO] [stderr]     Checking thiserror v1.0.50
[INFO] [stderr]     Checking rustup-toolchain v0.1.5
[INFO] [stderr]    Compiling tracing v0.1.40
[INFO] [stderr]    Compiling clap v4.4.6
[INFO] [stderr]    Compiling serde_spanned v0.6.3
[INFO] [stderr]    Compiling toml_datetime v0.6.3
[INFO] [stderr]    Compiling toml_edit v0.20.2
[INFO] [stderr]     Checking hax-frontend-exporter-options v0.1.0-pre.1
[INFO] [stderr]     Checking hax-diagnostics v0.1.0-pre.1
[INFO] [stdout] error[E0463]: can't find crate for `rustc_driver`
[INFO] [stdout]  --> /opt/rustwide/cargo-home/registry/src/index.crates.io-6f17d22bba15001f/hax-diagnostics-0.1.0-pre.1/src/lib.rs:3:1
[INFO] [stdout]   |
[INFO] [stdout] 3 | extern crate rustc_driver;
[INFO] [stdout]   | ^^^^^^^^^^^^^^^^^^^^^^^^^^ can't find crate
[INFO] [stdout]   |
[INFO] [stdout]   = help: maybe you need to install the missing components with: `rustup component add rust-src rustc-dev llvm-tools-preview`
[INFO] [stdout] 
[INFO] [stdout] 
[INFO] [stdout] error[E0463]: can't find crate for `rustc_error_messages`
[INFO] [stdout]  --> /opt/rustwide/cargo-home/registry/src/index.crates.io-6f17d22bba15001f/hax-diagnostics-0.1.0-pre.1/src/lib.rs:4:1
[INFO] [stdout]   |
[INFO] [stdout] 4 | extern crate rustc_error_messages;
[INFO] [stdout]   | ^^^^^^^^^^^^^^^^^^^^^^^^^^^^^^^^^^ can't find crate
[INFO] [stdout]   |
[INFO] [stdout]   = help: maybe you need to install the missing components with: `rustup component add rust-src rustc-dev llvm-tools-preview`
[INFO] [stdout] 
[INFO] [stdout] 
[INFO] [stdout] error[E0463]: can't find crate for `rustc_errors`
[INFO] [stdout]  --> /opt/rustwide/cargo-home/registry/src/index.crates.io-6f17d22bba15001f/hax-diagnostics-0.1.0-pre.1/src/lib.rs:5:1
[INFO] [stdout]   |
[INFO] [stdout] 5 | extern crate rustc_errors;
[INFO] [stdout]   | ^^^^^^^^^^^^^^^^^^^^^^^^^^ can't find crate
[INFO] [stdout]   |
[INFO] [stdout]   = help: maybe you need to install the missing components with: `rustup component add rust-src rustc-dev llvm-tools-preview`
[INFO] [stdout] 
[INFO] [stdout] 
[INFO] [stdout] error[E0463]: can't find crate for `rustc_session`
[INFO] [stdout]  --> /opt/rustwide/cargo-home/registry/src/index.crates.io-6f17d22bba15001f/hax-diagnostics-0.1.0-pre.1/src/lib.rs:6:1
[INFO] [stdout]   |
[INFO] [stdout] 6 | extern crate rustc_session;
[INFO] [stdout]   | ^^^^^^^^^^^^^^^^^^^^^^^^^^^ can't find crate
[INFO] [stdout]   |
[INFO] [stdout]   = help: maybe you need to install the missing components with: `rustup component add rust-src rustc-dev llvm-tools-preview`
[INFO] [stdout] 
[INFO] [stdout] 
[INFO] [stdout] error[E0463]: can't find crate for `rustc_span`
[INFO] [stdout]  --> /opt/rustwide/cargo-home/registry/src/index.crates.io-6f17d22bba15001f/hax-diagnostics-0.1.0-pre.1/src/lib.rs:7:1
[INFO] [stdout]   |
[INFO] [stdout] 7 | extern crate rustc_span;
[INFO] [stdout]   | ^^^^^^^^^^^^^^^^^^^^^^^^ can't find crate
[INFO] [stdout]   |
[INFO] [stdout]   = help: maybe you need to install the missing components with: `rustup component add rust-src rustc-dev llvm-tools-preview`
[INFO] [stdout] 
[INFO] [stdout] 
[INFO] [stdout] error[E0463]: can't find crate for `rustc_errors`
[INFO] [stdout]  --> /opt/rustwide/cargo-home/registry/src/index.crates.io-6f17d22bba15001f/hax-diagnostics-0.1.0-pre.1/src/error.rs:2:1
[INFO] [stdout]   |
[INFO] [stdout] 2 | extern crate rustc_errors;
[INFO] [stdout]   | ^^^^^^^^^^^^^^^^^^^^^^^^^^ can't find crate
[INFO] [stdout]   |
[INFO] [stdout]   = help: maybe you need to install the missing components with: `rustup component add rust-src rustc-dev llvm-tools-preview`
[INFO] [stdout] 
[INFO] [stdout] 
[INFO] [stdout] error[E0463]: can't find crate for `rustc_session`
[INFO] [stdout]  --> /opt/rustwide/cargo-home/registry/src/index.crates.io-6f17d22bba15001f/hax-diagnostics-0.1.0-pre.1/src/error.rs:6:1
[INFO] [stdout]   |
[INFO] [stdout] 6 | extern crate rustc_session;
[INFO] [stdout]   | ^^^^^^^^^^^^^^^^^^^^^^^^^^^ can't find crate
[INFO] [stdout]   |
[INFO] [stdout]   = help: maybe you need to install the missing components with: `rustup component add rust-src rustc-dev llvm-tools-preview`
[INFO] [stdout] 
[INFO] [stdout] 
[INFO] [stdout] error[E0463]: can't find crate for `rustc_data_structures`
[INFO] [stdout]   --> /opt/rustwide/cargo-home/registry/src/index.crates.io-6f17d22bba15001f/hax-diagnostics-0.1.0-pre.1/src/error.rs:10:1
[INFO] [stdout]    |
[INFO] [stdout] 10 | extern crate rustc_data_structures;
[INFO] [stdout]    | ^^^^^^^^^^^^^^^^^^^^^^^^^^^^^^^^^^^ can't find crate
[INFO] [stdout]    |
[INFO] [stdout]    = help: maybe you need to install the missing components with: `rustup component add rust-src rustc-dev llvm-tools-preview`
[INFO] [stdout] 
[INFO] [stdout] 
[INFO] [stdout] error[E0463]: can't find crate for `rustc_span`
[INFO] [stdout]   --> /opt/rustwide/cargo-home/registry/src/index.crates.io-6f17d22bba15001f/hax-diagnostics-0.1.0-pre.1/src/error.rs:14:1
[INFO] [stdout]    |
[INFO] [stdout] 14 | extern crate rustc_span;
[INFO] [stdout]    | ^^^^^^^^^^^^^^^^^^^^^^^^ can't find crate
[INFO] [stdout]    |
[INFO] [stdout]    = help: maybe you need to install the missing components with: `rustup component add rust-src rustc-dev llvm-tools-preview`
[INFO] [stdout] 
[INFO] [stdout] 
[INFO] [stdout] error[E0554]: `#![feature]` may not be used on the stable release channel
[INFO] [stdout]  --> /opt/rustwide/cargo-home/registry/src/index.crates.io-6f17d22bba15001f/hax-diagnostics-0.1.0-pre.1/src/lib.rs:1:1
[INFO] [stdout]   |
[INFO] [stdout] 1 | #![feature(rustc_private)]
[INFO] [stdout]   | ^^^^^^^^^^^^^^^^^^^^^^^^^^
[INFO] [stdout] 
[INFO] [stdout] 
[INFO] [stdout] error: aborting due to 10 previous errors
[INFO] [stdout] 
[INFO] [stdout] 
[INFO] [stdout] Some errors have detailed explanations: E0463, E0554.
[INFO] [stdout] 
[INFO] [stdout] For more information about an error, try `rustc --explain E0463`.
[INFO] [stdout] 
[INFO] [stderr] error: could not compile `hax-diagnostics` (lib) due to 11 previous errors
[INFO] [stderr] warning: build failed, waiting for other jobs to finish...
[INFO] running `Command { std: "docker" "inspect" "787c9247f2abd8b64d16b533ba5c5ba23876913643f82c79927160f83f4580f0", kill_on_drop: false }`
[INFO] running `Command { std: "docker" "rm" "-f" "787c9247f2abd8b64d16b533ba5c5ba23876913643f82c79927160f83f4580f0", kill_on_drop: false }`
[INFO] [stdout] 787c9247f2abd8b64d16b533ba5c5ba23876913643f82c79927160f83f4580f0
[INFO] documenting hax-subcommands-0.1.0-pre.1 against beta-2023-12-22 for beta-1.76-rustdoc-1
[INFO] extracting crate hax-subcommands 0.1.0-pre.1 into /workspace/builds/worker-1-tc2/source
[INFO] validating manifest of crates.io crate hax-subcommands 0.1.0-pre.1 on toolchain beta-2023-12-22
[INFO] running `Command { std: CARGO_HOME="/workspace/cargo-home" RUSTUP_HOME="/workspace/rustup-home" "/workspace/cargo-home/bin/cargo" "+beta-2023-12-22" "metadata" "--manifest-path" "Cargo.toml" "--no-deps", kill_on_drop: false }`
[INFO] removed /workspace/builds/worker-1-tc2/source/rust-toolchain.toml
[INFO] started tweaking crates.io crate hax-subcommands 0.1.0-pre.1
[INFO] finished tweaking crates.io crate hax-subcommands 0.1.0-pre.1
[INFO] tweaked toml for crates.io crate hax-subcommands 0.1.0-pre.1 written to /workspace/builds/worker-1-tc2/source/Cargo.toml
[INFO] crate crates.io crate hax-subcommands 0.1.0-pre.1 already has a lockfile, it will not be regenerated
[INFO] running `Command { std: CARGO_HOME="/workspace/cargo-home" RUSTUP_HOME="/workspace/rustup-home" "/workspace/cargo-home/bin/cargo" "+beta-2023-12-22" "fetch" "--manifest-path" "Cargo.toml", kill_on_drop: false }`
[INFO] running `Command { std: "docker" "create" "-v" "/var/lib/crater-agent-workspace/builds/worker-1-tc2/target:/opt/rustwide/target:rw,Z" "-v" "/var/lib/crater-agent-workspace/builds/worker-1-tc2/source:/opt/rustwide/workdir:ro,Z" "-v" "/var/lib/crater-agent-workspace/cargo-home:/opt/rustwide/cargo-home:ro,Z" "-v" "/var/lib/crater-agent-workspace/rustup-home:/opt/rustwide/rustup-home:ro,Z" "-e" "SOURCE_DIR=/opt/rustwide/workdir" "-e" "CARGO_TARGET_DIR=/opt/rustwide/target" "-e" "CARGO_HOME=/opt/rustwide/cargo-home" "-e" "RUSTUP_HOME=/opt/rustwide/rustup-home" "-w" "/opt/rustwide/workdir" "-m" "1610612736" "--user" "0:0" "--network" "none" "ghcr.io/rust-lang/crates-build-env/linux@sha256:2788e3201cd34a07e3172128adcd8b3090168a8e3bcc40d7c032b9dda1df7d1c" "/opt/rustwide/cargo-home/bin/cargo" "+beta-2023-12-22" "metadata" "--no-deps" "--format-version=1", kill_on_drop: false }`
[INFO] [stdout] 7e994647c1089d0f1814f52ffd17e803c23feea65885a41b1565bbe763216e54
[INFO] running `Command { std: "docker" "start" "-a" "7e994647c1089d0f1814f52ffd17e803c23feea65885a41b1565bbe763216e54", kill_on_drop: false }`
[INFO] running `Command { std: "docker" "inspect" "7e994647c1089d0f1814f52ffd17e803c23feea65885a41b1565bbe763216e54", kill_on_drop: false }`
[INFO] running `Command { std: "docker" "rm" "-f" "7e994647c1089d0f1814f52ffd17e803c23feea65885a41b1565bbe763216e54", kill_on_drop: false }`
[INFO] [stdout] 7e994647c1089d0f1814f52ffd17e803c23feea65885a41b1565bbe763216e54
[INFO] running `Command { std: "docker" "create" "-v" "/var/lib/crater-agent-workspace/builds/worker-1-tc2/target:/opt/rustwide/target:rw,Z" "-v" "/var/lib/crater-agent-workspace/builds/worker-1-tc2/source:/opt/rustwide/workdir:ro,Z" "-v" "/var/lib/crater-agent-workspace/cargo-home:/opt/rustwide/cargo-home:ro,Z" "-v" "/var/lib/crater-agent-workspace/rustup-home:/opt/rustwide/rustup-home:ro,Z" "-e" "SOURCE_DIR=/opt/rustwide/workdir" "-e" "CARGO_TARGET_DIR=/opt/rustwide/target" "-e" "CARGO_INCREMENTAL=0" "-e" "RUST_BACKTRACE=full" "-e" "RUSTFLAGS=--cap-lints=warn" "-e" "RUSTDOCFLAGS=--cap-lints=warn" "-e" "CARGO_HOME=/opt/rustwide/cargo-home" "-e" "RUSTUP_HOME=/opt/rustwide/rustup-home" "-w" "/opt/rustwide/workdir" "-m" "1610612736" "--user" "0:0" "--network" "none" "ghcr.io/rust-lang/crates-build-env/linux@sha256:2788e3201cd34a07e3172128adcd8b3090168a8e3bcc40d7c032b9dda1df7d1c" "/opt/rustwide/cargo-home/bin/cargo" "+beta-2023-12-22" "doc" "--frozen" "--no-deps" "--document-private-items" "--message-format=json", kill_on_drop: false }`
[INFO] [stdout] ff62bc21b6a1ea6c4d783077056c7a560efad8a8715e787a724009a5a12b5713
[INFO] running `Command { std: "docker" "start" "-a" "ff62bc21b6a1ea6c4d783077056c7a560efad8a8715e787a724009a5a12b5713", kill_on_drop: false }`
[INFO] [stderr]    Compiling serde v1.0.189
[INFO] [stderr]    Compiling serde_json v1.0.107
[INFO] [stderr]    Compiling schemars v0.8.15
[INFO] [stderr]    Compiling ryu v1.0.15
[INFO] [stderr]    Compiling utf8parse v0.2.1
[INFO] [stderr]    Compiling dyn-clone v1.0.14
[INFO] [stderr]    Compiling rustix v0.38.20
[INFO] [stderr]    Compiling anstyle-query v1.0.0
[INFO] [stderr]    Compiling anstyle v1.0.4
[INFO] [stderr]    Compiling linux-raw-sys v0.4.10
[INFO] [stderr]    Compiling bitflags v2.4.1
[INFO] [stderr]    Compiling colorchoice v1.0.0
[INFO] [stderr]    Compiling clap_lex v0.5.1
[INFO] [stderr]    Compiling syn v2.0.38
[INFO] [stderr]    Compiling serde_derive_internals v0.26.0
[INFO] [stderr]    Compiling anstyle-parse v0.2.2
[INFO] [stderr]    Compiling ext-trait-proc_macros v1.0.1
[INFO] [stderr]    Compiling hax-cli-options v0.1.0-pre.1
[INFO] [stderr]    Compiling either v1.9.0
[INFO] [stderr]    Compiling tracing-core v0.1.32
[INFO] [stderr]    Compiling hashbrown v0.14.2
[INFO] [stderr]    Compiling winnow v0.5.17
[INFO] [stderr]    Compiling anstream v0.6.4
[INFO] [stderr]    Compiling itertools v0.11.0
[INFO] [stderr]    Compiling path-clean v1.0.1
[INFO] [stderr]     Checking fastrand v2.0.1
[INFO] [stderr]     Checking version_check v0.9.4
[INFO] [stderr]     Checking clap_builder v4.4.6
[INFO] [stderr]    Compiling schemars_derive v0.8.15
[INFO] [stderr]    Compiling indexmap v2.0.2
[INFO] [stderr]    Compiling ext-trait v1.0.1
[INFO] [stderr]    Compiling extension-traits v1.0.1
[INFO] [stderr]    Compiling is-terminal v0.4.9
[INFO] [stderr]    Compiling colored v2.0.4
[INFO] [stderr]    Compiling hax-adt-into v0.1.0-pre.1
[INFO] [stderr]     Checking which v4.4.2
[INFO] [stderr]     Checking tempfile v3.8.0
[INFO] [stderr]    Compiling serde_derive v1.0.189
[INFO] [stderr]    Compiling clap_derive v4.4.2
[INFO] [stderr]    Compiling tracing-attributes v0.1.27
[INFO] [stderr]    Compiling thiserror-impl v1.0.50
[INFO] [stderr]     Checking thiserror v1.0.50
[INFO] [stderr]     Checking rustup-toolchain v0.1.5
[INFO] [stderr]    Compiling tracing v0.1.40
[INFO] [stderr]    Compiling clap v4.4.6
[INFO] [stderr]    Compiling serde_spanned v0.6.3
[INFO] [stderr]    Compiling toml_datetime v0.6.3
[INFO] [stderr]    Compiling toml_edit v0.20.2
[INFO] [stderr]     Checking hax-frontend-exporter-options v0.1.0-pre.1
[INFO] [stderr]     Checking hax-diagnostics v0.1.0-pre.1
[INFO] [stdout] error[E0463]: can't find crate for `rustc_driver`
[INFO] [stdout]  --> /opt/rustwide/cargo-home/registry/src/index.crates.io-6f17d22bba15001f/hax-diagnostics-0.1.0-pre.1/src/lib.rs:3:1
[INFO] [stdout]   |
[INFO] [stdout] 3 | extern crate rustc_driver;
[INFO] [stdout]   | ^^^^^^^^^^^^^^^^^^^^^^^^^^ can't find crate
[INFO] [stdout]   |
[INFO] [stdout]   = help: maybe you need to install the missing components with: `rustup component add rust-src rustc-dev llvm-tools-preview`
[INFO] [stdout] 
[INFO] [stdout] 
[INFO] [stdout] error[E0463]: can't find crate for `rustc_error_messages`
[INFO] [stdout]  --> /opt/rustwide/cargo-home/registry/src/index.crates.io-6f17d22bba15001f/hax-diagnostics-0.1.0-pre.1/src/lib.rs:4:1
[INFO] [stdout]   |
[INFO] [stdout] 4 | extern crate rustc_error_messages;
[INFO] [stdout]   | ^^^^^^^^^^^^^^^^^^^^^^^^^^^^^^^^^^ can't find crate
[INFO] [stdout]   |
[INFO] [stdout]   = help: maybe you need to install the missing components with: `rustup component add rust-src rustc-dev llvm-tools-preview`
[INFO] [stdout] 
[INFO] [stdout] 
[INFO] [stdout] error[E0463]: can't find crate for `rustc_errors`
[INFO] [stdout]  --> /opt/rustwide/cargo-home/registry/src/index.crates.io-6f17d22bba15001f/hax-diagnostics-0.1.0-pre.1/src/lib.rs:5:1
[INFO] [stdout]   |
[INFO] [stdout] 5 | extern crate rustc_errors;
[INFO] [stdout]   | ^^^^^^^^^^^^^^^^^^^^^^^^^^ can't find crate
[INFO] [stdout]   |
[INFO] [stdout]   = help: maybe you need to install the missing components with: `rustup component add rust-src rustc-dev llvm-tools-preview`
[INFO] [stdout] 
[INFO] [stdout] 
[INFO] [stdout] error[E0463]: can't find crate for `rustc_session`
[INFO] [stdout]  --> /opt/rustwide/cargo-home/registry/src/index.crates.io-6f17d22bba15001f/hax-diagnostics-0.1.0-pre.1/src/lib.rs:6:1
[INFO] [stdout]   |
[INFO] [stdout] 6 | extern crate rustc_session;
[INFO] [stdout]   | ^^^^^^^^^^^^^^^^^^^^^^^^^^^ can't find crate
[INFO] [stdout]   |
[INFO] [stdout]   = help: maybe you need to install the missing components with: `rustup component add rust-src rustc-dev llvm-tools-preview`
[INFO] [stdout] 
[INFO] [stdout] 
[INFO] [stdout] error[E0463]: can't find crate for `rustc_span`
[INFO] [stdout]  --> /opt/rustwide/cargo-home/registry/src/index.crates.io-6f17d22bba15001f/hax-diagnostics-0.1.0-pre.1/src/lib.rs:7:1
[INFO] [stdout]   |
[INFO] [stdout] 7 | extern crate rustc_span;
[INFO] [stdout]   | ^^^^^^^^^^^^^^^^^^^^^^^^ can't find crate
[INFO] [stdout]   |
[INFO] [stdout]   = help: maybe you need to install the missing components with: `rustup component add rust-src rustc-dev llvm-tools-preview`
[INFO] [stdout] 
[INFO] [stdout] 
[INFO] [stdout] error[E0463]: can't find crate for `rustc_errors`
[INFO] [stdout]  --> /opt/rustwide/cargo-home/registry/src/index.crates.io-6f17d22bba15001f/hax-diagnostics-0.1.0-pre.1/src/error.rs:2:1
[INFO] [stdout]   |
[INFO] [stdout] 2 | extern crate rustc_errors;
[INFO] [stdout]   | ^^^^^^^^^^^^^^^^^^^^^^^^^^ can't find crate
[INFO] [stdout]   |
[INFO] [stdout]   = help: maybe you need to install the missing components with: `rustup component add rust-src rustc-dev llvm-tools-preview`
[INFO] [stdout] 
[INFO] [stdout] 
[INFO] [stdout] error[E0463]: can't find crate for `rustc_session`
[INFO] [stdout]  --> /opt/rustwide/cargo-home/registry/src/index.crates.io-6f17d22bba15001f/hax-diagnostics-0.1.0-pre.1/src/error.rs:6:1
[INFO] [stdout]   |
[INFO] [stdout] 6 | extern crate rustc_session;
[INFO] [stdout]   | ^^^^^^^^^^^^^^^^^^^^^^^^^^^ can't find crate
[INFO] [stdout]   |
[INFO] [stdout]   = help: maybe you need to install the missing components with: `rustup component add rust-src rustc-dev llvm-tools-preview`
[INFO] [stdout] 
[INFO] [stdout] 
[INFO] [stdout] error[E0463]: can't find crate for `rustc_data_structures`
[INFO] [stdout]   --> /opt/rustwide/cargo-home/registry/src/index.crates.io-6f17d22bba15001f/hax-diagnostics-0.1.0-pre.1/src/error.rs:10:1
[INFO] [stdout]    |
[INFO] [stdout] 10 | extern crate rustc_data_structures;
[INFO] [stdout]    | ^^^^^^^^^^^^^^^^^^^^^^^^^^^^^^^^^^^ can't find crate
[INFO] [stdout]    |
[INFO] [stdout]    = help: maybe you need to install the missing components with: `rustup component add rust-src rustc-dev llvm-tools-preview`
[INFO] [stdout] 
[INFO] [stdout] 
[INFO] [stdout] error[E0463]: can't find crate for `rustc_span`
[INFO] [stdout]   --> /opt/rustwide/cargo-home/registry/src/index.crates.io-6f17d22bba15001f/hax-diagnostics-0.1.0-pre.1/src/error.rs:14:1
[INFO] [stdout]    |
[INFO] [stdout] 14 | extern crate rustc_span;
[INFO] [stdout]    | ^^^^^^^^^^^^^^^^^^^^^^^^ can't find crate
[INFO] [stdout]    |
[INFO] [stdout]    = help: maybe you need to install the missing components with: `rustup component add rust-src rustc-dev llvm-tools-preview`
[INFO] [stdout] 
[INFO] [stdout] 
[INFO] [stdout] error[E0554]: `#![feature]` may not be used on the beta release channel
[INFO] [stdout]  --> /opt/rustwide/cargo-home/registry/src/index.crates.io-6f17d22bba15001f/hax-diagnostics-0.1.0-pre.1/src/lib.rs:1:1
[INFO] [stdout]   |
[INFO] [stdout] 1 | #![feature(rustc_private)]
[INFO] [stdout]   | ^^^^^^^^^^^^^^^^^^^^^^^^^^
[INFO] [stdout] 
[INFO] [stdout] 
[INFO] [stdout] error: aborting due to 10 previous errors
[INFO] [stdout] 
[INFO] [stdout] 
[INFO] [stdout] Some errors have detailed explanations: E0463, E0554.
[INFO] [stdout] 
[INFO] [stdout] For more information about an error, try `rustc --explain E0463`.
[INFO] [stdout] 
[INFO] [stderr] error: could not compile `hax-diagnostics` (lib) due to 11 previous errors
[INFO] [stderr] warning: build failed, waiting for other jobs to finish...
[INFO] running `Command { std: "docker" "inspect" "ff62bc21b6a1ea6c4d783077056c7a560efad8a8715e787a724009a5a12b5713", kill_on_drop: false }`
[INFO] running `Command { std: "docker" "rm" "-f" "ff62bc21b6a1ea6c4d783077056c7a560efad8a8715e787a724009a5a12b5713", kill_on_drop: false }`
[INFO] [stdout] ff62bc21b6a1ea6c4d783077056c7a560efad8a8715e787a724009a5a12b5713
