[INFO] fetching crate hashira-cli 0.0.2-alpha...
[INFO] documenting hashira-cli-0.0.2-alpha against 1.75.0 for beta-1.76-rustdoc-1
[INFO] extracting crate hashira-cli 0.0.2-alpha into /workspace/builds/worker-7-tc1/source
[INFO] validating manifest of crates.io crate hashira-cli 0.0.2-alpha on toolchain 1.75.0
[INFO] running `Command { std: CARGO_HOME="/workspace/cargo-home" RUSTUP_HOME="/workspace/rustup-home" "/workspace/cargo-home/bin/cargo" "+1.75.0" "metadata" "--manifest-path" "Cargo.toml" "--no-deps", kill_on_drop: false }`
[INFO] started tweaking crates.io crate hashira-cli 0.0.2-alpha
[INFO] finished tweaking crates.io crate hashira-cli 0.0.2-alpha
[INFO] tweaked toml for crates.io crate hashira-cli 0.0.2-alpha written to /workspace/builds/worker-7-tc1/source/Cargo.toml
[INFO] crate crates.io crate hashira-cli 0.0.2-alpha already has a lockfile, it will not be regenerated
[INFO] running `Command { std: CARGO_HOME="/workspace/cargo-home" RUSTUP_HOME="/workspace/rustup-home" "/workspace/cargo-home/bin/cargo" "+1.75.0" "fetch" "--manifest-path" "Cargo.toml", kill_on_drop: false }`
[INFO] [stderr]     Updating crates.io index
[INFO] [stderr]  Downloading crates ...
[INFO] [stderr]   Downloaded base64-simd v0.7.0
[INFO] [stderr]   Downloaded vlq v0.5.1
[INFO] [stderr]   Downloaded anstream v0.3.1
[INFO] [stderr]   Downloaded simd-abstraction v0.7.1
[INFO] [stderr]   Downloaded cssparser-macros v0.6.0
[INFO] [stderr]   Downloaded phf_macros v0.10.0
[INFO] [stderr]   Downloaded http-range-header v0.3.0
[INFO] [stderr]   Downloaded const-str-proc-macro v0.3.2
[INFO] [stderr]   Downloaded notify-debouncer-mini v0.2.1
[INFO] [stderr]   Downloaded bytecheck v0.6.10
[INFO] [stderr]   Downloaded parcel_sourcemap v2.1.1
[INFO] [stderr]   Downloaded serde_path_to_error v0.1.11
[INFO] [stderr]   Downloaded data-encoding v2.3.3
[INFO] [stderr]   Downloaded hyper-rustls v0.24.0
[INFO] [stderr]   Downloaded cargo_toml v0.15.2
[INFO] [stderr]   Downloaded winnow v0.4.4
[INFO] [stderr]   Downloaded rustls v0.21.1
[INFO] [stderr]   Downloaded wasm-opt-sys v0.112.0
[INFO] [stderr]   Downloaded wasm-opt v0.112.0
[INFO] [stderr]   Downloaded tower-http v0.4.0
[INFO] [stderr]   Downloaded lightningcss v1.0.0-alpha.41
[INFO] [stderr]   Downloaded cxx-build v1.0.94
[INFO] [stderr]   Downloaded cssparser v0.29.6
[INFO] [stderr]   Downloaded octocrab v0.22.0
[INFO] [stderr]   Downloaded cxx v1.0.94
[INFO] [stderr]   Downloaded tokio-rustls v0.24.0
[INFO] [stderr]   Downloaded rkyv v0.7.41
[INFO] [stderr]   Downloaded cxxbridge-macro v1.0.94
[INFO] [stderr]   Downloaded rustls-webpki v0.100.1
[INFO] [stderr]   Downloaded bytecheck_derive v0.6.10
[INFO] [stderr]   Downloaded parcel_selectors v0.25.3
[INFO] [stderr]   Downloaded const-str v0.3.2
[INFO] [stderr]   Downloaded dialoguer v0.10.4
[INFO] [stderr]   Downloaded cargo_metadata v0.15.4
[INFO] [stderr]   Downloaded rkyv_derive v0.7.41
[INFO] [stderr]   Downloaded dtoa-short v0.3.3
[INFO] [stderr]   Downloaded enum-iterator-derive v1.2.0
[INFO] [stderr]   Downloaded enum-iterator v1.4.0
[INFO] [stderr]   Downloaded outref v0.1.0
[INFO] [stderr]   Downloaded wasm-opt-cxx-sys v0.112.0
[INFO] [stderr]   Downloaded rend v0.4.0
[INFO] [stderr]   Downloaded cxxbridge-flags v1.0.94
[INFO] running `Command { std: "docker" "create" "-v" "/var/lib/crater-agent-workspace/builds/worker-7-tc1/target:/opt/rustwide/target:rw,Z" "-v" "/var/lib/crater-agent-workspace/builds/worker-7-tc1/source:/opt/rustwide/workdir:ro,Z" "-v" "/var/lib/crater-agent-workspace/cargo-home:/opt/rustwide/cargo-home:ro,Z" "-v" "/var/lib/crater-agent-workspace/rustup-home:/opt/rustwide/rustup-home:ro,Z" "-e" "SOURCE_DIR=/opt/rustwide/workdir" "-e" "CARGO_TARGET_DIR=/opt/rustwide/target" "-e" "CARGO_HOME=/opt/rustwide/cargo-home" "-e" "RUSTUP_HOME=/opt/rustwide/rustup-home" "-w" "/opt/rustwide/workdir" "-m" "1610612736" "--user" "0:0" "--network" "none" "ghcr.io/rust-lang/crates-build-env/linux@sha256:2788e3201cd34a07e3172128adcd8b3090168a8e3bcc40d7c032b9dda1df7d1c" "/opt/rustwide/cargo-home/bin/cargo" "+1.75.0" "metadata" "--no-deps" "--format-version=1", kill_on_drop: false }`
[INFO] [stdout] 65c56667465c7ff59c68e1b767c0989fa60f1280c2ed7bb365ed8c9b40a957b8
[INFO] running `Command { std: "docker" "start" "-a" "65c56667465c7ff59c68e1b767c0989fa60f1280c2ed7bb365ed8c9b40a957b8", kill_on_drop: false }`
[INFO] running `Command { std: "docker" "inspect" "65c56667465c7ff59c68e1b767c0989fa60f1280c2ed7bb365ed8c9b40a957b8", kill_on_drop: false }`
[INFO] running `Command { std: "docker" "rm" "-f" "65c56667465c7ff59c68e1b767c0989fa60f1280c2ed7bb365ed8c9b40a957b8", kill_on_drop: false }`
[INFO] [stdout] 65c56667465c7ff59c68e1b767c0989fa60f1280c2ed7bb365ed8c9b40a957b8
[INFO] running `Command { std: "docker" "create" "-v" "/var/lib/crater-agent-workspace/builds/worker-7-tc1/target:/opt/rustwide/target:rw,Z" "-v" "/var/lib/crater-agent-workspace/builds/worker-7-tc1/source:/opt/rustwide/workdir:ro,Z" "-v" "/var/lib/crater-agent-workspace/cargo-home:/opt/rustwide/cargo-home:ro,Z" "-v" "/var/lib/crater-agent-workspace/rustup-home:/opt/rustwide/rustup-home:ro,Z" "-e" "SOURCE_DIR=/opt/rustwide/workdir" "-e" "CARGO_TARGET_DIR=/opt/rustwide/target" "-e" "CARGO_INCREMENTAL=0" "-e" "RUST_BACKTRACE=full" "-e" "RUSTFLAGS=--cap-lints=warn" "-e" "RUSTDOCFLAGS=--cap-lints=warn" "-e" "CARGO_HOME=/opt/rustwide/cargo-home" "-e" "RUSTUP_HOME=/opt/rustwide/rustup-home" "-w" "/opt/rustwide/workdir" "-m" "1610612736" "--user" "0:0" "--network" "none" "ghcr.io/rust-lang/crates-build-env/linux@sha256:2788e3201cd34a07e3172128adcd8b3090168a8e3bcc40d7c032b9dda1df7d1c" "/opt/rustwide/cargo-home/bin/cargo" "+1.75.0" "doc" "--frozen" "--no-deps" "--document-private-items" "--message-format=json", kill_on_drop: false }`
[INFO] [stdout] 8815248c29fb5d087002009a143f3f5fd8c02518a53af4905dbe4ded91893107
[INFO] running `Command { std: "docker" "start" "-a" "8815248c29fb5d087002009a143f3f5fd8c02518a53af4905dbe4ded91893107", kill_on_drop: false }`
[INFO] [stderr]    Compiling proc-macro2 v1.0.56
[INFO] [stderr]    Compiling unicode-ident v1.0.8
[INFO] [stderr]    Compiling quote v1.0.26
[INFO] [stderr]    Compiling libc v0.2.142
[INFO] [stderr]     Checking once_cell v1.17.1
[INFO] [stderr]    Compiling log v0.4.17
[INFO] [stderr]    Compiling syn v1.0.109
[INFO] [stderr]     Checking itoa v1.0.6
[INFO] [stderr]    Compiling serde_derive v1.0.160
[INFO] [stderr]    Compiling serde v1.0.160
[INFO] [stderr]     Checking pin-project-lite v0.2.9
[INFO] [stderr]     Checking smallvec v1.10.0
[INFO] [stderr]    Compiling lock_api v0.4.9
[INFO] [stderr]    Compiling pkg-config v0.3.26
[INFO] [stderr]     Checking bytes v1.4.0
[INFO] [stderr]    Compiling parking_lot_core v0.9.7
[INFO] [stderr]    Compiling futures-core v0.3.28
[INFO] [stderr]    Compiling memchr v2.5.0
[INFO] [stderr]    Compiling ahash v0.7.6
[INFO] [stderr]     Checking futures-sink v0.3.28
[INFO] [stderr]    Compiling tokio v1.28.1
[INFO] [stderr]    Compiling slab v0.4.8
[INFO] [stderr]    Compiling jobserver v0.1.26
[INFO] [stderr]    Compiling syn v2.0.15
[INFO] [stderr]    Compiling cc v1.0.79
[INFO] [stderr]    Compiling futures-task v0.3.28
[INFO] [stderr]    Compiling futures-channel v0.3.28
[INFO] [stderr]    Compiling typenum v1.16.0
[INFO] [stderr]    Compiling futures-util v0.3.28
[INFO] [stderr]     Checking getrandom v0.2.9
[INFO] [stderr]     Checking num_cpus v1.15.0
[INFO] [stderr]     Checking mio v0.8.6
[INFO] [stderr]     Checking signal-hook-registry v1.4.1
[INFO] [stderr]     Checking parking_lot v0.12.1
[INFO] [stderr]     Checking socket2 v0.4.9
[INFO] [stderr]     Checking hashbrown v0.12.3
[INFO] [stderr]     Checking tracing-core v0.1.30
[INFO] [stderr]     Checking futures-io v0.3.28
[INFO] [stderr]     Checking http v0.2.9
[INFO] [stderr]    Compiling indexmap v1.9.3
[INFO] [stderr]    Compiling ppv-lite86 v0.2.17
[INFO] [stderr]    Compiling ring v0.16.20
[INFO] [stderr]    Compiling rand_core v0.6.4
[INFO] [stderr]    Compiling crossbeam-utils v0.8.15
[INFO] [stderr]    Compiling rand_chacha v0.3.1
[INFO] [stderr]    Compiling anyhow v1.0.71
[INFO] [stderr]     Checking subtle v2.4.1
[INFO] [stderr]    Compiling scratch v1.0.5
[INFO] [stderr]     Checking generic-array v0.14.7
[INFO] [stderr]    Compiling io-lifetimes v1.0.10
[INFO] [stderr]    Compiling rustversion v1.0.12
[INFO] [stderr]    Compiling thiserror v1.0.40
[INFO] [stderr]    Compiling siphasher v0.3.10
[INFO] [stderr]    Compiling phf_shared v0.10.0
[INFO] [stderr]    Compiling rand v0.8.5
[INFO] [stderr]     Checking http-body v0.4.5
[INFO] [stderr]    Compiling link-cplusplus v1.0.8
[INFO] [stderr]    Compiling openssl-sys v0.9.87
[INFO] [stderr]    Compiling serde_json v1.0.96
[INFO] [stderr]     Checking crypto-common v0.1.6
[INFO] [stderr]     Checking block-buffer v0.10.4
[INFO] [stderr]    Compiling unicode-width v0.1.10
[INFO] [stderr]    Compiling rustix v0.37.18
[INFO] [stderr]     Checking ryu v1.0.13
[INFO] [stderr]    Compiling termcolor v1.2.0
[INFO] [stderr]     Checking digest v0.10.6
[INFO] [stderr]    Compiling codespan-reporting v0.11.1
[INFO] [stderr]    Compiling phf_generator v0.10.0
[INFO] [stderr]    Compiling num-traits v0.2.15
[INFO] [stderr]     Checking percent-encoding v2.2.0
[INFO] [stderr]     Checking try-lock v0.2.4
[INFO] [stderr]     Checking cpufeatures v0.2.7
[INFO] [stderr]     Checking linux-raw-sys v0.3.6
[INFO] [stderr]    Compiling cxxbridge-flags v1.0.94
[INFO] [stderr]    Compiling cxx v1.0.94
[INFO] [stderr]     Checking want v0.3.0
[INFO] [stderr]    Compiling cxx-build v1.0.94
[INFO] [stderr]     Checking form_urlencoded v1.1.0
[INFO] [stderr]     Checking unicode-normalization v0.1.22
[INFO] [stderr]    Compiling memoffset v0.8.0
[INFO] [stderr]    Compiling num-integer v0.1.45
[INFO] [stderr]     Checking httpdate v1.0.2
[INFO] [stderr]    Compiling proc-macro-hack v0.5.20+deprecated
[INFO] [stderr]     Checking unicode-bidi v0.3.13
[INFO] [stderr]     Checking base64 v0.21.0
[INFO] [stderr]     Checking idna v0.3.0
[INFO] [stderr]    Compiling zstd-sys v2.0.8+zstd.1.5.5
[INFO] [stderr]    Compiling crossbeam-epoch v0.9.14
[INFO] [stderr]    Compiling time-core v0.1.0
[INFO] [stderr]     Checking base64 v0.13.1
[INFO] [stderr]    Compiling openssl v0.10.52
[INFO] [stderr]    Compiling bytecheck v0.6.10
[INFO] [stderr]    Compiling time-macros v0.2.8
[INFO] [stderr]     Checking crossbeam-channel v0.5.8
[INFO] [stderr]    Compiling num-bigint v0.4.3
[INFO] [stderr]    Compiling async-trait v0.1.68
[INFO] [stderr]     Checking simdutf8 v0.1.4
[INFO] [stderr]    Compiling tokio-macros v2.1.0
[INFO] [stderr]    Compiling futures-macro v0.3.28
[INFO] [stderr]    Compiling tracing-attributes v0.1.24
[INFO] [stderr]    Compiling thiserror-impl v1.0.40
[INFO] [stderr]    Compiling ptr_meta_derive v0.1.4
[INFO] [stderr]    Compiling bytecheck_derive v0.6.10
[INFO] [stderr]    Compiling wasm-opt-sys v0.112.0
[INFO] [stderr]     Checking ptr_meta v0.1.4
[INFO] [stderr]    Compiling openssl-macros v0.1.1
[INFO] [stderr]    Compiling rustls v0.21.1
[INFO] [stderr]     Checking tracing v0.1.37
[INFO] [stderr]    Compiling rend v0.4.0
[INFO] [stderr]     Checking matches v0.1.10
[INFO] [stderr]     Checking either v1.8.1
[INFO] [stderr]     Checking time v0.3.20
[INFO] [stderr]    Compiling native-tls v0.2.11
[INFO] [stderr]    Compiling pin-project-internal v1.0.12
[INFO] [stderr]    Compiling phf_macros v0.10.0
[INFO] [stderr]    Compiling cssparser v0.29.6
[INFO] [stderr]    Compiling cxxbridge-macro v1.0.94
[INFO] [stderr]     Checking rustls-webpki v0.100.1
[INFO] [stderr]     Checking sct v0.7.0
[INFO] [stderr]     Checking sha1 v0.10.5
[INFO] [stderr]    Compiling phf_codegen v0.10.0
[INFO] [stderr]    Compiling bzip2-sys v0.1.11+1.0.8
[INFO] [stderr]    Compiling backtrace v0.3.67
[INFO] [stderr]     Checking dtoa v0.4.8
[INFO] [stderr]     Checking gimli v0.27.2
[INFO] [stderr]    Compiling zstd-safe v5.0.2+zstd.1.5.2
[INFO] [stderr]    Compiling doc-comment v0.3.3
[INFO] [stderr]     Checking outref v0.1.0
[INFO] [stderr]    Compiling rayon-core v1.11.0
[INFO] [stderr]    Compiling rkyv v0.7.41
[INFO] [stderr]     Checking simd-abstraction v0.7.1
[INFO] [stderr]     Checking anstyle-parse v0.2.0
[INFO] [stderr]     Checking tokio-util v0.7.8
[INFO] [stderr]     Checking dtoa-short v0.3.3
[INFO] [stderr]    Compiling parcel_selectors v0.25.3
[INFO] [stderr]     Checking pin-project v1.0.12
[INFO] [stderr]     Checking crossbeam-deque v0.8.3
[INFO] [stderr]     Checking h2 v0.3.18
[INFO] [stderr]     Checking phf v0.10.1
[INFO] [stderr]     Checking addr2line v0.19.0
[INFO] [stderr]    Compiling wasm-opt-cxx-sys v0.112.0
[INFO] [stderr]    Compiling rkyv_derive v0.7.41
[INFO] [stderr]     Checking url v2.3.1
[INFO] [stderr]     Checking serde_spanned v0.6.1
[INFO] [stderr]     Checking toml_datetime v0.6.1
[INFO] [stderr]     Checking serde_urlencoded v0.7.1
[INFO] [stderr]    Compiling cssparser-macros v0.6.0
[INFO] [stderr]     Checking is-terminal v0.4.7
[INFO] [stderr]     Checking rustls-pemfile v1.0.2
[INFO] [stderr]     Checking miniz_oxide v0.6.2
[INFO] [stderr]    Compiling axum-core v0.3.4
[INFO] [stderr]     Checking inotify-sys v0.1.5
[INFO] [stderr]     Checking filetime v0.2.21
[INFO] [stderr]     Checking object v0.30.3
[INFO] [stderr]     Checking same-file v1.0.6
[INFO] [stderr]     Checking fastrand v1.9.0
[INFO] [stderr]     Checking anstyle v1.0.0
[INFO] [stderr]    Compiling camino v1.1.4
[INFO] [stderr]     Checking utf-8 v0.7.6
[INFO] [stderr]     Checking base64ct v1.6.0
[INFO] [stderr]    Compiling semver v1.0.17
[INFO] [stderr]     Checking seahash v4.1.0
[INFO] [stderr]     Checking winnow v0.4.4
[INFO] [stderr]     Checking password-hash v0.4.2
[INFO] [stderr]     Checking anstream v0.3.1
[INFO] [stderr]     Checking tungstenite v0.18.0
[INFO] [stderr]     Checking tempfile v3.5.0
[INFO] [stderr]     Checking walkdir v2.3.3
[INFO] [stderr]     Checking inotify v0.9.6
[INFO] [stderr]     Checking rustls-native-certs v0.6.2
[INFO] [stderr]     Checking serde_path_to_error v0.1.11
[INFO] [stderr]     Checking tokio-rustls v0.24.0
[INFO] [stderr]     Checking hyper v0.14.26
[INFO] [stderr]     Checking simple_asn1 v0.6.2
[INFO] [stderr]     Checking tower v0.4.13
[INFO] [stderr]     Checking tokio-native-tls v0.3.1
[INFO] [stderr]     Checking base64-simd v0.7.0
[INFO] [stderr]     Checking tokio-io-timeout v1.2.0
[INFO] [stderr]     Checking futures-executor v0.3.28
[INFO] [stderr]     Checking data-url v0.1.1
[INFO] [stderr]    Compiling const-str-proc-macro v0.3.2
[INFO] [stderr]    Compiling snafu-derive v0.7.4
[INFO] [stderr]     Checking pem v1.1.1
[INFO] [stderr]     Checking fxhash v0.2.1
[INFO] [stderr]    Compiling axum v0.6.18
[INFO] [stderr]     Checking sha2 v0.10.6
[INFO] [stderr]     Checking toml_edit v0.19.8
[INFO] [stderr]     Checking hmac v0.12.1
[INFO] [stderr]     Checking cipher v0.3.0
[INFO] [stderr]     Checking clap_lex v0.4.1
[INFO] [stderr]     Checking iana-time-zone v0.1.56
[INFO] [stderr]     Checking vlq v0.5.1
[INFO] [stderr]     Checking http-range-header v0.3.0
[INFO] [stderr]     Checking regex-syntax v0.7.1
[INFO] [stderr]     Checking option-ext v0.2.0
[INFO] [stderr]     Checking precomputed-hash v0.1.1
[INFO] [stderr]     Checking const-str v0.3.2
[INFO] [stderr]     Checking dirs-sys v0.4.1
[INFO] [stderr]     Checking tower-http v0.4.0
[INFO] [stderr]     Checking chrono v0.4.24
[INFO] [stderr]     Checking console v0.15.5
[INFO] [stderr]     Checking toml v0.7.3
[INFO] [stderr]     Checking clap_builder v4.2.5
[INFO] [stderr]     Checking aes v0.7.5
[INFO] [stderr]     Checking regex v1.8.1
[INFO] [stderr]     Checking parcel_sourcemap v2.1.1
[INFO] [stderr]     Checking pbkdf2 v0.11.0
[INFO] [stderr]     Checking flate2 v1.0.26
[INFO] [stderr]     Checking jsonwebtoken v8.3.0
[INFO] [stderr]     Checking rayon v1.7.0
[INFO] [stderr]     Checking futures v0.3.28
[INFO] [stderr]     Checking notify v5.1.0
[INFO] [stderr]     Checking tokio-tungstenite v0.18.0
[INFO] [stderr]     Checking hyper-timeout v0.4.1
[INFO] [stderr]     Checking snafu v0.7.4
[INFO] [stderr]     Checking hyper-tls v0.5.0
[INFO] [stderr]     Checking hyper-rustls v0.24.0
[INFO] [stderr]     Checking secrecy v0.8.0
[INFO] [stderr]     Checking cargo-platform v0.1.2
[INFO] [stderr]     Checking itertools v0.10.5
[INFO] [stderr]    Compiling strum_macros v0.24.3
[INFO] [stderr]    Compiling enum-iterator-derive v1.2.0
[INFO] [stderr]    Compiling clap_derive v4.2.0
[INFO] [stderr]     Checking tracing-log v0.1.3
[INFO] [stderr]     Checking sharded-slab v0.1.4
[INFO] [stderr]     Checking dashmap v5.4.0
[INFO] [stderr]     Checking xattr v0.2.3
[INFO] [stderr]     Checking thread_local v1.1.7
[INFO] [stderr]     Checking encoding_rs v0.8.32
[INFO] [stderr]     Checking matchit v0.7.0
[INFO] [stderr]     Checking arc-swap v1.6.0
[INFO] [stderr]     Checking pathdiff v0.2.1
[INFO] [stderr]     Checking constant_time_eq v0.1.5
[INFO] [stderr]     Checking ipnet v2.7.2
[INFO] [stderr]     Checking sync_wrapper v0.1.2
[INFO] [stderr]     Checking data-encoding v2.3.3
[INFO] [stderr]     Checking shell-words v1.1.0
[INFO] [stderr]     Checking octocrab v0.22.0
[INFO] [stderr]     Checking enum-iterator v1.4.0
[INFO] [stderr]     Checking dialoguer v0.10.4
[INFO] [stderr]     Checking lightningcss v1.0.0-alpha.41
[INFO] [stderr]     Checking tracing-subscriber v0.3.17
[INFO] [stderr]     Checking reqwest v0.11.17
[INFO] [stderr]     Checking tar v0.4.38
[INFO] [stderr]     Checking cargo_metadata v0.15.4
[INFO] [stderr]     Checking notify-debouncer-mini v0.2.1
[INFO] [stderr]     Checking cargo_toml v0.15.2
[INFO] [stderr]     Checking directories v5.0.1
[INFO] [stderr]     Checking tokio-stream v0.1.14
[INFO] [stderr]     Checking which v4.4.0
[INFO] [stderr]     Checking clap v4.2.5
[INFO] [stderr]     Checking dunce v1.0.4
[INFO] [stderr]     Checking glob v0.3.1
[INFO] [stderr]     Checking bzip2 v0.4.4
[INFO] [stderr] error: could not compile `lightningcss` (lib)
[INFO] [stderr] 
[INFO] [stderr] Caused by:
[INFO] [stderr]   process didn't exit successfully: `/opt/rustwide/rustup-home/toolchains/1.75.0-x86_64-unknown-linux-gnu/bin/rustc --crate-name lightningcss --edition=2021 /opt/rustwide/cargo-home/registry/src/index.crates.io-6f17d22bba15001f/lightningcss-1.0.0-alpha.41/src/lib.rs --error-format=json --json=diagnostic-rendered-ansi,artifacts,future-incompat --crate-type rlib --emit=dep-info,metadata -C embed-bitcode=no -C debuginfo=2 --cfg 'feature="bundler"' --cfg 'feature="dashmap"' --cfg 'feature="default"' --cfg 'feature="grid"' --cfg 'feature="nodejs"' --cfg 'feature="parcel_sourcemap"' --cfg 'feature="rayon"' --cfg 'feature="sourcemap"' -C metadata=68ccba7c2803320c -C extra-filename=-68ccba7c2803320c --out-dir /opt/rustwide/target/debug/deps -L dependency=/opt/rustwide/target/debug/deps --extern ahash=/opt/rustwide/target/debug/deps/libahash-5f09d7fa15e18deb.rmeta --extern bitflags=/opt/rustwide/target/debug/deps/libbitflags-c0bd97bdb7c1fbd1.rmeta --extern const_str=/opt/rustwide/target/debug/deps/libconst_str-2688dac989929c1f.rmeta --extern cssparser=/opt/rustwide/target/debug/deps/libcssparser-3d0dd52d4accfe4a.rmeta --extern dashmap=/opt/rustwide/target/debug/deps/libdashmap-1e6818d138242c8c.rmeta --extern data_encoding=/opt/rustwide/target/debug/deps/libdata_encoding-8631d4ea61ad5a01.rmeta --extern itertools=/opt/rustwide/target/debug/deps/libitertools-7257c9d5e05a5377.rmeta --extern lazy_static=/opt/rustwide/target/debug/deps/liblazy_static-e7445b4e8703c20b.rmeta --extern parcel_selectors=/opt/rustwide/target/debug/deps/libparcel_selectors-e18959e313699f32.rmeta --extern parcel_sourcemap=/opt/rustwide/target/debug/deps/libparcel_sourcemap-22413519176f2f63.rmeta --extern pathdiff=/opt/rustwide/target/debug/deps/libpathdiff-1e3a75b3a83deb53.rmeta --extern rayon=/opt/rustwide/target/debug/deps/librayon-6d15c87f1f872f7a.rmeta --extern serde=/opt/rustwide/target/debug/deps/libserde-c80d10f673601531.rmeta --extern smallvec=/opt/rustwide/target/debug/deps/libsmallvec-846b87082dd2533f.rmeta --cap-lints allow --cap-lints=warn` (signal: 9, SIGKILL: kill)
[INFO] [stderr] warning: build failed, waiting for other jobs to finish...
[INFO] [stderr] error: could not compile `octocrab` (lib)
[INFO] [stderr] 
[INFO] [stderr] Caused by:
[INFO] [stderr]   process didn't exit successfully: `/opt/rustwide/rustup-home/toolchains/1.75.0-x86_64-unknown-linux-gnu/bin/rustc --crate-name octocrab --edition=2018 /opt/rustwide/cargo-home/registry/src/index.crates.io-6f17d22bba15001f/octocrab-0.22.0/src/lib.rs --error-format=json --json=diagnostic-rendered-ansi,artifacts,future-incompat --crate-type lib --emit=dep-info,metadata -C embed-bitcode=no -C debuginfo=2 --cfg 'feature="default"' --cfg 'feature="futures-util"' --cfg 'feature="hyper-rustls"' --cfg 'feature="hyper-timeout"' --cfg 'feature="retry"' --cfg 'feature="rustls"' --cfg 'feature="timeout"' --cfg 'feature="tokio"' --cfg 'feature="tracing"' -C metadata=eb617b20a5f9c672 -C extra-filename=-eb617b20a5f9c672 --out-dir /opt/rustwide/target/debug/deps -L dependency=/opt/rustwide/target/debug/deps --extern arc_swap=/opt/rustwide/target/debug/deps/libarc_swap-10d6074808ac905b.rmeta --extern async_trait=/opt/rustwide/target/debug/deps/libasync_trait-45ff541e54c9117b.so --extern base64=/opt/rustwide/target/debug/deps/libbase64-1f722c7dc05c32ae.rmeta --extern bytes=/opt/rustwide/target/debug/deps/libbytes-a147f7542d0a905a.rmeta --extern cfg_if=/opt/rustwide/target/debug/deps/libcfg_if-1b06147f67f93fdc.rmeta --extern chrono=/opt/rustwide/target/debug/deps/libchrono-f2bb8142fffa4d72.rmeta --extern either=/opt/rustwide/target/debug/deps/libeither-1571eeb37bcb2014.rmeta --extern futures=/opt/rustwide/target/debug/deps/libfutures-52c51f8fabe2d4b4.rmeta --extern futures_util=/opt/rustwide/target/debug/deps/libfutures_util-ea77d055478b53f9.rmeta --extern http=/opt/rustwide/target/debug/deps/libhttp-1315581ea2def1f5.rmeta --extern http_body=/opt/rustwide/target/debug/deps/libhttp_body-badb5ea80769e2e8.rmeta --extern hyper=/opt/rustwide/target/debug/deps/libhyper-4433d3a690419db8.rmeta --extern hyper_rustls=/opt/rustwide/target/debug/deps/libhyper_rustls-73fe055cd3af885b.rmeta --extern hyper_timeout=/opt/rustwide/target/debug/deps/libhyper_timeout-f4dcddffdeebe73e.rmeta --extern jsonwebtoken=/opt/rustwide/target/debug/deps/libjsonwebtoken-ff6cf715c906de0a.rmeta --extern once_cell=/opt/rustwide/target/debug/deps/libonce_cell-47e9f0055a32d147.rmeta --extern percent_encoding=/opt/rustwide/target/debug/deps/libpercent_encoding-9fb4f2e82c1bf13a.rmeta --extern pin_project=/opt/rustwide/target/debug/deps/libpin_project-33db08d61c153402.rmeta --extern secrecy=/opt/rustwide/target/debug/deps/libsecrecy-0528782279d17557.rmeta --extern serde=/opt/rustwide/target/debug/deps/libserde-c80d10f673601531.rmeta --extern serde_json=/opt/rustwide/target/debug/deps/libserde_json-9ed1a2572bd255d8.rmeta --extern serde_path_to_error=/opt/rustwide/target/debug/deps/libserde_path_to_error-d81d65a3a61be19a.rmeta --extern serde_urlencoded=/opt/rustwide/target/debug/deps/libserde_urlencoded-bb563345c5523402.rmeta --extern snafu=/opt/rustwide/target/debug/deps/libsnafu-e51f380df82397c7.rmeta --extern tokio=/opt/rustwide/target/debug/deps/libtokio-75e6d5d3b66e6354.rmeta --extern tower=/opt/rustwide/target/debug/deps/libtower-4c778c2002c82f60.rmeta --extern tower_http=/opt/rustwide/target/debug/deps/libtower_http-9875b1663bb4f14f.rmeta --extern tracing=/opt/rustwide/target/debug/deps/libtracing-6dd95bdef82d67df.rmeta --extern url=/opt/rustwide/target/debug/deps/liburl-34d5b920c9acebaf.rmeta --cap-lints allow --cap-lints=warn -L native=/opt/rustwide/target/debug/build/ring-db9864122ff544e4/out` (signal: 9, SIGKILL: kill)
[INFO] [stderr] The following warnings were emitted during compilation:
[INFO] [stderr] 
[INFO] [stderr] warning: wasm-opt-sys@0.112.0: c++: fatal error: Killed signal terminated program cc1plus
[INFO] [stderr] warning: wasm-opt-sys@0.112.0: compilation terminated.
[INFO] [stderr] warning: wasm-opt-sys@0.112.0: c++: fatal error: Killed signal terminated program cc1plus
[INFO] [stderr] warning: wasm-opt-sys@0.112.0: compilation terminated.
[INFO] [stderr] warning: wasm-opt-sys@0.112.0: c++: fatal error: Killed signal terminated program cc1plus
[INFO] [stderr] warning: wasm-opt-sys@0.112.0: compilation terminated.
[INFO] [stderr] warning: wasm-opt-sys@0.112.0: c++: fatal error: Killed signal terminated program cc1plus
[INFO] [stderr] warning: wasm-opt-sys@0.112.0: compilation terminated.
[INFO] [stderr] 
[INFO] [stderr] error: failed to run custom build command for `wasm-opt-sys v0.112.0`
[INFO] [stderr] note: To improve backtraces for build dependencies, set the CARGO_PROFILE_DEV_BUILD_OVERRIDE_DEBUG=true environment variable to enable debug information generation.
[INFO] [stderr] 
[INFO] [stderr] Caused by:
[INFO] [stderr]   process didn't exit successfully: `/opt/rustwide/target/debug/build/wasm-opt-sys-2344544bb854631f/build-script-build` (exit status: 1)
[INFO] [stderr]   --- stdout
[INFO] [stderr]   TARGET = Some("x86_64-unknown-linux-gnu")
[INFO] [stderr]   HOST = Some("x86_64-unknown-linux-gnu")
[INFO] [stderr]   cargo:rerun-if-env-changed=CXX_x86_64-unknown-linux-gnu
[INFO] [stderr]   CXX_x86_64-unknown-linux-gnu = None
[INFO] [stderr]   cargo:rerun-if-env-changed=CXX_x86_64_unknown_linux_gnu
[INFO] [stderr]   CXX_x86_64_unknown_linux_gnu = None
[INFO] [stderr]   cargo:rerun-if-env-changed=HOST_CXX
[INFO] [stderr]   HOST_CXX = None
[INFO] [stderr]   cargo:rerun-if-env-changed=CXX
[INFO] [stderr]   CXX = None
[INFO] [stderr]   cargo:rerun-if-env-changed=CXXFLAGS_x86_64-unknown-linux-gnu
[INFO] [stderr]   CXXFLAGS_x86_64-unknown-linux-gnu = None
[INFO] [stderr]   cargo:rerun-if-env-changed=CXXFLAGS_x86_64_unknown_linux_gnu
[INFO] [stderr]   CXXFLAGS_x86_64_unknown_linux_gnu = None
[INFO] [stderr]   cargo:rerun-if-env-changed=HOST_CXXFLAGS
[INFO] [stderr]   HOST_CXXFLAGS = None
[INFO] [stderr]   cargo:rerun-if-env-changed=CXXFLAGS
[INFO] [stderr]   CXXFLAGS = None
[INFO] [stderr]   cargo:rerun-if-env-changed=CRATE_CC_NO_DEFAULTS
[INFO] [stderr]   CRATE_CC_NO_DEFAULTS = None
[INFO] [stderr]   CARGO_CFG_TARGET_FEATURE = Some("fxsr,sse,sse2")
[INFO] [stderr]   cargo:CXXBRIDGE_PREFIX=wasm-opt-sys
[INFO] [stderr]   cargo:CXXBRIDGE_LINKS=binaryen
[INFO] [stderr]   cargo:CXXBRIDGE_DIR0=/opt/rustwide/target/debug/build/wasm-opt-sys-05dc4e2413ceb3cb/out/cxxbridge/include
[INFO] [stderr]   cargo:CXXBRIDGE_DIR1=/opt/rustwide/target/debug/build/wasm-opt-sys-05dc4e2413ceb3cb/out/cxxbridge/crate
[INFO] [stderr]   cargo:CXXBRIDGE_DIR2=/opt/rustwide/cargo-home/registry/src/index.crates.io-6f17d22bba15001f/wasm-opt-sys-0.112.0/binaryen/src
[INFO] [stderr]   cargo:CXXBRIDGE_DIR3=/opt/rustwide/cargo-home/registry/src/index.crates.io-6f17d22bba15001f/wasm-opt-sys-0.112.0/binaryen/src/tools
[INFO] [stderr]   cargo:CXXBRIDGE_DIR4=/opt/rustwide/target/debug/build/wasm-opt-sys-05dc4e2413ceb3cb/out
[INFO] [stderr]   TARGET = Some("x86_64-unknown-linux-gnu")
[INFO] [stderr]   OPT_LEVEL = Some("0")
[INFO] [stderr]   HOST = Some("x86_64-unknown-linux-gnu")
[INFO] [stderr]   cargo:rerun-if-env-changed=CXX_x86_64-unknown-linux-gnu
[INFO] [stderr]   CXX_x86_64-unknown-linux-gnu = None
[INFO] [stderr]   cargo:rerun-if-env-changed=CXX_x86_64_unknown_linux_gnu
[INFO] [stderr]   CXX_x86_64_unknown_linux_gnu = None
[INFO] [stderr]   cargo:rerun-if-env-changed=HOST_CXX
[INFO] [stderr]   HOST_CXX = None
[INFO] [stderr]   cargo:rerun-if-env-changed=CXX
[INFO] [stderr]   CXX = None
[INFO] [stderr]   cargo:rerun-if-env-changed=CXXFLAGS_x86_64-unknown-linux-gnu
[INFO] [stderr]   CXXFLAGS_x86_64-unknown-linux-gnu = None
[INFO] [stderr]   cargo:rerun-if-env-changed=CXXFLAGS_x86_64_unknown_linux_gnu
[INFO] [stderr]   CXXFLAGS_x86_64_unknown_linux_gnu = None
[INFO] [stderr]   cargo:rerun-if-env-changed=HOST_CXXFLAGS
[INFO] [stderr]   HOST_CXXFLAGS = None
[INFO] [stderr]   cargo:rerun-if-env-changed=CXXFLAGS
[INFO] [stderr]   CXXFLAGS = None
[INFO] [stderr]   cargo:rerun-if-env-changed=CRATE_CC_NO_DEFAULTS
[INFO] [stderr]   CRATE_CC_NO_DEFAULTS = None
[INFO] [stderr]   DEBUG = Some("true")
[INFO] [stderr]   CARGO_CFG_TARGET_FEATURE = Some("fxsr,sse,sse2")
[INFO] [stderr]   running: "c++" "-O0" "-ffunction-sections" "-fdata-sections" "-fPIC" "-gdwarf-4" "-fno-omit-frame-pointer" "-m64" "-I" "/opt/rustwide/target/debug/build/wasm-opt-sys-05dc4e2413ceb3cb/out/cxxbridge/include" "-I" "/opt/rustwide/target/debug/build/wasm-opt-sys-05dc4e2413ceb3cb/out/cxxbridge/crate" "-I" "/opt/rustwide/cargo-home/registry/src/index.crates.io-6f17d22bba15001f/wasm-opt-sys-0.112.0/binaryen/src" "-I" "/opt/rustwide/cargo-home/registry/src/index.crates.io-6f17d22bba15001f/wasm-opt-sys-0.112.0/binaryen/src/tools" "-I" "/opt/rustwide/target/debug/build/wasm-opt-sys-05dc4e2413ceb3cb/out" "-Wall" "-Wextra" "-std=c++17" "-Wno-unused-parameter" "-DTHROW_ON_FATAL" "-o" "/opt/rustwide/target/debug/build/wasm-opt-sys-05dc4e2413ceb3cb/out/3e9b732c9bac3432-lib.rs.o" "-c" "/opt/rustwide/target/debug/build/wasm-opt-sys-05dc4e2413ceb3cb/out/cxxbridge/sources/wasm-opt-sys/src/lib.rs.cc"
[INFO] [stderr]   running: "c++" "-O0" "-ffunction-sections" "-fdata-sections" "-fPIC" "-gdwarf-4" "-fno-omit-frame-pointer" "-m64" "-I" "/opt/rustwide/target/debug/build/wasm-opt-sys-05dc4e2413ceb3cb/out/cxxbridge/include" "-I" "/opt/rustwide/target/debug/build/wasm-opt-sys-05dc4e2413ceb3cb/out/cxxbridge/crate" "-I" "/opt/rustwide/cargo-home/registry/src/index.crates.io-6f17d22bba15001f/wasm-opt-sys-0.112.0/binaryen/src" "-I" "/opt/rustwide/cargo-home/registry/src/index.crates.io-6f17d22bba15001f/wasm-opt-sys-0.112.0/binaryen/src/tools" "-I" "/opt/rustwide/target/debug/build/wasm-opt-sys-05dc4e2413ceb3cb/out" "-Wall" "-Wextra" "-std=c++17" "-Wno-unused-parameter" "-DTHROW_ON_FATAL" "-o" "/opt/rustwide/target/debug/build/wasm-opt-sys-05dc4e2413ceb3cb/out/85ae773ca7471357-wasm-opt-main-shim.o" "-c" "/opt/rustwide/cargo-home/registry/src/index.crates.io-6f17d22bba15001f/wasm-opt-sys-0.112.0/src/wasm-opt-main-shim.cpp"
[INFO] [stderr]   exit status: 0
[INFO] [stderr]   running: "c++" "-O0" "-ffunction-sections" "-fdata-sections" "-fPIC" "-gdwarf-4" "-fno-omit-frame-pointer" "-m64" "-I" "/opt/rustwide/target/debug/build/wasm-opt-sys-05dc4e2413ceb3cb/out/cxxbridge/include" "-I" "/opt/rustwide/target/debug/build/wasm-opt-sys-05dc4e2413ceb3cb/out/cxxbridge/crate" "-I" "/opt/rustwide/cargo-home/registry/src/index.crates.io-6f17d22bba15001f/wasm-opt-sys-0.112.0/binaryen/src" "-I" "/opt/rustwide/cargo-home/registry/src/index.crates.io-6f17d22bba15001f/wasm-opt-sys-0.112.0/binaryen/src/tools" "-I" "/opt/rustwide/target/debug/build/wasm-opt-sys-05dc4e2413ceb3cb/out" "-Wall" "-Wextra" "-std=c++17" "-Wno-unused-parameter" "-DTHROW_ON_FATAL" "-o" "/opt/rustwide/target/debug/build/wasm-opt-sys-05dc4e2413ceb3cb/out/5f53056bd17aea21-literal.o" "-c" "/opt/rustwide/cargo-home/registry/src/index.crates.io-6f17d22bba15001f/wasm-opt-sys-0.112.0/binaryen/src/wasm/literal.cpp"
[INFO] [stderr]   running: "c++" "-O0" "-ffunction-sections" "-fdata-sections" "-fPIC" "-gdwarf-4" "-fno-omit-frame-pointer" "-m64" "-I" "/opt/rustwide/target/debug/build/wasm-opt-sys-05dc4e2413ceb3cb/out/cxxbridge/include" "-I" "/opt/rustwide/target/debug/build/wasm-opt-sys-05dc4e2413ceb3cb/out/cxxbridge/crate" "-I" "/opt/rustwide/cargo-home/registry/src/index.crates.io-6f17d22bba15001f/wasm-opt-sys-0.112.0/binaryen/src" "-I" "/opt/rustwide/cargo-home/registry/src/index.crates.io-6f17d22bba15001f/wasm-opt-sys-0.112.0/binaryen/src/tools" "-I" "/opt/rustwide/target/debug/build/wasm-opt-sys-05dc4e2413ceb3cb/out" "-Wall" "-Wextra" "-std=c++17" "-Wno-unused-parameter" "-DTHROW_ON_FATAL" "-o" "/opt/rustwide/target/debug/build/wasm-opt-sys-05dc4e2413ceb3cb/out/5f53056bd17aea21-parsing.o" "-c" "/opt/rustwide/cargo-home/registry/src/index.crates.io-6f17d22bba15001f/wasm-opt-sys-0.112.0/binaryen/src/wasm/parsing.cpp"
[INFO] [stderr]   running: "c++" "-O0" "-ffunction-sections" "-fdata-sections" "-fPIC" "-gdwarf-4" "-fno-omit-frame-pointer" "-m64" "-I" "/opt/rustwide/target/debug/build/wasm-opt-sys-05dc4e2413ceb3cb/out/cxxbridge/include" "-I" "/opt/rustwide/target/debug/build/wasm-opt-sys-05dc4e2413ceb3cb/out/cxxbridge/crate" "-I" "/opt/rustwide/cargo-home/registry/src/index.crates.io-6f17d22bba15001f/wasm-opt-sys-0.112.0/binaryen/src" "-I" "/opt/rustwide/cargo-home/registry/src/index.crates.io-6f17d22bba15001f/wasm-opt-sys-0.112.0/binaryen/src/tools" "-I" "/opt/rustwide/target/debug/build/wasm-opt-sys-05dc4e2413ceb3cb/out" "-Wall" "-Wextra" "-std=c++17" "-Wno-unused-parameter" "-DTHROW_ON_FATAL" "-o" "/opt/rustwide/target/debug/build/wasm-opt-sys-05dc4e2413ceb3cb/out/5f53056bd17aea21-wasm-binary.o" "-c" "/opt/rustwide/cargo-home/registry/src/index.crates.io-6f17d22bba15001f/wasm-opt-sys-0.112.0/binaryen/src/wasm/wasm-binary.cpp"
[INFO] [stderr]   running: "c++" "-O0" "-ffunction-sections" "-fdata-sections" "-fPIC" "-gdwarf-4" "-fno-omit-frame-pointer" "-m64" "-I" "/opt/rustwide/target/debug/build/wasm-opt-sys-05dc4e2413ceb3cb/out/cxxbridge/include" "-I" "/opt/rustwide/target/debug/build/wasm-opt-sys-05dc4e2413ceb3cb/out/cxxbridge/crate" "-I" "/opt/rustwide/cargo-home/registry/src/index.crates.io-6f17d22bba15001f/wasm-opt-sys-0.112.0/binaryen/src" "-I" "/opt/rustwide/cargo-home/registry/src/index.crates.io-6f17d22bba15001f/wasm-opt-sys-0.112.0/binaryen/src/tools" "-I" "/opt/rustwide/target/debug/build/wasm-opt-sys-05dc4e2413ceb3cb/out" "-Wall" "-Wextra" "-std=c++17" "-Wno-unused-parameter" "-DTHROW_ON_FATAL" "-o" "/opt/rustwide/target/debug/build/wasm-opt-sys-05dc4e2413ceb3cb/out/5f53056bd17aea21-wasm-debug.o" "-c" "/opt/rustwide/cargo-home/registry/src/index.crates.io-6f17d22bba15001f/wasm-opt-sys-0.112.0/binaryen/src/wasm/wasm-debug.cpp"
[INFO] [stderr]   exit status: 0
[INFO] [stderr]   running: "c++" "-O0" "-ffunction-sections" "-fdata-sections" "-fPIC" "-gdwarf-4" "-fno-omit-frame-pointer" "-m64" "-I" "/opt/rustwide/target/debug/build/wasm-opt-sys-05dc4e2413ceb3cb/out/cxxbridge/include" "-I" "/opt/rustwide/target/debug/build/wasm-opt-sys-05dc4e2413ceb3cb/out/cxxbridge/crate" "-I" "/opt/rustwide/cargo-home/registry/src/index.crates.io-6f17d22bba15001f/wasm-opt-sys-0.112.0/binaryen/src" "-I" "/opt/rustwide/cargo-home/registry/src/index.crates.io-6f17d22bba15001f/wasm-opt-sys-0.112.0/binaryen/src/tools" "-I" "/opt/rustwide/target/debug/build/wasm-opt-sys-05dc4e2413ceb3cb/out" "-Wall" "-Wextra" "-std=c++17" "-Wno-unused-parameter" "-DTHROW_ON_FATAL" "-o" "/opt/rustwide/target/debug/build/wasm-opt-sys-05dc4e2413ceb3cb/out/5f53056bd17aea21-wasm-emscripten.o" "-c" "/opt/rustwide/cargo-home/registry/src/index.crates.io-6f17d22bba15001f/wasm-opt-sys-0.112.0/binaryen/src/wasm/wasm-emscripten.cpp"
[INFO] [stderr]   running: "c++" "-O0" "-ffunction-sections" "-fdata-sections" "-fPIC" "-gdwarf-4" "-fno-omit-frame-pointer" "-m64" "-I" "/opt/rustwide/target/debug/build/wasm-opt-sys-05dc4e2413ceb3cb/out/cxxbridge/include" "-I" "/opt/rustwide/target/debug/build/wasm-opt-sys-05dc4e2413ceb3cb/out/cxxbridge/crate" "-I" "/opt/rustwide/cargo-home/registry/src/index.crates.io-6f17d22bba15001f/wasm-opt-sys-0.112.0/binaryen/src" "-I" "/opt/rustwide/cargo-home/registry/src/index.crates.io-6f17d22bba15001f/wasm-opt-sys-0.112.0/binaryen/src/tools" "-I" "/opt/rustwide/target/debug/build/wasm-opt-sys-05dc4e2413ceb3cb/out" "-Wall" "-Wextra" "-std=c++17" "-Wno-unused-parameter" "-DTHROW_ON_FATAL" "-o" "/opt/rustwide/target/debug/build/wasm-opt-sys-05dc4e2413ceb3cb/out/5f53056bd17aea21-wasm-interpreter.o" "-c" "/opt/rustwide/cargo-home/registry/src/index.crates.io-6f17d22bba15001f/wasm-opt-sys-0.112.0/binaryen/src/wasm/wasm-interpreter.cpp"
[INFO] [stderr]   running: "c++" "-O0" "-ffunction-sections" "-fdata-sections" "-fPIC" "-gdwarf-4" "-fno-omit-frame-pointer" "-m64" "-I" "/opt/rustwide/target/debug/build/wasm-opt-sys-05dc4e2413ceb3cb/out/cxxbridge/include" "-I" "/opt/rustwide/target/debug/build/wasm-opt-sys-05dc4e2413ceb3cb/out/cxxbridge/crate" "-I" "/opt/rustwide/cargo-home/registry/src/index.crates.io-6f17d22bba15001f/wasm-opt-sys-0.112.0/binaryen/src" "-I" "/opt/rustwide/cargo-home/registry/src/index.crates.io-6f17d22bba15001f/wasm-opt-sys-0.112.0/binaryen/src/tools" "-I" "/opt/rustwide/target/debug/build/wasm-opt-sys-05dc4e2413ceb3cb/out" "-Wall" "-Wextra" "-std=c++17" "-Wno-unused-parameter" "-DTHROW_ON_FATAL" "-o" "/opt/rustwide/target/debug/build/wasm-opt-sys-05dc4e2413ceb3cb/out/5f53056bd17aea21-wasm-io.o" "-c" "/opt/rustwide/cargo-home/registry/src/index.crates.io-6f17d22bba15001f/wasm-opt-sys-0.112.0/binaryen/src/wasm/wasm-io.cpp"
[INFO] [stderr]   running: "c++" "-O0" "-ffunction-sections" "-fdata-sections" "-fPIC" "-gdwarf-4" "-fno-omit-frame-pointer" "-m64" "-I" "/opt/rustwide/target/debug/build/wasm-opt-sys-05dc4e2413ceb3cb/out/cxxbridge/include" "-I" "/opt/rustwide/target/debug/build/wasm-opt-sys-05dc4e2413ceb3cb/out/cxxbridge/crate" "-I" "/opt/rustwide/cargo-home/registry/src/index.crates.io-6f17d22bba15001f/wasm-opt-sys-0.112.0/binaryen/src" "-I" "/opt/rustwide/cargo-home/registry/src/index.crates.io-6f17d22bba15001f/wasm-opt-sys-0.112.0/binaryen/src/tools" "-I" "/opt/rustwide/target/debug/build/wasm-opt-sys-05dc4e2413ceb3cb/out" "-Wall" "-Wextra" "-std=c++17" "-Wno-unused-parameter" "-DTHROW_ON_FATAL" "-o" "/opt/rustwide/target/debug/build/wasm-opt-sys-05dc4e2413ceb3cb/out/5f53056bd17aea21-wasm-stack.o" "-c" "/opt/rustwide/cargo-home/registry/src/index.crates.io-6f17d22bba15001f/wasm-opt-sys-0.112.0/binaryen/src/wasm/wasm-stack.cpp"
[INFO] [stderr]   cargo:warning=c++: fatal error: Killed signal terminated program cc1plus
[INFO] [stderr]   cargo:warning=compilation terminated.
[INFO] [stderr]   exit status: 1
[INFO] [stderr]   running: "c++" "-O0" "-ffunction-sections" "-fdata-sections" "-fPIC" "-gdwarf-4" "-fno-omit-frame-pointer" "-m64" "-I" "/opt/rustwide/target/debug/build/wasm-opt-sys-05dc4e2413ceb3cb/out/cxxbridge/include" "-I" "/opt/rustwide/target/debug/build/wasm-opt-sys-05dc4e2413ceb3cb/out/cxxbridge/crate" "-I" "/opt/rustwide/cargo-home/registry/src/index.crates.io-6f17d22bba15001f/wasm-opt-sys-0.112.0/binaryen/src" "-I" "/opt/rustwide/cargo-home/registry/src/index.crates.io-6f17d22bba15001f/wasm-opt-sys-0.112.0/binaryen/src/tools" "-I" "/opt/rustwide/target/debug/build/wasm-opt-sys-05dc4e2413ceb3cb/out" "-Wall" "-Wextra" "-std=c++17" "-Wno-unused-parameter" "-DTHROW_ON_FATAL" "-o" "/opt/rustwide/target/debug/build/wasm-opt-sys-05dc4e2413ceb3cb/out/5f53056bd17aea21-wasm-s-parser.o" "-c" "/opt/rustwide/cargo-home/registry/src/index.crates.io-6f17d22bba15001f/wasm-opt-sys-0.112.0/binaryen/src/wasm/wasm-s-parser.cpp"
[INFO] [stderr]   cargo:warning=c++: fatal error: Killed signal terminated program cc1plus
[INFO] [stderr]   cargo:warning=compilation terminated.
[INFO] [stderr]   exit status: 1
[INFO] [stderr]   cargo:warning=c++: fatal error: Killed signal terminated program cc1plus
[INFO] [stderr]   cargo:warning=compilation terminated.
[INFO] [stderr]   exit status: 1
[INFO] [stderr]   cargo:warning=c++: fatal error: Killed signal terminated program cc1plus
[INFO] [stderr]   cargo:warning=compilation terminated.
[INFO] [stderr]   exit status: 1
[INFO] [stderr]   exit status: 0
[INFO] [stderr]   exit status: 0
[INFO] [stderr]   exit status: 0
[INFO] [stderr]   exit status: 0
[INFO] [stderr]   exit status: 0
[INFO] [stderr] 
[INFO] [stderr]   --- stderr
[INFO] [stderr] 
[INFO] [stderr]   CXX include path:
[INFO] [stderr]     /opt/rustwide/target/debug/build/wasm-opt-sys-05dc4e2413ceb3cb/out/cxxbridge/include
[INFO] [stderr]     /opt/rustwide/target/debug/build/wasm-opt-sys-05dc4e2413ceb3cb/out/cxxbridge/crate
[INFO] [stderr]     /opt/rustwide/cargo-home/registry/src/index.crates.io-6f17d22bba15001f/wasm-opt-sys-0.112.0/binaryen/src
[INFO] [stderr]     /opt/rustwide/cargo-home/registry/src/index.crates.io-6f17d22bba15001f/wasm-opt-sys-0.112.0/binaryen/src/tools
[INFO] [stderr]     /opt/rustwide/target/debug/build/wasm-opt-sys-05dc4e2413ceb3cb/out
[INFO] [stderr] 
[INFO] [stderr] 
[INFO] [stderr]   error occurred: Command "c++" "-O0" "-ffunction-sections" "-fdata-sections" "-fPIC" "-gdwarf-4" "-fno-omit-frame-pointer" "-m64" "-I" "/opt/rustwide/target/debug/build/wasm-opt-sys-05dc4e2413ceb3cb/out/cxxbridge/include" "-I" "/opt/rustwide/target/debug/build/wasm-opt-sys-05dc4e2413ceb3cb/out/cxxbridge/crate" "-I" "/opt/rustwide/cargo-home/registry/src/index.crates.io-6f17d22bba15001f/wasm-opt-sys-0.112.0/binaryen/src" "-I" "/opt/rustwide/cargo-home/registry/src/index.crates.io-6f17d22bba15001f/wasm-opt-sys-0.112.0/binaryen/src/tools" "-I" "/opt/rustwide/target/debug/build/wasm-opt-sys-05dc4e2413ceb3cb/out" "-Wall" "-Wextra" "-std=c++17" "-Wno-unused-parameter" "-DTHROW_ON_FATAL" "-o" "/opt/rustwide/target/debug/build/wasm-opt-sys-05dc4e2413ceb3cb/out/5f53056bd17aea21-parsing.o" "-c" "/opt/rustwide/cargo-home/registry/src/index.crates.io-6f17d22bba15001f/wasm-opt-sys-0.112.0/binaryen/src/wasm/parsing.cpp" with args "c++" did not execute successfully (status code exit status: 1).
[INFO] [stderr] 
[INFO] [stderr] 
[INFO] running `Command { std: "docker" "inspect" "8815248c29fb5d087002009a143f3f5fd8c02518a53af4905dbe4ded91893107", kill_on_drop: false }`
[INFO] running `Command { std: "docker" "rm" "-f" "8815248c29fb5d087002009a143f3f5fd8c02518a53af4905dbe4ded91893107", kill_on_drop: false }`
[INFO] [stdout] 8815248c29fb5d087002009a143f3f5fd8c02518a53af4905dbe4ded91893107
[INFO] documenting hashira-cli-0.0.2-alpha against beta-2023-12-22 for beta-1.76-rustdoc-1
[INFO] extracting crate hashira-cli 0.0.2-alpha into /workspace/builds/worker-7-tc2/source
[INFO] validating manifest of crates.io crate hashira-cli 0.0.2-alpha on toolchain beta-2023-12-22
[INFO] running `Command { std: CARGO_HOME="/workspace/cargo-home" RUSTUP_HOME="/workspace/rustup-home" "/workspace/cargo-home/bin/cargo" "+beta-2023-12-22" "metadata" "--manifest-path" "Cargo.toml" "--no-deps", kill_on_drop: false }`
[INFO] started tweaking crates.io crate hashira-cli 0.0.2-alpha
[INFO] finished tweaking crates.io crate hashira-cli 0.0.2-alpha
[INFO] tweaked toml for crates.io crate hashira-cli 0.0.2-alpha written to /workspace/builds/worker-7-tc2/source/Cargo.toml
[INFO] crate crates.io crate hashira-cli 0.0.2-alpha already has a lockfile, it will not be regenerated
[INFO] running `Command { std: CARGO_HOME="/workspace/cargo-home" RUSTUP_HOME="/workspace/rustup-home" "/workspace/cargo-home/bin/cargo" "+beta-2023-12-22" "fetch" "--manifest-path" "Cargo.toml", kill_on_drop: false }`
[INFO] running `Command { std: "docker" "create" "-v" "/var/lib/crater-agent-workspace/builds/worker-7-tc2/target:/opt/rustwide/target:rw,Z" "-v" "/var/lib/crater-agent-workspace/builds/worker-7-tc2/source:/opt/rustwide/workdir:ro,Z" "-v" "/var/lib/crater-agent-workspace/cargo-home:/opt/rustwide/cargo-home:ro,Z" "-v" "/var/lib/crater-agent-workspace/rustup-home:/opt/rustwide/rustup-home:ro,Z" "-e" "SOURCE_DIR=/opt/rustwide/workdir" "-e" "CARGO_TARGET_DIR=/opt/rustwide/target" "-e" "CARGO_HOME=/opt/rustwide/cargo-home" "-e" "RUSTUP_HOME=/opt/rustwide/rustup-home" "-w" "/opt/rustwide/workdir" "-m" "1610612736" "--user" "0:0" "--network" "none" "ghcr.io/rust-lang/crates-build-env/linux@sha256:2788e3201cd34a07e3172128adcd8b3090168a8e3bcc40d7c032b9dda1df7d1c" "/opt/rustwide/cargo-home/bin/cargo" "+beta-2023-12-22" "metadata" "--no-deps" "--format-version=1", kill_on_drop: false }`
[INFO] [stdout] 02dcfc2d89938a41e3f6cb7ebde22223d9e925c416a74976e69cf4d6f6624db0
[INFO] running `Command { std: "docker" "start" "-a" "02dcfc2d89938a41e3f6cb7ebde22223d9e925c416a74976e69cf4d6f6624db0", kill_on_drop: false }`
[INFO] running `Command { std: "docker" "inspect" "02dcfc2d89938a41e3f6cb7ebde22223d9e925c416a74976e69cf4d6f6624db0", kill_on_drop: false }`
[INFO] running `Command { std: "docker" "rm" "-f" "02dcfc2d89938a41e3f6cb7ebde22223d9e925c416a74976e69cf4d6f6624db0", kill_on_drop: false }`
[INFO] [stdout] 02dcfc2d89938a41e3f6cb7ebde22223d9e925c416a74976e69cf4d6f6624db0
[INFO] running `Command { std: "docker" "create" "-v" "/var/lib/crater-agent-workspace/builds/worker-7-tc2/target:/opt/rustwide/target:rw,Z" "-v" "/var/lib/crater-agent-workspace/builds/worker-7-tc2/source:/opt/rustwide/workdir:ro,Z" "-v" "/var/lib/crater-agent-workspace/cargo-home:/opt/rustwide/cargo-home:ro,Z" "-v" "/var/lib/crater-agent-workspace/rustup-home:/opt/rustwide/rustup-home:ro,Z" "-e" "SOURCE_DIR=/opt/rustwide/workdir" "-e" "CARGO_TARGET_DIR=/opt/rustwide/target" "-e" "CARGO_INCREMENTAL=0" "-e" "RUST_BACKTRACE=full" "-e" "RUSTFLAGS=--cap-lints=warn" "-e" "RUSTDOCFLAGS=--cap-lints=warn" "-e" "CARGO_HOME=/opt/rustwide/cargo-home" "-e" "RUSTUP_HOME=/opt/rustwide/rustup-home" "-w" "/opt/rustwide/workdir" "-m" "1610612736" "--user" "0:0" "--network" "none" "ghcr.io/rust-lang/crates-build-env/linux@sha256:2788e3201cd34a07e3172128adcd8b3090168a8e3bcc40d7c032b9dda1df7d1c" "/opt/rustwide/cargo-home/bin/cargo" "+beta-2023-12-22" "doc" "--frozen" "--no-deps" "--document-private-items" "--message-format=json", kill_on_drop: false }`
[INFO] [stdout] bb25f712c02d0dac666dd57fc497cbe7b9d5c20340a82c7e1307fb024889ec60
[INFO] running `Command { std: "docker" "start" "-a" "bb25f712c02d0dac666dd57fc497cbe7b9d5c20340a82c7e1307fb024889ec60", kill_on_drop: false }`
[INFO] [stderr]    Compiling proc-macro2 v1.0.56
[INFO] [stderr]    Compiling unicode-ident v1.0.8
[INFO] [stderr]    Compiling quote v1.0.26
[INFO] [stderr]    Compiling libc v0.2.142
[INFO] [stderr]     Checking once_cell v1.17.1
[INFO] [stderr]    Compiling log v0.4.17
[INFO] [stderr]    Compiling syn v1.0.109
[INFO] [stderr]     Checking itoa v1.0.6
[INFO] [stderr]    Compiling serde_derive v1.0.160
[INFO] [stderr]     Checking pin-project-lite v0.2.9
[INFO] [stderr]    Compiling serde v1.0.160
[INFO] [stderr]     Checking smallvec v1.10.0
[INFO] [stderr]    Compiling lock_api v0.4.9
[INFO] [stderr]    Compiling parking_lot_core v0.9.7
[INFO] [stderr]     Checking bytes v1.4.0
[INFO] [stderr]    Compiling pkg-config v0.3.26
[INFO] [stderr]    Compiling memchr v2.5.0
[INFO] [stderr]    Compiling futures-core v0.3.28
[INFO] [stderr]    Compiling ahash v0.7.6
[INFO] [stderr]    Compiling syn v2.0.15
[INFO] [stderr]     Checking futures-sink v0.3.28
[INFO] [stderr]    Compiling jobserver v0.1.26
[INFO] [stderr]    Compiling slab v0.4.8
[INFO] [stderr]    Compiling tokio v1.28.1
[INFO] [stderr]    Compiling futures-task v0.3.28
[INFO] [stderr]    Compiling cc v1.0.79
[INFO] [stderr]    Compiling futures-channel v0.3.28
[INFO] [stderr]    Compiling typenum v1.16.0
[INFO] [stderr]    Compiling futures-util v0.3.28
[INFO] [stderr]     Checking getrandom v0.2.9
[INFO] [stderr]     Checking num_cpus v1.15.0
[INFO] [stderr]     Checking mio v0.8.6
[INFO] [stderr]     Checking signal-hook-registry v1.4.1
[INFO] [stderr]     Checking parking_lot v0.12.1
[INFO] [stderr]     Checking socket2 v0.4.9
[INFO] [stderr]     Checking hashbrown v0.12.3
[INFO] [stderr]     Checking tracing-core v0.1.30
[INFO] [stderr]     Checking futures-io v0.3.28
[INFO] [stderr]     Checking http v0.2.9
[INFO] [stderr]    Compiling indexmap v1.9.3
[INFO] [stderr]    Compiling rand_core v0.6.4
[INFO] [stderr]    Compiling ppv-lite86 v0.2.17
[INFO] [stderr]    Compiling ring v0.16.20
[INFO] [stderr]    Compiling rustversion v1.0.12
[INFO] [stderr]    Compiling io-lifetimes v1.0.10
[INFO] [stderr]    Compiling rand_chacha v0.3.1
[INFO] [stderr]     Checking generic-array v0.14.7
[INFO] [stderr]    Compiling crossbeam-utils v0.8.15
[INFO] [stderr]    Compiling siphasher v0.3.10
[INFO] [stderr]    Compiling anyhow v1.0.71
[INFO] [stderr]    Compiling scratch v1.0.5
[INFO] [stderr]    Compiling thiserror v1.0.40
[INFO] [stderr]     Checking subtle v2.4.1
[INFO] [stderr]     Checking block-buffer v0.10.4
[INFO] [stderr]     Checking crypto-common v0.1.6
[INFO] [stderr]    Compiling phf_shared v0.10.0
[INFO] [stderr]    Compiling rand v0.8.5
[INFO] [stderr]     Checking http-body v0.4.5
[INFO] [stderr]    Compiling openssl-sys v0.9.87
[INFO] [stderr]    Compiling link-cplusplus v1.0.8
[INFO] [stderr]    Compiling unicode-width v0.1.10
[INFO] [stderr]    Compiling termcolor v1.2.0
[INFO] [stderr]     Checking ryu v1.0.13
[INFO] [stderr]    Compiling serde_json v1.0.96
[INFO] [stderr]    Compiling rustix v0.37.18
[INFO] [stderr]    Compiling phf_generator v0.10.0
[INFO] [stderr]    Compiling codespan-reporting v0.11.1
[INFO] [stderr]     Checking digest v0.10.6
[INFO] [stderr]    Compiling num-traits v0.2.15
[INFO] [stderr]     Checking percent-encoding v2.2.0
[INFO] [stderr]     Checking try-lock v0.2.4
[INFO] [stderr]     Checking linux-raw-sys v0.3.6
[INFO] [stderr]     Checking cpufeatures v0.2.7
[INFO] [stderr]    Compiling cxxbridge-flags v1.0.94
[INFO] [stderr]     Checking form_urlencoded v1.1.0
[INFO] [stderr]     Checking want v0.3.0
[INFO] [stderr]    Compiling cxx v1.0.94
[INFO] [stderr]    Compiling cxx-build v1.0.94
[INFO] [stderr]     Checking unicode-normalization v0.1.22
[INFO] [stderr]    Compiling memoffset v0.8.0
[INFO] [stderr]    Compiling num-integer v0.1.45
[INFO] [stderr]     Checking httpdate v1.0.2
[INFO] [stderr]    Compiling proc-macro-hack v0.5.20+deprecated
[INFO] [stderr]     Checking base64 v0.21.0
[INFO] [stderr]     Checking unicode-bidi v0.3.13
[INFO] [stderr]     Checking idna v0.3.0
[INFO] [stderr]    Compiling zstd-sys v2.0.8+zstd.1.5.5
[INFO] [stderr]    Compiling crossbeam-epoch v0.9.14
[INFO] [stderr]    Compiling bytecheck v0.6.10
[INFO] [stderr]    Compiling tokio-macros v2.1.0
[INFO] [stderr]    Compiling futures-macro v0.3.28
[INFO] [stderr]    Compiling tracing-attributes v0.1.24
[INFO] [stderr]    Compiling thiserror-impl v1.0.40
[INFO] [stderr]    Compiling ptr_meta_derive v0.1.4
[INFO] [stderr]    Compiling openssl v0.10.52
[INFO] [stderr]     Checking base64 v0.13.1
[INFO] [stderr]    Compiling time-core v0.1.0
[INFO] [stderr]    Compiling time-macros v0.2.8
[INFO] [stderr]     Checking ptr_meta v0.1.4
[INFO] [stderr]    Compiling bytecheck_derive v0.6.10
[INFO] [stderr]     Checking tracing v0.1.37
[INFO] [stderr]    Compiling wasm-opt-sys v0.112.0
[INFO] [stderr]    Compiling openssl-macros v0.1.1
[INFO] [stderr]     Checking crossbeam-channel v0.5.8
[INFO] [stderr]    Compiling num-bigint v0.4.3
[INFO] [stderr]     Checking either v1.8.1
[INFO] [stderr]     Checking simdutf8 v0.1.4
[INFO] [stderr]     Checking matches v0.1.10
[INFO] [stderr]    Compiling rend v0.4.0
[INFO] [stderr]    Compiling rustls v0.21.1
[INFO] [stderr]    Compiling async-trait v0.1.68
[INFO] [stderr]     Checking time v0.3.20
[INFO] [stderr]    Compiling phf_macros v0.10.0
[INFO] [stderr]    Compiling native-tls v0.2.11
[INFO] [stderr]    Compiling pin-project-internal v1.0.12
[INFO] [stderr]    Compiling cssparser v0.29.6
[INFO] [stderr]     Checking sct v0.7.0
[INFO] [stderr]     Checking rustls-webpki v0.100.1
[INFO] [stderr]    Compiling cxxbridge-macro v1.0.94
[INFO] [stderr]     Checking tokio-util v0.7.8
[INFO] [stderr]     Checking sha1 v0.10.5
[INFO] [stderr]    Compiling phf_codegen v0.10.0
[INFO] [stderr]    Compiling backtrace v0.3.67
[INFO] [stderr]    Compiling bzip2-sys v0.1.11+1.0.8
[INFO] [stderr]     Checking h2 v0.3.18
[INFO] [stderr]    Compiling rkyv v0.7.41
[INFO] [stderr]     Checking gimli v0.27.2
[INFO] [stderr]    Compiling doc-comment v0.3.3
[INFO] [stderr]     Checking dtoa v0.4.8
[INFO] [stderr]     Checking outref v0.1.0
[INFO] [stderr]    Compiling rayon-core v1.11.0
[INFO] [stderr]    Compiling zstd-safe v5.0.2+zstd.1.5.2
[INFO] [stderr]     Checking pin-project v1.0.12
[INFO] [stderr]     Checking simd-abstraction v0.7.1
[INFO] [stderr]     Checking dtoa-short v0.3.3
[INFO] [stderr]     Checking anstyle-parse v0.2.0
[INFO] [stderr]     Checking phf v0.10.1
[INFO] [stderr]    Compiling parcel_selectors v0.25.3
[INFO] [stderr]     Checking addr2line v0.19.0
[INFO] [stderr]     Checking url v2.3.1
[INFO] [stderr]     Checking serde_spanned v0.6.1
[INFO] [stderr]     Checking serde_urlencoded v0.7.1
[INFO] [stderr]     Checking toml_datetime v0.6.1
[INFO] [stderr]     Checking crossbeam-deque v0.8.3
[INFO] [stderr]    Compiling wasm-opt-cxx-sys v0.112.0
[INFO] [stderr]     Checking is-terminal v0.4.7
[INFO] [stderr]     Checking hyper v0.14.26
[INFO] [stderr]    Compiling cssparser-macros v0.6.0
[INFO] [stderr]    Compiling rkyv_derive v0.7.41
[INFO] [stderr]     Checking rustls-pemfile v1.0.2
[INFO] [stderr]     Checking miniz_oxide v0.6.2
[INFO] [stderr]    Compiling axum-core v0.3.4
[INFO] [stderr]     Checking filetime v0.2.21
[INFO] [stderr]     Checking inotify-sys v0.1.5
[INFO] [stderr]     Checking object v0.30.3
[INFO] [stderr]    Compiling semver v1.0.17
[INFO] [stderr]     Checking utf-8 v0.7.6
[INFO] [stderr]     Checking fastrand v1.9.0
[INFO] [stderr]    Compiling camino v1.1.4
[INFO] [stderr]     Checking winnow v0.4.4
[INFO] [stderr]     Checking base64ct v1.6.0
[INFO] [stderr]     Checking anstyle v1.0.0
[INFO] [stderr]     Checking same-file v1.0.6
[INFO] [stderr]     Checking seahash v4.1.0
[INFO] [stderr]     Checking password-hash v0.4.2
[INFO] [stderr]     Checking anstream v0.3.1
[INFO] [stderr]     Checking walkdir v2.3.3
[INFO] [stderr]     Checking tempfile v3.5.0
[INFO] [stderr]     Checking tungstenite v0.18.0
[INFO] [stderr]     Checking inotify v0.9.6
[INFO] [stderr]     Checking simple_asn1 v0.6.2
[INFO] [stderr]     Checking rustls-native-certs v0.6.2
[INFO] [stderr]     Checking tokio-rustls v0.24.0
[INFO] [stderr]     Checking serde_path_to_error v0.1.11
[INFO] [stderr]     Checking toml_edit v0.19.8
[INFO] [stderr]     Checking tokio-native-tls v0.3.1
[INFO] [stderr]     Checking base64-simd v0.7.0
[INFO] [stderr]     Checking tower v0.4.13
[INFO] [stderr]     Checking tokio-io-timeout v1.2.0
[INFO] [stderr]     Checking futures-executor v0.3.28
[INFO] [stderr]     Checking data-url v0.1.1
[INFO] [stderr]     Checking pem v1.1.1
[INFO] [stderr]    Compiling const-str-proc-macro v0.3.2
[INFO] [stderr]    Compiling snafu-derive v0.7.4
[INFO] [stderr]     Checking fxhash v0.2.1
[INFO] [stderr]    Compiling axum v0.6.18
[INFO] [stderr]     Checking sha2 v0.10.6
[INFO] [stderr]     Checking hmac v0.12.1
[INFO] [stderr]     Checking cipher v0.3.0
[INFO] [stderr]     Checking vlq v0.5.1
[INFO] [stderr]     Checking regex-syntax v0.7.1
[INFO] [stderr]     Checking option-ext v0.2.0
[INFO] [stderr]     Checking precomputed-hash v0.1.1
[INFO] [stderr]     Checking iana-time-zone v0.1.56
[INFO] [stderr]     Checking http-range-header v0.3.0
[INFO] [stderr]     Checking clap_lex v0.4.1
[INFO] [stderr]     Checking console v0.15.5
[INFO] [stderr]     Checking hyper-timeout v0.4.1
[INFO] [stderr]     Checking tower-http v0.4.0
[INFO] [stderr]     Checking clap_builder v4.2.5
[INFO] [stderr]     Checking hyper-rustls v0.24.0
[INFO] [stderr]     Checking hyper-tls v0.5.0
[INFO] [stderr]     Checking chrono v0.4.24
[INFO] [stderr]     Checking aes v0.7.5
[INFO] [stderr]     Checking const-str v0.3.2
[INFO] [stderr]     Checking toml v0.7.3
[INFO] [stderr]     Checking parcel_sourcemap v2.1.1
[INFO] [stderr]     Checking regex v1.8.1
[INFO] [stderr]     Checking dirs-sys v0.4.1
[INFO] [stderr]     Checking pbkdf2 v0.11.0
[INFO] [stderr]     Checking flate2 v1.0.26
[INFO] [stderr]     Checking jsonwebtoken v8.3.0
[INFO] [stderr]     Checking futures v0.3.28
[INFO] [stderr]     Checking rayon v1.7.0
[INFO] [stderr]     Checking tokio-tungstenite v0.18.0
[INFO] [stderr]     Checking notify v5.1.0
[INFO] [stderr]     Checking secrecy v0.8.0
[INFO] [stderr]     Checking cargo-platform v0.1.2
[INFO] [stderr]     Checking itertools v0.10.5
[INFO] [stderr]     Checking tracing-log v0.1.3
[INFO] [stderr]     Checking sharded-slab v0.1.4
[INFO] [stderr]     Checking snafu v0.7.4
[INFO] [stderr]    Compiling enum-iterator-derive v1.2.0
[INFO] [stderr]    Compiling strum_macros v0.24.3
[INFO] [stderr]    Compiling clap_derive v4.2.0
[INFO] [stderr]     Checking dashmap v5.4.0
[INFO] [stderr]     Checking xattr v0.2.3
[INFO] [stderr]     Checking thread_local v1.1.7
[INFO] [stderr]     Checking encoding_rs v0.8.32
[INFO] [stderr]     Checking constant_time_eq v0.1.5
[INFO] [stderr]     Checking shell-words v1.1.0
[INFO] [stderr]     Checking matchit v0.7.0
[INFO] [stderr]     Checking ipnet v2.7.2
[INFO] [stderr]     Checking sync_wrapper v0.1.2
[INFO] [stderr]     Checking arc-swap v1.6.0
[INFO] [stderr]     Checking pathdiff v0.2.1
[INFO] [stderr]     Checking data-encoding v2.3.3
[INFO] [stderr]     Checking dialoguer v0.10.4
[INFO] [stderr]     Checking enum-iterator v1.4.0
[INFO] [stderr]     Checking octocrab v0.22.0
[INFO] [stderr]     Checking tracing-subscriber v0.3.17
[INFO] [stderr]     Checking lightningcss v1.0.0-alpha.41
[INFO] [stderr]     Checking reqwest v0.11.17
[INFO] [stderr]     Checking tar v0.4.38
[INFO] [stderr]     Checking cargo_metadata v0.15.4
[INFO] [stderr]     Checking notify-debouncer-mini v0.2.1
[INFO] [stderr]     Checking directories v5.0.1
[INFO] [stderr]     Checking cargo_toml v0.15.2
[INFO] [stderr]     Checking tokio-stream v0.1.14
[INFO] [stderr]     Checking which v4.4.0
[INFO] [stderr]     Checking glob v0.3.1
[INFO] [stderr]     Checking clap v4.2.5
[INFO] [stderr]     Checking dunce v1.0.4
[INFO] [stderr]     Checking bzip2 v0.4.4
[INFO] [stderr] error: could not compile `lightningcss` (lib)
[INFO] [stderr] 
[INFO] [stderr] Caused by:
[INFO] [stderr]   process didn't exit successfully: `/opt/rustwide/rustup-home/toolchains/beta-2023-12-22-x86_64-unknown-linux-gnu/bin/rustc --crate-name lightningcss --edition=2021 /opt/rustwide/cargo-home/registry/src/index.crates.io-6f17d22bba15001f/lightningcss-1.0.0-alpha.41/src/lib.rs --error-format=json --json=diagnostic-rendered-ansi,artifacts,future-incompat --crate-type rlib --emit=dep-info,metadata -C embed-bitcode=no -C debuginfo=2 --cfg 'feature="bundler"' --cfg 'feature="dashmap"' --cfg 'feature="default"' --cfg 'feature="grid"' --cfg 'feature="nodejs"' --cfg 'feature="parcel_sourcemap"' --cfg 'feature="rayon"' --cfg 'feature="sourcemap"' -C metadata=71493a229d2edb87 -C extra-filename=-71493a229d2edb87 --out-dir /opt/rustwide/target/debug/deps -L dependency=/opt/rustwide/target/debug/deps --extern ahash=/opt/rustwide/target/debug/deps/libahash-9b6c0ec20ef31319.rmeta --extern bitflags=/opt/rustwide/target/debug/deps/libbitflags-e9d8d976431c69fc.rmeta --extern const_str=/opt/rustwide/target/debug/deps/libconst_str-4a371a9a822dbf99.rmeta --extern cssparser=/opt/rustwide/target/debug/deps/libcssparser-ea3e7eaae6e04ae1.rmeta --extern dashmap=/opt/rustwide/target/debug/deps/libdashmap-d0ef37e091a8520c.rmeta --extern data_encoding=/opt/rustwide/target/debug/deps/libdata_encoding-e41872d2af287017.rmeta --extern itertools=/opt/rustwide/target/debug/deps/libitertools-847759fc95a1cb85.rmeta --extern lazy_static=/opt/rustwide/target/debug/deps/liblazy_static-cc91e7c9c894213a.rmeta --extern parcel_selectors=/opt/rustwide/target/debug/deps/libparcel_selectors-fe4075980418fa48.rmeta --extern parcel_sourcemap=/opt/rustwide/target/debug/deps/libparcel_sourcemap-5ccb9934710a55d6.rmeta --extern pathdiff=/opt/rustwide/target/debug/deps/libpathdiff-fec757636d429295.rmeta --extern rayon=/opt/rustwide/target/debug/deps/librayon-c730e88f25bd52c3.rmeta --extern serde=/opt/rustwide/target/debug/deps/libserde-409b07fedb4a7a43.rmeta --extern smallvec=/opt/rustwide/target/debug/deps/libsmallvec-3ace1cf3bd5c641a.rmeta --cap-lints allow --cap-lints=warn` (signal: 9, SIGKILL: kill)
[INFO] [stderr] warning: build failed, waiting for other jobs to finish...
[INFO] [stderr] error: could not compile `octocrab` (lib)
[INFO] [stderr] 
[INFO] [stderr] Caused by:
[INFO] [stderr]   process didn't exit successfully: `/opt/rustwide/rustup-home/toolchains/beta-2023-12-22-x86_64-unknown-linux-gnu/bin/rustc --crate-name octocrab --edition=2018 /opt/rustwide/cargo-home/registry/src/index.crates.io-6f17d22bba15001f/octocrab-0.22.0/src/lib.rs --error-format=json --json=diagnostic-rendered-ansi,artifacts,future-incompat --crate-type lib --emit=dep-info,metadata -C embed-bitcode=no -C debuginfo=2 --cfg 'feature="default"' --cfg 'feature="futures-util"' --cfg 'feature="hyper-rustls"' --cfg 'feature="hyper-timeout"' --cfg 'feature="retry"' --cfg 'feature="rustls"' --cfg 'feature="timeout"' --cfg 'feature="tokio"' --cfg 'feature="tracing"' -C metadata=408f9e076c746037 -C extra-filename=-408f9e076c746037 --out-dir /opt/rustwide/target/debug/deps -L dependency=/opt/rustwide/target/debug/deps --extern arc_swap=/opt/rustwide/target/debug/deps/libarc_swap-561aa55a653c6316.rmeta --extern async_trait=/opt/rustwide/target/debug/deps/libasync_trait-805eb90d0aae854f.so --extern base64=/opt/rustwide/target/debug/deps/libbase64-f350dbc06ec41fd2.rmeta --extern bytes=/opt/rustwide/target/debug/deps/libbytes-dd9fa1fea82c9d3d.rmeta --extern cfg_if=/opt/rustwide/target/debug/deps/libcfg_if-102ae0f1eb56902b.rmeta --extern chrono=/opt/rustwide/target/debug/deps/libchrono-cc95ad791e3e76a4.rmeta --extern either=/opt/rustwide/target/debug/deps/libeither-6ab2bb9766899e6d.rmeta --extern futures=/opt/rustwide/target/debug/deps/libfutures-12ea1cf257a29fe0.rmeta --extern futures_util=/opt/rustwide/target/debug/deps/libfutures_util-ee3bcb5f6473615e.rmeta --extern http=/opt/rustwide/target/debug/deps/libhttp-1d779cc1fd4f8248.rmeta --extern http_body=/opt/rustwide/target/debug/deps/libhttp_body-510e2419c2841103.rmeta --extern hyper=/opt/rustwide/target/debug/deps/libhyper-e9fdbb42c9443249.rmeta --extern hyper_rustls=/opt/rustwide/target/debug/deps/libhyper_rustls-0ffdcd8d7a85ef96.rmeta --extern hyper_timeout=/opt/rustwide/target/debug/deps/libhyper_timeout-ded0ee665b4a6b28.rmeta --extern jsonwebtoken=/opt/rustwide/target/debug/deps/libjsonwebtoken-73827dabcb5633f1.rmeta --extern once_cell=/opt/rustwide/target/debug/deps/libonce_cell-84ea33e56b38763e.rmeta --extern percent_encoding=/opt/rustwide/target/debug/deps/libpercent_encoding-7586fa5170b8b4b5.rmeta --extern pin_project=/opt/rustwide/target/debug/deps/libpin_project-9ba67a6644cd4f71.rmeta --extern secrecy=/opt/rustwide/target/debug/deps/libsecrecy-21e0d34e598e157d.rmeta --extern serde=/opt/rustwide/target/debug/deps/libserde-409b07fedb4a7a43.rmeta --extern serde_json=/opt/rustwide/target/debug/deps/libserde_json-43bb3c39afdff930.rmeta --extern serde_path_to_error=/opt/rustwide/target/debug/deps/libserde_path_to_error-ba423db453da1d05.rmeta --extern serde_urlencoded=/opt/rustwide/target/debug/deps/libserde_urlencoded-f809eb3289ca4090.rmeta --extern snafu=/opt/rustwide/target/debug/deps/libsnafu-1e3bb48f9f30ff0b.rmeta --extern tokio=/opt/rustwide/target/debug/deps/libtokio-670ad6a93beb6a2b.rmeta --extern tower=/opt/rustwide/target/debug/deps/libtower-8e4c31f4185e9567.rmeta --extern tower_http=/opt/rustwide/target/debug/deps/libtower_http-10ef84ee3cf4b7c0.rmeta --extern tracing=/opt/rustwide/target/debug/deps/libtracing-6c01065fab40cf74.rmeta --extern url=/opt/rustwide/target/debug/deps/liburl-0d75a61926b9a235.rmeta --cap-lints allow --cap-lints=warn -L native=/opt/rustwide/target/debug/build/ring-97cd28fd73952e05/out` (signal: 9, SIGKILL: kill)
[INFO] [stderr] The following warnings were emitted during compilation:
[INFO] [stderr] 
[INFO] [stderr] warning: wasm-opt-sys@0.112.0: c++: fatal error: Killed signal terminated program cc1plus
[INFO] [stderr] warning: wasm-opt-sys@0.112.0: compilation terminated.
[INFO] [stderr] warning: wasm-opt-sys@0.112.0: c++: fatal error: Killed signal terminated program cc1plus
[INFO] [stderr] warning: wasm-opt-sys@0.112.0: compilation terminated.
[INFO] [stderr] warning: wasm-opt-sys@0.112.0: c++: fatal error: Killed signal terminated program cc1plus
[INFO] [stderr] warning: wasm-opt-sys@0.112.0: compilation terminated.
[INFO] [stderr] 
[INFO] [stderr] error: failed to run custom build command for `wasm-opt-sys v0.112.0`
[INFO] [stderr] note: To improve backtraces for build dependencies, set the CARGO_PROFILE_DEV_BUILD_OVERRIDE_DEBUG=true environment variable to enable debug information generation.
[INFO] [stderr] 
[INFO] [stderr] Caused by:
[INFO] [stderr]   process didn't exit successfully: `/opt/rustwide/target/debug/build/wasm-opt-sys-cab783ed7c7f1e5d/build-script-build` (exit status: 1)
[INFO] [stderr]   --- stdout
[INFO] [stderr]   TARGET = Some("x86_64-unknown-linux-gnu")
[INFO] [stderr]   HOST = Some("x86_64-unknown-linux-gnu")
[INFO] [stderr]   cargo:rerun-if-env-changed=CXX_x86_64-unknown-linux-gnu
[INFO] [stderr]   CXX_x86_64-unknown-linux-gnu = None
[INFO] [stderr]   cargo:rerun-if-env-changed=CXX_x86_64_unknown_linux_gnu
[INFO] [stderr]   CXX_x86_64_unknown_linux_gnu = None
[INFO] [stderr]   cargo:rerun-if-env-changed=HOST_CXX
[INFO] [stderr]   HOST_CXX = None
[INFO] [stderr]   cargo:rerun-if-env-changed=CXX
[INFO] [stderr]   CXX = None
[INFO] [stderr]   cargo:rerun-if-env-changed=CXXFLAGS_x86_64-unknown-linux-gnu
[INFO] [stderr]   CXXFLAGS_x86_64-unknown-linux-gnu = None
[INFO] [stderr]   cargo:rerun-if-env-changed=CXXFLAGS_x86_64_unknown_linux_gnu
[INFO] [stderr]   CXXFLAGS_x86_64_unknown_linux_gnu = None
[INFO] [stderr]   cargo:rerun-if-env-changed=HOST_CXXFLAGS
[INFO] [stderr]   HOST_CXXFLAGS = None
[INFO] [stderr]   cargo:rerun-if-env-changed=CXXFLAGS
[INFO] [stderr]   CXXFLAGS = None
[INFO] [stderr]   cargo:rerun-if-env-changed=CRATE_CC_NO_DEFAULTS
[INFO] [stderr]   CRATE_CC_NO_DEFAULTS = None
[INFO] [stderr]   CARGO_CFG_TARGET_FEATURE = Some("fxsr,sse,sse2")
[INFO] [stderr]   cargo:CXXBRIDGE_PREFIX=wasm-opt-sys
[INFO] [stderr]   cargo:CXXBRIDGE_LINKS=binaryen
[INFO] [stderr]   cargo:CXXBRIDGE_DIR0=/opt/rustwide/target/debug/build/wasm-opt-sys-ecf71d1b427fdf0a/out/cxxbridge/include
[INFO] [stderr]   cargo:CXXBRIDGE_DIR1=/opt/rustwide/target/debug/build/wasm-opt-sys-ecf71d1b427fdf0a/out/cxxbridge/crate
[INFO] [stderr]   cargo:CXXBRIDGE_DIR2=/opt/rustwide/cargo-home/registry/src/index.crates.io-6f17d22bba15001f/wasm-opt-sys-0.112.0/binaryen/src
[INFO] [stderr]   cargo:CXXBRIDGE_DIR3=/opt/rustwide/cargo-home/registry/src/index.crates.io-6f17d22bba15001f/wasm-opt-sys-0.112.0/binaryen/src/tools
[INFO] [stderr]   cargo:CXXBRIDGE_DIR4=/opt/rustwide/target/debug/build/wasm-opt-sys-ecf71d1b427fdf0a/out
[INFO] [stderr]   TARGET = Some("x86_64-unknown-linux-gnu")
[INFO] [stderr]   OPT_LEVEL = Some("0")
[INFO] [stderr]   HOST = Some("x86_64-unknown-linux-gnu")
[INFO] [stderr]   cargo:rerun-if-env-changed=CXX_x86_64-unknown-linux-gnu
[INFO] [stderr]   CXX_x86_64-unknown-linux-gnu = None
[INFO] [stderr]   cargo:rerun-if-env-changed=CXX_x86_64_unknown_linux_gnu
[INFO] [stderr]   CXX_x86_64_unknown_linux_gnu = None
[INFO] [stderr]   cargo:rerun-if-env-changed=HOST_CXX
[INFO] [stderr]   HOST_CXX = None
[INFO] [stderr]   cargo:rerun-if-env-changed=CXX
[INFO] [stderr]   CXX = None
[INFO] [stderr]   cargo:rerun-if-env-changed=CXXFLAGS_x86_64-unknown-linux-gnu
[INFO] [stderr]   CXXFLAGS_x86_64-unknown-linux-gnu = None
[INFO] [stderr]   cargo:rerun-if-env-changed=CXXFLAGS_x86_64_unknown_linux_gnu
[INFO] [stderr]   CXXFLAGS_x86_64_unknown_linux_gnu = None
[INFO] [stderr]   cargo:rerun-if-env-changed=HOST_CXXFLAGS
[INFO] [stderr]   HOST_CXXFLAGS = None
[INFO] [stderr]   cargo:rerun-if-env-changed=CXXFLAGS
[INFO] [stderr]   CXXFLAGS = None
[INFO] [stderr]   cargo:rerun-if-env-changed=CRATE_CC_NO_DEFAULTS
[INFO] [stderr]   CRATE_CC_NO_DEFAULTS = None
[INFO] [stderr]   DEBUG = Some("true")
[INFO] [stderr]   CARGO_CFG_TARGET_FEATURE = Some("fxsr,sse,sse2")
[INFO] [stderr]   running: "c++" "-O0" "-ffunction-sections" "-fdata-sections" "-fPIC" "-gdwarf-4" "-fno-omit-frame-pointer" "-m64" "-I" "/opt/rustwide/target/debug/build/wasm-opt-sys-ecf71d1b427fdf0a/out/cxxbridge/include" "-I" "/opt/rustwide/target/debug/build/wasm-opt-sys-ecf71d1b427fdf0a/out/cxxbridge/crate" "-I" "/opt/rustwide/cargo-home/registry/src/index.crates.io-6f17d22bba15001f/wasm-opt-sys-0.112.0/binaryen/src" "-I" "/opt/rustwide/cargo-home/registry/src/index.crates.io-6f17d22bba15001f/wasm-opt-sys-0.112.0/binaryen/src/tools" "-I" "/opt/rustwide/target/debug/build/wasm-opt-sys-ecf71d1b427fdf0a/out" "-Wall" "-Wextra" "-std=c++17" "-Wno-unused-parameter" "-DTHROW_ON_FATAL" "-o" "/opt/rustwide/target/debug/build/wasm-opt-sys-ecf71d1b427fdf0a/out/5ba204613ca5e8c6-lib.rs.o" "-c" "/opt/rustwide/target/debug/build/wasm-opt-sys-ecf71d1b427fdf0a/out/cxxbridge/sources/wasm-opt-sys/src/lib.rs.cc"
[INFO] [stderr]   running: "c++" "-O0" "-ffunction-sections" "-fdata-sections" "-fPIC" "-gdwarf-4" "-fno-omit-frame-pointer" "-m64" "-I" "/opt/rustwide/target/debug/build/wasm-opt-sys-ecf71d1b427fdf0a/out/cxxbridge/include" "-I" "/opt/rustwide/target/debug/build/wasm-opt-sys-ecf71d1b427fdf0a/out/cxxbridge/crate" "-I" "/opt/rustwide/cargo-home/registry/src/index.crates.io-6f17d22bba15001f/wasm-opt-sys-0.112.0/binaryen/src" "-I" "/opt/rustwide/cargo-home/registry/src/index.crates.io-6f17d22bba15001f/wasm-opt-sys-0.112.0/binaryen/src/tools" "-I" "/opt/rustwide/target/debug/build/wasm-opt-sys-ecf71d1b427fdf0a/out" "-Wall" "-Wextra" "-std=c++17" "-Wno-unused-parameter" "-DTHROW_ON_FATAL" "-o" "/opt/rustwide/target/debug/build/wasm-opt-sys-ecf71d1b427fdf0a/out/85ae773ca7471357-wasm-opt-main-shim.o" "-c" "/opt/rustwide/cargo-home/registry/src/index.crates.io-6f17d22bba15001f/wasm-opt-sys-0.112.0/src/wasm-opt-main-shim.cpp"
[INFO] [stderr]   exit status: 0
[INFO] [stderr]   running: "c++" "-O0" "-ffunction-sections" "-fdata-sections" "-fPIC" "-gdwarf-4" "-fno-omit-frame-pointer" "-m64" "-I" "/opt/rustwide/target/debug/build/wasm-opt-sys-ecf71d1b427fdf0a/out/cxxbridge/include" "-I" "/opt/rustwide/target/debug/build/wasm-opt-sys-ecf71d1b427fdf0a/out/cxxbridge/crate" "-I" "/opt/rustwide/cargo-home/registry/src/index.crates.io-6f17d22bba15001f/wasm-opt-sys-0.112.0/binaryen/src" "-I" "/opt/rustwide/cargo-home/registry/src/index.crates.io-6f17d22bba15001f/wasm-opt-sys-0.112.0/binaryen/src/tools" "-I" "/opt/rustwide/target/debug/build/wasm-opt-sys-ecf71d1b427fdf0a/out" "-Wall" "-Wextra" "-std=c++17" "-Wno-unused-parameter" "-DTHROW_ON_FATAL" "-o" "/opt/rustwide/target/debug/build/wasm-opt-sys-ecf71d1b427fdf0a/out/5f53056bd17aea21-literal.o" "-c" "/opt/rustwide/cargo-home/registry/src/index.crates.io-6f17d22bba15001f/wasm-opt-sys-0.112.0/binaryen/src/wasm/literal.cpp"
[INFO] [stderr]   exit status: 0
[INFO] [stderr]   running: "c++" "-O0" "-ffunction-sections" "-fdata-sections" "-fPIC" "-gdwarf-4" "-fno-omit-frame-pointer" "-m64" "-I" "/opt/rustwide/target/debug/build/wasm-opt-sys-ecf71d1b427fdf0a/out/cxxbridge/include" "-I" "/opt/rustwide/target/debug/build/wasm-opt-sys-ecf71d1b427fdf0a/out/cxxbridge/crate" "-I" "/opt/rustwide/cargo-home/registry/src/index.crates.io-6f17d22bba15001f/wasm-opt-sys-0.112.0/binaryen/src" "-I" "/opt/rustwide/cargo-home/registry/src/index.crates.io-6f17d22bba15001f/wasm-opt-sys-0.112.0/binaryen/src/tools" "-I" "/opt/rustwide/target/debug/build/wasm-opt-sys-ecf71d1b427fdf0a/out" "-Wall" "-Wextra" "-std=c++17" "-Wno-unused-parameter" "-DTHROW_ON_FATAL" "-o" "/opt/rustwide/target/debug/build/wasm-opt-sys-ecf71d1b427fdf0a/out/5f53056bd17aea21-parsing.o" "-c" "/opt/rustwide/cargo-home/registry/src/index.crates.io-6f17d22bba15001f/wasm-opt-sys-0.112.0/binaryen/src/wasm/parsing.cpp"
[INFO] [stderr]   running: "c++" "-O0" "-ffunction-sections" "-fdata-sections" "-fPIC" "-gdwarf-4" "-fno-omit-frame-pointer" "-m64" "-I" "/opt/rustwide/target/debug/build/wasm-opt-sys-ecf71d1b427fdf0a/out/cxxbridge/include" "-I" "/opt/rustwide/target/debug/build/wasm-opt-sys-ecf71d1b427fdf0a/out/cxxbridge/crate" "-I" "/opt/rustwide/cargo-home/registry/src/index.crates.io-6f17d22bba15001f/wasm-opt-sys-0.112.0/binaryen/src" "-I" "/opt/rustwide/cargo-home/registry/src/index.crates.io-6f17d22bba15001f/wasm-opt-sys-0.112.0/binaryen/src/tools" "-I" "/opt/rustwide/target/debug/build/wasm-opt-sys-ecf71d1b427fdf0a/out" "-Wall" "-Wextra" "-std=c++17" "-Wno-unused-parameter" "-DTHROW_ON_FATAL" "-o" "/opt/rustwide/target/debug/build/wasm-opt-sys-ecf71d1b427fdf0a/out/5f53056bd17aea21-wasm-binary.o" "-c" "/opt/rustwide/cargo-home/registry/src/index.crates.io-6f17d22bba15001f/wasm-opt-sys-0.112.0/binaryen/src/wasm/wasm-binary.cpp"
[INFO] [stderr]   running: "c++" "-O0" "-ffunction-sections" "-fdata-sections" "-fPIC" "-gdwarf-4" "-fno-omit-frame-pointer" "-m64" "-I" "/opt/rustwide/target/debug/build/wasm-opt-sys-ecf71d1b427fdf0a/out/cxxbridge/include" "-I" "/opt/rustwide/target/debug/build/wasm-opt-sys-ecf71d1b427fdf0a/out/cxxbridge/crate" "-I" "/opt/rustwide/cargo-home/registry/src/index.crates.io-6f17d22bba15001f/wasm-opt-sys-0.112.0/binaryen/src" "-I" "/opt/rustwide/cargo-home/registry/src/index.crates.io-6f17d22bba15001f/wasm-opt-sys-0.112.0/binaryen/src/tools" "-I" "/opt/rustwide/target/debug/build/wasm-opt-sys-ecf71d1b427fdf0a/out" "-Wall" "-Wextra" "-std=c++17" "-Wno-unused-parameter" "-DTHROW_ON_FATAL" "-o" "/opt/rustwide/target/debug/build/wasm-opt-sys-ecf71d1b427fdf0a/out/5f53056bd17aea21-wasm-debug.o" "-c" "/opt/rustwide/cargo-home/registry/src/index.crates.io-6f17d22bba15001f/wasm-opt-sys-0.112.0/binaryen/src/wasm/wasm-debug.cpp"
[INFO] [stderr]   running: "c++" "-O0" "-ffunction-sections" "-fdata-sections" "-fPIC" "-gdwarf-4" "-fno-omit-frame-pointer" "-m64" "-I" "/opt/rustwide/target/debug/build/wasm-opt-sys-ecf71d1b427fdf0a/out/cxxbridge/include" "-I" "/opt/rustwide/target/debug/build/wasm-opt-sys-ecf71d1b427fdf0a/out/cxxbridge/crate" "-I" "/opt/rustwide/cargo-home/registry/src/index.crates.io-6f17d22bba15001f/wasm-opt-sys-0.112.0/binaryen/src" "-I" "/opt/rustwide/cargo-home/registry/src/index.crates.io-6f17d22bba15001f/wasm-opt-sys-0.112.0/binaryen/src/tools" "-I" "/opt/rustwide/target/debug/build/wasm-opt-sys-ecf71d1b427fdf0a/out" "-Wall" "-Wextra" "-std=c++17" "-Wno-unused-parameter" "-DTHROW_ON_FATAL" "-o" "/opt/rustwide/target/debug/build/wasm-opt-sys-ecf71d1b427fdf0a/out/5f53056bd17aea21-wasm-emscripten.o" "-c" "/opt/rustwide/cargo-home/registry/src/index.crates.io-6f17d22bba15001f/wasm-opt-sys-0.112.0/binaryen/src/wasm/wasm-emscripten.cpp"
[INFO] [stderr]   running: "c++" "-O0" "-ffunction-sections" "-fdata-sections" "-fPIC" "-gdwarf-4" "-fno-omit-frame-pointer" "-m64" "-I" "/opt/rustwide/target/debug/build/wasm-opt-sys-ecf71d1b427fdf0a/out/cxxbridge/include" "-I" "/opt/rustwide/target/debug/build/wasm-opt-sys-ecf71d1b427fdf0a/out/cxxbridge/crate" "-I" "/opt/rustwide/cargo-home/registry/src/index.crates.io-6f17d22bba15001f/wasm-opt-sys-0.112.0/binaryen/src" "-I" "/opt/rustwide/cargo-home/registry/src/index.crates.io-6f17d22bba15001f/wasm-opt-sys-0.112.0/binaryen/src/tools" "-I" "/opt/rustwide/target/debug/build/wasm-opt-sys-ecf71d1b427fdf0a/out" "-Wall" "-Wextra" "-std=c++17" "-Wno-unused-parameter" "-DTHROW_ON_FATAL" "-o" "/opt/rustwide/target/debug/build/wasm-opt-sys-ecf71d1b427fdf0a/out/5f53056bd17aea21-wasm-interpreter.o" "-c" "/opt/rustwide/cargo-home/registry/src/index.crates.io-6f17d22bba15001f/wasm-opt-sys-0.112.0/binaryen/src/wasm/wasm-interpreter.cpp"
[INFO] [stderr]   running: "c++" "-O0" "-ffunction-sections" "-fdata-sections" "-fPIC" "-gdwarf-4" "-fno-omit-frame-pointer" "-m64" "-I" "/opt/rustwide/target/debug/build/wasm-opt-sys-ecf71d1b427fdf0a/out/cxxbridge/include" "-I" "/opt/rustwide/target/debug/build/wasm-opt-sys-ecf71d1b427fdf0a/out/cxxbridge/crate" "-I" "/opt/rustwide/cargo-home/registry/src/index.crates.io-6f17d22bba15001f/wasm-opt-sys-0.112.0/binaryen/src" "-I" "/opt/rustwide/cargo-home/registry/src/index.crates.io-6f17d22bba15001f/wasm-opt-sys-0.112.0/binaryen/src/tools" "-I" "/opt/rustwide/target/debug/build/wasm-opt-sys-ecf71d1b427fdf0a/out" "-Wall" "-Wextra" "-std=c++17" "-Wno-unused-parameter" "-DTHROW_ON_FATAL" "-o" "/opt/rustwide/target/debug/build/wasm-opt-sys-ecf71d1b427fdf0a/out/5f53056bd17aea21-wasm-io.o" "-c" "/opt/rustwide/cargo-home/registry/src/index.crates.io-6f17d22bba15001f/wasm-opt-sys-0.112.0/binaryen/src/wasm/wasm-io.cpp"
[INFO] [stderr]   cargo:warning=c++: fatal error: Killed signal terminated program cc1plus
[INFO] [stderr]   cargo:warning=compilation terminated.
[INFO] [stderr]   exit status: 1
[INFO] [stderr]   running: "c++" "-O0" "-ffunction-sections" "-fdata-sections" "-fPIC" "-gdwarf-4" "-fno-omit-frame-pointer" "-m64" "-I" "/opt/rustwide/target/debug/build/wasm-opt-sys-ecf71d1b427fdf0a/out/cxxbridge/include" "-I" "/opt/rustwide/target/debug/build/wasm-opt-sys-ecf71d1b427fdf0a/out/cxxbridge/crate" "-I" "/opt/rustwide/cargo-home/registry/src/index.crates.io-6f17d22bba15001f/wasm-opt-sys-0.112.0/binaryen/src" "-I" "/opt/rustwide/cargo-home/registry/src/index.crates.io-6f17d22bba15001f/wasm-opt-sys-0.112.0/binaryen/src/tools" "-I" "/opt/rustwide/target/debug/build/wasm-opt-sys-ecf71d1b427fdf0a/out" "-Wall" "-Wextra" "-std=c++17" "-Wno-unused-parameter" "-DTHROW_ON_FATAL" "-o" "/opt/rustwide/target/debug/build/wasm-opt-sys-ecf71d1b427fdf0a/out/5f53056bd17aea21-wasm-stack.o" "-c" "/opt/rustwide/cargo-home/registry/src/index.crates.io-6f17d22bba15001f/wasm-opt-sys-0.112.0/binaryen/src/wasm/wasm-stack.cpp"
[INFO] [stderr]   cargo:warning=c++: fatal error: Killed signal terminated program cc1plus
[INFO] [stderr]   cargo:warning=compilation terminated.
[INFO] [stderr]   exit status: 1
[INFO] [stderr]   cargo:warning=c++: fatal error: Killed signal terminated program cc1plus
[INFO] [stderr]   cargo:warning=compilation terminated.
[INFO] [stderr]   exit status: 1
[INFO] [stderr]   exit status: 0
[INFO] [stderr]   exit status: 0
[INFO] [stderr]   exit status: 0
[INFO] [stderr]   exit status: 0
[INFO] [stderr]   exit status: 0
[INFO] [stderr] 
[INFO] [stderr]   --- stderr
[INFO] [stderr] 
[INFO] [stderr]   CXX include path:
[INFO] [stderr]     /opt/rustwide/target/debug/build/wasm-opt-sys-ecf71d1b427fdf0a/out/cxxbridge/include
[INFO] [stderr]     /opt/rustwide/target/debug/build/wasm-opt-sys-ecf71d1b427fdf0a/out/cxxbridge/crate
[INFO] [stderr]     /opt/rustwide/cargo-home/registry/src/index.crates.io-6f17d22bba15001f/wasm-opt-sys-0.112.0/binaryen/src
[INFO] [stderr]     /opt/rustwide/cargo-home/registry/src/index.crates.io-6f17d22bba15001f/wasm-opt-sys-0.112.0/binaryen/src/tools
[INFO] [stderr]     /opt/rustwide/target/debug/build/wasm-opt-sys-ecf71d1b427fdf0a/out
[INFO] [stderr] 
[INFO] [stderr] 
[INFO] [stderr]   error occurred: Command "c++" "-O0" "-ffunction-sections" "-fdata-sections" "-fPIC" "-gdwarf-4" "-fno-omit-frame-pointer" "-m64" "-I" "/opt/rustwide/target/debug/build/wasm-opt-sys-ecf71d1b427fdf0a/out/cxxbridge/include" "-I" "/opt/rustwide/target/debug/build/wasm-opt-sys-ecf71d1b427fdf0a/out/cxxbridge/crate" "-I" "/opt/rustwide/cargo-home/registry/src/index.crates.io-6f17d22bba15001f/wasm-opt-sys-0.112.0/binaryen/src" "-I" "/opt/rustwide/cargo-home/registry/src/index.crates.io-6f17d22bba15001f/wasm-opt-sys-0.112.0/binaryen/src/tools" "-I" "/opt/rustwide/target/debug/build/wasm-opt-sys-ecf71d1b427fdf0a/out" "-Wall" "-Wextra" "-std=c++17" "-Wno-unused-parameter" "-DTHROW_ON_FATAL" "-o" "/opt/rustwide/target/debug/build/wasm-opt-sys-ecf71d1b427fdf0a/out/5f53056bd17aea21-literal.o" "-c" "/opt/rustwide/cargo-home/registry/src/index.crates.io-6f17d22bba15001f/wasm-opt-sys-0.112.0/binaryen/src/wasm/literal.cpp" with args "c++" did not execute successfully (status code exit status: 1).
[INFO] [stderr] 
[INFO] [stderr] 
[INFO] running `Command { std: "docker" "inspect" "bb25f712c02d0dac666dd57fc497cbe7b9d5c20340a82c7e1307fb024889ec60", kill_on_drop: false }`
[INFO] running `Command { std: "docker" "rm" "-f" "bb25f712c02d0dac666dd57fc497cbe7b9d5c20340a82c7e1307fb024889ec60", kill_on_drop: false }`
[INFO] [stdout] bb25f712c02d0dac666dd57fc497cbe7b9d5c20340a82c7e1307fb024889ec60
