[INFO] fetching crate hardlight 2.0.0...
[INFO] documenting hardlight-2.0.0 against 1.75.0 for beta-1.76-rustdoc-1
[INFO] extracting crate hardlight 2.0.0 into /workspace/builds/worker-4-tc1/source
[INFO] validating manifest of crates.io crate hardlight 2.0.0 on toolchain 1.75.0
[INFO] running `Command { std: CARGO_HOME="/workspace/cargo-home" RUSTUP_HOME="/workspace/rustup-home" "/workspace/cargo-home/bin/cargo" "+1.75.0" "metadata" "--manifest-path" "Cargo.toml" "--no-deps", kill_on_drop: false }`
[INFO] started tweaking crates.io crate hardlight 2.0.0
[INFO] finished tweaking crates.io crate hardlight 2.0.0
[INFO] tweaked toml for crates.io crate hardlight 2.0.0 written to /workspace/builds/worker-4-tc1/source/Cargo.toml
[INFO] crate crates.io crate hardlight 2.0.0 already has a lockfile, it will not be regenerated
[INFO] running `Command { std: CARGO_HOME="/workspace/cargo-home" RUSTUP_HOME="/workspace/rustup-home" "/workspace/cargo-home/bin/cargo" "+1.75.0" "fetch" "--manifest-path" "Cargo.toml", kill_on_drop: false }`
[INFO] [stderr]     Updating crates.io index
[INFO] [stderr]  Downloading crates ...
[INFO] [stderr]   Downloaded version v3.0.0
[INFO] [stderr]   Downloaded rend v0.4.0
[INFO] [stderr]   Downloaded hardlight-macros v2.0.0
[INFO] [stderr]   Downloaded rkyv_derive v0.7.42
[INFO] [stderr]   Downloaded winnow v0.5.7
[INFO] [stderr]   Downloaded rkyv v0.7.42
[INFO] [stderr]   Downloaded libz-ng-sys v1.1.12
[INFO] running `Command { std: "docker" "create" "-v" "/var/lib/crater-agent-workspace/builds/worker-4-tc1/target:/opt/rustwide/target:rw,Z" "-v" "/var/lib/crater-agent-workspace/builds/worker-4-tc1/source:/opt/rustwide/workdir:ro,Z" "-v" "/var/lib/crater-agent-workspace/cargo-home:/opt/rustwide/cargo-home:ro,Z" "-v" "/var/lib/crater-agent-workspace/rustup-home:/opt/rustwide/rustup-home:ro,Z" "-e" "SOURCE_DIR=/opt/rustwide/workdir" "-e" "CARGO_TARGET_DIR=/opt/rustwide/target" "-e" "CARGO_HOME=/opt/rustwide/cargo-home" "-e" "RUSTUP_HOME=/opt/rustwide/rustup-home" "-w" "/opt/rustwide/workdir" "-m" "1610612736" "--user" "0:0" "--network" "none" "ghcr.io/rust-lang/crates-build-env/linux@sha256:2788e3201cd34a07e3172128adcd8b3090168a8e3bcc40d7c032b9dda1df7d1c" "/opt/rustwide/cargo-home/bin/cargo" "+1.75.0" "metadata" "--no-deps" "--format-version=1", kill_on_drop: false }`
[INFO] [stdout] 02a446b6af7ee5b88a305f355fc9fa8cb8c169c974cf25ad18abdcf3fb52b2f6
[INFO] running `Command { std: "docker" "start" "-a" "02a446b6af7ee5b88a305f355fc9fa8cb8c169c974cf25ad18abdcf3fb52b2f6", kill_on_drop: false }`
[INFO] running `Command { std: "docker" "inspect" "02a446b6af7ee5b88a305f355fc9fa8cb8c169c974cf25ad18abdcf3fb52b2f6", kill_on_drop: false }`
[INFO] running `Command { std: "docker" "rm" "-f" "02a446b6af7ee5b88a305f355fc9fa8cb8c169c974cf25ad18abdcf3fb52b2f6", kill_on_drop: false }`
[INFO] [stdout] 02a446b6af7ee5b88a305f355fc9fa8cb8c169c974cf25ad18abdcf3fb52b2f6
[INFO] running `Command { std: "docker" "create" "-v" "/var/lib/crater-agent-workspace/builds/worker-4-tc1/target:/opt/rustwide/target:rw,Z" "-v" "/var/lib/crater-agent-workspace/builds/worker-4-tc1/source:/opt/rustwide/workdir:ro,Z" "-v" "/var/lib/crater-agent-workspace/cargo-home:/opt/rustwide/cargo-home:ro,Z" "-v" "/var/lib/crater-agent-workspace/rustup-home:/opt/rustwide/rustup-home:ro,Z" "-e" "SOURCE_DIR=/opt/rustwide/workdir" "-e" "CARGO_TARGET_DIR=/opt/rustwide/target" "-e" "CARGO_INCREMENTAL=0" "-e" "RUST_BACKTRACE=full" "-e" "RUSTFLAGS=--cap-lints=warn" "-e" "RUSTDOCFLAGS=--cap-lints=warn" "-e" "CARGO_HOME=/opt/rustwide/cargo-home" "-e" "RUSTUP_HOME=/opt/rustwide/rustup-home" "-w" "/opt/rustwide/workdir" "-m" "1610612736" "--user" "0:0" "--network" "none" "ghcr.io/rust-lang/crates-build-env/linux@sha256:2788e3201cd34a07e3172128adcd8b3090168a8e3bcc40d7c032b9dda1df7d1c" "/opt/rustwide/cargo-home/bin/cargo" "+1.75.0" "doc" "--frozen" "--no-deps" "--document-private-items" "--message-format=json", kill_on_drop: false }`
[INFO] [stdout] 7f0e8f18eb3b1c10c43ea9dccfe100af939bdbebc51f76f172de847d2ef3adb5
[INFO] running `Command { std: "docker" "start" "-a" "7f0e8f18eb3b1c10c43ea9dccfe100af939bdbebc51f76f172de847d2ef3adb5", kill_on_drop: false }`
[INFO] [stderr]    Compiling proc-macro2 v1.0.66
[INFO] [stderr]    Compiling unicode-ident v1.0.11
[INFO] [stderr]    Compiling rustls v0.20.8
[INFO] [stderr]     Checking pin-project-lite v0.2.12
[INFO] [stderr]    Compiling bytecheck v0.6.11
[INFO] [stderr]    Compiling cc v1.0.82
[INFO] [stderr]     Checking smallvec v1.11.0
[INFO] [stderr]    Compiling ahash v0.7.6
[INFO] [stderr]    Compiling rend v0.4.0
[INFO] [stderr]     Checking lock_api v0.4.10
[INFO] [stderr]     Checking percent-encoding v2.3.0
[INFO] [stderr]     Checking simdutf8 v0.1.4
[INFO] [stderr]    Compiling hashbrown v0.14.0
[INFO] [stderr]     Checking unicode-bidi v0.3.13
[INFO] [stderr]     Checking uuid v1.4.1
[INFO] [stderr]    Compiling futures-core v0.3.28
[INFO] [stderr]     Checking log v0.4.19
[INFO] [stderr]    Compiling thiserror v1.0.44
[INFO] [stderr]     Checking form_urlencoded v1.2.0
[INFO] [stderr]     Checking mio v0.8.8
[INFO] [stderr]     Checking signal-hook-registry v1.4.1
[INFO] [stderr]     Checking parking_lot_core v0.9.8
[INFO] [stderr]     Checking num_cpus v1.16.0
[INFO] [stderr]     Checking socket2 v0.5.3
[INFO] [stderr]    Compiling toml_datetime v0.6.3
[INFO] [stderr]    Compiling futures-util v0.3.28
[INFO] [stderr]     Checking cpufeatures v0.2.9
[INFO] [stderr]     Checking time-core v0.1.1
[INFO] [stderr]    Compiling rkyv v0.7.42
[INFO] [stderr]     Checking deranged v0.3.7
[INFO] [stderr]     Checking idna v0.4.0
[INFO] [stderr]    Compiling winnow v0.5.7
[INFO] [stderr]     Checking base64 v0.21.2
[INFO] [stderr]     Checking http v0.2.9
[INFO] [stderr]     Checking sha1 v0.10.5
[INFO] [stderr]     Checking parking_lot v0.12.1
[INFO] [stderr]     Checking hashbrown v0.12.3
[INFO] [stderr]     Checking utf-8 v0.7.6
[INFO] [stderr]     Checking seahash v4.1.0
[INFO] [stderr]    Compiling async-trait v0.1.72
[INFO] [stderr]    Compiling once_cell v1.18.0
[INFO] [stderr]     Checking futures-sink v0.3.28
[INFO] [stderr]     Checking flate2 v1.0.26
[INFO] [stderr]     Checking array-init v2.1.0
[INFO] [stderr]     Checking version v3.0.0
[INFO] [stderr]     Checking rustls-pemfile v1.0.3
[INFO] [stderr]    Compiling indexmap v2.0.0
[INFO] [stderr]     Checking rustls-native-certs v0.6.3
[INFO] [stderr]    Compiling quote v1.0.32
[INFO] [stderr]     Checking url v2.4.0
[INFO] [stderr]    Compiling ring v0.16.20
[INFO] [stderr]    Compiling syn v2.0.28
[INFO] [stderr]    Compiling syn v1.0.109
[INFO] [stderr]     Checking time v0.3.25
[INFO] [stderr]     Checking yasna v0.5.2
[INFO] [stderr]    Compiling toml_edit v0.19.14
[INFO] [stderr]    Compiling proc-macro-crate v1.3.1
[INFO] [stderr]     Checking webpki v0.22.0
[INFO] [stderr]     Checking sct v0.7.0
[INFO] [stderr]     Checking rcgen v0.10.0
[INFO] [stderr]    Compiling ptr_meta_derive v0.1.4
[INFO] [stderr]    Compiling bytecheck_derive v0.6.11
[INFO] [stderr]    Compiling rkyv_derive v0.7.42
[INFO] [stderr]    Compiling hardlight-macros v2.0.0
[INFO] [stderr]     Checking ptr_meta v0.1.4
[INFO] [stderr]    Compiling tokio-macros v2.1.0
[INFO] [stderr]    Compiling thiserror-impl v1.0.44
[INFO] [stderr]    Compiling tracing-attributes v0.1.26
[INFO] [stderr]     Checking tokio v1.30.0
[INFO] [stderr]     Checking tungstenite v0.18.0
[INFO] [stderr]     Checking tracing v0.1.37
[INFO] [stdout] error[E0554]: `#![feature]` may not be used on the stable release channel
[INFO] [stdout]    --> /opt/rustwide/cargo-home/registry/src/index.crates.io-6f17d22bba15001f/rkyv-0.7.42/src/lib.rs:119:5
[INFO] [stdout]     |
[INFO] [stdout] 119 |     feature(auto_traits),
[INFO] [stdout]     |     ^^^^^^^^^^^^^^^^^^^^
[INFO] [stdout] 
[INFO] [stdout] 
[INFO] [stdout] error[E0554]: `#![feature]` may not be used on the stable release channel
[INFO] [stdout]    --> /opt/rustwide/cargo-home/registry/src/index.crates.io-6f17d22bba15001f/rkyv-0.7.42/src/lib.rs:120:5
[INFO] [stdout]     |
[INFO] [stdout] 120 |     feature(min_specialization),
[INFO] [stdout]     |     ^^^^^^^^^^^^^^^^^^^^^^^^^^^
[INFO] [stdout] 
[INFO] [stdout] 
[INFO] [stdout] error[E0554]: `#![feature]` may not be used on the stable release channel
[INFO] [stdout]    --> /opt/rustwide/cargo-home/registry/src/index.crates.io-6f17d22bba15001f/rkyv-0.7.42/src/lib.rs:121:5
[INFO] [stdout]     |
[INFO] [stdout] 121 |     feature(negative_impls),
[INFO] [stdout]     |     ^^^^^^^^^^^^^^^^^^^^^^^
[INFO] [stdout] 
[INFO] [stdout] 
[INFO] [stdout] error[E0554]: `#![feature]` may not be used on the stable release channel
[INFO] [stdout]    --> /opt/rustwide/cargo-home/registry/src/index.crates.io-6f17d22bba15001f/rkyv-0.7.42/src/lib.rs:122:5
[INFO] [stdout]     |
[INFO] [stdout] 122 |     feature(rustc_attrs)
[INFO] [stdout]     |     ^^^^^^^^^^^^^^^^^^^^
[INFO] [stdout] 
[INFO] [stdout] 
[INFO] [stdout] error: aborting due to 4 previous errors
[INFO] [stdout] 
[INFO] [stdout] 
[INFO] [stdout] For more information about this error, try `rustc --explain E0554`.
[INFO] [stdout] 
[INFO] [stderr] error: could not compile `rkyv` (lib) due to 5 previous errors
[INFO] [stderr] warning: build failed, waiting for other jobs to finish...
[INFO] running `Command { std: "docker" "inspect" "7f0e8f18eb3b1c10c43ea9dccfe100af939bdbebc51f76f172de847d2ef3adb5", kill_on_drop: false }`
[INFO] running `Command { std: "docker" "rm" "-f" "7f0e8f18eb3b1c10c43ea9dccfe100af939bdbebc51f76f172de847d2ef3adb5", kill_on_drop: false }`
[INFO] [stdout] 7f0e8f18eb3b1c10c43ea9dccfe100af939bdbebc51f76f172de847d2ef3adb5
[INFO] documenting hardlight-2.0.0 against beta-2023-12-22 for beta-1.76-rustdoc-1
[INFO] extracting crate hardlight 2.0.0 into /workspace/builds/worker-4-tc2/source
[INFO] validating manifest of crates.io crate hardlight 2.0.0 on toolchain beta-2023-12-22
[INFO] running `Command { std: CARGO_HOME="/workspace/cargo-home" RUSTUP_HOME="/workspace/rustup-home" "/workspace/cargo-home/bin/cargo" "+beta-2023-12-22" "metadata" "--manifest-path" "Cargo.toml" "--no-deps", kill_on_drop: false }`
[INFO] started tweaking crates.io crate hardlight 2.0.0
[INFO] finished tweaking crates.io crate hardlight 2.0.0
[INFO] tweaked toml for crates.io crate hardlight 2.0.0 written to /workspace/builds/worker-4-tc2/source/Cargo.toml
[INFO] crate crates.io crate hardlight 2.0.0 already has a lockfile, it will not be regenerated
[INFO] running `Command { std: CARGO_HOME="/workspace/cargo-home" RUSTUP_HOME="/workspace/rustup-home" "/workspace/cargo-home/bin/cargo" "+beta-2023-12-22" "fetch" "--manifest-path" "Cargo.toml", kill_on_drop: false }`
[INFO] running `Command { std: "docker" "create" "-v" "/var/lib/crater-agent-workspace/builds/worker-4-tc2/target:/opt/rustwide/target:rw,Z" "-v" "/var/lib/crater-agent-workspace/builds/worker-4-tc2/source:/opt/rustwide/workdir:ro,Z" "-v" "/var/lib/crater-agent-workspace/cargo-home:/opt/rustwide/cargo-home:ro,Z" "-v" "/var/lib/crater-agent-workspace/rustup-home:/opt/rustwide/rustup-home:ro,Z" "-e" "SOURCE_DIR=/opt/rustwide/workdir" "-e" "CARGO_TARGET_DIR=/opt/rustwide/target" "-e" "CARGO_HOME=/opt/rustwide/cargo-home" "-e" "RUSTUP_HOME=/opt/rustwide/rustup-home" "-w" "/opt/rustwide/workdir" "-m" "1610612736" "--user" "0:0" "--network" "none" "ghcr.io/rust-lang/crates-build-env/linux@sha256:2788e3201cd34a07e3172128adcd8b3090168a8e3bcc40d7c032b9dda1df7d1c" "/opt/rustwide/cargo-home/bin/cargo" "+beta-2023-12-22" "metadata" "--no-deps" "--format-version=1", kill_on_drop: false }`
[INFO] [stdout] 9d875be38670a406eda24445a596730ef37e50060c044c96ba0204de7e799dcc
[INFO] running `Command { std: "docker" "start" "-a" "9d875be38670a406eda24445a596730ef37e50060c044c96ba0204de7e799dcc", kill_on_drop: false }`
[INFO] running `Command { std: "docker" "inspect" "9d875be38670a406eda24445a596730ef37e50060c044c96ba0204de7e799dcc", kill_on_drop: false }`
[INFO] running `Command { std: "docker" "rm" "-f" "9d875be38670a406eda24445a596730ef37e50060c044c96ba0204de7e799dcc", kill_on_drop: false }`
[INFO] [stdout] 9d875be38670a406eda24445a596730ef37e50060c044c96ba0204de7e799dcc
[INFO] running `Command { std: "docker" "create" "-v" "/var/lib/crater-agent-workspace/builds/worker-4-tc2/target:/opt/rustwide/target:rw,Z" "-v" "/var/lib/crater-agent-workspace/builds/worker-4-tc2/source:/opt/rustwide/workdir:ro,Z" "-v" "/var/lib/crater-agent-workspace/cargo-home:/opt/rustwide/cargo-home:ro,Z" "-v" "/var/lib/crater-agent-workspace/rustup-home:/opt/rustwide/rustup-home:ro,Z" "-e" "SOURCE_DIR=/opt/rustwide/workdir" "-e" "CARGO_TARGET_DIR=/opt/rustwide/target" "-e" "CARGO_INCREMENTAL=0" "-e" "RUST_BACKTRACE=full" "-e" "RUSTFLAGS=--cap-lints=warn" "-e" "RUSTDOCFLAGS=--cap-lints=warn" "-e" "CARGO_HOME=/opt/rustwide/cargo-home" "-e" "RUSTUP_HOME=/opt/rustwide/rustup-home" "-w" "/opt/rustwide/workdir" "-m" "1610612736" "--user" "0:0" "--network" "none" "ghcr.io/rust-lang/crates-build-env/linux@sha256:2788e3201cd34a07e3172128adcd8b3090168a8e3bcc40d7c032b9dda1df7d1c" "/opt/rustwide/cargo-home/bin/cargo" "+beta-2023-12-22" "doc" "--frozen" "--no-deps" "--document-private-items" "--message-format=json", kill_on_drop: false }`
[INFO] [stdout] 5f6fa02f7c51c07b4f77600c8aff660749d9fd36ab091b7aed26c90676573568
[INFO] running `Command { std: "docker" "start" "-a" "5f6fa02f7c51c07b4f77600c8aff660749d9fd36ab091b7aed26c90676573568", kill_on_drop: false }`
[INFO] [stderr]    Compiling proc-macro2 v1.0.66
[INFO] [stderr]    Compiling unicode-ident v1.0.11
[INFO] [stderr]     Checking smallvec v1.11.0
[INFO] [stderr]     Checking pin-project-lite v0.2.12
[INFO] [stderr]    Compiling rustls v0.20.8
[INFO] [stderr]    Compiling bytecheck v0.6.11
[INFO] [stderr]    Compiling cc v1.0.82
[INFO] [stderr]    Compiling ahash v0.7.6
[INFO] [stderr]     Checking unicode-bidi v0.3.13
[INFO] [stderr]     Checking lock_api v0.4.10
[INFO] [stderr]     Checking log v0.4.19
[INFO] [stderr]    Compiling hashbrown v0.14.0
[INFO] [stderr]    Compiling rend v0.4.0
[INFO] [stderr]    Compiling thiserror v1.0.44
[INFO] [stderr]     Checking simdutf8 v0.1.4
[INFO] [stderr]     Checking percent-encoding v2.3.0
[INFO] [stderr]    Compiling futures-core v0.3.28
[INFO] [stderr]     Checking uuid v1.4.1
[INFO] [stderr]     Checking socket2 v0.5.3
[INFO] [stderr]     Checking form_urlencoded v1.2.0
[INFO] [stderr]     Checking parking_lot_core v0.9.8
[INFO] [stderr]     Checking num_cpus v1.16.0
[INFO] [stderr]     Checking signal-hook-registry v1.4.1
[INFO] [stderr]     Checking mio v0.8.8
[INFO] [stderr]     Checking cpufeatures v0.2.9
[INFO] [stderr]     Checking base64 v0.21.2
[INFO] [stderr]     Checking idna v0.4.0
[INFO] [stderr]    Compiling futures-util v0.3.28
[INFO] [stderr]    Compiling winnow v0.5.7
[INFO] [stderr]    Compiling rkyv v0.7.42
[INFO] [stderr]     Checking time-core v0.1.1
[INFO] [stderr]    Compiling toml_datetime v0.6.3
[INFO] [stderr]     Checking deranged v0.3.7
[INFO] [stderr]     Checking http v0.2.9
[INFO] [stderr]     Checking sha1 v0.10.5
[INFO] [stderr]     Checking parking_lot v0.12.1
[INFO] [stderr]     Checking hashbrown v0.12.3
[INFO] [stderr]     Checking futures-sink v0.3.28
[INFO] [stderr]     Checking rustls-pemfile v1.0.3
[INFO] [stderr]    Compiling once_cell v1.18.0
[INFO] [stderr]     Checking seahash v4.1.0
[INFO] [stderr]     Checking utf-8 v0.7.6
[INFO] [stderr]    Compiling async-trait v0.1.72
[INFO] [stderr]     Checking flate2 v1.0.26
[INFO] [stderr]     Checking version v3.0.0
[INFO] [stderr]    Compiling indexmap v2.0.0
[INFO] [stderr]     Checking rustls-native-certs v0.6.3
[INFO] [stderr]     Checking array-init v2.1.0
[INFO] [stderr]     Checking url v2.4.0
[INFO] [stderr]    Compiling quote v1.0.32
[INFO] [stderr]    Compiling ring v0.16.20
[INFO] [stderr]    Compiling syn v2.0.28
[INFO] [stderr]    Compiling syn v1.0.109
[INFO] [stderr]     Checking time v0.3.25
[INFO] [stderr]     Checking yasna v0.5.2
[INFO] [stderr]    Compiling toml_edit v0.19.14
[INFO] [stderr]    Compiling proc-macro-crate v1.3.1
[INFO] [stderr]    Compiling ptr_meta_derive v0.1.4
[INFO] [stderr]    Compiling bytecheck_derive v0.6.11
[INFO] [stderr]    Compiling rkyv_derive v0.7.42
[INFO] [stderr]    Compiling hardlight-macros v2.0.0
[INFO] [stderr]     Checking webpki v0.22.0
[INFO] [stderr]     Checking sct v0.7.0
[INFO] [stderr]     Checking rcgen v0.10.0
[INFO] [stderr]     Checking ptr_meta v0.1.4
[INFO] [stderr]    Compiling tokio-macros v2.1.0
[INFO] [stderr]    Compiling thiserror-impl v1.0.44
[INFO] [stderr]    Compiling tracing-attributes v0.1.26
[INFO] [stderr]     Checking tokio v1.30.0
[INFO] [stderr]     Checking tracing v0.1.37
[INFO] [stderr]     Checking tungstenite v0.18.0
[INFO] [stdout] error[E0554]: `#![feature]` may not be used on the beta release channel
[INFO] [stdout]    --> /opt/rustwide/cargo-home/registry/src/index.crates.io-6f17d22bba15001f/rkyv-0.7.42/src/lib.rs:119:5
[INFO] [stdout]     |
[INFO] [stdout] 119 |     feature(auto_traits),
[INFO] [stdout]     |     ^^^^^^^^^^^^^^^^^^^^
[INFO] [stdout] 
[INFO] [stdout] 
[INFO] [stdout] error[E0554]: `#![feature]` may not be used on the beta release channel
[INFO] [stdout]    --> /opt/rustwide/cargo-home/registry/src/index.crates.io-6f17d22bba15001f/rkyv-0.7.42/src/lib.rs:120:5
[INFO] [stdout]     |
[INFO] [stdout] 120 |     feature(min_specialization),
[INFO] [stdout]     |     ^^^^^^^^^^^^^^^^^^^^^^^^^^^
[INFO] [stdout] 
[INFO] [stdout] 
[INFO] [stdout] error[E0554]: `#![feature]` may not be used on the beta release channel
[INFO] [stdout]    --> /opt/rustwide/cargo-home/registry/src/index.crates.io-6f17d22bba15001f/rkyv-0.7.42/src/lib.rs:121:5
[INFO] [stdout]     |
[INFO] [stdout] 121 |     feature(negative_impls),
[INFO] [stdout]     |     ^^^^^^^^^^^^^^^^^^^^^^^
[INFO] [stdout] 
[INFO] [stdout] 
[INFO] [stdout] error[E0554]: `#![feature]` may not be used on the beta release channel
[INFO] [stdout]    --> /opt/rustwide/cargo-home/registry/src/index.crates.io-6f17d22bba15001f/rkyv-0.7.42/src/lib.rs:122:5
[INFO] [stdout]     |
[INFO] [stdout] 122 |     feature(rustc_attrs)
[INFO] [stdout]     |     ^^^^^^^^^^^^^^^^^^^^
[INFO] [stdout] 
[INFO] [stdout] 
[INFO] [stdout] error: aborting due to 4 previous errors
[INFO] [stdout] 
[INFO] [stdout] 
[INFO] [stdout] For more information about this error, try `rustc --explain E0554`.
[INFO] [stdout] 
[INFO] [stderr] error: could not compile `rkyv` (lib) due to 5 previous errors
[INFO] [stderr] warning: build failed, waiting for other jobs to finish...
[INFO] running `Command { std: "docker" "inspect" "5f6fa02f7c51c07b4f77600c8aff660749d9fd36ab091b7aed26c90676573568", kill_on_drop: false }`
[INFO] running `Command { std: "docker" "rm" "-f" "5f6fa02f7c51c07b4f77600c8aff660749d9fd36ab091b7aed26c90676573568", kill_on_drop: false }`
[INFO] [stdout] 5f6fa02f7c51c07b4f77600c8aff660749d9fd36ab091b7aed26c90676573568
