[INFO] fetching crate hanblas 0.0.1...
[INFO] documenting hanblas-0.0.1 against 1.75.0 for beta-1.76-rustdoc-1
[INFO] extracting crate hanblas 0.0.1 into /workspace/builds/worker-2-tc1/source
[INFO] validating manifest of crates.io crate hanblas 0.0.1 on toolchain 1.75.0
[INFO] running `Command { std: CARGO_HOME="/workspace/cargo-home" RUSTUP_HOME="/workspace/rustup-home" "/workspace/cargo-home/bin/cargo" "+1.75.0" "metadata" "--manifest-path" "Cargo.toml" "--no-deps", kill_on_drop: false }`
[INFO] started tweaking crates.io crate hanblas 0.0.1
[INFO] finished tweaking crates.io crate hanblas 0.0.1
[INFO] tweaked toml for crates.io crate hanblas 0.0.1 written to /workspace/builds/worker-2-tc1/source/Cargo.toml
[INFO] crate crates.io crate hanblas 0.0.1 already has a lockfile, it will not be regenerated
[INFO] running `Command { std: CARGO_HOME="/workspace/cargo-home" RUSTUP_HOME="/workspace/rustup-home" "/workspace/cargo-home/bin/cargo" "+1.75.0" "fetch" "--manifest-path" "Cargo.toml", kill_on_drop: false }`
[INFO] [stderr] warning: file `/workspace/builds/worker-2-tc1/source/examples/temp_test.rs` found to be present in multiple build targets:
[INFO] [stderr]   * `bin` target `temp_test`
[INFO] [stderr]   * `example` target `temp_test`
[INFO] [stderr] warning: file `/workspace/builds/worker-2-tc1/source/examples/benchmark_gemm.rs` found to be present in multiple build targets:
[INFO] [stderr]   * `bin` target `benchmark_gemm`
[INFO] [stderr]   * `example` target `benchmark_gemm`
[INFO] [stderr] warning: file `/workspace/builds/worker-2-tc1/source/examples/benchmark_sasum.rs` found to be present in multiple build targets:
[INFO] [stderr]   * `bin` target `benchmark_sasum`
[INFO] [stderr]   * `example` target `benchmark_sasum`
[INFO] [stderr]     Updating crates.io index
[INFO] [stderr]  Downloading crates ...
[INFO] [stderr]   Downloaded blas-sys v0.7.1
[INFO] [stderr]   Downloaded blas v0.20.0
[INFO] [stderr]   Downloaded ryu v1.0.4
[INFO] [stderr]   Downloaded serde v1.0.110
[INFO] [stderr]   Downloaded bstr v0.2.13
[INFO] [stderr]   Downloaded csv v1.1.3
[INFO] running `Command { std: "docker" "create" "-v" "/var/lib/crater-agent-workspace/builds/worker-2-tc1/target:/opt/rustwide/target:rw,Z" "-v" "/var/lib/crater-agent-workspace/builds/worker-2-tc1/source:/opt/rustwide/workdir:ro,Z" "-v" "/var/lib/crater-agent-workspace/cargo-home:/opt/rustwide/cargo-home:ro,Z" "-v" "/var/lib/crater-agent-workspace/rustup-home:/opt/rustwide/rustup-home:ro,Z" "-e" "SOURCE_DIR=/opt/rustwide/workdir" "-e" "CARGO_TARGET_DIR=/opt/rustwide/target" "-e" "CARGO_HOME=/opt/rustwide/cargo-home" "-e" "RUSTUP_HOME=/opt/rustwide/rustup-home" "-w" "/opt/rustwide/workdir" "-m" "1610612736" "--user" "0:0" "--network" "none" "ghcr.io/rust-lang/crates-build-env/linux@sha256:2788e3201cd34a07e3172128adcd8b3090168a8e3bcc40d7c032b9dda1df7d1c" "/opt/rustwide/cargo-home/bin/cargo" "+1.75.0" "metadata" "--no-deps" "--format-version=1", kill_on_drop: false }`
[INFO] [stdout] 8212a0878a3736be7d4e6a7f8ca45ad6fae9b3cb36ddc9e742c437de98fc88e7
[INFO] running `Command { std: "docker" "start" "-a" "8212a0878a3736be7d4e6a7f8ca45ad6fae9b3cb36ddc9e742c437de98fc88e7", kill_on_drop: false }`
[INFO] running `Command { std: "docker" "inspect" "8212a0878a3736be7d4e6a7f8ca45ad6fae9b3cb36ddc9e742c437de98fc88e7", kill_on_drop: false }`
[INFO] running `Command { std: "docker" "rm" "-f" "8212a0878a3736be7d4e6a7f8ca45ad6fae9b3cb36ddc9e742c437de98fc88e7", kill_on_drop: false }`
[INFO] [stdout] 8212a0878a3736be7d4e6a7f8ca45ad6fae9b3cb36ddc9e742c437de98fc88e7
[INFO] running `Command { std: "docker" "create" "-v" "/var/lib/crater-agent-workspace/builds/worker-2-tc1/target:/opt/rustwide/target:rw,Z" "-v" "/var/lib/crater-agent-workspace/builds/worker-2-tc1/source:/opt/rustwide/workdir:ro,Z" "-v" "/var/lib/crater-agent-workspace/cargo-home:/opt/rustwide/cargo-home:ro,Z" "-v" "/var/lib/crater-agent-workspace/rustup-home:/opt/rustwide/rustup-home:ro,Z" "-e" "SOURCE_DIR=/opt/rustwide/workdir" "-e" "CARGO_TARGET_DIR=/opt/rustwide/target" "-e" "CARGO_INCREMENTAL=0" "-e" "RUST_BACKTRACE=full" "-e" "RUSTFLAGS=--cap-lints=warn" "-e" "RUSTDOCFLAGS=--cap-lints=warn" "-e" "CARGO_HOME=/opt/rustwide/cargo-home" "-e" "RUSTUP_HOME=/opt/rustwide/rustup-home" "-w" "/opt/rustwide/workdir" "-m" "1610612736" "--user" "0:0" "--network" "none" "ghcr.io/rust-lang/crates-build-env/linux@sha256:2788e3201cd34a07e3172128adcd8b3090168a8e3bcc40d7c032b9dda1df7d1c" "/opt/rustwide/cargo-home/bin/cargo" "+1.75.0" "doc" "--frozen" "--no-deps" "--document-private-items" "--message-format=json", kill_on_drop: false }`
[INFO] [stdout] a7f16ed8ec989c8079fb966d203e44b50fdb3d2ee226f777205300fd9c0a22da
[INFO] running `Command { std: "docker" "start" "-a" "a7f16ed8ec989c8079fb966d203e44b50fdb3d2ee226f777205300fd9c0a22da", kill_on_drop: false }`
[INFO] [stderr] warning: file `/opt/rustwide/workdir/examples/benchmark_gemm.rs` found to be present in multiple build targets:
[INFO] [stderr]   * `bin` target `benchmark_gemm`
[INFO] [stderr]   * `example` target `benchmark_gemm`
[INFO] [stderr] warning: file `/opt/rustwide/workdir/examples/temp_test.rs` found to be present in multiple build targets:
[INFO] [stderr]   * `bin` target `temp_test`
[INFO] [stderr]   * `example` target `temp_test`
[INFO] [stderr] warning: file `/opt/rustwide/workdir/examples/benchmark_sasum.rs` found to be present in multiple build targets:
[INFO] [stderr]   * `bin` target `benchmark_sasum`
[INFO] [stderr]   * `example` target `benchmark_sasum`
[INFO] [stderr]    Compiling autocfg v1.0.0
[INFO] [stderr]    Compiling libc v0.2.69
[INFO] [stderr]    Compiling maybe-uninit v2.0.0
[INFO] [stderr]    Compiling getrandom v0.1.14
[INFO] [stderr]    Compiling byteorder v1.3.4
[INFO] [stderr]    Compiling memchr v2.3.3
[INFO] [stderr]    Compiling serde v1.0.110
[INFO] [stderr]    Compiling rayon-core v1.7.0
[INFO] [stderr]    Compiling ryu v1.0.4
[INFO] [stderr]     Checking either v1.5.3
[INFO] [stderr]     Checking itoa v0.4.5
[INFO] [stderr]    Compiling hanblas v0.0.1 (/opt/rustwide/workdir)
[INFO] [stderr]    Compiling crossbeam-utils v0.7.2
[INFO] [stderr]    Compiling memoffset v0.5.4
[INFO] [stderr]    Compiling crossbeam-epoch v0.8.2
[INFO] [stderr]    Compiling num-traits v0.2.11
[INFO] [stderr]    Compiling num-complex v0.2.4
[INFO] [stderr]     Checking csv-core v0.1.10
[INFO] [stderr]     Checking regex-automata v0.1.9
[INFO] [stderr]     Checking num_cpus v1.13.0
[INFO] [stderr]     Checking blas-sys v0.7.1
[INFO] [stderr]     Checking rand_core v0.5.1
[INFO] [stderr]     Checking crossbeam-queue v0.2.1
[INFO] [stderr]     Checking rand_chacha v0.2.2
[INFO] [stderr]     Checking crossbeam-deque v0.7.3
[INFO] [stderr]     Checking rand v0.7.3
[INFO] [stderr]     Checking rayon v1.3.0
[INFO] [stderr]     Checking blas v0.20.0
[INFO] [stderr]     Checking bstr v0.2.13
[INFO] [stderr]     Checking csv v1.1.3
[INFO] [stderr]  Documenting hanblas v0.0.1 (/opt/rustwide/workdir)
[INFO] [stdout] error: cannot find macro `asm` in this scope
[INFO] [stdout]    --> src/kernel/x86_64/asum.rs:131:9
[INFO] [stdout]     |
[INFO] [stdout] 131 |         asm!("
[INFO] [stdout]     |         ^^^
[INFO] [stdout]     |
[INFO] [stdout] help: consider importing one of these items
[INFO] [stdout]     |
[INFO] [stdout] 2   + use core::arch::asm;
[INFO] [stdout]     |
[INFO] [stdout] 2   + use std::arch::asm;
[INFO] [stdout]     |
[INFO] [stdout] 
[INFO] [stdout] 
[INFO] [stdout] error: cannot find macro `asm` in this scope
[INFO] [stdout]    --> src/kernel/x86_64/asum.rs:131:9
[INFO] [stdout]     |
[INFO] [stdout] 131 |         asm!("
[INFO] [stdout]     |         ^^^
[INFO] [stdout]     |
[INFO] [stdout] help: consider importing one of these items
[INFO] [stdout]     |
[INFO] [stdout] 2   + use core::arch::asm;
[INFO] [stdout]     |
[INFO] [stdout] 2   + use std::arch::asm;
[INFO] [stdout]     |
[INFO] [stdout] 
[INFO] [stdout] 
[INFO] [stdout] warning: unused import: `rayon::prelude::*`
[INFO] [stdout]  --> src/kernel/x86_64/asum.rs:2:5
[INFO] [stdout]   |
[INFO] [stdout] 2 | use rayon::prelude::*;
[INFO] [stdout]   |     ^^^^^^^^^^^^^^^^^
[INFO] [stdout]   |
[INFO] [stdout]   = note: `#[warn(unused_imports)]` on by default
[INFO] [stdout] 
[INFO] [stdout] 
[INFO] [stdout] warning: unused import: `std::arch::x86_64::*`
[INFO] [stdout]  --> src/kernel/x86_64/asum.rs:5:5
[INFO] [stdout]   |
[INFO] [stdout] 5 | use std::arch::x86_64::*;
[INFO] [stdout]   |     ^^^^^^^^^^^^^^^^^^^^
[INFO] [stdout] 
[INFO] [stdout] 
[INFO] [stdout] warning: unused imports: `read_volatile`, `write_volatile`
[INFO] [stdout]  --> src/kernel/generic/asum.rs:2:16
[INFO] [stdout]   |
[INFO] [stdout] 2 | use std::ptr::{read_volatile, write_volatile};
[INFO] [stdout]   |                ^^^^^^^^^^^^^  ^^^^^^^^^^^^^^
[INFO] [stdout] 
[INFO] [stdout] 
[INFO] [stdout] warning: unused imports: `c32`, `c64`
[INFO] [stdout]  --> src/dot.rs:1:27
[INFO] [stdout]   |
[INFO] [stdout] 1 | use self::super::{HanInt, c32, c64};
[INFO] [stdout]   |                           ^^^  ^^^
[INFO] [stdout] 
[INFO] [stdout] 
[INFO] [stdout] warning: type `CBLAS_INDEX` should have an upper camel case name
[INFO] [stdout]  --> src/cblas.rs:5:6
[INFO] [stdout]   |
[INFO] [stdout] 5 | type CBLAS_INDEX = usize;
[INFO] [stdout]   |      ^^^^^^^^^^^ help: convert the identifier to upper camel case: `CblasIndex`
[INFO] [stdout]   |
[INFO] [stdout]   = note: `#[warn(non_camel_case_types)]` on by default
[INFO] [stdout] 
[INFO] [stdout] 
[INFO] [stdout] warning: type `CBLAS_ORDER` should have an upper camel case name
[INFO] [stdout]  --> src/cblas.rs:7:6
[INFO] [stdout]   |
[INFO] [stdout] 7 | enum CBLAS_ORDER {
[INFO] [stdout]   |      ^^^^^^^^^^^ help: convert the identifier to upper camel case: `CblasOrder`
[INFO] [stdout] 
[INFO] [stdout] 
[INFO] [stdout] warning: type `CBLAS_TRANSPOSE` should have an upper camel case name
[INFO] [stdout]   --> src/cblas.rs:12:6
[INFO] [stdout]    |
[INFO] [stdout] 12 | enum CBLAS_TRANSPOSE {
[INFO] [stdout]    |      ^^^^^^^^^^^^^^^ help: convert the identifier to upper camel case: `CblasTranspose`
[INFO] [stdout] 
[INFO] [stdout] 
[INFO] [stdout] warning: type `CBLAS_UPLO` should have an upper camel case name
[INFO] [stdout]   --> src/cblas.rs:18:6
[INFO] [stdout]    |
[INFO] [stdout] 18 | enum CBLAS_UPLO {
[INFO] [stdout]    |      ^^^^^^^^^^ help: convert the identifier to upper camel case: `CblasUplo`
[INFO] [stdout] 
[INFO] [stdout] 
[INFO] [stdout] warning: type `CBLAS_DIAG` should have an upper camel case name
[INFO] [stdout]   --> src/cblas.rs:23:6
[INFO] [stdout]    |
[INFO] [stdout] 23 | enum CBLAS_DIAG {
[INFO] [stdout]    |      ^^^^^^^^^^ help: convert the identifier to upper camel case: `CblasDiag`
[INFO] [stdout] 
[INFO] [stdout] 
[INFO] [stdout] warning: type `CBLAS_INDEX` should have an upper camel case name
[INFO] [stdout]  --> src/cblas.rs:5:6
[INFO] [stdout]   |
[INFO] [stdout] 5 | type CBLAS_INDEX = usize;
[INFO] [stdout]   |      ^^^^^^^^^^^ help: convert the identifier to upper camel case: `CblasIndex`
[INFO] [stdout]   |
[INFO] [stdout]   = note: `#[warn(non_camel_case_types)]` on by default
[INFO] [stdout] 
[INFO] [stdout] 
[INFO] [stdout] warning: type `CBLAS_SIDE` should have an upper camel case name
[INFO] [stdout]   --> src/cblas.rs:28:6
[INFO] [stdout]    |
[INFO] [stdout] 28 | enum CBLAS_SIDE {
[INFO] [stdout]    |      ^^^^^^^^^^ help: convert the identifier to upper camel case: `CblasSide`
[INFO] [stdout] 
[INFO] [stdout] 
[INFO] [stdout] warning: type `CBLAS_ORDER` should have an upper camel case name
[INFO] [stdout]  --> src/cblas.rs:7:6
[INFO] [stdout]   |
[INFO] [stdout] 7 | enum CBLAS_ORDER {
[INFO] [stdout]   |      ^^^^^^^^^^^ help: convert the identifier to upper camel case: `CblasOrder`
[INFO] [stdout] 
[INFO] [stdout] 
[INFO] [stdout] warning: type `CBLAS_TRANSPOSE` should have an upper camel case name
[INFO] [stdout]   --> src/cblas.rs:12:6
[INFO] [stdout]    |
[INFO] [stdout] 12 | enum CBLAS_TRANSPOSE {
[INFO] [stdout]    |      ^^^^^^^^^^^^^^^ help: convert the identifier to upper camel case: `CblasTranspose`
[INFO] [stdout] 
[INFO] [stdout] 
[INFO] [stdout] warning: type `CBLAS_UPLO` should have an upper camel case name
[INFO] [stdout]   --> src/cblas.rs:18:6
[INFO] [stdout]    |
[INFO] [stdout] 18 | enum CBLAS_UPLO {
[INFO] [stdout]    |      ^^^^^^^^^^ help: convert the identifier to upper camel case: `CblasUplo`
[INFO] [stdout] 
[INFO] [stdout] 
[INFO] [stdout] warning: type `CBLAS_DIAG` should have an upper camel case name
[INFO] [stdout]   --> src/cblas.rs:23:6
[INFO] [stdout]    |
[INFO] [stdout] 23 | enum CBLAS_DIAG {
[INFO] [stdout]    |      ^^^^^^^^^^ help: convert the identifier to upper camel case: `CblasDiag`
[INFO] [stdout] 
[INFO] [stdout] 
[INFO] [stdout] warning: type `CBLAS_SIDE` should have an upper camel case name
[INFO] [stdout]   --> src/cblas.rs:28:6
[INFO] [stdout]    |
[INFO] [stdout] 28 | enum CBLAS_SIDE {
[INFO] [stdout]    |      ^^^^^^^^^^ help: convert the identifier to upper camel case: `CblasSide`
[INFO] [stdout] 
[INFO] [stdout] 
[INFO] [stdout] error[E0554]: `#![feature]` may not be used on the stable release channel
[INFO] [stdout]  --> src/lib.rs:1:12
[INFO] [stdout]   |
[INFO] [stdout] 1 | #![feature(asm)]
[INFO] [stdout]   |            ^^^
[INFO] [stdout] 
[INFO] [stdout] 
[INFO] [stdout] error[E0554]: `#![feature]` may not be used on the stable release channel
[INFO] [stdout]  --> src/lib.rs:2:12
[INFO] [stdout]   |
[INFO] [stdout] 2 | #![feature(ptr_offset_from)]
[INFO] [stdout]   |            ^^^^^^^^^^^^^^^
[INFO] [stdout] 
[INFO] [stdout] 
[INFO] [stdout] warning: the feature `asm` has been stable since 1.59.0 and no longer requires an attribute to enable
[INFO] [stdout]  --> src/lib.rs:1:12
[INFO] [stdout]   |
[INFO] [stdout] 1 | #![feature(asm)]
[INFO] [stdout]   |            ^^^
[INFO] [stdout]   |
[INFO] [stdout]   = note: `#[warn(stable_features)]` on by default
[INFO] [stdout] 
[INFO] [stdout] 
[INFO] [stdout] warning: the feature `ptr_offset_from` has been stable since 1.47.0 and no longer requires an attribute to enable
[INFO] [stdout]  --> src/lib.rs:2:12
[INFO] [stdout]   |
[INFO] [stdout] 2 | #![feature(ptr_offset_from)]
[INFO] [stdout]   |            ^^^^^^^^^^^^^^^
[INFO] [stdout] 
[INFO] [stdout] 
[INFO] [stdout] error: aborting due to previous error; 6 warnings emitted
[INFO] [stdout] 
[INFO] [stdout] 
[INFO] [stderr] error: could not document `hanblas`
[INFO] [stderr] 
[INFO] [stderr] Caused by:
[INFO] [stderr]   process didn't exit successfully: `/opt/rustwide/rustup-home/toolchains/1.75.0-x86_64-unknown-linux-gnu/bin/rustdoc --edition=2018 --crate-type lib --crate-name hanblas src/lib.rs -o /opt/rustwide/target/doc --cfg 'feature="default"' --cfg 'feature="dynamic_arch"' --error-format=json --json=diagnostic-rendered-ansi,artifacts,future-incompat --document-private-items -C metadata=a274044e4ab9be97 -L dependency=/opt/rustwide/target/debug/deps --extern blas=/opt/rustwide/target/debug/deps/libblas-cab4c6c990b8906f.rmeta --extern csv=/opt/rustwide/target/debug/deps/libcsv-be6cbf3de5558237.rmeta --extern half=/opt/rustwide/target/debug/deps/libhalf-176e71383f4f0e98.rmeta --extern libc=/opt/rustwide/target/debug/deps/liblibc-570ca497a761523f.rmeta --extern num_complex=/opt/rustwide/target/debug/deps/libnum_complex-da32158cee7d9e32.rmeta --extern num_traits=/opt/rustwide/target/debug/deps/libnum_traits-2371ecb4bd2c66f2.rmeta --extern rand=/opt/rustwide/target/debug/deps/librand-d1505a6e4ac744cf.rmeta --extern rayon=/opt/rustwide/target/debug/deps/librayon-b730a7cf061ebc52.rmeta --cap-lints=warn --crate-version 0.0.1` (exit status: 1)
[INFO] [stderr] warning: build failed, waiting for other jobs to finish...
[INFO] [stdout] error: aborting due to 3 previous errors; 12 warnings emitted
[INFO] [stdout] 
[INFO] [stdout] 
[INFO] [stdout] For more information about this error, try `rustc --explain E0554`.
[INFO] [stdout] 
[INFO] [stderr] error: could not compile `hanblas` (lib) due to 4 previous errors; 12 warnings emitted
[INFO] running `Command { std: "docker" "inspect" "a7f16ed8ec989c8079fb966d203e44b50fdb3d2ee226f777205300fd9c0a22da", kill_on_drop: false }`
[INFO] running `Command { std: "docker" "rm" "-f" "a7f16ed8ec989c8079fb966d203e44b50fdb3d2ee226f777205300fd9c0a22da", kill_on_drop: false }`
[INFO] [stdout] a7f16ed8ec989c8079fb966d203e44b50fdb3d2ee226f777205300fd9c0a22da
[INFO] documenting hanblas-0.0.1 against beta-2023-12-22 for beta-1.76-rustdoc-1
[INFO] extracting crate hanblas 0.0.1 into /workspace/builds/worker-2-tc2/source
[INFO] validating manifest of crates.io crate hanblas 0.0.1 on toolchain beta-2023-12-22
[INFO] running `Command { std: CARGO_HOME="/workspace/cargo-home" RUSTUP_HOME="/workspace/rustup-home" "/workspace/cargo-home/bin/cargo" "+beta-2023-12-22" "metadata" "--manifest-path" "Cargo.toml" "--no-deps", kill_on_drop: false }`
[INFO] started tweaking crates.io crate hanblas 0.0.1
[INFO] finished tweaking crates.io crate hanblas 0.0.1
[INFO] tweaked toml for crates.io crate hanblas 0.0.1 written to /workspace/builds/worker-2-tc2/source/Cargo.toml
[INFO] crate crates.io crate hanblas 0.0.1 already has a lockfile, it will not be regenerated
[INFO] running `Command { std: CARGO_HOME="/workspace/cargo-home" RUSTUP_HOME="/workspace/rustup-home" "/workspace/cargo-home/bin/cargo" "+beta-2023-12-22" "fetch" "--manifest-path" "Cargo.toml", kill_on_drop: false }`
[INFO] [stderr] warning: file `/workspace/builds/worker-2-tc2/source/examples/temp_test.rs` found to be present in multiple build targets:
[INFO] [stderr]   * `bin` target `temp_test`
[INFO] [stderr]   * `example` target `temp_test`
[INFO] [stderr] warning: file `/workspace/builds/worker-2-tc2/source/examples/benchmark_sasum.rs` found to be present in multiple build targets:
[INFO] [stderr]   * `bin` target `benchmark_sasum`
[INFO] [stderr]   * `example` target `benchmark_sasum`
[INFO] [stderr] warning: file `/workspace/builds/worker-2-tc2/source/examples/benchmark_gemm.rs` found to be present in multiple build targets:
[INFO] [stderr]   * `bin` target `benchmark_gemm`
[INFO] [stderr]   * `example` target `benchmark_gemm`
[INFO] running `Command { std: "docker" "create" "-v" "/var/lib/crater-agent-workspace/builds/worker-2-tc2/target:/opt/rustwide/target:rw,Z" "-v" "/var/lib/crater-agent-workspace/builds/worker-2-tc2/source:/opt/rustwide/workdir:ro,Z" "-v" "/var/lib/crater-agent-workspace/cargo-home:/opt/rustwide/cargo-home:ro,Z" "-v" "/var/lib/crater-agent-workspace/rustup-home:/opt/rustwide/rustup-home:ro,Z" "-e" "SOURCE_DIR=/opt/rustwide/workdir" "-e" "CARGO_TARGET_DIR=/opt/rustwide/target" "-e" "CARGO_HOME=/opt/rustwide/cargo-home" "-e" "RUSTUP_HOME=/opt/rustwide/rustup-home" "-w" "/opt/rustwide/workdir" "-m" "1610612736" "--user" "0:0" "--network" "none" "ghcr.io/rust-lang/crates-build-env/linux@sha256:2788e3201cd34a07e3172128adcd8b3090168a8e3bcc40d7c032b9dda1df7d1c" "/opt/rustwide/cargo-home/bin/cargo" "+beta-2023-12-22" "metadata" "--no-deps" "--format-version=1", kill_on_drop: false }`
[INFO] [stdout] 037c5893ce491bfd0ffa3b2836ecc3ea66365be6a99ea61051e26e54e48fb9ea
[INFO] running `Command { std: "docker" "start" "-a" "037c5893ce491bfd0ffa3b2836ecc3ea66365be6a99ea61051e26e54e48fb9ea", kill_on_drop: false }`
[INFO] running `Command { std: "docker" "inspect" "037c5893ce491bfd0ffa3b2836ecc3ea66365be6a99ea61051e26e54e48fb9ea", kill_on_drop: false }`
[INFO] running `Command { std: "docker" "rm" "-f" "037c5893ce491bfd0ffa3b2836ecc3ea66365be6a99ea61051e26e54e48fb9ea", kill_on_drop: false }`
[INFO] [stdout] 037c5893ce491bfd0ffa3b2836ecc3ea66365be6a99ea61051e26e54e48fb9ea
[INFO] running `Command { std: "docker" "create" "-v" "/var/lib/crater-agent-workspace/builds/worker-2-tc2/target:/opt/rustwide/target:rw,Z" "-v" "/var/lib/crater-agent-workspace/builds/worker-2-tc2/source:/opt/rustwide/workdir:ro,Z" "-v" "/var/lib/crater-agent-workspace/cargo-home:/opt/rustwide/cargo-home:ro,Z" "-v" "/var/lib/crater-agent-workspace/rustup-home:/opt/rustwide/rustup-home:ro,Z" "-e" "SOURCE_DIR=/opt/rustwide/workdir" "-e" "CARGO_TARGET_DIR=/opt/rustwide/target" "-e" "CARGO_INCREMENTAL=0" "-e" "RUST_BACKTRACE=full" "-e" "RUSTFLAGS=--cap-lints=warn" "-e" "RUSTDOCFLAGS=--cap-lints=warn" "-e" "CARGO_HOME=/opt/rustwide/cargo-home" "-e" "RUSTUP_HOME=/opt/rustwide/rustup-home" "-w" "/opt/rustwide/workdir" "-m" "1610612736" "--user" "0:0" "--network" "none" "ghcr.io/rust-lang/crates-build-env/linux@sha256:2788e3201cd34a07e3172128adcd8b3090168a8e3bcc40d7c032b9dda1df7d1c" "/opt/rustwide/cargo-home/bin/cargo" "+beta-2023-12-22" "doc" "--frozen" "--no-deps" "--document-private-items" "--message-format=json", kill_on_drop: false }`
[INFO] [stdout] ccf5d061a97b499dbff3f38ca205acbd13029ff08014852e7b96dcaa14a49590
[INFO] running `Command { std: "docker" "start" "-a" "ccf5d061a97b499dbff3f38ca205acbd13029ff08014852e7b96dcaa14a49590", kill_on_drop: false }`
[INFO] [stderr] warning: file `/opt/rustwide/workdir/examples/benchmark_sasum.rs` found to be present in multiple build targets:
[INFO] [stderr]   * `bin` target `benchmark_sasum`
[INFO] [stderr]   * `example` target `benchmark_sasum`
[INFO] [stderr] warning: file `/opt/rustwide/workdir/examples/benchmark_gemm.rs` found to be present in multiple build targets:
[INFO] [stderr]   * `bin` target `benchmark_gemm`
[INFO] [stderr]   * `example` target `benchmark_gemm`
[INFO] [stderr] warning: file `/opt/rustwide/workdir/examples/temp_test.rs` found to be present in multiple build targets:
[INFO] [stderr]   * `bin` target `temp_test`
[INFO] [stderr]   * `example` target `temp_test`
[INFO] [stderr]    Compiling autocfg v1.0.0
[INFO] [stderr]    Compiling libc v0.2.69
[INFO] [stderr]    Compiling maybe-uninit v2.0.0
[INFO] [stderr]    Compiling byteorder v1.3.4
[INFO] [stderr]    Compiling getrandom v0.1.14
[INFO] [stderr]    Compiling memchr v2.3.3
[INFO] [stderr]    Compiling serde v1.0.110
[INFO] [stderr]    Compiling rayon-core v1.7.0
[INFO] [stderr]    Compiling ryu v1.0.4
[INFO] [stderr]     Checking either v1.5.3
[INFO] [stderr]     Checking itoa v0.4.5
[INFO] [stderr]    Compiling hanblas v0.0.1 (/opt/rustwide/workdir)
[INFO] [stderr]    Compiling crossbeam-utils v0.7.2
[INFO] [stderr]    Compiling memoffset v0.5.4
[INFO] [stderr]    Compiling crossbeam-epoch v0.8.2
[INFO] [stderr]    Compiling num-traits v0.2.11
[INFO] [stderr]    Compiling num-complex v0.2.4
[INFO] [stderr]     Checking csv-core v0.1.10
[INFO] [stderr]     Checking regex-automata v0.1.9
[INFO] [stderr]     Checking num_cpus v1.13.0
[INFO] [stderr]     Checking blas-sys v0.7.1
[INFO] [stderr]     Checking rand_core v0.5.1
[INFO] [stderr]     Checking crossbeam-queue v0.2.1
[INFO] [stderr]     Checking rand_chacha v0.2.2
[INFO] [stderr]     Checking crossbeam-deque v0.7.3
[INFO] [stderr]     Checking rand v0.7.3
[INFO] [stderr]     Checking rayon v1.3.0
[INFO] [stderr]     Checking blas v0.20.0
[INFO] [stderr]     Checking bstr v0.2.13
[INFO] [stderr]     Checking csv v1.1.3
[INFO] [stderr]  Documenting hanblas v0.0.1 (/opt/rustwide/workdir)
[INFO] [stdout] error: cannot find macro `asm` in this scope
[INFO] [stdout]    --> src/kernel/x86_64/asum.rs:131:9
[INFO] [stdout]     |
[INFO] [stdout] 131 |         asm!("
[INFO] [stdout]     |         ^^^
[INFO] [stdout]     |
[INFO] [stdout] help: consider importing one of these items
[INFO] [stdout]     |
[INFO] [stdout] 2   + use core::arch::asm;
[INFO] [stdout]     |
[INFO] [stdout] 2   + use std::arch::asm;
[INFO] [stdout]     |
[INFO] [stdout] 
[INFO] [stdout] 
[INFO] [stdout] error: cannot find macro `asm` in this scope
[INFO] [stdout]    --> src/kernel/x86_64/asum.rs:131:9
[INFO] [stdout]     |
[INFO] [stdout] 131 |         asm!("
[INFO] [stdout]     |         ^^^
[INFO] [stdout]     |
[INFO] [stdout] help: consider importing one of these items
[INFO] [stdout]     |
[INFO] [stdout] 2   + use core::arch::asm;
[INFO] [stdout]     |
[INFO] [stdout] 2   + use std::arch::asm;
[INFO] [stdout]     |
[INFO] [stdout] 
[INFO] [stdout] 
[INFO] [stdout] warning: unused import: `rayon::prelude::*`
[INFO] [stdout]  --> src/kernel/x86_64/asum.rs:2:5
[INFO] [stdout]   |
[INFO] [stdout] 2 | use rayon::prelude::*;
[INFO] [stdout]   |     ^^^^^^^^^^^^^^^^^
[INFO] [stdout]   |
[INFO] [stdout]   = note: `#[warn(unused_imports)]` on by default
[INFO] [stdout] 
[INFO] [stdout] 
[INFO] [stdout] warning: unused import: `std::arch::x86_64::*`
[INFO] [stdout]  --> src/kernel/x86_64/asum.rs:5:5
[INFO] [stdout]   |
[INFO] [stdout] 5 | use std::arch::x86_64::*;
[INFO] [stdout]   |     ^^^^^^^^^^^^^^^^^^^^
[INFO] [stdout] 
[INFO] [stdout] 
[INFO] [stdout] warning: unused imports: `read_volatile`, `write_volatile`
[INFO] [stdout]  --> src/kernel/generic/asum.rs:2:16
[INFO] [stdout]   |
[INFO] [stdout] 2 | use std::ptr::{read_volatile, write_volatile};
[INFO] [stdout]   |                ^^^^^^^^^^^^^  ^^^^^^^^^^^^^^
[INFO] [stdout] 
[INFO] [stdout] 
[INFO] [stdout] warning: type `CBLAS_INDEX` should have an upper camel case name
[INFO] [stdout]  --> src/cblas.rs:5:6
[INFO] [stdout]   |
[INFO] [stdout] 5 | type CBLAS_INDEX = usize;
[INFO] [stdout]   |      ^^^^^^^^^^^ help: convert the identifier to upper camel case: `CblasIndex`
[INFO] [stdout]   |
[INFO] [stdout]   = note: `#[warn(non_camel_case_types)]` on by default
[INFO] [stdout] 
[INFO] [stdout] 
[INFO] [stdout] warning: unused imports: `c32`, `c64`
[INFO] [stdout]  --> src/dot.rs:1:27
[INFO] [stdout]   |
[INFO] [stdout] 1 | use self::super::{HanInt, c32, c64};
[INFO] [stdout]   |                           ^^^  ^^^
[INFO] [stdout] 
[INFO] [stdout] 
[INFO] [stdout] warning: type `CBLAS_INDEX` should have an upper camel case name
[INFO] [stdout]  --> src/cblas.rs:5:6
[INFO] [stdout]   |
[INFO] [stdout] 5 | type CBLAS_INDEX = usize;
[INFO] [stdout]   |      ^^^^^^^^^^^ help: convert the identifier to upper camel case: `CblasIndex`
[INFO] [stdout]   |
[INFO] [stdout]   = note: `#[warn(non_camel_case_types)]` on by default
[INFO] [stdout] 
[INFO] [stdout] 
[INFO] [stdout] warning: type `CBLAS_ORDER` should have an upper camel case name
[INFO] [stdout]  --> src/cblas.rs:7:6
[INFO] [stdout]   |
[INFO] [stdout] 7 | enum CBLAS_ORDER {
[INFO] [stdout]   |      ^^^^^^^^^^^ help: convert the identifier to upper camel case: `CblasOrder`
[INFO] [stdout] 
[INFO] [stdout] 
[INFO] [stdout] warning: type `CBLAS_ORDER` should have an upper camel case name
[INFO] [stdout]  --> src/cblas.rs:7:6
[INFO] [stdout]   |
[INFO] [stdout] 7 | enum CBLAS_ORDER {
[INFO] [stdout]   |      ^^^^^^^^^^^ help: convert the identifier to upper camel case: `CblasOrder`
[INFO] [stdout] 
[INFO] [stdout] 
[INFO] [stdout] warning: type `CBLAS_TRANSPOSE` should have an upper camel case name
[INFO] [stdout]   --> src/cblas.rs:12:6
[INFO] [stdout]    |
[INFO] [stdout] 12 | enum CBLAS_TRANSPOSE {
[INFO] [stdout]    |      ^^^^^^^^^^^^^^^ help: convert the identifier to upper camel case: `CblasTranspose`
[INFO] [stdout] 
[INFO] [stdout] 
[INFO] [stdout] warning: type `CBLAS_TRANSPOSE` should have an upper camel case name
[INFO] [stdout]   --> src/cblas.rs:12:6
[INFO] [stdout]    |
[INFO] [stdout] 12 | enum CBLAS_TRANSPOSE {
[INFO] [stdout]    |      ^^^^^^^^^^^^^^^ help: convert the identifier to upper camel case: `CblasTranspose`
[INFO] [stdout] 
[INFO] [stdout] 
[INFO] [stdout] warning: type `CBLAS_UPLO` should have an upper camel case name
[INFO] [stdout]   --> src/cblas.rs:18:6
[INFO] [stdout]    |
[INFO] [stdout] 18 | enum CBLAS_UPLO {
[INFO] [stdout]    |      ^^^^^^^^^^ help: convert the identifier to upper camel case: `CblasUplo`
[INFO] [stdout] 
[INFO] [stdout] 
[INFO] [stdout] warning: type `CBLAS_UPLO` should have an upper camel case name
[INFO] [stdout]   --> src/cblas.rs:18:6
[INFO] [stdout]    |
[INFO] [stdout] 18 | enum CBLAS_UPLO {
[INFO] [stdout]    |      ^^^^^^^^^^ help: convert the identifier to upper camel case: `CblasUplo`
[INFO] [stdout] 
[INFO] [stdout] 
[INFO] [stdout] warning: type `CBLAS_DIAG` should have an upper camel case name
[INFO] [stdout]   --> src/cblas.rs:23:6
[INFO] [stdout]    |
[INFO] [stdout] 23 | enum CBLAS_DIAG {
[INFO] [stdout]    |      ^^^^^^^^^^ help: convert the identifier to upper camel case: `CblasDiag`
[INFO] [stdout] 
[INFO] [stdout] 
[INFO] [stdout] warning: type `CBLAS_DIAG` should have an upper camel case name
[INFO] [stdout]   --> src/cblas.rs:23:6
[INFO] [stdout]    |
[INFO] [stdout] 23 | enum CBLAS_DIAG {
[INFO] [stdout]    |      ^^^^^^^^^^ help: convert the identifier to upper camel case: `CblasDiag`
[INFO] [stdout] 
[INFO] [stdout] 
[INFO] [stdout] warning: type `CBLAS_SIDE` should have an upper camel case name
[INFO] [stdout]   --> src/cblas.rs:28:6
[INFO] [stdout]    |
[INFO] [stdout] 28 | enum CBLAS_SIDE {
[INFO] [stdout]    |      ^^^^^^^^^^ help: convert the identifier to upper camel case: `CblasSide`
[INFO] [stdout] 
[INFO] [stdout] 
[INFO] [stdout] warning: type `CBLAS_SIDE` should have an upper camel case name
[INFO] [stdout]   --> src/cblas.rs:28:6
[INFO] [stdout]    |
[INFO] [stdout] 28 | enum CBLAS_SIDE {
[INFO] [stdout]    |      ^^^^^^^^^^ help: convert the identifier to upper camel case: `CblasSide`
[INFO] [stdout] 
[INFO] [stdout] 
[INFO] [stdout] error[E0554]: `#![feature]` may not be used on the beta release channel
[INFO] [stdout]  --> src/lib.rs:1:12
[INFO] [stdout]   |
[INFO] [stdout] 1 | #![feature(asm)]
[INFO] [stdout]   |            ^^^
[INFO] [stdout] 
[INFO] [stdout] 
[INFO] [stdout] error[E0554]: `#![feature]` may not be used on the beta release channel
[INFO] [stdout]  --> src/lib.rs:2:12
[INFO] [stdout]   |
[INFO] [stdout] 2 | #![feature(ptr_offset_from)]
[INFO] [stdout]   |            ^^^^^^^^^^^^^^^
[INFO] [stdout] 
[INFO] [stdout] 
[INFO] [stdout] warning: the feature `asm` has been stable since 1.59.0 and no longer requires an attribute to enable
[INFO] [stdout]  --> src/lib.rs:1:12
[INFO] [stdout]   |
[INFO] [stdout] 1 | #![feature(asm)]
[INFO] [stdout]   |            ^^^
[INFO] [stdout]   |
[INFO] [stdout]   = note: `#[warn(stable_features)]` on by default
[INFO] [stdout] 
[INFO] [stdout] 
[INFO] [stdout] warning: the feature `ptr_offset_from` has been stable since 1.47.0 and no longer requires an attribute to enable
[INFO] [stdout]  --> src/lib.rs:2:12
[INFO] [stdout]   |
[INFO] [stdout] 2 | #![feature(ptr_offset_from)]
[INFO] [stdout]   |            ^^^^^^^^^^^^^^^
[INFO] [stdout] 
[INFO] [stdout] 
[INFO] [stdout] error: aborting due to 1 previous error; 6 warnings emitted
[INFO] [stdout] 
[INFO] [stdout] 
[INFO] [stderr] error: could not document `hanblas`
[INFO] [stderr] 
[INFO] [stderr] Caused by:
[INFO] [stderr]   process didn't exit successfully: `/opt/rustwide/rustup-home/toolchains/beta-2023-12-22-x86_64-unknown-linux-gnu/bin/rustdoc --edition=2018 --crate-type lib --crate-name hanblas src/lib.rs -o /opt/rustwide/target/doc --cfg 'feature="default"' --cfg 'feature="dynamic_arch"' --error-format=json --json=diagnostic-rendered-ansi,artifacts,future-incompat --document-private-items -C metadata=42bc9fa6323acd22 -L dependency=/opt/rustwide/target/debug/deps --extern blas=/opt/rustwide/target/debug/deps/libblas-5964a5e1d2446634.rmeta --extern csv=/opt/rustwide/target/debug/deps/libcsv-716c864b847ec4ec.rmeta --extern half=/opt/rustwide/target/debug/deps/libhalf-faa83624a9a0f012.rmeta --extern libc=/opt/rustwide/target/debug/deps/liblibc-6f9a4755440b4db8.rmeta --extern num_complex=/opt/rustwide/target/debug/deps/libnum_complex-9a3adeeb4683c005.rmeta --extern num_traits=/opt/rustwide/target/debug/deps/libnum_traits-a60712c1d5604e64.rmeta --extern rand=/opt/rustwide/target/debug/deps/librand-1f33ae74dc452a96.rmeta --extern rayon=/opt/rustwide/target/debug/deps/librayon-7a068f818d033f2e.rmeta --cap-lints=warn --crate-version 0.0.1` (exit status: 1)
[INFO] [stderr] warning: build failed, waiting for other jobs to finish...
[INFO] [stdout] error: aborting due to 3 previous errors; 12 warnings emitted
[INFO] [stdout] 
[INFO] [stdout] 
[INFO] [stdout] For more information about this error, try `rustc --explain E0554`.
[INFO] [stdout] 
[INFO] [stderr] error: could not compile `hanblas` (lib) due to 4 previous errors; 12 warnings emitted
[INFO] running `Command { std: "docker" "inspect" "ccf5d061a97b499dbff3f38ca205acbd13029ff08014852e7b96dcaa14a49590", kill_on_drop: false }`
[INFO] running `Command { std: "docker" "rm" "-f" "ccf5d061a97b499dbff3f38ca205acbd13029ff08014852e7b96dcaa14a49590", kill_on_drop: false }`
[INFO] [stdout] ccf5d061a97b499dbff3f38ca205acbd13029ff08014852e7b96dcaa14a49590
