[INFO] fetching crate grafbase-local-backend 0.19.2...
[INFO] documenting grafbase-local-backend-0.19.2 against 1.75.0 for beta-1.76-rustdoc-1
[INFO] extracting crate grafbase-local-backend 0.19.2 into /workspace/builds/worker-3-tc1/source
[INFO] validating manifest of crates.io crate grafbase-local-backend 0.19.2 on toolchain 1.75.0
[INFO] running `Command { std: CARGO_HOME="/workspace/cargo-home" RUSTUP_HOME="/workspace/rustup-home" "/workspace/cargo-home/bin/cargo" "+1.75.0" "metadata" "--manifest-path" "Cargo.toml" "--no-deps", kill_on_drop: false }`
[INFO] started tweaking crates.io crate grafbase-local-backend 0.19.2
[INFO] finished tweaking crates.io crate grafbase-local-backend 0.19.2
[INFO] tweaked toml for crates.io crate grafbase-local-backend 0.19.2 written to /workspace/builds/worker-3-tc1/source/Cargo.toml
[INFO] running `Command { std: CARGO_HOME="/workspace/cargo-home" RUSTUP_HOME="/workspace/rustup-home" "/workspace/cargo-home/bin/cargo" "+1.75.0" "generate-lockfile" "--manifest-path" "Cargo.toml", kill_on_drop: false }`
[INFO] [stderr]     Updating crates.io index
[INFO] running `Command { std: CARGO_HOME="/workspace/cargo-home" RUSTUP_HOME="/workspace/rustup-home" "/workspace/cargo-home/bin/cargo" "+1.75.0" "fetch" "--manifest-path" "Cargo.toml", kill_on_drop: false }`
[INFO] [stderr]  Downloading crates ...
[INFO] [stderr]   Downloaded libflate_lz77 v1.2.0
[INFO] [stderr]   Downloaded murmurhash32 v0.2.0
[INFO] [stderr]   Downloaded konst_macro_rules v0.2.19
[INFO] [stderr]   Downloaded levenshtein_automata v0.2.1
[INFO] [stderr]   Downloaded include-flate-codegen-exports v0.1.4
[INFO] [stderr]   Downloaded http-serde v1.1.3
[INFO] [stderr]   Downloaded rust-embed-impl v6.8.1
[INFO] [stderr]   Downloaded grafbase-local-server v0.19.2
[INFO] [stderr]   Downloaded rust-embed-utils v7.8.1
[INFO] [stderr]   Downloaded const_format_proc_macros v0.2.32
[INFO] [stderr]   Downloaded const_format v0.2.32
[INFO] [stderr]   Downloaded tantivy-query-grammar v0.19.0
[INFO] [stderr]   Downloaded htmlescape v0.3.1
[INFO] [stderr]   Downloaded fastfield_codecs v0.3.1
[INFO] [stderr]   Downloaded cacache v11.7.1
[INFO] [stderr]   Downloaded rust-embed v6.8.1
[INFO] [stderr]   Downloaded tantivy-fst v0.4.0
[INFO] [stderr]   Downloaded rust-stemmers v1.2.0
[INFO] [stderr]   Downloaded tantivy v0.19.2
[INFO] [stderr]   Downloaded libsqlite3-sys v0.24.2
[INFO] [stderr]   Downloaded include-flate v0.2.0
[INFO] [stderr]   Downloaded grafbase-local-common v0.19.2
[INFO] [stderr]   Downloaded reflink-copy v0.1.14
[INFO] [stderr]   Downloaded windows v0.52.0
[INFO] [stderr]   Downloaded konst v0.2.19
[INFO] [stderr]   Downloaded bitpacking v0.8.4
[INFO] [stderr]   Downloaded lz4_flex v0.9.5
[INFO] [stderr]   Downloaded http-cache-reqwest v0.7.2
[INFO] [stderr]   Downloaded ssri v9.2.0
[INFO] [stderr]   Downloaded fail v0.5.1
[INFO] [stderr]   Downloaded fastdivide v0.4.0
[INFO] [stderr]   Downloaded reqwest-middleware v0.2.4
[INFO] [stderr]   Downloaded http-cache v0.9.2
[INFO] [stderr]   Downloaded tantivy-common v0.4.0
[INFO] [stderr]   Downloaded xxhash-rust v0.8.8
[INFO] [stderr]   Downloaded notify-debouncer-mini v0.2.1
[INFO] [stderr]   Downloaded tantivy-bitpacker v0.3.0
[INFO] [stderr]   Downloaded ownedbytes v0.4.0
[INFO] [stderr]   Downloaded census v0.4.1
[INFO] [stderr]   Downloaded include-flate-codegen v0.1.4
[INFO] [stderr]   Downloaded measure_time v0.8.2
[INFO] [stderr]   Downloaded async-tar v0.4.2
[INFO] [stderr]   Downloaded libflate v1.4.0
[INFO] [stderr]   Downloaded http-cache-semantics v1.0.2
[INFO] running `Command { std: "docker" "create" "-v" "/var/lib/crater-agent-workspace/builds/worker-3-tc1/target:/opt/rustwide/target:rw,Z" "-v" "/var/lib/crater-agent-workspace/builds/worker-3-tc1/source:/opt/rustwide/workdir:ro,Z" "-v" "/var/lib/crater-agent-workspace/cargo-home:/opt/rustwide/cargo-home:ro,Z" "-v" "/var/lib/crater-agent-workspace/rustup-home:/opt/rustwide/rustup-home:ro,Z" "-e" "SOURCE_DIR=/opt/rustwide/workdir" "-e" "CARGO_TARGET_DIR=/opt/rustwide/target" "-e" "CARGO_HOME=/opt/rustwide/cargo-home" "-e" "RUSTUP_HOME=/opt/rustwide/rustup-home" "-w" "/opt/rustwide/workdir" "-m" "1610612736" "--user" "0:0" "--network" "none" "ghcr.io/rust-lang/crates-build-env/linux@sha256:2788e3201cd34a07e3172128adcd8b3090168a8e3bcc40d7c032b9dda1df7d1c" "/opt/rustwide/cargo-home/bin/cargo" "+1.75.0" "metadata" "--no-deps" "--format-version=1", kill_on_drop: false }`
[INFO] [stdout] c6e9cd17d70c656b642fa11c07bf00dd2dbb8d27b40af66182de322fd34418e7
[INFO] running `Command { std: "docker" "start" "-a" "c6e9cd17d70c656b642fa11c07bf00dd2dbb8d27b40af66182de322fd34418e7", kill_on_drop: false }`
[INFO] running `Command { std: "docker" "inspect" "c6e9cd17d70c656b642fa11c07bf00dd2dbb8d27b40af66182de322fd34418e7", kill_on_drop: false }`
[INFO] running `Command { std: "docker" "rm" "-f" "c6e9cd17d70c656b642fa11c07bf00dd2dbb8d27b40af66182de322fd34418e7", kill_on_drop: false }`
[INFO] [stdout] c6e9cd17d70c656b642fa11c07bf00dd2dbb8d27b40af66182de322fd34418e7
[INFO] running `Command { std: "docker" "create" "-v" "/var/lib/crater-agent-workspace/builds/worker-3-tc1/target:/opt/rustwide/target:rw,Z" "-v" "/var/lib/crater-agent-workspace/builds/worker-3-tc1/source:/opt/rustwide/workdir:ro,Z" "-v" "/var/lib/crater-agent-workspace/cargo-home:/opt/rustwide/cargo-home:ro,Z" "-v" "/var/lib/crater-agent-workspace/rustup-home:/opt/rustwide/rustup-home:ro,Z" "-e" "SOURCE_DIR=/opt/rustwide/workdir" "-e" "CARGO_TARGET_DIR=/opt/rustwide/target" "-e" "CARGO_INCREMENTAL=0" "-e" "RUST_BACKTRACE=full" "-e" "RUSTFLAGS=--cap-lints=warn" "-e" "RUSTDOCFLAGS=--cap-lints=warn" "-e" "CARGO_HOME=/opt/rustwide/cargo-home" "-e" "RUSTUP_HOME=/opt/rustwide/rustup-home" "-w" "/opt/rustwide/workdir" "-m" "1610612736" "--user" "0:0" "--network" "none" "ghcr.io/rust-lang/crates-build-env/linux@sha256:2788e3201cd34a07e3172128adcd8b3090168a8e3bcc40d7c032b9dda1df7d1c" "/opt/rustwide/cargo-home/bin/cargo" "+1.75.0" "doc" "--frozen" "--no-deps" "--document-private-items" "--message-format=json", kill_on_drop: false }`
[INFO] [stdout] 955dddad84ad25249bc28b050149718c060fbb949f2f888d146fe03e6d02b3b4
[INFO] running `Command { std: "docker" "start" "-a" "955dddad84ad25249bc28b050149718c060fbb949f2f888d146fe03e6d02b3b4", kill_on_drop: false }`
[INFO] [stderr]    Compiling libc v0.2.151
[INFO] [stderr]     Checking value-bag v1.4.3
[INFO] [stderr]    Compiling crossbeam-utils v0.8.18
[INFO] [stderr]    Compiling serde v1.0.195
[INFO] [stderr]    Compiling proc-macro2 v1.0.76
[INFO] [stderr]     Checking tracing-core v0.1.32
[INFO] [stderr]    Compiling ahash v0.8.7
[INFO] [stderr]    Compiling thiserror v1.0.56
[INFO] [stderr]    Compiling lock_api v0.4.11
[INFO] [stderr]     Checking parking v2.2.0
[INFO] [stderr]    Compiling rustix v0.38.28
[INFO] [stderr]     Checking spin v0.9.8
[INFO] [stderr]    Compiling serde_json v1.0.111
[INFO] [stderr]     Checking linux-raw-sys v0.4.12
[INFO] [stderr]     Checking fastrand v2.0.1
[INFO] [stderr]     Checking zerocopy v0.7.32
[INFO] [stderr]    Compiling smallvec v1.11.2
[INFO] [stderr]    Compiling memchr v2.7.1
[INFO] [stderr]     Checking log v0.4.20
[INFO] [stderr]     Checking either v1.9.0
[INFO] [stderr]     Checking digest v0.10.7
[INFO] [stderr]    Compiling typenum v1.17.0
[INFO] [stderr]    Compiling parking_lot_core v0.8.6
[INFO] [stderr]    Compiling pin-project-lite v0.2.13
[INFO] [stderr]    Compiling rustls v0.20.9
[INFO] [stderr]     Checking event-listener v2.5.3
[INFO] [stderr]     Checking futures-lite v2.2.0
[INFO] [stderr]    Compiling quote v1.0.35
[INFO] [stderr]    Compiling unicase v2.7.0
[INFO] [stderr]    Compiling futures-core v0.3.30
[INFO] [stderr]    Compiling untrusted v0.9.0
[INFO] [stderr]    Compiling rustversion v1.0.14
[INFO] [stderr]     Checking hashbrown v0.14.3
[INFO] [stderr]    Compiling io-lifetimes v1.0.11
[INFO] [stderr]    Compiling futures-sink v0.3.30
[INFO] [stderr]    Compiling syn v2.0.48
[INFO] [stderr]    Compiling syn v1.0.109
[INFO] [stderr]     Checking sha2 v0.10.8
[INFO] [stderr]     Checking concurrent-queue v2.4.0
[INFO] [stderr]    Compiling num-traits v0.2.17
[INFO] [stderr]    Compiling polling v2.8.0
[INFO] [stderr]    Compiling tinyvec_macros v0.1.1
[INFO] [stderr]    Compiling rustix v0.37.27
[INFO] [stderr]     Checking event-listener v4.0.3
[INFO] [stderr]    Compiling generic-array v0.14.7
[INFO] [stderr]    Compiling byteorder v1.5.0
[INFO] [stderr]    Compiling rustls v0.21.10
[INFO] [stderr]    Compiling bytes v1.5.0
[INFO] [stderr]     Checking indexmap v2.1.0
[INFO] [stderr]    Compiling async-trait v0.1.77
[INFO] [stderr]     Checking event-listener-strategy v0.4.0
[INFO] [stderr]    Compiling tinyvec v1.6.0
[INFO] [stderr]    Compiling async-io v1.13.0
[INFO] [stderr]     Checking async-lock v3.2.0
[INFO] [stderr]     Checking instant v0.1.12
[INFO] [stderr]    Compiling futures-io v0.3.30
[INFO] [stderr]    Compiling untrusted v0.7.1
[INFO] [stderr]    Compiling cpufeatures v0.2.12
[INFO] [stderr]     Checking fastrand v1.9.0
[INFO] [stderr]     Checking atomic-waker v1.1.2
[INFO] [stderr]     Checking async-task v4.7.0
[INFO] [stderr]    Compiling spin v0.5.2
[INFO] [stderr]     Checking waker-fn v1.1.1
[INFO] [stderr]    Compiling block-buffer v0.10.4
[INFO] [stderr]    Compiling crypto-common v0.1.6
[INFO] [stderr]     Checking piper v0.2.1
[INFO] [stderr]     Checking futures-lite v1.13.0
[INFO] [stderr]    Compiling mime_guess v2.0.4
[INFO] [stderr]     Checking async-channel v2.1.1
[INFO] [stderr]     Checking async-lock v2.8.0
[INFO] [stderr]    Compiling paste v1.0.14
[INFO] [stderr]     Checking getrandom v0.2.11
[INFO] [stderr]    Compiling cc v1.0.83
[INFO] [stderr]     Checking signal-hook-registry v1.4.1
[INFO] [stderr]     Checking mio v0.8.10
[INFO] [stderr]     Checking num_cpus v1.16.0
[INFO] [stderr]     Checking parking_lot_core v0.9.9
[INFO] [stderr]     Checking socket2 v0.5.5
[INFO] [stderr]     Checking parking_lot v0.12.1
[INFO] [stderr]    Compiling unicode-normalization v0.1.22
[INFO] [stderr]     Checking ahash v0.7.7
[INFO] [stderr]     Checking socket2 v0.4.10
[INFO] [stderr]    Compiling unicode-bidi v0.3.14
[INFO] [stderr]    Compiling rle-decode-fast v1.0.3
[INFO] [stderr]     Checking hashbrown v0.12.3
[INFO] [stderr]    Compiling libflate_lz77 v1.2.0
[INFO] [stderr]     Checking async-executor v1.8.0
[INFO] [stderr]     Checking event-listener v3.1.0
[INFO] [stderr]    Compiling futures-channel v0.3.30
[INFO] [stderr]    Compiling crc32fast v1.3.2
[INFO] [stderr]    Compiling slab v0.4.9
[INFO] [stderr]    Compiling pin-utils v0.1.0
[INFO] [stderr]    Compiling allocator-api2 v0.2.16
[INFO] [stderr]    Compiling adler32 v1.2.0
[INFO] [stderr]    Compiling percent-encoding v2.3.1
[INFO] [stderr]    Compiling futures-task v0.3.30
[INFO] [stderr]    Compiling unicode-segmentation v1.10.1
[INFO] [stderr]    Compiling void v1.0.2
[INFO] [stderr]    Compiling nom v7.1.3
[INFO] [stderr]    Compiling libflate v1.4.0
[INFO] [stderr]    Compiling form_urlencoded v1.2.1
[INFO] [stderr]    Compiling unreachable v1.0.0
[INFO] [stderr]    Compiling anyhow v1.0.79
[INFO] [stderr]    Compiling parking_lot v0.11.2
[INFO] [stderr]    Compiling idna v0.5.0
[INFO] [stderr]     Checking rand_core v0.6.4
[INFO] [stderr]     Checking memmap2 v0.5.10
[INFO] [stderr]    Compiling ring v0.17.7
[INFO] [stderr]    Compiling ring v0.16.20
[INFO] [stderr]    Compiling libsqlite3-sys v0.24.2
[INFO] [stderr]    Compiling heck v0.4.1
[INFO] [stderr]     Checking async-channel v1.9.0
[INFO] [stderr]     Checking crossbeam-epoch v0.9.17
[INFO] [stderr]    Compiling itertools v0.12.0
[INFO] [stderr]     Checking kv-log-macro v1.0.7
[INFO] [stderr]     Checking aho-corasick v1.1.2
[INFO] [stderr]    Compiling itoa v1.0.10
[INFO] [stderr]     Checking webpki-roots v0.25.3
[INFO] [stderr]    Compiling finl_unicode v1.2.0
[INFO] [stderr]    Compiling darling_core v0.13.4
[INFO] [stderr]    Compiling unicode_categories v0.1.1
[INFO] [stderr]    Compiling rayon-core v1.12.0
[INFO] [stderr]    Compiling ryu v1.0.16
[INFO] [stderr]    Compiling crc-catalog v2.4.0
[INFO] [stderr]    Compiling base64 v0.21.5
[INFO] [stderr]     Checking tower-layer v0.3.2
[INFO] [stderr]     Checking unicode-width v0.1.11
[INFO] [stderr]    Compiling crossbeam-queue v0.3.10
[INFO] [stderr]    Compiling crc v3.0.1
[INFO] [stderr]     Checking tempfile v3.9.0
[INFO] [stderr]    Compiling rustls-pemfile v1.0.4
[INFO] [stderr]    Compiling walkdir v2.4.0
[INFO] [stderr]    Compiling combine v3.8.1
[INFO] [stderr]     Checking rand_chacha v0.3.1
[INFO] [stderr]    Compiling hashlink v0.8.4
[INFO] [stderr]     Checking regex-automata v0.4.3
[INFO] [stderr]    Compiling stringprep v0.1.4
[INFO] [stderr]     Checking ownedbytes v0.4.0
[INFO] [stderr]     Checking crossbeam-deque v0.8.4
[INFO] [stderr]    Compiling indexmap v1.9.3
[INFO] [stderr]    Compiling futures-intrusive v0.4.2
[INFO] [stderr]    Compiling sqlformat v0.2.3
[INFO] [stderr]    Compiling axum-core v0.3.4
[INFO] [stderr]     Checking filetime v0.2.23
[INFO] [stderr]     Checking inotify-sys v0.1.5
[INFO] [stderr]    Compiling atoi v1.0.0
[INFO] [stderr]     Checking crossbeam-channel v0.5.10
[INFO] [stderr]     Checking sha-1 v0.10.1
[INFO] [stderr]    Compiling hex v0.4.3
[INFO] [stderr]     Checking xxhash-rust v0.8.8
[INFO] [stderr]    Compiling dotenvy v0.15.7
[INFO] [stderr]     Checking option-ext v0.2.0
[INFO] [stderr]     Checking dirs-sys v0.4.1
[INFO] [stderr]     Checking inotify v0.9.6
[INFO] [stderr]     Checking tantivy-common v0.4.0
[INFO] [stderr]     Checking rand v0.8.5
[INFO] [stderr]    Compiling rust-embed-utils v7.8.1
[INFO] [stderr]     Checking reflink-copy v0.1.14
[INFO] [stderr]    Compiling axum v0.6.20
[INFO] [stderr]    Compiling counter v0.5.7
[INFO] [stderr]    Compiling vte_generate_state_changes v0.1.1
[INFO] [stderr]     Checking regex v1.10.2
[INFO] [stderr]     Checking sha1 v0.10.6
[INFO] [stderr]     Checking itertools v0.10.5
[INFO] [stderr]     Checking combine v4.6.6
[INFO] [stderr]     Checking home v0.5.9
[INFO] [stderr]     Checking utf8-ranges v1.0.5
[INFO] [stderr]     Checking arrayvec v0.5.2
[INFO] [stderr]     Checking fastdivide v0.4.0
[INFO] [stderr]     Checking tantivy-bitpacker v0.3.0
[INFO] [stderr]     Checking fail v0.5.1
[INFO] [stderr]     Checking rayon v1.8.0
[INFO] [stderr]     Checking bitpacking v0.8.4
[INFO] [stderr]    Compiling darling_macro v0.13.4
[INFO] [stderr]    Compiling include-flate-codegen v0.1.4
[INFO] [stderr]     Checking tantivy-fst v0.4.0
[INFO] [stderr]     Checking vte v0.10.1
[INFO] [stderr]    Compiling strum_macros v0.24.3
[INFO] [stderr]    Compiling serde_derive v1.0.195
[INFO] [stderr]    Compiling tracing-attributes v0.1.27
[INFO] [stderr]    Compiling tokio-macros v2.2.0
[INFO] [stderr]    Compiling futures-macro v0.3.30
[INFO] [stderr]    Compiling thiserror-impl v1.0.56
[INFO] [stderr]    Compiling pin-project-internal v1.1.3
[INFO] [stderr]     Checking sct v0.7.1
[INFO] [stderr]     Checking rustls-webpki v0.101.7
[INFO] [stderr]     Checking webpki v0.22.4
[INFO] [stderr]    Compiling miette-derive v5.10.0
[INFO] [stderr]     Checking tokio v1.35.1
[INFO] [stderr]     Checking futures-util v0.3.30
[INFO] [stderr] The following warnings were emitted during compilation:
[INFO] [stderr] 
[INFO] [stderr] warning: libsqlite3-sys@0.24.2: cc: fatal error: Killed signal terminated program cc1
[INFO] [stderr] warning: libsqlite3-sys@0.24.2: compilation terminated.
[INFO] [stderr] 
[INFO] [stderr] error: failed to run custom build command for `libsqlite3-sys v0.24.2`
[INFO] [stderr] note: To improve backtraces for build dependencies, set the CARGO_PROFILE_DEV_BUILD_OVERRIDE_DEBUG=true environment variable to enable debug information generation.
[INFO] [stderr] 
[INFO] [stderr] Caused by:
[INFO] [stderr]   process didn't exit successfully: `/opt/rustwide/target/debug/build/libsqlite3-sys-4eaa6cd284f5d2f4/build-script-build` (exit status: 1)
[INFO] [stderr]   --- stdout
[INFO] [stderr]   cargo:rerun-if-changed=sqlite3/sqlite3.c
[INFO] [stderr]   cargo:rerun-if-changed=sqlite3/wasm32-wasi-vfs.c
[INFO] [stderr]   cargo:rerun-if-env-changed=SQLITE_MAX_VARIABLE_NUMBER
[INFO] [stderr]   cargo:rerun-if-env-changed=SQLITE_MAX_EXPR_DEPTH
[INFO] [stderr]   cargo:rerun-if-env-changed=LIBSQLITE3_FLAGS
[INFO] [stderr]   TARGET = Some("x86_64-unknown-linux-gnu")
[INFO] [stderr]   OPT_LEVEL = Some("0")
[INFO] [stderr]   HOST = Some("x86_64-unknown-linux-gnu")
[INFO] [stderr]   cargo:rerun-if-env-changed=CC_x86_64-unknown-linux-gnu
[INFO] [stderr]   CC_x86_64-unknown-linux-gnu = None
[INFO] [stderr]   cargo:rerun-if-env-changed=CC_x86_64_unknown_linux_gnu
[INFO] [stderr]   CC_x86_64_unknown_linux_gnu = None
[INFO] [stderr]   cargo:rerun-if-env-changed=HOST_CC
[INFO] [stderr]   HOST_CC = None
[INFO] [stderr]   cargo:rerun-if-env-changed=CC
[INFO] [stderr]   CC = None
[INFO] [stderr]   cargo:rerun-if-env-changed=CRATE_CC_NO_DEFAULTS
[INFO] [stderr]   CRATE_CC_NO_DEFAULTS = None
[INFO] [stderr]   DEBUG = Some("true")
[INFO] [stderr]   CARGO_CFG_TARGET_FEATURE = Some("fxsr,sse,sse2")
[INFO] [stderr]   cargo:rerun-if-env-changed=CFLAGS_x86_64-unknown-linux-gnu
[INFO] [stderr]   CFLAGS_x86_64-unknown-linux-gnu = None
[INFO] [stderr]   cargo:rerun-if-env-changed=CFLAGS_x86_64_unknown_linux_gnu
[INFO] [stderr]   CFLAGS_x86_64_unknown_linux_gnu = None
[INFO] [stderr]   cargo:rerun-if-env-changed=HOST_CFLAGS
[INFO] [stderr]   HOST_CFLAGS = None
[INFO] [stderr]   cargo:rerun-if-env-changed=CFLAGS
[INFO] [stderr]   CFLAGS = None
[INFO] [stderr]   running: "cc" "-O0" "-ffunction-sections" "-fdata-sections" "-fPIC" "-gdwarf-4" "-fno-omit-frame-pointer" "-m64" "-DSQLITE_CORE" "-DSQLITE_DEFAULT_FOREIGN_KEYS=1" "-DSQLITE_ENABLE_API_ARMOR" "-DSQLITE_ENABLE_COLUMN_METADATA" "-DSQLITE_ENABLE_DBSTAT_VTAB" "-DSQLITE_ENABLE_FTS3" "-DSQLITE_ENABLE_FTS3_PARENTHESIS" "-DSQLITE_ENABLE_FTS5" "-DSQLITE_ENABLE_JSON1" "-DSQLITE_ENABLE_LOAD_EXTENSION=1" "-DSQLITE_ENABLE_MEMORY_MANAGEMENT" "-DSQLITE_ENABLE_RTREE" "-DSQLITE_ENABLE_STAT2" "-DSQLITE_ENABLE_STAT4" "-DSQLITE_SOUNDEX" "-DSQLITE_THREADSAFE=1" "-DSQLITE_USE_URI" "-DHAVE_USLEEP=1" "-D_POSIX_THREAD_SAFE_FUNCTIONS" "-DHAVE_ISNAN" "-DHAVE_LOCALTIME_R" "-DSQLITE_ENABLE_UNLOCK_NOTIFY" "-o" "/opt/rustwide/target/debug/build/libsqlite3-sys-2c21e02cecdc7cd3/out/sqlite3/sqlite3.o" "-c" "sqlite3/sqlite3.c"
[INFO] [stderr]   exit status: 1
[INFO] [stderr]   cargo:warning=cc: fatal error: Killed signal terminated program cc1
[INFO] [stderr] 
[INFO] [stderr]   cargo:warning=compilation terminated.
[INFO] [stderr] 
[INFO] [stderr] 
[INFO] [stderr]   --- stderr
[INFO] [stderr] 
[INFO] [stderr] 
[INFO] [stderr]   error occurred: Command "cc" "-O0" "-ffunction-sections" "-fdata-sections" "-fPIC" "-gdwarf-4" "-fno-omit-frame-pointer" "-m64" "-DSQLITE_CORE" "-DSQLITE_DEFAULT_FOREIGN_KEYS=1" "-DSQLITE_ENABLE_API_ARMOR" "-DSQLITE_ENABLE_COLUMN_METADATA" "-DSQLITE_ENABLE_DBSTAT_VTAB" "-DSQLITE_ENABLE_FTS3" "-DSQLITE_ENABLE_FTS3_PARENTHESIS" "-DSQLITE_ENABLE_FTS5" "-DSQLITE_ENABLE_JSON1" "-DSQLITE_ENABLE_LOAD_EXTENSION=1" "-DSQLITE_ENABLE_MEMORY_MANAGEMENT" "-DSQLITE_ENABLE_RTREE" "-DSQLITE_ENABLE_STAT2" "-DSQLITE_ENABLE_STAT4" "-DSQLITE_SOUNDEX" "-DSQLITE_THREADSAFE=1" "-DSQLITE_USE_URI" "-DHAVE_USLEEP=1" "-D_POSIX_THREAD_SAFE_FUNCTIONS" "-DHAVE_ISNAN" "-DHAVE_LOCALTIME_R" "-DSQLITE_ENABLE_UNLOCK_NOTIFY" "-o" "/opt/rustwide/target/debug/build/libsqlite3-sys-2c21e02cecdc7cd3/out/sqlite3/sqlite3.o" "-c" "sqlite3/sqlite3.c" with args "cc" did not execute successfully (status code exit status: 1).
[INFO] [stderr] 
[INFO] [stderr] 
[INFO] [stderr] warning: build failed, waiting for other jobs to finish...
[INFO] running `Command { std: "docker" "inspect" "955dddad84ad25249bc28b050149718c060fbb949f2f888d146fe03e6d02b3b4", kill_on_drop: false }`
[INFO] running `Command { std: "docker" "rm" "-f" "955dddad84ad25249bc28b050149718c060fbb949f2f888d146fe03e6d02b3b4", kill_on_drop: false }`
[INFO] [stdout] 955dddad84ad25249bc28b050149718c060fbb949f2f888d146fe03e6d02b3b4
[INFO] documenting grafbase-local-backend-0.19.2 against beta-2023-12-22 for beta-1.76-rustdoc-1
[INFO] extracting crate grafbase-local-backend 0.19.2 into /workspace/builds/worker-3-tc2/source
[INFO] validating manifest of crates.io crate grafbase-local-backend 0.19.2 on toolchain beta-2023-12-22
[INFO] running `Command { std: CARGO_HOME="/workspace/cargo-home" RUSTUP_HOME="/workspace/rustup-home" "/workspace/cargo-home/bin/cargo" "+beta-2023-12-22" "metadata" "--manifest-path" "Cargo.toml" "--no-deps", kill_on_drop: false }`
[INFO] started tweaking crates.io crate grafbase-local-backend 0.19.2
[INFO] finished tweaking crates.io crate grafbase-local-backend 0.19.2
[INFO] tweaked toml for crates.io crate grafbase-local-backend 0.19.2 written to /workspace/builds/worker-3-tc2/source/Cargo.toml
[INFO] running `Command { std: CARGO_HOME="/workspace/cargo-home" RUSTUP_HOME="/workspace/rustup-home" "/workspace/cargo-home/bin/cargo" "+beta-2023-12-22" "generate-lockfile" "--manifest-path" "Cargo.toml", kill_on_drop: false }`
[INFO] [stderr]     Updating crates.io index
[INFO] running `Command { std: CARGO_HOME="/workspace/cargo-home" RUSTUP_HOME="/workspace/rustup-home" "/workspace/cargo-home/bin/cargo" "+beta-2023-12-22" "fetch" "--manifest-path" "Cargo.toml", kill_on_drop: false }`
[INFO] running `Command { std: "docker" "create" "-v" "/var/lib/crater-agent-workspace/builds/worker-3-tc2/target:/opt/rustwide/target:rw,Z" "-v" "/var/lib/crater-agent-workspace/builds/worker-3-tc2/source:/opt/rustwide/workdir:ro,Z" "-v" "/var/lib/crater-agent-workspace/cargo-home:/opt/rustwide/cargo-home:ro,Z" "-v" "/var/lib/crater-agent-workspace/rustup-home:/opt/rustwide/rustup-home:ro,Z" "-e" "SOURCE_DIR=/opt/rustwide/workdir" "-e" "CARGO_TARGET_DIR=/opt/rustwide/target" "-e" "CARGO_HOME=/opt/rustwide/cargo-home" "-e" "RUSTUP_HOME=/opt/rustwide/rustup-home" "-w" "/opt/rustwide/workdir" "-m" "1610612736" "--user" "0:0" "--network" "none" "ghcr.io/rust-lang/crates-build-env/linux@sha256:2788e3201cd34a07e3172128adcd8b3090168a8e3bcc40d7c032b9dda1df7d1c" "/opt/rustwide/cargo-home/bin/cargo" "+beta-2023-12-22" "metadata" "--no-deps" "--format-version=1", kill_on_drop: false }`
[INFO] [stdout] 29cefed4817bb07cb9b285b873eb23e2ffbbdf6ea49369512ec396238beabfdf
[INFO] running `Command { std: "docker" "start" "-a" "29cefed4817bb07cb9b285b873eb23e2ffbbdf6ea49369512ec396238beabfdf", kill_on_drop: false }`
[INFO] running `Command { std: "docker" "inspect" "29cefed4817bb07cb9b285b873eb23e2ffbbdf6ea49369512ec396238beabfdf", kill_on_drop: false }`
[INFO] running `Command { std: "docker" "rm" "-f" "29cefed4817bb07cb9b285b873eb23e2ffbbdf6ea49369512ec396238beabfdf", kill_on_drop: false }`
[INFO] [stdout] 29cefed4817bb07cb9b285b873eb23e2ffbbdf6ea49369512ec396238beabfdf
[INFO] running `Command { std: "docker" "create" "-v" "/var/lib/crater-agent-workspace/builds/worker-3-tc2/target:/opt/rustwide/target:rw,Z" "-v" "/var/lib/crater-agent-workspace/builds/worker-3-tc2/source:/opt/rustwide/workdir:ro,Z" "-v" "/var/lib/crater-agent-workspace/cargo-home:/opt/rustwide/cargo-home:ro,Z" "-v" "/var/lib/crater-agent-workspace/rustup-home:/opt/rustwide/rustup-home:ro,Z" "-e" "SOURCE_DIR=/opt/rustwide/workdir" "-e" "CARGO_TARGET_DIR=/opt/rustwide/target" "-e" "CARGO_INCREMENTAL=0" "-e" "RUST_BACKTRACE=full" "-e" "RUSTFLAGS=--cap-lints=warn" "-e" "RUSTDOCFLAGS=--cap-lints=warn" "-e" "CARGO_HOME=/opt/rustwide/cargo-home" "-e" "RUSTUP_HOME=/opt/rustwide/rustup-home" "-w" "/opt/rustwide/workdir" "-m" "1610612736" "--user" "0:0" "--network" "none" "ghcr.io/rust-lang/crates-build-env/linux@sha256:2788e3201cd34a07e3172128adcd8b3090168a8e3bcc40d7c032b9dda1df7d1c" "/opt/rustwide/cargo-home/bin/cargo" "+beta-2023-12-22" "doc" "--frozen" "--no-deps" "--document-private-items" "--message-format=json", kill_on_drop: false }`
[INFO] [stdout] 279aada15f69148704874ba1fe555ea35d791216f76784a4aff38d074ebe1847
[INFO] running `Command { std: "docker" "start" "-a" "279aada15f69148704874ba1fe555ea35d791216f76784a4aff38d074ebe1847", kill_on_drop: false }`
[INFO] [stderr]    Compiling libc v0.2.151
[INFO] [stderr]     Checking value-bag v1.4.3
[INFO] [stderr]    Compiling crossbeam-utils v0.8.18
[INFO] [stderr]    Compiling serde v1.0.195
[INFO] [stderr]    Compiling proc-macro2 v1.0.76
[INFO] [stderr]     Checking tracing-core v0.1.32
[INFO] [stderr]    Compiling ahash v0.8.7
[INFO] [stderr]    Compiling thiserror v1.0.56
[INFO] [stderr]    Compiling lock_api v0.4.11
[INFO] [stderr]     Checking parking v2.2.0
[INFO] [stderr]     Checking spin v0.9.8
[INFO] [stderr]    Compiling rustix v0.38.28
[INFO] [stderr]    Compiling serde_json v1.0.111
[INFO] [stderr]     Checking fastrand v2.0.1
[INFO] [stderr]     Checking linux-raw-sys v0.4.12
[INFO] [stderr]     Checking zerocopy v0.7.32
[INFO] [stderr]    Compiling smallvec v1.11.2
[INFO] [stderr]     Checking either v1.9.0
[INFO] [stderr]     Checking log v0.4.20
[INFO] [stderr]    Compiling memchr v2.7.1
[INFO] [stderr]     Checking digest v0.10.7
[INFO] [stderr]    Compiling typenum v1.17.0
[INFO] [stderr]    Compiling parking_lot_core v0.8.6
[INFO] [stderr]    Compiling rustls v0.20.9
[INFO] [stderr]     Checking event-listener v2.5.3
[INFO] [stderr]    Compiling pin-project-lite v0.2.13
[INFO] [stderr]     Checking futures-lite v2.2.0
[INFO] [stderr]    Compiling unicase v2.7.0
[INFO] [stderr]    Compiling untrusted v0.9.0
[INFO] [stderr]    Compiling rustversion v1.0.14
[INFO] [stderr]    Compiling futures-core v0.3.30
[INFO] [stderr]    Compiling quote v1.0.35
[INFO] [stderr]    Compiling futures-sink v0.3.30
[INFO] [stderr]     Checking hashbrown v0.14.3
[INFO] [stderr]    Compiling io-lifetimes v1.0.11
[INFO] [stderr]     Checking sha2 v0.10.8
[INFO] [stderr]    Compiling num-traits v0.2.17
[INFO] [stderr]    Compiling syn v2.0.48
[INFO] [stderr]     Checking concurrent-queue v2.4.0
[INFO] [stderr]    Compiling syn v1.0.109
[INFO] [stderr]    Compiling polling v2.8.0
[INFO] [stderr]    Compiling tinyvec_macros v0.1.1
[INFO] [stderr]    Compiling rustix v0.37.27
[INFO] [stderr]    Compiling byteorder v1.5.0
[INFO] [stderr]     Checking event-listener v4.0.3
[INFO] [stderr]    Compiling rustls v0.21.10
[INFO] [stderr]    Compiling generic-array v0.14.7
[INFO] [stderr]    Compiling bytes v1.5.0
[INFO] [stderr]     Checking event-listener-strategy v0.4.0
[INFO] [stderr]    Compiling async-trait v0.1.77
[INFO] [stderr]    Compiling tinyvec v1.6.0
[INFO] [stderr]    Compiling async-io v1.13.0
[INFO] [stderr]     Checking indexmap v2.1.0
[INFO] [stderr]     Checking instant v0.1.12
[INFO] [stderr]     Checking async-lock v3.2.0
[INFO] [stderr]     Checking fastrand v1.9.0
[INFO] [stderr]     Checking atomic-waker v1.1.2
[INFO] [stderr]    Compiling untrusted v0.7.1
[INFO] [stderr]    Compiling futures-io v0.3.30
[INFO] [stderr]    Compiling cpufeatures v0.2.12
[INFO] [stderr]     Checking waker-fn v1.1.1
[INFO] [stderr]    Compiling spin v0.5.2
[INFO] [stderr]     Checking async-task v4.7.0
[INFO] [stderr]     Checking futures-lite v1.13.0
[INFO] [stderr]     Checking piper v0.2.1
[INFO] [stderr]    Compiling mime_guess v2.0.4
[INFO] [stderr]     Checking async-channel v2.1.1
[INFO] [stderr]     Checking async-lock v2.8.0
[INFO] [stderr]    Compiling block-buffer v0.10.4
[INFO] [stderr]    Compiling crypto-common v0.1.6
[INFO] [stderr]     Checking getrandom v0.2.11
[INFO] [stderr]     Checking signal-hook-registry v1.4.1
[INFO] [stderr]     Checking mio v0.8.10
[INFO] [stderr]     Checking parking_lot_core v0.9.9
[INFO] [stderr]     Checking num_cpus v1.16.0
[INFO] [stderr]     Checking socket2 v0.5.5
[INFO] [stderr]     Checking ahash v0.7.7
[INFO] [stderr]     Checking socket2 v0.4.10
[INFO] [stderr]     Checking parking_lot v0.12.1
[INFO] [stderr]    Compiling cc v1.0.83
[INFO] [stderr]    Compiling unicode-normalization v0.1.22
[INFO] [stderr]    Compiling rle-decode-fast v1.0.3
[INFO] [stderr]    Compiling unicode-bidi v0.3.14
[INFO] [stderr]    Compiling paste v1.0.14
[INFO] [stderr]    Compiling libflate_lz77 v1.2.0
[INFO] [stderr]     Checking hashbrown v0.12.3
[INFO] [stderr]     Checking async-executor v1.8.0
[INFO] [stderr]     Checking event-listener v3.1.0
[INFO] [stderr]    Compiling futures-channel v0.3.30
[INFO] [stderr]    Compiling crc32fast v1.3.2
[INFO] [stderr]    Compiling slab v0.4.9
[INFO] [stderr]    Compiling unicode-segmentation v1.10.1
[INFO] [stderr]    Compiling void v1.0.2
[INFO] [stderr]    Compiling percent-encoding v2.3.1
[INFO] [stderr]    Compiling futures-task v0.3.30
[INFO] [stderr]    Compiling pin-utils v0.1.0
[INFO] [stderr]    Compiling adler32 v1.2.0
[INFO] [stderr]    Compiling allocator-api2 v0.2.16
[INFO] [stderr]    Compiling unreachable v1.0.0
[INFO] [stderr]    Compiling nom v7.1.3
[INFO] [stderr]    Compiling anyhow v1.0.79
[INFO] [stderr]    Compiling form_urlencoded v1.2.1
[INFO] [stderr]    Compiling libflate v1.4.0
[INFO] [stderr]    Compiling idna v0.5.0
[INFO] [stderr]    Compiling parking_lot v0.11.2
[INFO] [stderr]     Checking rand_core v0.6.4
[INFO] [stderr]     Checking memmap2 v0.5.10
[INFO] [stderr]    Compiling heck v0.4.1
[INFO] [stderr]     Checking async-channel v1.9.0
[INFO] [stderr]     Checking crossbeam-epoch v0.9.17
[INFO] [stderr]    Compiling itertools v0.12.0
[INFO] [stderr]     Checking kv-log-macro v1.0.7
[INFO] [stderr]    Compiling ring v0.17.7
[INFO] [stderr]    Compiling ring v0.16.20
[INFO] [stderr]    Compiling libsqlite3-sys v0.24.2
[INFO] [stderr]     Checking aho-corasick v1.1.2
[INFO] [stderr]     Checking unicode-width v0.1.11
[INFO] [stderr]    Compiling crc-catalog v2.4.0
[INFO] [stderr]    Compiling ryu v1.0.16
[INFO] [stderr]    Compiling unicode_categories v0.1.1
[INFO] [stderr]     Checking webpki-roots v0.25.3
[INFO] [stderr]    Compiling base64 v0.21.5
[INFO] [stderr]    Compiling rayon-core v1.12.0
[INFO] [stderr]    Compiling finl_unicode v1.2.0
[INFO] [stderr]     Checking tower-layer v0.3.2
[INFO] [stderr]    Compiling itoa v1.0.10
[INFO] [stderr]    Compiling hashlink v0.8.4
[INFO] [stderr]     Checking ownedbytes v0.4.0
[INFO] [stderr]    Compiling darling_core v0.13.4
[INFO] [stderr]    Compiling stringprep v0.1.4
[INFO] [stderr]    Compiling rustls-pemfile v1.0.4
[INFO] [stderr]    Compiling walkdir v2.4.0
[INFO] [stderr]     Checking rand_chacha v0.3.1
[INFO] [stderr]    Compiling crossbeam-queue v0.3.10
[INFO] [stderr]    Compiling combine v3.8.1
[INFO] [stderr]    Compiling crc v3.0.1
[INFO] [stderr]     Checking regex-automata v0.4.3
[INFO] [stderr]    Compiling indexmap v1.9.3
[INFO] [stderr]     Checking crossbeam-deque v0.8.4
[INFO] [stderr]    Compiling futures-intrusive v0.4.2
[INFO] [stderr]    Compiling axum-core v0.3.4
[INFO] [stderr]     Checking tempfile v3.9.0
[INFO] [stderr]    Compiling sqlformat v0.2.3
[INFO] [stderr]     Checking filetime v0.2.23
[INFO] [stderr]     Checking inotify-sys v0.1.5
[INFO] [stderr]    Compiling atoi v1.0.0
[INFO] [stderr]     Checking crossbeam-channel v0.5.10
[INFO] [stderr]     Checking sha-1 v0.10.1
[INFO] [stderr]     Checking xxhash-rust v0.8.8
[INFO] [stderr]    Compiling hex v0.4.3
[INFO] [stderr]    Compiling dotenvy v0.15.7
[INFO] [stderr]     Checking option-ext v0.2.0
[INFO] [stderr]     Checking dirs-sys v0.4.1
[INFO] [stderr]     Checking inotify v0.9.6
[INFO] [stderr]     Checking reflink-copy v0.1.14
[INFO] [stderr]     Checking rand v0.8.5
[INFO] [stderr]    Compiling rust-embed-utils v7.8.1
[INFO] [stderr]     Checking tantivy-common v0.4.0
[INFO] [stderr]    Compiling axum v0.6.20
[INFO] [stderr]    Compiling counter v0.5.7
[INFO] [stderr]    Compiling vte_generate_state_changes v0.1.1
[INFO] [stderr]     Checking sha1 v0.10.6
[INFO] [stderr]     Checking itertools v0.10.5
[INFO] [stderr]     Checking combine v4.6.6
[INFO] [stderr]     Checking fastdivide v0.4.0
[INFO] [stderr]     Checking tantivy-bitpacker v0.3.0
[INFO] [stderr]     Checking arrayvec v0.5.2
[INFO] [stderr]     Checking home v0.5.9
[INFO] [stderr]     Checking utf8-ranges v1.0.5
[INFO] [stderr]     Checking regex v1.10.2
[INFO] [stderr]     Checking fail v0.5.1
[INFO] [stderr]     Checking vte v0.10.1
[INFO] [stderr]     Checking tantivy-fst v0.4.0
[INFO] [stderr]     Checking rayon v1.8.0
[INFO] [stderr]     Checking bitpacking v0.8.4
[INFO] [stderr]     Checking notify v5.2.0
[INFO] [stderr]     Checking dirs v5.0.1
[INFO] [stderr]     Checking lru v0.7.8
[INFO] [stderr]     Checking fs2 v0.4.3
[INFO] [stderr]     Checking murmurhash32 v0.2.0
[INFO] [stderr]     Checking measure_time v0.8.2
[INFO] [stderr]     Checking task-local-extensions v0.1.4
[INFO] [stderr]     Checking aho-corasick v0.7.20
[INFO] [stderr]     Checking matchit v0.7.3
[INFO] [stderr]    Compiling darling_macro v0.13.4
[INFO] [stderr]    Compiling include-flate-codegen v0.1.4
[INFO] [stderr]    Compiling strum_macros v0.24.3
[INFO] [stderr]     Checking levenshtein_automata v0.2.1
[INFO] [stderr]     Checking http-range-header v0.3.1
[INFO] [stderr]     Checking konst_macro_rules v0.2.19
[INFO] [stderr]     Checking oneshot v0.1.6
[INFO] [stderr]     Checking fastfield_codecs v0.3.1
[INFO] [stderr]     Checking sync_wrapper v0.1.2
[INFO] [stderr]     Checking exitcode v1.1.2
[INFO] [stderr]     Checking deunicode v1.4.2
[INFO] [stderr]    Compiling unicode-xid v0.2.4
[INFO] [stderr]     Checking census v0.4.1
[INFO] [stderr]    Compiling serde_derive v1.0.195
[INFO] [stderr]    Compiling tracing-attributes v0.1.27
[INFO] [stderr]    Compiling tokio-macros v2.2.0
[INFO] [stderr]    Compiling futures-macro v0.3.30
[INFO] [stderr]    Compiling thiserror-impl v1.0.56
[INFO] [stderr]    Compiling pin-project-internal v1.1.3
[INFO] [stderr]     Checking sct v0.7.1
[INFO] [stderr]    Compiling webpki v0.22.4
[INFO] [stderr]     Checking rustls-webpki v0.101.7
[INFO] [stderr]    Compiling miette-derive v5.10.0
[INFO] [stderr]    Compiling webpki-roots v0.22.6
[INFO] [stderr]     Checking include-flate-codegen-exports v0.1.4
[INFO] [stderr]    Compiling darling v0.13.4
[INFO] [stderr]     Checking include-flate v0.2.0
[INFO] [stderr]    Compiling rust-embed-impl v6.8.1
[INFO] [stderr]     Checking htmlescape v0.3.1
[INFO] [stderr]     Checking tokio v1.35.1
[INFO] [stderr]     Checking futures-util v0.3.30
[INFO] [stderr] The following warnings were emitted during compilation:
[INFO] [stderr] 
[INFO] [stderr] warning: libsqlite3-sys@0.24.2: cc: fatal error: Killed signal terminated program cc1
[INFO] [stderr] warning: libsqlite3-sys@0.24.2: compilation terminated.
[INFO] [stderr] 
[INFO] [stderr] error: failed to run custom build command for `libsqlite3-sys v0.24.2`
[INFO] [stderr] note: To improve backtraces for build dependencies, set the CARGO_PROFILE_DEV_BUILD_OVERRIDE_DEBUG=true environment variable to enable debug information generation.
[INFO] [stderr] 
[INFO] [stderr] Caused by:
[INFO] [stderr]   process didn't exit successfully: `/opt/rustwide/target/debug/build/libsqlite3-sys-9cc686c6c9c69456/build-script-build` (exit status: 1)
[INFO] [stderr]   --- stdout
[INFO] [stderr]   cargo:rerun-if-changed=sqlite3/sqlite3.c
[INFO] [stderr]   cargo:rerun-if-changed=sqlite3/wasm32-wasi-vfs.c
[INFO] [stderr]   cargo:rerun-if-env-changed=SQLITE_MAX_VARIABLE_NUMBER
[INFO] [stderr]   cargo:rerun-if-env-changed=SQLITE_MAX_EXPR_DEPTH
[INFO] [stderr]   cargo:rerun-if-env-changed=LIBSQLITE3_FLAGS
[INFO] [stderr]   TARGET = Some("x86_64-unknown-linux-gnu")
[INFO] [stderr]   OPT_LEVEL = Some("0")
[INFO] [stderr]   HOST = Some("x86_64-unknown-linux-gnu")
[INFO] [stderr]   cargo:rerun-if-env-changed=CC_x86_64-unknown-linux-gnu
[INFO] [stderr]   CC_x86_64-unknown-linux-gnu = None
[INFO] [stderr]   cargo:rerun-if-env-changed=CC_x86_64_unknown_linux_gnu
[INFO] [stderr]   CC_x86_64_unknown_linux_gnu = None
[INFO] [stderr]   cargo:rerun-if-env-changed=HOST_CC
[INFO] [stderr]   HOST_CC = None
[INFO] [stderr]   cargo:rerun-if-env-changed=CC
[INFO] [stderr]   CC = None
[INFO] [stderr]   cargo:rerun-if-env-changed=CRATE_CC_NO_DEFAULTS
[INFO] [stderr]   CRATE_CC_NO_DEFAULTS = None
[INFO] [stderr]   DEBUG = Some("true")
[INFO] [stderr]   CARGO_CFG_TARGET_FEATURE = Some("fxsr,sse,sse2")
[INFO] [stderr]   cargo:rerun-if-env-changed=CFLAGS_x86_64-unknown-linux-gnu
[INFO] [stderr]   CFLAGS_x86_64-unknown-linux-gnu = None
[INFO] [stderr]   cargo:rerun-if-env-changed=CFLAGS_x86_64_unknown_linux_gnu
[INFO] [stderr]   CFLAGS_x86_64_unknown_linux_gnu = None
[INFO] [stderr]   cargo:rerun-if-env-changed=HOST_CFLAGS
[INFO] [stderr]   HOST_CFLAGS = None
[INFO] [stderr]   cargo:rerun-if-env-changed=CFLAGS
[INFO] [stderr]   CFLAGS = None
[INFO] [stderr]   running: "cc" "-O0" "-ffunction-sections" "-fdata-sections" "-fPIC" "-gdwarf-4" "-fno-omit-frame-pointer" "-m64" "-DSQLITE_CORE" "-DSQLITE_DEFAULT_FOREIGN_KEYS=1" "-DSQLITE_ENABLE_API_ARMOR" "-DSQLITE_ENABLE_COLUMN_METADATA" "-DSQLITE_ENABLE_DBSTAT_VTAB" "-DSQLITE_ENABLE_FTS3" "-DSQLITE_ENABLE_FTS3_PARENTHESIS" "-DSQLITE_ENABLE_FTS5" "-DSQLITE_ENABLE_JSON1" "-DSQLITE_ENABLE_LOAD_EXTENSION=1" "-DSQLITE_ENABLE_MEMORY_MANAGEMENT" "-DSQLITE_ENABLE_RTREE" "-DSQLITE_ENABLE_STAT2" "-DSQLITE_ENABLE_STAT4" "-DSQLITE_SOUNDEX" "-DSQLITE_THREADSAFE=1" "-DSQLITE_USE_URI" "-DHAVE_USLEEP=1" "-D_POSIX_THREAD_SAFE_FUNCTIONS" "-DHAVE_ISNAN" "-DHAVE_LOCALTIME_R" "-DSQLITE_ENABLE_UNLOCK_NOTIFY" "-o" "/opt/rustwide/target/debug/build/libsqlite3-sys-8218ceb3f682b83f/out/sqlite3/sqlite3.o" "-c" "sqlite3/sqlite3.c"
[INFO] [stderr]   exit status: 1
[INFO] [stderr]   cargo:warning=cc: fatal error: Killed signal terminated program cc1
[INFO] [stderr] 
[INFO] [stderr]   cargo:warning=compilation terminated.
[INFO] [stderr] 
[INFO] [stderr] 
[INFO] [stderr]   --- stderr
[INFO] [stderr] 
[INFO] [stderr] 
[INFO] [stderr]   error occurred: Command "cc" "-O0" "-ffunction-sections" "-fdata-sections" "-fPIC" "-gdwarf-4" "-fno-omit-frame-pointer" "-m64" "-DSQLITE_CORE" "-DSQLITE_DEFAULT_FOREIGN_KEYS=1" "-DSQLITE_ENABLE_API_ARMOR" "-DSQLITE_ENABLE_COLUMN_METADATA" "-DSQLITE_ENABLE_DBSTAT_VTAB" "-DSQLITE_ENABLE_FTS3" "-DSQLITE_ENABLE_FTS3_PARENTHESIS" "-DSQLITE_ENABLE_FTS5" "-DSQLITE_ENABLE_JSON1" "-DSQLITE_ENABLE_LOAD_EXTENSION=1" "-DSQLITE_ENABLE_MEMORY_MANAGEMENT" "-DSQLITE_ENABLE_RTREE" "-DSQLITE_ENABLE_STAT2" "-DSQLITE_ENABLE_STAT4" "-DSQLITE_SOUNDEX" "-DSQLITE_THREADSAFE=1" "-DSQLITE_USE_URI" "-DHAVE_USLEEP=1" "-D_POSIX_THREAD_SAFE_FUNCTIONS" "-DHAVE_ISNAN" "-DHAVE_LOCALTIME_R" "-DSQLITE_ENABLE_UNLOCK_NOTIFY" "-o" "/opt/rustwide/target/debug/build/libsqlite3-sys-8218ceb3f682b83f/out/sqlite3/sqlite3.o" "-c" "sqlite3/sqlite3.c" with args "cc" did not execute successfully (status code exit status: 1).
[INFO] [stderr] 
[INFO] [stderr] 
[INFO] [stderr] warning: build failed, waiting for other jobs to finish...
[INFO] running `Command { std: "docker" "inspect" "279aada15f69148704874ba1fe555ea35d791216f76784a4aff38d074ebe1847", kill_on_drop: false }`
[INFO] running `Command { std: "docker" "rm" "-f" "279aada15f69148704874ba1fe555ea35d791216f76784a4aff38d074ebe1847", kill_on_drop: false }`
[INFO] [stdout] 279aada15f69148704874ba1fe555ea35d791216f76784a4aff38d074ebe1847
