[INFO] fetching crate gpio-rust 0.1.4...
[INFO] documenting gpio-rust-0.1.4 against 1.75.0 for beta-1.76-rustdoc-1
[INFO] extracting crate gpio-rust 0.1.4 into /workspace/builds/worker-3-tc1/source
[INFO] validating manifest of crates.io crate gpio-rust 0.1.4 on toolchain 1.75.0
[INFO] running `Command { std: CARGO_HOME="/workspace/cargo-home" RUSTUP_HOME="/workspace/rustup-home" "/workspace/cargo-home/bin/cargo" "+1.75.0" "metadata" "--manifest-path" "Cargo.toml" "--no-deps", kill_on_drop: false }`
[INFO] removed /workspace/builds/worker-3-tc1/source/rust-toolchain.toml
[INFO] started tweaking crates.io crate gpio-rust 0.1.4
[INFO] finished tweaking crates.io crate gpio-rust 0.1.4
[INFO] tweaked toml for crates.io crate gpio-rust 0.1.4 written to /workspace/builds/worker-3-tc1/source/Cargo.toml
[INFO] running `Command { std: CARGO_HOME="/workspace/cargo-home" RUSTUP_HOME="/workspace/rustup-home" "/workspace/cargo-home/bin/cargo" "+1.75.0" "generate-lockfile" "--manifest-path" "Cargo.toml", kill_on_drop: false }`
[INFO] [stderr]     Updating crates.io index
[INFO] running `Command { std: CARGO_HOME="/workspace/cargo-home" RUSTUP_HOME="/workspace/rustup-home" "/workspace/cargo-home/bin/cargo" "+1.75.0" "fetch" "--manifest-path" "Cargo.toml", kill_on_drop: false }`
[INFO] [stderr]  Downloading crates ...
[INFO] [stderr]   Downloaded inline-python v0.6.0
[INFO] [stderr]   Downloaded pyo3 v0.11.1
[INFO] [stderr]   Downloaded inline-python-macros v0.5.3
[INFO] running `Command { std: "docker" "create" "-v" "/var/lib/crater-agent-workspace/builds/worker-3-tc1/target:/opt/rustwide/target:rw,Z" "-v" "/var/lib/crater-agent-workspace/builds/worker-3-tc1/source:/opt/rustwide/workdir:ro,Z" "-v" "/var/lib/crater-agent-workspace/cargo-home:/opt/rustwide/cargo-home:ro,Z" "-v" "/var/lib/crater-agent-workspace/rustup-home:/opt/rustwide/rustup-home:ro,Z" "-e" "SOURCE_DIR=/opt/rustwide/workdir" "-e" "CARGO_TARGET_DIR=/opt/rustwide/target" "-e" "CARGO_HOME=/opt/rustwide/cargo-home" "-e" "RUSTUP_HOME=/opt/rustwide/rustup-home" "-w" "/opt/rustwide/workdir" "-m" "1610612736" "--user" "0:0" "--network" "none" "ghcr.io/rust-lang/crates-build-env/linux@sha256:2788e3201cd34a07e3172128adcd8b3090168a8e3bcc40d7c032b9dda1df7d1c" "/opt/rustwide/cargo-home/bin/cargo" "+1.75.0" "metadata" "--no-deps" "--format-version=1", kill_on_drop: false }`
[INFO] [stdout] 18e15985eff77b1fcaf9e8d4f09fab67001ab3cbf195ada3fdeffa7608ebe957
[INFO] running `Command { std: "docker" "start" "-a" "18e15985eff77b1fcaf9e8d4f09fab67001ab3cbf195ada3fdeffa7608ebe957", kill_on_drop: false }`
[INFO] running `Command { std: "docker" "inspect" "18e15985eff77b1fcaf9e8d4f09fab67001ab3cbf195ada3fdeffa7608ebe957", kill_on_drop: false }`
[INFO] running `Command { std: "docker" "rm" "-f" "18e15985eff77b1fcaf9e8d4f09fab67001ab3cbf195ada3fdeffa7608ebe957", kill_on_drop: false }`
[INFO] [stdout] 18e15985eff77b1fcaf9e8d4f09fab67001ab3cbf195ada3fdeffa7608ebe957
[INFO] running `Command { std: "docker" "create" "-v" "/var/lib/crater-agent-workspace/builds/worker-3-tc1/target:/opt/rustwide/target:rw,Z" "-v" "/var/lib/crater-agent-workspace/builds/worker-3-tc1/source:/opt/rustwide/workdir:ro,Z" "-v" "/var/lib/crater-agent-workspace/cargo-home:/opt/rustwide/cargo-home:ro,Z" "-v" "/var/lib/crater-agent-workspace/rustup-home:/opt/rustwide/rustup-home:ro,Z" "-e" "SOURCE_DIR=/opt/rustwide/workdir" "-e" "CARGO_TARGET_DIR=/opt/rustwide/target" "-e" "CARGO_INCREMENTAL=0" "-e" "RUST_BACKTRACE=full" "-e" "RUSTFLAGS=--cap-lints=warn" "-e" "RUSTDOCFLAGS=--cap-lints=warn" "-e" "CARGO_HOME=/opt/rustwide/cargo-home" "-e" "RUSTUP_HOME=/opt/rustwide/rustup-home" "-w" "/opt/rustwide/workdir" "-m" "1610612736" "--user" "0:0" "--network" "none" "ghcr.io/rust-lang/crates-build-env/linux@sha256:2788e3201cd34a07e3172128adcd8b3090168a8e3bcc40d7c032b9dda1df7d1c" "/opt/rustwide/cargo-home/bin/cargo" "+1.75.0" "doc" "--frozen" "--no-deps" "--document-private-items" "--message-format=json", kill_on_drop: false }`
[INFO] [stdout] 6ed419e257614b10db49aab39d7a34c3b5558fd76720b26a0fcc12e73ca85cff
[INFO] running `Command { std: "docker" "start" "-a" "6ed419e257614b10db49aab39d7a34c3b5558fd76720b26a0fcc12e73ca85cff", kill_on_drop: false }`
[INFO] [stderr]    Compiling parking_lot_core v0.8.6
[INFO] [stderr]    Compiling smallvec v1.11.2
[INFO] [stderr]    Compiling instant v0.1.12
[INFO] [stderr]    Compiling pyo3 v0.11.1
[INFO] [stderr]    Compiling scopeguard v1.2.0
[INFO] [stderr]    Compiling proc-macro2 v1.0.76
[INFO] [stderr]    Compiling lock_api v0.4.11
[INFO] [stderr]     Checking parking_lot v0.11.2
[INFO] [stderr]    Compiling quote v1.0.35
[INFO] [stderr]    Compiling inline-python-macros v0.5.3
[INFO] [stdout] error[E0432]: unresolved import `proc_macro::LineColumn`
[INFO] [stdout]  --> /opt/rustwide/cargo-home/registry/src/index.crates.io-6f17d22bba15001f/inline-python-macros-0.5.3/src/embed_python.rs:1:18
[INFO] [stdout]   |
[INFO] [stdout] 1 | use proc_macro::{LineColumn, Span};
[INFO] [stdout]   |                  ^^^^^^^^^^ no `LineColumn` in the root
[INFO] [stdout]   |
[INFO] [stdout]   = help: consider importing this struct instead:
[INFO] [stdout]           proc_macro2::LineColumn
[INFO] [stdout] 
[INFO] [stdout] 
[INFO] [stdout] error[E0554]: `#![feature]` may not be used on the stable release channel
[INFO] [stdout]  --> /opt/rustwide/cargo-home/registry/src/index.crates.io-6f17d22bba15001f/inline-python-macros-0.5.3/src/lib.rs:3:12
[INFO] [stdout]   |
[INFO] [stdout] 3 | #![feature(proc_macro_span)]
[INFO] [stdout]   |            ^^^^^^^^^^^^^^^
[INFO] [stdout] 
[INFO] [stdout] 
[INFO] [stdout] error[E0615]: attempted to take value of method `column` on type `proc_macro::Span`
[INFO] [stdout]   --> /opt/rustwide/cargo-home/registry/src/index.crates.io-6f17d22bba15001f/inline-python-macros-0.5.3/src/embed_python.rs:68:14
[INFO] [stdout]    |
[INFO] [stdout] 68 |                     end_loc.column = end_loc.column.saturating_sub(end.len());
[INFO] [stdout]    |                             ^^^^^^ method, not a field
[INFO] [stdout]    |
[INFO] [stdout]    = help: methods are immutable and cannot be assigned to
[INFO] [stdout] 
[INFO] [stdout] 
[INFO] [stdout] error[E0615]: attempted to take value of method `column` on type `proc_macro::Span`
[INFO] [stdout]   --> /opt/rustwide/cargo-home/registry/src/index.crates.io-6f17d22bba15001f/inline-python-macros-0.5.3/src/embed_python.rs:68:31
[INFO] [stdout]    |
[INFO] [stdout] 68 |                     end_loc.column = end_loc.column.saturating_sub(end.len());
[INFO] [stdout]    |                                              ^^^^^^ method, not a field
[INFO] [stdout]    |
[INFO] [stdout] help: use parentheses to call the method
[INFO] [stdout]    |
[INFO] [stdout] 68 |                     end_loc.column = end_loc.column().saturating_sub(end.len());
[INFO] [stdout]    |                                                    ++
[INFO] [stdout] 
[INFO] [stdout] 
[INFO] [stdout] error[E0615]: attempted to take value of method `line` on type `proc_macro::Span`
[INFO] [stdout]   --> /opt/rustwide/cargo-home/registry/src/index.crates.io-6f17d22bba15001f/inline-python-macros-0.5.3/src/error.rs:57:35
[INFO] [stdout]    |
[INFO] [stdout] 57 |         .skip_while(|span| span.start().line < line)
[INFO] [stdout]    |                                         ^^^^ method, not a field
[INFO] [stdout]    |
[INFO] [stdout] help: use parentheses to call the method
[INFO] [stdout]    |
[INFO] [stdout] 57 |         .skip_while(|span| span.start().line() < line)
[INFO] [stdout]    |                                             ++
[INFO] [stdout] 
[INFO] [stdout] 
[INFO] [stdout] error[E0615]: attempted to take value of method `line` on type `proc_macro::Span`
[INFO] [stdout]   --> /opt/rustwide/cargo-home/registry/src/index.crates.io-6f17d22bba15001f/inline-python-macros-0.5.3/src/error.rs:58:35
[INFO] [stdout]    |
[INFO] [stdout] 58 |         .take_while(|span| span.start().line == line);
[INFO] [stdout]    |                                         ^^^^ method, not a field
[INFO] [stdout]    |
[INFO] [stdout] help: use parentheses to call the method
[INFO] [stdout]    |
[INFO] [stdout] 58 |         .take_while(|span| span.start().line() == line);
[INFO] [stdout]    |                                             ++
[INFO] [stdout] 
[INFO] [stdout] 
[INFO] [stdout] error: aborting due to 6 previous errors
[INFO] [stdout] 
[INFO] [stdout] 
[INFO] [stdout] Some errors have detailed explanations: E0432, E0554, E0615.
[INFO] [stdout] 
[INFO] [stdout] For more information about an error, try `rustc --explain E0432`.
[INFO] [stdout] 
[INFO] [stderr] error: could not compile `inline-python-macros` (lib) due to 7 previous errors
[INFO] running `Command { std: "docker" "inspect" "6ed419e257614b10db49aab39d7a34c3b5558fd76720b26a0fcc12e73ca85cff", kill_on_drop: false }`
[INFO] running `Command { std: "docker" "rm" "-f" "6ed419e257614b10db49aab39d7a34c3b5558fd76720b26a0fcc12e73ca85cff", kill_on_drop: false }`
[INFO] [stdout] 6ed419e257614b10db49aab39d7a34c3b5558fd76720b26a0fcc12e73ca85cff
[INFO] documenting gpio-rust-0.1.4 against beta-2023-12-22 for beta-1.76-rustdoc-1
[INFO] extracting crate gpio-rust 0.1.4 into /workspace/builds/worker-3-tc2/source
[INFO] validating manifest of crates.io crate gpio-rust 0.1.4 on toolchain beta-2023-12-22
[INFO] running `Command { std: CARGO_HOME="/workspace/cargo-home" RUSTUP_HOME="/workspace/rustup-home" "/workspace/cargo-home/bin/cargo" "+beta-2023-12-22" "metadata" "--manifest-path" "Cargo.toml" "--no-deps", kill_on_drop: false }`
[INFO] removed /workspace/builds/worker-3-tc2/source/rust-toolchain.toml
[INFO] started tweaking crates.io crate gpio-rust 0.1.4
[INFO] finished tweaking crates.io crate gpio-rust 0.1.4
[INFO] tweaked toml for crates.io crate gpio-rust 0.1.4 written to /workspace/builds/worker-3-tc2/source/Cargo.toml
[INFO] running `Command { std: CARGO_HOME="/workspace/cargo-home" RUSTUP_HOME="/workspace/rustup-home" "/workspace/cargo-home/bin/cargo" "+beta-2023-12-22" "generate-lockfile" "--manifest-path" "Cargo.toml", kill_on_drop: false }`
[INFO] [stderr]     Updating crates.io index
[INFO] running `Command { std: CARGO_HOME="/workspace/cargo-home" RUSTUP_HOME="/workspace/rustup-home" "/workspace/cargo-home/bin/cargo" "+beta-2023-12-22" "fetch" "--manifest-path" "Cargo.toml", kill_on_drop: false }`
[INFO] running `Command { std: "docker" "create" "-v" "/var/lib/crater-agent-workspace/builds/worker-3-tc2/target:/opt/rustwide/target:rw,Z" "-v" "/var/lib/crater-agent-workspace/builds/worker-3-tc2/source:/opt/rustwide/workdir:ro,Z" "-v" "/var/lib/crater-agent-workspace/cargo-home:/opt/rustwide/cargo-home:ro,Z" "-v" "/var/lib/crater-agent-workspace/rustup-home:/opt/rustwide/rustup-home:ro,Z" "-e" "SOURCE_DIR=/opt/rustwide/workdir" "-e" "CARGO_TARGET_DIR=/opt/rustwide/target" "-e" "CARGO_HOME=/opt/rustwide/cargo-home" "-e" "RUSTUP_HOME=/opt/rustwide/rustup-home" "-w" "/opt/rustwide/workdir" "-m" "1610612736" "--user" "0:0" "--network" "none" "ghcr.io/rust-lang/crates-build-env/linux@sha256:2788e3201cd34a07e3172128adcd8b3090168a8e3bcc40d7c032b9dda1df7d1c" "/opt/rustwide/cargo-home/bin/cargo" "+beta-2023-12-22" "metadata" "--no-deps" "--format-version=1", kill_on_drop: false }`
[INFO] [stdout] 9e763189c6aa2a3fa16b923962839ae44a8b597ea60c395ef571d7f58abf5e6d
[INFO] running `Command { std: "docker" "start" "-a" "9e763189c6aa2a3fa16b923962839ae44a8b597ea60c395ef571d7f58abf5e6d", kill_on_drop: false }`
[INFO] running `Command { std: "docker" "inspect" "9e763189c6aa2a3fa16b923962839ae44a8b597ea60c395ef571d7f58abf5e6d", kill_on_drop: false }`
[INFO] running `Command { std: "docker" "rm" "-f" "9e763189c6aa2a3fa16b923962839ae44a8b597ea60c395ef571d7f58abf5e6d", kill_on_drop: false }`
[INFO] [stdout] 9e763189c6aa2a3fa16b923962839ae44a8b597ea60c395ef571d7f58abf5e6d
[INFO] running `Command { std: "docker" "create" "-v" "/var/lib/crater-agent-workspace/builds/worker-3-tc2/target:/opt/rustwide/target:rw,Z" "-v" "/var/lib/crater-agent-workspace/builds/worker-3-tc2/source:/opt/rustwide/workdir:ro,Z" "-v" "/var/lib/crater-agent-workspace/cargo-home:/opt/rustwide/cargo-home:ro,Z" "-v" "/var/lib/crater-agent-workspace/rustup-home:/opt/rustwide/rustup-home:ro,Z" "-e" "SOURCE_DIR=/opt/rustwide/workdir" "-e" "CARGO_TARGET_DIR=/opt/rustwide/target" "-e" "CARGO_INCREMENTAL=0" "-e" "RUST_BACKTRACE=full" "-e" "RUSTFLAGS=--cap-lints=warn" "-e" "RUSTDOCFLAGS=--cap-lints=warn" "-e" "CARGO_HOME=/opt/rustwide/cargo-home" "-e" "RUSTUP_HOME=/opt/rustwide/rustup-home" "-w" "/opt/rustwide/workdir" "-m" "1610612736" "--user" "0:0" "--network" "none" "ghcr.io/rust-lang/crates-build-env/linux@sha256:2788e3201cd34a07e3172128adcd8b3090168a8e3bcc40d7c032b9dda1df7d1c" "/opt/rustwide/cargo-home/bin/cargo" "+beta-2023-12-22" "doc" "--frozen" "--no-deps" "--document-private-items" "--message-format=json", kill_on_drop: false }`
[INFO] [stdout] 171c98761020d3133e721127d1b14b0e031df70814fcbce1f9325450851814cd
[INFO] running `Command { std: "docker" "start" "-a" "171c98761020d3133e721127d1b14b0e031df70814fcbce1f9325450851814cd", kill_on_drop: false }`
[INFO] [stderr]    Compiling parking_lot_core v0.8.6
[INFO] [stderr]    Compiling pyo3 v0.11.1
[INFO] [stderr]    Compiling smallvec v1.11.2
[INFO] [stderr]    Compiling scopeguard v1.2.0
[INFO] [stderr]    Compiling instant v0.1.12
[INFO] [stderr]    Compiling proc-macro2 v1.0.76
[INFO] [stderr]    Compiling lock_api v0.4.11
[INFO] [stderr]     Checking parking_lot v0.11.2
[INFO] [stderr]    Compiling quote v1.0.35
[INFO] [stderr]    Compiling inline-python-macros v0.5.3
[INFO] [stdout] error[E0432]: unresolved import `proc_macro::LineColumn`
[INFO] [stdout]  --> /opt/rustwide/cargo-home/registry/src/index.crates.io-6f17d22bba15001f/inline-python-macros-0.5.3/src/embed_python.rs:1:18
[INFO] [stdout]   |
[INFO] [stdout] 1 | use proc_macro::{LineColumn, Span};
[INFO] [stdout]   |                  ^^^^^^^^^^ no `LineColumn` in the root
[INFO] [stdout]   |
[INFO] [stdout]   = help: consider importing this struct instead:
[INFO] [stdout]           proc_macro2::LineColumn
[INFO] [stdout] 
[INFO] [stdout] 
[INFO] [stdout] error[E0554]: `#![feature]` may not be used on the beta release channel
[INFO] [stdout]  --> /opt/rustwide/cargo-home/registry/src/index.crates.io-6f17d22bba15001f/inline-python-macros-0.5.3/src/lib.rs:3:12
[INFO] [stdout]   |
[INFO] [stdout] 3 | #![feature(proc_macro_span)]
[INFO] [stdout]   |            ^^^^^^^^^^^^^^^
[INFO] [stdout] 
[INFO] [stdout] 
[INFO] [stdout] error[E0615]: attempted to take value of method `column` on type `proc_macro::Span`
[INFO] [stdout]   --> /opt/rustwide/cargo-home/registry/src/index.crates.io-6f17d22bba15001f/inline-python-macros-0.5.3/src/embed_python.rs:68:14
[INFO] [stdout]    |
[INFO] [stdout] 68 |                     end_loc.column = end_loc.column.saturating_sub(end.len());
[INFO] [stdout]    |                             ^^^^^^ method, not a field
[INFO] [stdout]    |
[INFO] [stdout]    = help: methods are immutable and cannot be assigned to
[INFO] [stdout] 
[INFO] [stdout] 
[INFO] [stdout] error[E0615]: attempted to take value of method `column` on type `proc_macro::Span`
[INFO] [stdout]   --> /opt/rustwide/cargo-home/registry/src/index.crates.io-6f17d22bba15001f/inline-python-macros-0.5.3/src/embed_python.rs:68:31
[INFO] [stdout]    |
[INFO] [stdout] 68 |                     end_loc.column = end_loc.column.saturating_sub(end.len());
[INFO] [stdout]    |                                              ^^^^^^ method, not a field
[INFO] [stdout]    |
[INFO] [stdout] help: use parentheses to call the method
[INFO] [stdout]    |
[INFO] [stdout] 68 |                     end_loc.column = end_loc.column().saturating_sub(end.len());
[INFO] [stdout]    |                                                    ++
[INFO] [stdout] 
[INFO] [stdout] 
[INFO] [stdout] error[E0615]: attempted to take value of method `line` on type `proc_macro::Span`
[INFO] [stdout]   --> /opt/rustwide/cargo-home/registry/src/index.crates.io-6f17d22bba15001f/inline-python-macros-0.5.3/src/error.rs:57:35
[INFO] [stdout]    |
[INFO] [stdout] 57 |         .skip_while(|span| span.start().line < line)
[INFO] [stdout]    |                                         ^^^^ method, not a field
[INFO] [stdout]    |
[INFO] [stdout] help: use parentheses to call the method
[INFO] [stdout]    |
[INFO] [stdout] 57 |         .skip_while(|span| span.start().line() < line)
[INFO] [stdout]    |                                             ++
[INFO] [stdout] 
[INFO] [stdout] 
[INFO] [stdout] error[E0615]: attempted to take value of method `line` on type `proc_macro::Span`
[INFO] [stdout]   --> /opt/rustwide/cargo-home/registry/src/index.crates.io-6f17d22bba15001f/inline-python-macros-0.5.3/src/error.rs:58:35
[INFO] [stdout]    |
[INFO] [stdout] 58 |         .take_while(|span| span.start().line == line);
[INFO] [stdout]    |                                         ^^^^ method, not a field
[INFO] [stdout]    |
[INFO] [stdout] help: use parentheses to call the method
[INFO] [stdout]    |
[INFO] [stdout] 58 |         .take_while(|span| span.start().line() == line);
[INFO] [stdout]    |                                             ++
[INFO] [stdout] 
[INFO] [stdout] 
[INFO] [stdout] error: aborting due to 6 previous errors
[INFO] [stdout] 
[INFO] [stdout] 
[INFO] [stdout] Some errors have detailed explanations: E0432, E0554, E0615.
[INFO] [stdout] 
[INFO] [stdout] For more information about an error, try `rustc --explain E0432`.
[INFO] [stdout] 
[INFO] [stderr] error: could not compile `inline-python-macros` (lib) due to 7 previous errors
[INFO] running `Command { std: "docker" "inspect" "171c98761020d3133e721127d1b14b0e031df70814fcbce1f9325450851814cd", kill_on_drop: false }`
[INFO] running `Command { std: "docker" "rm" "-f" "171c98761020d3133e721127d1b14b0e031df70814fcbce1f9325450851814cd", kill_on_drop: false }`
[INFO] [stdout] 171c98761020d3133e721127d1b14b0e031df70814fcbce1f9325450851814cd
