[INFO] fetching crate golang-type 0.1.0...
[INFO] documenting golang-type-0.1.0 against 1.75.0 for beta-1.76-rustdoc-1
[INFO] extracting crate golang-type 0.1.0 into /workspace/builds/worker-3-tc1/source
[INFO] validating manifest of crates.io crate golang-type 0.1.0 on toolchain 1.75.0
[INFO] running `Command { std: CARGO_HOME="/workspace/cargo-home" RUSTUP_HOME="/workspace/rustup-home" "/workspace/cargo-home/bin/cargo" "+1.75.0" "metadata" "--manifest-path" "Cargo.toml" "--no-deps", kill_on_drop: false }`
[INFO] started tweaking crates.io crate golang-type 0.1.0
[INFO] finished tweaking crates.io crate golang-type 0.1.0
[INFO] tweaked toml for crates.io crate golang-type 0.1.0 written to /workspace/builds/worker-3-tc1/source/Cargo.toml
[INFO] running `Command { std: CARGO_HOME="/workspace/cargo-home" RUSTUP_HOME="/workspace/rustup-home" "/workspace/cargo-home/bin/cargo" "+1.75.0" "generate-lockfile" "--manifest-path" "Cargo.toml", kill_on_drop: false }`
[INFO] [stderr]     Updating crates.io index
[INFO] running `Command { std: CARGO_HOME="/workspace/cargo-home" RUSTUP_HOME="/workspace/rustup-home" "/workspace/cargo-home/bin/cargo" "+1.75.0" "fetch" "--manifest-path" "Cargo.toml", kill_on_drop: false }`
[INFO] [stderr]  Downloading crates ...
[INFO] [stderr]   Downloaded tree-sitter-go v0.16.0
[INFO] [stderr]   Downloaded golang-struct-tag v0.1.0
[INFO] [stderr]   Downloaded golang-parser v0.1.0
[INFO] [stderr]   Downloaded tree-sitter v0.17.1
[INFO] [stderr]   Downloaded golang-type-name-core v0.1.0
[INFO] [stderr]   Downloaded golang-type-core v0.1.0
[INFO] [stderr]   Downloaded golang-type-macro v0.1.0
[INFO] running `Command { std: "docker" "create" "-v" "/var/lib/crater-agent-workspace/builds/worker-3-tc1/target:/opt/rustwide/target:rw,Z" "-v" "/var/lib/crater-agent-workspace/builds/worker-3-tc1/source:/opt/rustwide/workdir:ro,Z" "-v" "/var/lib/crater-agent-workspace/cargo-home:/opt/rustwide/cargo-home:ro,Z" "-v" "/var/lib/crater-agent-workspace/rustup-home:/opt/rustwide/rustup-home:ro,Z" "-e" "SOURCE_DIR=/opt/rustwide/workdir" "-e" "CARGO_TARGET_DIR=/opt/rustwide/target" "-e" "CARGO_HOME=/opt/rustwide/cargo-home" "-e" "RUSTUP_HOME=/opt/rustwide/rustup-home" "-w" "/opt/rustwide/workdir" "-m" "1610612736" "--user" "0:0" "--network" "none" "ghcr.io/rust-lang/crates-build-env/linux@sha256:2788e3201cd34a07e3172128adcd8b3090168a8e3bcc40d7c032b9dda1df7d1c" "/opt/rustwide/cargo-home/bin/cargo" "+1.75.0" "metadata" "--no-deps" "--format-version=1", kill_on_drop: false }`
[INFO] [stdout] eea63e712e62bc1773fab567e42be768d019baeb45abe385367df30c765b3b8c
[INFO] running `Command { std: "docker" "start" "-a" "eea63e712e62bc1773fab567e42be768d019baeb45abe385367df30c765b3b8c", kill_on_drop: false }`
[INFO] running `Command { std: "docker" "inspect" "eea63e712e62bc1773fab567e42be768d019baeb45abe385367df30c765b3b8c", kill_on_drop: false }`
[INFO] running `Command { std: "docker" "rm" "-f" "eea63e712e62bc1773fab567e42be768d019baeb45abe385367df30c765b3b8c", kill_on_drop: false }`
[INFO] [stdout] eea63e712e62bc1773fab567e42be768d019baeb45abe385367df30c765b3b8c
[INFO] running `Command { std: "docker" "create" "-v" "/var/lib/crater-agent-workspace/builds/worker-3-tc1/target:/opt/rustwide/target:rw,Z" "-v" "/var/lib/crater-agent-workspace/builds/worker-3-tc1/source:/opt/rustwide/workdir:ro,Z" "-v" "/var/lib/crater-agent-workspace/cargo-home:/opt/rustwide/cargo-home:ro,Z" "-v" "/var/lib/crater-agent-workspace/rustup-home:/opt/rustwide/rustup-home:ro,Z" "-e" "SOURCE_DIR=/opt/rustwide/workdir" "-e" "CARGO_TARGET_DIR=/opt/rustwide/target" "-e" "CARGO_INCREMENTAL=0" "-e" "RUST_BACKTRACE=full" "-e" "RUSTFLAGS=--cap-lints=warn" "-e" "RUSTDOCFLAGS=--cap-lints=warn" "-e" "CARGO_HOME=/opt/rustwide/cargo-home" "-e" "RUSTUP_HOME=/opt/rustwide/rustup-home" "-w" "/opt/rustwide/workdir" "-m" "1610612736" "--user" "0:0" "--network" "none" "ghcr.io/rust-lang/crates-build-env/linux@sha256:2788e3201cd34a07e3172128adcd8b3090168a8e3bcc40d7c032b9dda1df7d1c" "/opt/rustwide/cargo-home/bin/cargo" "+1.75.0" "doc" "--frozen" "--no-deps" "--document-private-items" "--message-format=json", kill_on_drop: false }`
[INFO] [stdout] 94f7f3104ae973a7428007456d8c2d3a8a997a0aa55320fd269cdf4bb1a1451d
[INFO] running `Command { std: "docker" "start" "-a" "94f7f3104ae973a7428007456d8c2d3a8a997a0aa55320fd269cdf4bb1a1451d", kill_on_drop: false }`
[INFO] [stderr]    Compiling proc-macro2 v1.0.76
[INFO] [stderr]    Compiling syn v1.0.109
[INFO] [stderr]    Compiling thiserror v1.0.56
[INFO] [stderr]    Compiling cc v1.0.83
[INFO] [stderr]     Checking quote v1.0.35
[INFO] [stderr]    Compiling syn v2.0.48
[INFO] [stderr]    Compiling tree-sitter v0.17.1
[INFO] [stderr]    Compiling tree-sitter-go v0.16.0
[INFO] [stderr]    Compiling thiserror-impl v1.0.56
[INFO] [stderr]    Compiling pest v2.7.6
[INFO] [stderr]    Compiling golang-parser v0.1.0
[INFO] [stderr]    Compiling golang-type-name-core v0.1.0
[INFO] [stderr]    Compiling pest_meta v2.7.6
[INFO] [stderr]    Compiling pest_generator v2.7.6
[INFO] [stderr]    Compiling pest_derive v2.7.6
[INFO] [stderr]    Compiling golang-struct-tag v0.1.0
[INFO] [stdout] error[E0433]: failed to resolve: could not find `alloc` in the list of imported crates
[INFO] [stdout]  --> /opt/rustwide/cargo-home/registry/src/index.crates.io-6f17d22bba15001f/golang-struct-tag-0.1.0/src/convention_struct_tag_parser.rs:3:10
[INFO] [stdout]   |
[INFO] [stdout] 3 | #[derive(Parser)]
[INFO] [stdout]   |          ^^^^^^ could not find `alloc` in the list of imported crates
[INFO] [stdout]   |
[INFO] [stdout]   = help: consider importing this module:
[INFO] [stdout]           std::boxed
[INFO] [stdout]   = note: this error originates in the derive macro `Parser` (in Nightly builds, run with -Z macro-backtrace for more info)
[INFO] [stdout] 
[INFO] [stdout] 
[INFO] [stdout] error[E0433]: failed to resolve: could not find `alloc` in the list of imported crates
[INFO] [stdout]  --> /opt/rustwide/cargo-home/registry/src/index.crates.io-6f17d22bba15001f/golang-struct-tag-0.1.0/src/convention_struct_tag_parser.rs:3:10
[INFO] [stdout]   |
[INFO] [stdout] 3 | #[derive(Parser)]
[INFO] [stdout]   |          ^^^^^^ could not find `alloc` in the list of imported crates
[INFO] [stdout]   |
[INFO] [stdout]   = help: consider importing this module:
[INFO] [stdout]           std::boxed
[INFO] [stdout]   = note: this error originates in the derive macro `Parser` (in Nightly builds, run with -Z macro-backtrace for more info)
[INFO] [stdout] 
[INFO] [stdout] 
[INFO] [stdout] error: aborting due to previous error
[INFO] [stdout] 
[INFO] [stdout] 
[INFO] [stdout] For more information about this error, try `rustc --explain E0433`.
[INFO] [stdout] 
[INFO] [stdout] error: aborting due to previous error
[INFO] [stdout] 
[INFO] [stdout] 
[INFO] [stdout] For more information about this error, try `rustc --explain E0433`.
[INFO] [stdout] 
[INFO] [stderr] error: could not compile `golang-struct-tag` (lib) due to 2 previous errors
[INFO] [stderr] warning: build failed, waiting for other jobs to finish...
[INFO] [stderr] error: could not compile `golang-struct-tag` (lib) due to 2 previous errors
[INFO] running `Command { std: "docker" "inspect" "94f7f3104ae973a7428007456d8c2d3a8a997a0aa55320fd269cdf4bb1a1451d", kill_on_drop: false }`
[INFO] running `Command { std: "docker" "rm" "-f" "94f7f3104ae973a7428007456d8c2d3a8a997a0aa55320fd269cdf4bb1a1451d", kill_on_drop: false }`
[INFO] [stdout] 94f7f3104ae973a7428007456d8c2d3a8a997a0aa55320fd269cdf4bb1a1451d
[INFO] documenting golang-type-0.1.0 against beta-2023-12-22 for beta-1.76-rustdoc-1
[INFO] extracting crate golang-type 0.1.0 into /workspace/builds/worker-3-tc2/source
[INFO] validating manifest of crates.io crate golang-type 0.1.0 on toolchain beta-2023-12-22
[INFO] running `Command { std: CARGO_HOME="/workspace/cargo-home" RUSTUP_HOME="/workspace/rustup-home" "/workspace/cargo-home/bin/cargo" "+beta-2023-12-22" "metadata" "--manifest-path" "Cargo.toml" "--no-deps", kill_on_drop: false }`
[INFO] started tweaking crates.io crate golang-type 0.1.0
[INFO] finished tweaking crates.io crate golang-type 0.1.0
[INFO] tweaked toml for crates.io crate golang-type 0.1.0 written to /workspace/builds/worker-3-tc2/source/Cargo.toml
[INFO] running `Command { std: CARGO_HOME="/workspace/cargo-home" RUSTUP_HOME="/workspace/rustup-home" "/workspace/cargo-home/bin/cargo" "+beta-2023-12-22" "generate-lockfile" "--manifest-path" "Cargo.toml", kill_on_drop: false }`
[INFO] [stderr]     Updating crates.io index
[INFO] running `Command { std: CARGO_HOME="/workspace/cargo-home" RUSTUP_HOME="/workspace/rustup-home" "/workspace/cargo-home/bin/cargo" "+beta-2023-12-22" "fetch" "--manifest-path" "Cargo.toml", kill_on_drop: false }`
[INFO] running `Command { std: "docker" "create" "-v" "/var/lib/crater-agent-workspace/builds/worker-3-tc2/target:/opt/rustwide/target:rw,Z" "-v" "/var/lib/crater-agent-workspace/builds/worker-3-tc2/source:/opt/rustwide/workdir:ro,Z" "-v" "/var/lib/crater-agent-workspace/cargo-home:/opt/rustwide/cargo-home:ro,Z" "-v" "/var/lib/crater-agent-workspace/rustup-home:/opt/rustwide/rustup-home:ro,Z" "-e" "SOURCE_DIR=/opt/rustwide/workdir" "-e" "CARGO_TARGET_DIR=/opt/rustwide/target" "-e" "CARGO_HOME=/opt/rustwide/cargo-home" "-e" "RUSTUP_HOME=/opt/rustwide/rustup-home" "-w" "/opt/rustwide/workdir" "-m" "1610612736" "--user" "0:0" "--network" "none" "ghcr.io/rust-lang/crates-build-env/linux@sha256:2788e3201cd34a07e3172128adcd8b3090168a8e3bcc40d7c032b9dda1df7d1c" "/opt/rustwide/cargo-home/bin/cargo" "+beta-2023-12-22" "metadata" "--no-deps" "--format-version=1", kill_on_drop: false }`
[INFO] [stdout] 872bdff5e7f542d9388478ed6ac977b9897f49c89e67cfa0425554f1a328aa41
[INFO] running `Command { std: "docker" "start" "-a" "872bdff5e7f542d9388478ed6ac977b9897f49c89e67cfa0425554f1a328aa41", kill_on_drop: false }`
[INFO] running `Command { std: "docker" "inspect" "872bdff5e7f542d9388478ed6ac977b9897f49c89e67cfa0425554f1a328aa41", kill_on_drop: false }`
[INFO] running `Command { std: "docker" "rm" "-f" "872bdff5e7f542d9388478ed6ac977b9897f49c89e67cfa0425554f1a328aa41", kill_on_drop: false }`
[INFO] [stdout] 872bdff5e7f542d9388478ed6ac977b9897f49c89e67cfa0425554f1a328aa41
[INFO] running `Command { std: "docker" "create" "-v" "/var/lib/crater-agent-workspace/builds/worker-3-tc2/target:/opt/rustwide/target:rw,Z" "-v" "/var/lib/crater-agent-workspace/builds/worker-3-tc2/source:/opt/rustwide/workdir:ro,Z" "-v" "/var/lib/crater-agent-workspace/cargo-home:/opt/rustwide/cargo-home:ro,Z" "-v" "/var/lib/crater-agent-workspace/rustup-home:/opt/rustwide/rustup-home:ro,Z" "-e" "SOURCE_DIR=/opt/rustwide/workdir" "-e" "CARGO_TARGET_DIR=/opt/rustwide/target" "-e" "CARGO_INCREMENTAL=0" "-e" "RUST_BACKTRACE=full" "-e" "RUSTFLAGS=--cap-lints=warn" "-e" "RUSTDOCFLAGS=--cap-lints=warn" "-e" "CARGO_HOME=/opt/rustwide/cargo-home" "-e" "RUSTUP_HOME=/opt/rustwide/rustup-home" "-w" "/opt/rustwide/workdir" "-m" "1610612736" "--user" "0:0" "--network" "none" "ghcr.io/rust-lang/crates-build-env/linux@sha256:2788e3201cd34a07e3172128adcd8b3090168a8e3bcc40d7c032b9dda1df7d1c" "/opt/rustwide/cargo-home/bin/cargo" "+beta-2023-12-22" "doc" "--frozen" "--no-deps" "--document-private-items" "--message-format=json", kill_on_drop: false }`
[INFO] [stdout] dc6e17b11cb1422ad6c3d0eb9eecc880afb26534360b9444d67eba52efa13ea1
[INFO] running `Command { std: "docker" "start" "-a" "dc6e17b11cb1422ad6c3d0eb9eecc880afb26534360b9444d67eba52efa13ea1", kill_on_drop: false }`
[INFO] [stderr]    Compiling proc-macro2 v1.0.76
[INFO] [stderr]    Compiling syn v1.0.109
[INFO] [stderr]    Compiling thiserror v1.0.56
[INFO] [stderr]    Compiling cc v1.0.83
[INFO] [stderr]     Checking quote v1.0.35
[INFO] [stderr]    Compiling syn v2.0.48
[INFO] [stderr]    Compiling tree-sitter v0.17.1
[INFO] [stderr]    Compiling tree-sitter-go v0.16.0
[INFO] [stderr]    Compiling thiserror-impl v1.0.56
[INFO] [stderr]     Checking golang-parser v0.1.0
[INFO] [stderr]     Checking pest v2.7.6
[INFO] [stderr]    Compiling golang-type-name-core v0.1.0
[INFO] [stderr]    Compiling pest_meta v2.7.6
[INFO] [stderr]    Compiling pest_generator v2.7.6
[INFO] [stderr]    Compiling pest_derive v2.7.6
[INFO] [stderr]    Compiling golang-struct-tag v0.1.0
[INFO] [stdout] error[E0433]: failed to resolve: could not find `alloc` in the list of imported crates
[INFO] [stdout]  --> /opt/rustwide/cargo-home/registry/src/index.crates.io-6f17d22bba15001f/golang-struct-tag-0.1.0/src/convention_struct_tag_parser.rs:3:10
[INFO] [stdout]   |
[INFO] [stdout] 3 | #[derive(Parser)]
[INFO] [stdout]   |          ^^^^^^ could not find `alloc` in the list of imported crates
[INFO] [stdout]   |
[INFO] [stdout]   = help: consider importing this module:
[INFO] [stdout]           std::boxed
[INFO] [stdout]   = note: this error originates in the derive macro `Parser` (in Nightly builds, run with -Z macro-backtrace for more info)
[INFO] [stdout] 
[INFO] [stdout] 
[INFO] [stdout] error[E0433]: failed to resolve: could not find `alloc` in the list of imported crates
[INFO] [stdout]  --> /opt/rustwide/cargo-home/registry/src/index.crates.io-6f17d22bba15001f/golang-struct-tag-0.1.0/src/convention_struct_tag_parser.rs:3:10
[INFO] [stdout]   |
[INFO] [stdout] 3 | #[derive(Parser)]
[INFO] [stdout]   |          ^^^^^^ could not find `alloc` in the list of imported crates
[INFO] [stdout]   |
[INFO] [stdout]   = help: consider importing this module:
[INFO] [stdout]           std::boxed
[INFO] [stdout]   = note: this error originates in the derive macro `Parser` (in Nightly builds, run with -Z macro-backtrace for more info)
[INFO] [stdout] 
[INFO] [stdout] 
[INFO] [stdout] error: aborting due to 1 previous error
[INFO] [stdout] 
[INFO] [stdout] 
[INFO] [stdout] For more information about this error, try `rustc --explain E0433`.
[INFO] [stdout] 
[INFO] [stdout] error: aborting due to 1 previous error
[INFO] [stdout] 
[INFO] [stdout] 
[INFO] [stdout] For more information about this error, try `rustc --explain E0433`.
[INFO] [stdout] 
[INFO] [stderr] error: could not compile `golang-struct-tag` (lib) due to 2 previous errors
[INFO] [stderr] warning: build failed, waiting for other jobs to finish...
[INFO] [stderr] error: could not compile `golang-struct-tag` (lib) due to 2 previous errors
[INFO] running `Command { std: "docker" "inspect" "dc6e17b11cb1422ad6c3d0eb9eecc880afb26534360b9444d67eba52efa13ea1", kill_on_drop: false }`
[INFO] running `Command { std: "docker" "rm" "-f" "dc6e17b11cb1422ad6c3d0eb9eecc880afb26534360b9444d67eba52efa13ea1", kill_on_drop: false }`
[INFO] [stdout] dc6e17b11cb1422ad6c3d0eb9eecc880afb26534360b9444d67eba52efa13ea1
