[INFO] fetching crate gluesql 0.15.0...
[INFO] documenting gluesql-0.15.0 against 1.75.0 for beta-1.76-rustdoc-1
[INFO] extracting crate gluesql 0.15.0 into /workspace/builds/worker-4-tc1/source
[INFO] validating manifest of crates.io crate gluesql 0.15.0 on toolchain 1.75.0
[INFO] running `Command { std: CARGO_HOME="/workspace/cargo-home" RUSTUP_HOME="/workspace/rustup-home" "/workspace/cargo-home/bin/cargo" "+1.75.0" "metadata" "--manifest-path" "Cargo.toml" "--no-deps", kill_on_drop: false }`
[INFO] started tweaking crates.io crate gluesql 0.15.0
[INFO] finished tweaking crates.io crate gluesql 0.15.0
[INFO] tweaked toml for crates.io crate gluesql 0.15.0 written to /workspace/builds/worker-4-tc1/source/Cargo.toml
[INFO] crate crates.io crate gluesql 0.15.0 already has a lockfile, it will not be regenerated
[INFO] running `Command { std: CARGO_HOME="/workspace/cargo-home" RUSTUP_HOME="/workspace/rustup-home" "/workspace/cargo-home/bin/cargo" "+1.75.0" "fetch" "--manifest-path" "Cargo.toml", kill_on_drop: false }`
[INFO] [stderr]     Updating crates.io index
[INFO] [stderr]  Downloading crates ...
[INFO] [stderr]   Downloaded zerocopy v0.7.18
[INFO] [stderr]   Downloaded borsh-derive v0.10.3
[INFO] [stderr]   Downloaded papergrid v0.5.1
[INFO] [stderr]   Downloaded tabled_derive v0.4.0
[INFO] [stderr]   Downloaded serde-wasm-bindgen v0.4.5
[INFO] [stderr]   Downloaded rustyline-derive v0.6.0
[INFO] [stderr]   Downloaded gloo-storage v0.2.2
[INFO] [stderr]   Downloaded futures-enum v0.1.17
[INFO] [stderr]   Downloaded bigdecimal v0.4.2
[INFO] [stderr]   Downloaded tabled v0.8.0
[INFO] [stderr]   Downloaded zerocopy-derive v0.7.18
[INFO] [stderr]   Downloaded sled v0.34.7
[INFO] [stderr]   Downloaded redis v0.23.3
[INFO] [stderr]   Downloaded rustyline v9.1.2
[INFO] [stderr]   Downloaded sqlparser v0.36.1
[INFO] [stderr]   Downloaded gluesql-core v0.15.0
[INFO] [stderr]   Downloaded gloo-utils v0.1.7
[INFO] [stderr]   Downloaded rkyv_derive v0.7.42
[INFO] [stderr]   Downloaded derive_utils v0.11.2
[INFO] [stderr]   Downloaded borsh-schema-derive-internal v0.10.3
[INFO] [stderr]   Downloaded borsh-derive-internal v0.10.3
[INFO] [stderr]   Downloaded borsh v0.10.3
[INFO] [stderr]   Downloaded idb v0.4.1
[INFO] [stderr]   Downloaded rkyv v0.7.42
[INFO] [stderr]   Downloaded gluesql-utils v0.15.0
[INFO] [stderr]   Downloaded gluesql_memory_storage v0.15.0
[INFO] [stderr]   Downloaded gluesql-idb-storage v0.15.0
[INFO] [stderr]   Downloaded iter-enum v1.1.1
[INFO] [stderr]   Downloaded gluesql-csv-storage v0.15.0
[INFO] [stderr]   Downloaded gluesql-redis-storage v0.15.0
[INFO] [stderr]   Downloaded gluesql-web-storage v0.15.0
[INFO] [stderr]   Downloaded gluesql-json-storage v0.15.0
[INFO] [stderr]   Downloaded gluesql-shared-memory-storage v0.15.0
[INFO] [stderr]   Downloaded gluesql-composite-storage v0.15.0
[INFO] [stderr]   Downloaded idb-sys v0.2.1
[INFO] [stderr]   Downloaded gluesql_sled_storage v0.15.0
[INFO] [stderr]   Downloaded gluesql-cli v0.15.0
[INFO] [stderr]   Downloaded gluesql-test-suite v0.15.0
[INFO] running `Command { std: "docker" "create" "-v" "/var/lib/crater-agent-workspace/builds/worker-4-tc1/target:/opt/rustwide/target:rw,Z" "-v" "/var/lib/crater-agent-workspace/builds/worker-4-tc1/source:/opt/rustwide/workdir:ro,Z" "-v" "/var/lib/crater-agent-workspace/cargo-home:/opt/rustwide/cargo-home:ro,Z" "-v" "/var/lib/crater-agent-workspace/rustup-home:/opt/rustwide/rustup-home:ro,Z" "-e" "SOURCE_DIR=/opt/rustwide/workdir" "-e" "CARGO_TARGET_DIR=/opt/rustwide/target" "-e" "CARGO_HOME=/opt/rustwide/cargo-home" "-e" "RUSTUP_HOME=/opt/rustwide/rustup-home" "-w" "/opt/rustwide/workdir" "-m" "1610612736" "--user" "0:0" "--network" "none" "ghcr.io/rust-lang/crates-build-env/linux@sha256:2788e3201cd34a07e3172128adcd8b3090168a8e3bcc40d7c032b9dda1df7d1c" "/opt/rustwide/cargo-home/bin/cargo" "+1.75.0" "metadata" "--no-deps" "--format-version=1", kill_on_drop: false }`
[INFO] [stdout] 4b59bcd85bd4c87c8ab61225feddeeeb91730289b0639f9f655791e919c73a57
[INFO] running `Command { std: "docker" "start" "-a" "4b59bcd85bd4c87c8ab61225feddeeeb91730289b0639f9f655791e919c73a57", kill_on_drop: false }`
[INFO] running `Command { std: "docker" "inspect" "4b59bcd85bd4c87c8ab61225feddeeeb91730289b0639f9f655791e919c73a57", kill_on_drop: false }`
[INFO] running `Command { std: "docker" "rm" "-f" "4b59bcd85bd4c87c8ab61225feddeeeb91730289b0639f9f655791e919c73a57", kill_on_drop: false }`
[INFO] [stdout] 4b59bcd85bd4c87c8ab61225feddeeeb91730289b0639f9f655791e919c73a57
[INFO] running `Command { std: "docker" "create" "-v" "/var/lib/crater-agent-workspace/builds/worker-4-tc1/target:/opt/rustwide/target:rw,Z" "-v" "/var/lib/crater-agent-workspace/builds/worker-4-tc1/source:/opt/rustwide/workdir:ro,Z" "-v" "/var/lib/crater-agent-workspace/cargo-home:/opt/rustwide/cargo-home:ro,Z" "-v" "/var/lib/crater-agent-workspace/rustup-home:/opt/rustwide/rustup-home:ro,Z" "-e" "SOURCE_DIR=/opt/rustwide/workdir" "-e" "CARGO_TARGET_DIR=/opt/rustwide/target" "-e" "CARGO_INCREMENTAL=0" "-e" "RUST_BACKTRACE=full" "-e" "RUSTFLAGS=--cap-lints=warn" "-e" "RUSTDOCFLAGS=--cap-lints=warn" "-e" "CARGO_HOME=/opt/rustwide/cargo-home" "-e" "RUSTUP_HOME=/opt/rustwide/rustup-home" "-w" "/opt/rustwide/workdir" "-m" "1610612736" "--user" "0:0" "--network" "none" "ghcr.io/rust-lang/crates-build-env/linux@sha256:2788e3201cd34a07e3172128adcd8b3090168a8e3bcc40d7c032b9dda1df7d1c" "/opt/rustwide/cargo-home/bin/cargo" "+1.75.0" "doc" "--frozen" "--no-deps" "--document-private-items" "--message-format=json", kill_on_drop: false }`
[INFO] [stdout] a8ccc940e7966d50d2fe035dcc4421bb6926504c80e31ef90d6d5b8835c1d382
[INFO] running `Command { std: "docker" "start" "-a" "a8ccc940e7966d50d2fe035dcc4421bb6926504c80e31ef90d6d5b8835c1d382", kill_on_drop: false }`
[INFO] [stderr]    Compiling libc v0.2.149
[INFO] [stderr]    Compiling num-traits v0.2.17
[INFO] [stderr]    Compiling futures-core v0.3.29
[INFO] [stderr]    Compiling futures-task v0.3.29
[INFO] [stderr]     Checking futures-io v0.3.29
[INFO] [stderr]    Compiling futures-channel v0.3.29
[INFO] [stderr]    Compiling syn v2.0.38
[INFO] [stderr]    Compiling syn v1.0.109
[INFO] [stderr]    Compiling num-integer v0.1.45
[INFO] [stderr]    Compiling serde v1.0.190
[INFO] [stderr]     Checking futures-sink v0.3.29
[INFO] [stderr]    Compiling futures-util v0.3.29
[INFO] [stderr]    Compiling num-bigint v0.4.4
[INFO] [stderr]    Compiling bigdecimal v0.4.2
[INFO] [stderr]     Checking either v1.9.0
[INFO] [stderr]     Checking bitmaps v2.1.0
[INFO] [stderr]    Compiling im-rc v15.1.0
[INFO] [stderr]    Compiling async-trait v0.1.74
[INFO] [stderr]    Compiling serde_json v1.0.107
[INFO] [stderr]    Compiling rust_decimal v1.32.0
[INFO] [stderr]     Checking iana-time-zone v0.1.58
[INFO] [stderr]     Checking md-5 v0.10.6
[INFO] [stderr]     Checking itertools v0.10.5
[INFO] [stderr]     Checking sized-chunks v0.6.5
[INFO] [stderr]    Compiling crossbeam-utils v0.8.16
[INFO] [stderr]     Checking getrandom v0.2.10
[INFO] [stderr]    Compiling rustix v0.38.21
[INFO] [stderr]     Checking rand_core v0.6.4
[INFO] [stderr]     Checking rand_xoshiro v0.6.0
[INFO] [stderr]     Checking rand_chacha v0.3.1
[INFO] [stderr]     Checking uuid v1.5.0
[INFO] [stderr]     Checking rand v0.8.5
[INFO] [stderr]    Compiling derive_utils v0.13.2
[INFO] [stderr]    Compiling io-lifetimes v1.0.11
[INFO] [stderr]     Checking socket2 v0.4.10
[INFO] [stderr]    Compiling polling v2.8.0
[INFO] [stderr]    Compiling crossbeam-epoch v0.9.15
[INFO] [stderr]    Compiling rustix v0.37.27
[INFO] [stderr]    Compiling derive_utils v0.11.2
[INFO] [stderr]    Compiling proc-macro-error v1.0.4
[INFO] [stdout] error[E0277]: the trait bound `proc_macro2::Span: From<proc_macro::Span>` is not satisfied
[INFO] [stdout]    --> /opt/rustwide/cargo-home/registry/src/index.crates.io-6f17d22bba15001f/proc-macro-error-1.0.4/src/lib.rs:549:37
[INFO] [stdout]     |
[INFO] [stdout] 549 |                 first: self.clone().into(),
[INFO] [stdout]     |                                     ^^^^ the trait `From<proc_macro::Span>` is not implemented for `proc_macro2::Span`
[INFO] [stdout]     |
[INFO] [stdout]     = note: required for `proc_macro::Span` to implement `Into<proc_macro2::Span>`
[INFO] [stdout] 
[INFO] [stdout] 
[INFO] [stdout] error[E0277]: the trait bound `proc_macro2::Span: From<proc_macro::Span>` is not satisfied
[INFO] [stdout]    --> /opt/rustwide/cargo-home/registry/src/index.crates.io-6f17d22bba15001f/proc-macro-error-1.0.4/src/lib.rs:550:36
[INFO] [stdout]     |
[INFO] [stdout] 550 |                 last: self.clone().into(),
[INFO] [stdout]     |                                    ^^^^ the trait `From<proc_macro::Span>` is not implemented for `proc_macro2::Span`
[INFO] [stdout]     |
[INFO] [stdout]     = note: required for `proc_macro::Span` to implement `Into<proc_macro2::Span>`
[INFO] [stdout] 
[INFO] [stdout] 
[INFO] [stdout] error: aborting due to 2 previous errors
[INFO] [stdout] 
[INFO] [stdout] 
[INFO] [stdout] For more information about this error, try `rustc --explain E0277`.
[INFO] [stdout] 
[INFO] [stderr] error: could not compile `proc-macro-error` (lib) due to 3 previous errors
[INFO] [stderr] warning: build failed, waiting for other jobs to finish...
[INFO] running `Command { std: "docker" "inspect" "a8ccc940e7966d50d2fe035dcc4421bb6926504c80e31ef90d6d5b8835c1d382", kill_on_drop: false }`
[INFO] running `Command { std: "docker" "rm" "-f" "a8ccc940e7966d50d2fe035dcc4421bb6926504c80e31ef90d6d5b8835c1d382", kill_on_drop: false }`
[INFO] [stdout] a8ccc940e7966d50d2fe035dcc4421bb6926504c80e31ef90d6d5b8835c1d382
[INFO] documenting gluesql-0.15.0 against beta-2023-12-22 for beta-1.76-rustdoc-1
[INFO] extracting crate gluesql 0.15.0 into /workspace/builds/worker-4-tc2/source
[INFO] validating manifest of crates.io crate gluesql 0.15.0 on toolchain beta-2023-12-22
[INFO] running `Command { std: CARGO_HOME="/workspace/cargo-home" RUSTUP_HOME="/workspace/rustup-home" "/workspace/cargo-home/bin/cargo" "+beta-2023-12-22" "metadata" "--manifest-path" "Cargo.toml" "--no-deps", kill_on_drop: false }`
[INFO] started tweaking crates.io crate gluesql 0.15.0
[INFO] finished tweaking crates.io crate gluesql 0.15.0
[INFO] tweaked toml for crates.io crate gluesql 0.15.0 written to /workspace/builds/worker-4-tc2/source/Cargo.toml
[INFO] crate crates.io crate gluesql 0.15.0 already has a lockfile, it will not be regenerated
[INFO] running `Command { std: CARGO_HOME="/workspace/cargo-home" RUSTUP_HOME="/workspace/rustup-home" "/workspace/cargo-home/bin/cargo" "+beta-2023-12-22" "fetch" "--manifest-path" "Cargo.toml", kill_on_drop: false }`
[INFO] running `Command { std: "docker" "create" "-v" "/var/lib/crater-agent-workspace/builds/worker-4-tc2/target:/opt/rustwide/target:rw,Z" "-v" "/var/lib/crater-agent-workspace/builds/worker-4-tc2/source:/opt/rustwide/workdir:ro,Z" "-v" "/var/lib/crater-agent-workspace/cargo-home:/opt/rustwide/cargo-home:ro,Z" "-v" "/var/lib/crater-agent-workspace/rustup-home:/opt/rustwide/rustup-home:ro,Z" "-e" "SOURCE_DIR=/opt/rustwide/workdir" "-e" "CARGO_TARGET_DIR=/opt/rustwide/target" "-e" "CARGO_HOME=/opt/rustwide/cargo-home" "-e" "RUSTUP_HOME=/opt/rustwide/rustup-home" "-w" "/opt/rustwide/workdir" "-m" "1610612736" "--user" "0:0" "--network" "none" "ghcr.io/rust-lang/crates-build-env/linux@sha256:2788e3201cd34a07e3172128adcd8b3090168a8e3bcc40d7c032b9dda1df7d1c" "/opt/rustwide/cargo-home/bin/cargo" "+beta-2023-12-22" "metadata" "--no-deps" "--format-version=1", kill_on_drop: false }`
[INFO] [stdout] 59e414d66b017df43c676b5696f4c3bd8d1f307071a563f7c01bd532751a26b4
[INFO] running `Command { std: "docker" "start" "-a" "59e414d66b017df43c676b5696f4c3bd8d1f307071a563f7c01bd532751a26b4", kill_on_drop: false }`
[INFO] running `Command { std: "docker" "inspect" "59e414d66b017df43c676b5696f4c3bd8d1f307071a563f7c01bd532751a26b4", kill_on_drop: false }`
[INFO] running `Command { std: "docker" "rm" "-f" "59e414d66b017df43c676b5696f4c3bd8d1f307071a563f7c01bd532751a26b4", kill_on_drop: false }`
[INFO] [stdout] 59e414d66b017df43c676b5696f4c3bd8d1f307071a563f7c01bd532751a26b4
[INFO] running `Command { std: "docker" "create" "-v" "/var/lib/crater-agent-workspace/builds/worker-4-tc2/target:/opt/rustwide/target:rw,Z" "-v" "/var/lib/crater-agent-workspace/builds/worker-4-tc2/source:/opt/rustwide/workdir:ro,Z" "-v" "/var/lib/crater-agent-workspace/cargo-home:/opt/rustwide/cargo-home:ro,Z" "-v" "/var/lib/crater-agent-workspace/rustup-home:/opt/rustwide/rustup-home:ro,Z" "-e" "SOURCE_DIR=/opt/rustwide/workdir" "-e" "CARGO_TARGET_DIR=/opt/rustwide/target" "-e" "CARGO_INCREMENTAL=0" "-e" "RUST_BACKTRACE=full" "-e" "RUSTFLAGS=--cap-lints=warn" "-e" "RUSTDOCFLAGS=--cap-lints=warn" "-e" "CARGO_HOME=/opt/rustwide/cargo-home" "-e" "RUSTUP_HOME=/opt/rustwide/rustup-home" "-w" "/opt/rustwide/workdir" "-m" "1610612736" "--user" "0:0" "--network" "none" "ghcr.io/rust-lang/crates-build-env/linux@sha256:2788e3201cd34a07e3172128adcd8b3090168a8e3bcc40d7c032b9dda1df7d1c" "/opt/rustwide/cargo-home/bin/cargo" "+beta-2023-12-22" "doc" "--frozen" "--no-deps" "--document-private-items" "--message-format=json", kill_on_drop: false }`
[INFO] [stdout] 90c18d15fe0455a6142acda2fff7cb542da782241a2fdbcb83ea88b082ac7b1e
[INFO] running `Command { std: "docker" "start" "-a" "90c18d15fe0455a6142acda2fff7cb542da782241a2fdbcb83ea88b082ac7b1e", kill_on_drop: false }`
[INFO] [stderr]    Compiling libc v0.2.149
[INFO] [stderr]    Compiling num-traits v0.2.17
[INFO] [stderr]    Compiling futures-core v0.3.29
[INFO] [stderr]    Compiling futures-task v0.3.29
[INFO] [stderr]     Checking futures-io v0.3.29
[INFO] [stderr]    Compiling futures-channel v0.3.29
[INFO] [stderr]    Compiling syn v2.0.38
[INFO] [stderr]    Compiling syn v1.0.109
[INFO] [stderr]    Compiling num-integer v0.1.45
[INFO] [stderr]     Checking futures-sink v0.3.29
[INFO] [stderr]    Compiling serde v1.0.190
[INFO] [stderr]    Compiling futures-util v0.3.29
[INFO] [stderr]    Compiling num-bigint v0.4.4
[INFO] [stderr]    Compiling bigdecimal v0.4.2
[INFO] [stderr]     Checking either v1.9.0
[INFO] [stderr]     Checking bitmaps v2.1.0
[INFO] [stderr]    Compiling im-rc v15.1.0
[INFO] [stderr]    Compiling async-trait v0.1.74
[INFO] [stderr]    Compiling serde_json v1.0.107
[INFO] [stderr]    Compiling rust_decimal v1.32.0
[INFO] [stderr]     Checking iana-time-zone v0.1.58
[INFO] [stderr]     Checking md-5 v0.10.6
[INFO] [stderr]     Checking sized-chunks v0.6.5
[INFO] [stderr]     Checking itertools v0.10.5
[INFO] [stderr]    Compiling rustix v0.38.21
[INFO] [stderr]     Checking getrandom v0.2.10
[INFO] [stderr]     Checking rand_core v0.6.4
[INFO] [stderr]     Checking uuid v1.5.0
[INFO] [stderr]     Checking rand_chacha v0.3.1
[INFO] [stderr]     Checking rand_xoshiro v0.6.0
[INFO] [stderr]    Compiling crossbeam-utils v0.8.16
[INFO] [stderr]     Checking rand v0.8.5
[INFO] [stderr]    Compiling derive_utils v0.13.2
[INFO] [stderr]    Compiling io-lifetimes v1.0.11
[INFO] [stderr]     Checking socket2 v0.4.10
[INFO] [stderr]    Compiling crossbeam-epoch v0.9.15
[INFO] [stderr]    Compiling polling v2.8.0
[INFO] [stderr]    Compiling rustix v0.37.27
[INFO] [stderr]    Compiling derive_utils v0.11.2
[INFO] [stderr]    Compiling proc-macro-error v1.0.4
[INFO] [stdout] error[E0277]: the trait bound `proc_macro2::Span: From<proc_macro::Span>` is not satisfied
[INFO] [stdout]    --> /opt/rustwide/cargo-home/registry/src/index.crates.io-6f17d22bba15001f/proc-macro-error-1.0.4/src/lib.rs:549:37
[INFO] [stdout]     |
[INFO] [stdout] 549 |                 first: self.clone().into(),
[INFO] [stdout]     |                                     ^^^^ the trait `From<proc_macro::Span>` is not implemented for `proc_macro2::Span`
[INFO] [stdout]     |
[INFO] [stdout]     = note: required for `proc_macro::Span` to implement `Into<proc_macro2::Span>`
[INFO] [stdout] 
[INFO] [stdout] 
[INFO] [stdout] error[E0277]: the trait bound `proc_macro2::Span: From<proc_macro::Span>` is not satisfied
[INFO] [stdout]    --> /opt/rustwide/cargo-home/registry/src/index.crates.io-6f17d22bba15001f/proc-macro-error-1.0.4/src/lib.rs:550:36
[INFO] [stdout]     |
[INFO] [stdout] 550 |                 last: self.clone().into(),
[INFO] [stdout]     |                                    ^^^^ the trait `From<proc_macro::Span>` is not implemented for `proc_macro2::Span`
[INFO] [stdout]     |
[INFO] [stdout]     = note: required for `proc_macro::Span` to implement `Into<proc_macro2::Span>`
[INFO] [stdout] 
[INFO] [stdout] 
[INFO] [stdout] error: aborting due to 2 previous errors
[INFO] [stdout] 
[INFO] [stdout] 
[INFO] [stdout] For more information about this error, try `rustc --explain E0277`.
[INFO] [stdout] 
[INFO] [stderr] error: could not compile `proc-macro-error` (lib) due to 3 previous errors
[INFO] [stderr] warning: build failed, waiting for other jobs to finish...
[INFO] running `Command { std: "docker" "inspect" "90c18d15fe0455a6142acda2fff7cb542da782241a2fdbcb83ea88b082ac7b1e", kill_on_drop: false }`
[INFO] running `Command { std: "docker" "rm" "-f" "90c18d15fe0455a6142acda2fff7cb542da782241a2fdbcb83ea88b082ac7b1e", kill_on_drop: false }`
[INFO] [stdout] 90c18d15fe0455a6142acda2fff7cb542da782241a2fdbcb83ea88b082ac7b1e
