[INFO] fetching crate glimmer 0.0.6...
[INFO] documenting glimmer-0.0.6 against 1.75.0 for beta-1.76-rustdoc-1
[INFO] extracting crate glimmer 0.0.6 into /workspace/builds/worker-6-tc1/source
[INFO] validating manifest of crates.io crate glimmer 0.0.6 on toolchain 1.75.0
[INFO] running `Command { std: CARGO_HOME="/workspace/cargo-home" RUSTUP_HOME="/workspace/rustup-home" "/workspace/cargo-home/bin/cargo" "+1.75.0" "metadata" "--manifest-path" "Cargo.toml" "--no-deps", kill_on_drop: false }`
[INFO] started tweaking crates.io crate glimmer 0.0.6
[INFO] finished tweaking crates.io crate glimmer 0.0.6
[INFO] tweaked toml for crates.io crate glimmer 0.0.6 written to /workspace/builds/worker-6-tc1/source/Cargo.toml
[INFO] crate crates.io crate glimmer 0.0.6 already has a lockfile, it will not be regenerated
[INFO] running `Command { std: CARGO_HOME="/workspace/cargo-home" RUSTUP_HOME="/workspace/rustup-home" "/workspace/cargo-home/bin/cargo" "+1.75.0" "fetch" "--manifest-path" "Cargo.toml", kill_on_drop: false }`
[INFO] [stderr]     Updating crates.io index
[INFO] [stderr]  Downloading crates ...
[INFO] [stderr]   Downloaded gtk3-macros v0.14.0
[INFO] [stderr]   Downloaded pango v0.14.8
[INFO] [stderr]   Downloaded glib-macros v0.14.1
[INFO] [stderr]   Downloaded strum v0.21.0
[INFO] [stderr]   Downloaded gdk-pixbuf v0.14.0
[INFO] [stderr]   Downloaded actix-rt v2.7.0
[INFO] [stderr]   Downloaded pango-sys v0.14.0
[INFO] [stderr]   Downloaded cairo-rs v0.14.9
[INFO] [stderr]   Downloaded gdk-pixbuf-sys v0.14.0
[INFO] [stderr]   Downloaded crossbeam-utils v0.8.12
[INFO] [stderr]   Downloaded glib v0.14.8
[INFO] [stderr]   Downloaded gtk v0.14.3
[INFO] [stderr]   Downloaded tokio v1.22.0
[INFO] [stderr]   Downloaded clap v4.0.26
[INFO] [stderr]   Downloaded gio v0.14.8
[INFO] [stderr]   Downloaded gtk-sys v0.14.0
[INFO] [stderr]   Downloaded gio-sys v0.14.0
[INFO] [stderr]   Downloaded gdk-sys v0.14.0
[INFO] [stderr]   Downloaded serde_json v1.0.88
[INFO] [stderr]   Downloaded parking_lot_core v0.9.4
[INFO] [stderr]   Downloaded cfg-expr v0.8.1
[INFO] [stderr]   Downloaded atk v0.14.0
[INFO] [stderr]   Downloaded atk-sys v0.14.0
[INFO] [stderr]   Downloaded strum_macros v0.21.1
[INFO] [stderr]   Downloaded actix_derive v0.6.0
[INFO] [stderr]   Downloaded glib-sys v0.14.0
[INFO] [stderr]   Downloaded os_str_bytes v6.4.0
[INFO] [stderr]   Downloaded cairo-sys-rs v0.14.9
[INFO] [stderr]   Downloaded gobject-sys v0.14.0
[INFO] [stderr]   Downloaded system-deps v3.2.0
[INFO] [stderr]   Downloaded i3ipc-types v0.15.0
[INFO] [stderr]   Downloaded tokio-i3ipc v0.15.0
[INFO] [stderr]   Downloaded gdk v0.14.3
[INFO] running `Command { std: "docker" "create" "-v" "/var/lib/crater-agent-workspace/builds/worker-6-tc1/target:/opt/rustwide/target:rw,Z" "-v" "/var/lib/crater-agent-workspace/builds/worker-6-tc1/source:/opt/rustwide/workdir:ro,Z" "-v" "/var/lib/crater-agent-workspace/cargo-home:/opt/rustwide/cargo-home:ro,Z" "-v" "/var/lib/crater-agent-workspace/rustup-home:/opt/rustwide/rustup-home:ro,Z" "-e" "SOURCE_DIR=/opt/rustwide/workdir" "-e" "CARGO_TARGET_DIR=/opt/rustwide/target" "-e" "CARGO_HOME=/opt/rustwide/cargo-home" "-e" "RUSTUP_HOME=/opt/rustwide/rustup-home" "-w" "/opt/rustwide/workdir" "-m" "1610612736" "--user" "0:0" "--network" "none" "ghcr.io/rust-lang/crates-build-env/linux@sha256:2788e3201cd34a07e3172128adcd8b3090168a8e3bcc40d7c032b9dda1df7d1c" "/opt/rustwide/cargo-home/bin/cargo" "+1.75.0" "metadata" "--no-deps" "--format-version=1", kill_on_drop: false }`
[INFO] [stdout] e8ee389b8458497711487875b991d88b4bcbdc2d754647250ae47a4cf38c6a25
[INFO] running `Command { std: "docker" "start" "-a" "e8ee389b8458497711487875b991d88b4bcbdc2d754647250ae47a4cf38c6a25", kill_on_drop: false }`
[INFO] running `Command { std: "docker" "inspect" "e8ee389b8458497711487875b991d88b4bcbdc2d754647250ae47a4cf38c6a25", kill_on_drop: false }`
[INFO] running `Command { std: "docker" "rm" "-f" "e8ee389b8458497711487875b991d88b4bcbdc2d754647250ae47a4cf38c6a25", kill_on_drop: false }`
[INFO] [stdout] e8ee389b8458497711487875b991d88b4bcbdc2d754647250ae47a4cf38c6a25
[INFO] running `Command { std: "docker" "create" "-v" "/var/lib/crater-agent-workspace/builds/worker-6-tc1/target:/opt/rustwide/target:rw,Z" "-v" "/var/lib/crater-agent-workspace/builds/worker-6-tc1/source:/opt/rustwide/workdir:ro,Z" "-v" "/var/lib/crater-agent-workspace/cargo-home:/opt/rustwide/cargo-home:ro,Z" "-v" "/var/lib/crater-agent-workspace/rustup-home:/opt/rustwide/rustup-home:ro,Z" "-e" "SOURCE_DIR=/opt/rustwide/workdir" "-e" "CARGO_TARGET_DIR=/opt/rustwide/target" "-e" "CARGO_INCREMENTAL=0" "-e" "RUST_BACKTRACE=full" "-e" "RUSTFLAGS=--cap-lints=warn" "-e" "RUSTDOCFLAGS=--cap-lints=warn" "-e" "CARGO_HOME=/opt/rustwide/cargo-home" "-e" "RUSTUP_HOME=/opt/rustwide/rustup-home" "-w" "/opt/rustwide/workdir" "-m" "1610612736" "--user" "0:0" "--network" "none" "ghcr.io/rust-lang/crates-build-env/linux@sha256:2788e3201cd34a07e3172128adcd8b3090168a8e3bcc40d7c032b9dda1df7d1c" "/opt/rustwide/cargo-home/bin/cargo" "+1.75.0" "doc" "--frozen" "--no-deps" "--document-private-items" "--message-format=json", kill_on_drop: false }`
[INFO] [stdout] ce75a77361a87bdac369a811ff93b7826224f2849ffb8c31be064aa9b60d6c16
[INFO] running `Command { std: "docker" "start" "-a" "ce75a77361a87bdac369a811ff93b7826224f2849ffb8c31be064aa9b60d6c16", kill_on_drop: false }`
[INFO] [stderr]    Compiling syn v1.0.103
[INFO] [stderr]    Compiling serde_derive v1.0.147
[INFO] [stderr]    Compiling serde v1.0.147
[INFO] [stderr]    Compiling unicode-segmentation v1.10.0
[INFO] [stderr]    Compiling anyhow v1.0.66
[INFO] [stderr]    Compiling smallvec v1.10.0
[INFO] [stderr]    Compiling either v1.8.0
[INFO] [stderr]    Compiling version-compare v0.0.11
[INFO] [stderr]    Compiling itertools v0.10.5
[INFO] [stderr]    Compiling strum v0.21.0
[INFO] [stderr]    Compiling cfg-expr v0.8.1
[INFO] [stderr]    Compiling libc v0.2.137
[INFO] [stderr]    Compiling heck v0.3.3
[INFO] [stderr]    Compiling futures-core v0.3.25
[INFO] [stderr]     Checking pin-project-lite v0.2.9
[INFO] [stderr]    Compiling proc-macro-error-attr v1.0.4
[INFO] [stderr]    Compiling slab v0.4.7
[INFO] [stderr]    Compiling futures-task v0.3.25
[INFO] [stderr]    Compiling lock_api v0.4.9
[INFO] [stderr]    Compiling futures-util v0.3.25
[INFO] [stderr]    Compiling parking_lot_core v0.9.4
[INFO] [stderr]    Compiling log v0.4.17
[INFO] [stderr]    Compiling futures-channel v0.3.25
[INFO] [stderr]    Compiling tokio v1.22.0
[INFO] [stderr]    Compiling ucd-trie v0.1.5
[INFO] [stderr]     Checking bytes v1.2.1
[INFO] [stderr]     Checking socket2 v0.4.7
[INFO] [stderr]     Checking parking_lot v0.12.1
[INFO] [stderr]     Checking mio v0.8.5
[INFO] [stderr]     Checking num_cpus v1.14.0
[INFO] [stderr]     Checking signal-hook-registry v1.4.0
[INFO] [stderr]    Compiling gio v0.14.8
[INFO] [stderr]    Compiling parking_lot_core v0.8.5
[INFO] [stderr]    Compiling crossbeam-utils v0.8.12
[INFO] [stderr]    Compiling serde_json v1.0.88
[INFO] [stderr]     Checking futures-io v0.3.25
[INFO] [stderr]     Checking futures-sink v0.3.25
[INFO] [stderr]     Checking tracing-core v0.1.30
[INFO] [stderr]     Checking instant v0.1.12
[INFO] [stderr]    Compiling gtk v0.14.3
[INFO] [stderr]     Checking os_str_bytes v6.4.0
[INFO] [stderr]     Checking clap_lex v0.3.0
[INFO] [stderr]     Checking atty v0.2.14
[INFO] [stderr]     Checking parking_lot v0.11.2
[INFO] [stderr]     Checking crossbeam-channel v0.5.6
[INFO] [stderr]     Checking tracing v0.1.37
[INFO] [stderr]     Checking futures-executor v0.3.25
[INFO] [stderr]    Compiling proc-macro-error v1.0.4
[INFO] [stdout] error[E0277]: the trait bound `proc_macro2::Span: From<proc_macro::Span>` is not satisfied
[INFO] [stdout]    --> /opt/rustwide/cargo-home/registry/src/index.crates.io-6f17d22bba15001f/proc-macro-error-1.0.4/src/lib.rs:549:37
[INFO] [stdout]     |
[INFO] [stdout] 549 |                 first: self.clone().into(),
[INFO] [stdout]     |                                     ^^^^ the trait `From<proc_macro::Span>` is not implemented for `proc_macro2::Span`
[INFO] [stdout]     |
[INFO] [stdout]     = note: required for `proc_macro::Span` to implement `Into<proc_macro2::Span>`
[INFO] [stdout] 
[INFO] [stdout] 
[INFO] [stdout] error[E0277]: the trait bound `proc_macro2::Span: From<proc_macro::Span>` is not satisfied
[INFO] [stdout]    --> /opt/rustwide/cargo-home/registry/src/index.crates.io-6f17d22bba15001f/proc-macro-error-1.0.4/src/lib.rs:550:36
[INFO] [stdout]     |
[INFO] [stdout] 550 |                 last: self.clone().into(),
[INFO] [stdout]     |                                    ^^^^ the trait `From<proc_macro::Span>` is not implemented for `proc_macro2::Span`
[INFO] [stdout]     |
[INFO] [stdout]     = note: required for `proc_macro::Span` to implement `Into<proc_macro2::Span>`
[INFO] [stdout] 
[INFO] [stdout] 
[INFO] [stdout] error: aborting due to 2 previous errors
[INFO] [stdout] 
[INFO] [stdout] 
[INFO] [stdout] For more information about this error, try `rustc --explain E0277`.
[INFO] [stdout] 
[INFO] [stderr] error: could not compile `proc-macro-error` (lib) due to 3 previous errors
[INFO] [stderr] warning: build failed, waiting for other jobs to finish...
[INFO] running `Command { std: "docker" "inspect" "ce75a77361a87bdac369a811ff93b7826224f2849ffb8c31be064aa9b60d6c16", kill_on_drop: false }`
[INFO] running `Command { std: "docker" "rm" "-f" "ce75a77361a87bdac369a811ff93b7826224f2849ffb8c31be064aa9b60d6c16", kill_on_drop: false }`
[INFO] [stdout] ce75a77361a87bdac369a811ff93b7826224f2849ffb8c31be064aa9b60d6c16
[INFO] documenting glimmer-0.0.6 against beta-2023-12-22 for beta-1.76-rustdoc-1
[INFO] extracting crate glimmer 0.0.6 into /workspace/builds/worker-6-tc2/source
[INFO] validating manifest of crates.io crate glimmer 0.0.6 on toolchain beta-2023-12-22
[INFO] running `Command { std: CARGO_HOME="/workspace/cargo-home" RUSTUP_HOME="/workspace/rustup-home" "/workspace/cargo-home/bin/cargo" "+beta-2023-12-22" "metadata" "--manifest-path" "Cargo.toml" "--no-deps", kill_on_drop: false }`
[INFO] started tweaking crates.io crate glimmer 0.0.6
[INFO] finished tweaking crates.io crate glimmer 0.0.6
[INFO] tweaked toml for crates.io crate glimmer 0.0.6 written to /workspace/builds/worker-6-tc2/source/Cargo.toml
[INFO] crate crates.io crate glimmer 0.0.6 already has a lockfile, it will not be regenerated
[INFO] running `Command { std: CARGO_HOME="/workspace/cargo-home" RUSTUP_HOME="/workspace/rustup-home" "/workspace/cargo-home/bin/cargo" "+beta-2023-12-22" "fetch" "--manifest-path" "Cargo.toml", kill_on_drop: false }`
[INFO] running `Command { std: "docker" "create" "-v" "/var/lib/crater-agent-workspace/builds/worker-6-tc2/target:/opt/rustwide/target:rw,Z" "-v" "/var/lib/crater-agent-workspace/builds/worker-6-tc2/source:/opt/rustwide/workdir:ro,Z" "-v" "/var/lib/crater-agent-workspace/cargo-home:/opt/rustwide/cargo-home:ro,Z" "-v" "/var/lib/crater-agent-workspace/rustup-home:/opt/rustwide/rustup-home:ro,Z" "-e" "SOURCE_DIR=/opt/rustwide/workdir" "-e" "CARGO_TARGET_DIR=/opt/rustwide/target" "-e" "CARGO_HOME=/opt/rustwide/cargo-home" "-e" "RUSTUP_HOME=/opt/rustwide/rustup-home" "-w" "/opt/rustwide/workdir" "-m" "1610612736" "--user" "0:0" "--network" "none" "ghcr.io/rust-lang/crates-build-env/linux@sha256:2788e3201cd34a07e3172128adcd8b3090168a8e3bcc40d7c032b9dda1df7d1c" "/opt/rustwide/cargo-home/bin/cargo" "+beta-2023-12-22" "metadata" "--no-deps" "--format-version=1", kill_on_drop: false }`
[INFO] [stdout] f29aba01c43d8165de489a6b6c54a0163070ba056097ede2470f7afb0d28a271
[INFO] running `Command { std: "docker" "start" "-a" "f29aba01c43d8165de489a6b6c54a0163070ba056097ede2470f7afb0d28a271", kill_on_drop: false }`
[INFO] running `Command { std: "docker" "inspect" "f29aba01c43d8165de489a6b6c54a0163070ba056097ede2470f7afb0d28a271", kill_on_drop: false }`
[INFO] running `Command { std: "docker" "rm" "-f" "f29aba01c43d8165de489a6b6c54a0163070ba056097ede2470f7afb0d28a271", kill_on_drop: false }`
[INFO] [stdout] f29aba01c43d8165de489a6b6c54a0163070ba056097ede2470f7afb0d28a271
[INFO] running `Command { std: "docker" "create" "-v" "/var/lib/crater-agent-workspace/builds/worker-6-tc2/target:/opt/rustwide/target:rw,Z" "-v" "/var/lib/crater-agent-workspace/builds/worker-6-tc2/source:/opt/rustwide/workdir:ro,Z" "-v" "/var/lib/crater-agent-workspace/cargo-home:/opt/rustwide/cargo-home:ro,Z" "-v" "/var/lib/crater-agent-workspace/rustup-home:/opt/rustwide/rustup-home:ro,Z" "-e" "SOURCE_DIR=/opt/rustwide/workdir" "-e" "CARGO_TARGET_DIR=/opt/rustwide/target" "-e" "CARGO_INCREMENTAL=0" "-e" "RUST_BACKTRACE=full" "-e" "RUSTFLAGS=--cap-lints=warn" "-e" "RUSTDOCFLAGS=--cap-lints=warn" "-e" "CARGO_HOME=/opt/rustwide/cargo-home" "-e" "RUSTUP_HOME=/opt/rustwide/rustup-home" "-w" "/opt/rustwide/workdir" "-m" "1610612736" "--user" "0:0" "--network" "none" "ghcr.io/rust-lang/crates-build-env/linux@sha256:2788e3201cd34a07e3172128adcd8b3090168a8e3bcc40d7c032b9dda1df7d1c" "/opt/rustwide/cargo-home/bin/cargo" "+beta-2023-12-22" "doc" "--frozen" "--no-deps" "--document-private-items" "--message-format=json", kill_on_drop: false }`
[INFO] [stdout] 5c24857cf8989d4794c784b63c3b73e9304c29b2318ebacc5b83d8c270ff9229
[INFO] running `Command { std: "docker" "start" "-a" "5c24857cf8989d4794c784b63c3b73e9304c29b2318ebacc5b83d8c270ff9229", kill_on_drop: false }`
[INFO] [stderr]    Compiling syn v1.0.103
[INFO] [stderr]    Compiling serde_derive v1.0.147
[INFO] [stderr]    Compiling serde v1.0.147
[INFO] [stderr]    Compiling unicode-segmentation v1.10.0
[INFO] [stderr]    Compiling anyhow v1.0.66
[INFO] [stderr]    Compiling either v1.8.0
[INFO] [stderr]    Compiling smallvec v1.10.0
[INFO] [stderr]    Compiling version-compare v0.0.11
[INFO] [stderr]    Compiling itertools v0.10.5
[INFO] [stderr]    Compiling strum v0.21.0
[INFO] [stderr]    Compiling cfg-expr v0.8.1
[INFO] [stderr]    Compiling libc v0.2.137
[INFO] [stderr]    Compiling futures-core v0.3.25
[INFO] [stderr]    Compiling heck v0.3.3
[INFO] [stderr]     Checking pin-project-lite v0.2.9
[INFO] [stderr]    Compiling proc-macro-error-attr v1.0.4
[INFO] [stderr]    Compiling slab v0.4.7
[INFO] [stderr]    Compiling futures-task v0.3.25
[INFO] [stderr]    Compiling lock_api v0.4.9
[INFO] [stderr]    Compiling futures-util v0.3.25
[INFO] [stderr]    Compiling parking_lot_core v0.9.4
[INFO] [stderr]    Compiling log v0.4.17
[INFO] [stderr]    Compiling futures-channel v0.3.25
[INFO] [stderr]    Compiling tokio v1.22.0
[INFO] [stderr]    Compiling ucd-trie v0.1.5
[INFO] [stderr]     Checking bytes v1.2.1
[INFO] [stderr]     Checking num_cpus v1.14.0
[INFO] [stderr]     Checking mio v0.8.5
[INFO] [stderr]     Checking parking_lot v0.12.1
[INFO] [stderr]     Checking socket2 v0.4.7
[INFO] [stderr]     Checking signal-hook-registry v1.4.0
[INFO] [stderr]    Compiling gio v0.14.8
[INFO] [stderr]    Compiling crossbeam-utils v0.8.12
[INFO] [stderr]     Checking futures-io v0.3.25
[INFO] [stderr]    Compiling parking_lot_core v0.8.5
[INFO] [stderr]     Checking futures-sink v0.3.25
[INFO] [stderr]    Compiling serde_json v1.0.88
[INFO] [stderr]     Checking tracing-core v0.1.30
[INFO] [stderr]     Checking instant v0.1.12
[INFO] [stderr]    Compiling gtk v0.14.3
[INFO] [stderr]     Checking os_str_bytes v6.4.0
[INFO] [stderr]     Checking clap_lex v0.3.0
[INFO] [stderr]     Checking atty v0.2.14
[INFO] [stderr]     Checking tracing v0.1.37
[INFO] [stderr]     Checking parking_lot v0.11.2
[INFO] [stderr]     Checking crossbeam-channel v0.5.6
[INFO] [stderr]     Checking futures-executor v0.3.25
[INFO] [stderr]    Compiling proc-macro-error v1.0.4
[INFO] [stdout] error[E0277]: the trait bound `proc_macro2::Span: From<proc_macro::Span>` is not satisfied
[INFO] [stdout]    --> /opt/rustwide/cargo-home/registry/src/index.crates.io-6f17d22bba15001f/proc-macro-error-1.0.4/src/lib.rs:549:37
[INFO] [stdout]     |
[INFO] [stdout] 549 |                 first: self.clone().into(),
[INFO] [stdout]     |                                     ^^^^ the trait `From<proc_macro::Span>` is not implemented for `proc_macro2::Span`
[INFO] [stdout]     |
[INFO] [stdout]     = note: required for `proc_macro::Span` to implement `Into<proc_macro2::Span>`
[INFO] [stdout] 
[INFO] [stdout] 
[INFO] [stdout] error[E0277]: the trait bound `proc_macro2::Span: From<proc_macro::Span>` is not satisfied
[INFO] [stdout]    --> /opt/rustwide/cargo-home/registry/src/index.crates.io-6f17d22bba15001f/proc-macro-error-1.0.4/src/lib.rs:550:36
[INFO] [stdout]     |
[INFO] [stdout] 550 |                 last: self.clone().into(),
[INFO] [stdout]     |                                    ^^^^ the trait `From<proc_macro::Span>` is not implemented for `proc_macro2::Span`
[INFO] [stdout]     |
[INFO] [stdout]     = note: required for `proc_macro::Span` to implement `Into<proc_macro2::Span>`
[INFO] [stdout] 
[INFO] [stdout] 
[INFO] [stdout] error: aborting due to 2 previous errors
[INFO] [stdout] 
[INFO] [stdout] 
[INFO] [stdout] For more information about this error, try `rustc --explain E0277`.
[INFO] [stdout] 
[INFO] [stderr] error: could not compile `proc-macro-error` (lib) due to 3 previous errors
[INFO] [stderr] warning: build failed, waiting for other jobs to finish...
[INFO] running `Command { std: "docker" "inspect" "5c24857cf8989d4794c784b63c3b73e9304c29b2318ebacc5b83d8c270ff9229", kill_on_drop: false }`
[INFO] running `Command { std: "docker" "rm" "-f" "5c24857cf8989d4794c784b63c3b73e9304c29b2318ebacc5b83d8c270ff9229", kill_on_drop: false }`
[INFO] [stdout] 5c24857cf8989d4794c784b63c3b73e9304c29b2318ebacc5b83d8c270ff9229
