[INFO] fetching crate gfaas 0.3.0...
[INFO] documenting gfaas-0.3.0 against 1.75.0 for beta-1.76-rustdoc-1
[INFO] extracting crate gfaas 0.3.0 into /workspace/builds/worker-1-tc1/source
[INFO] validating manifest of crates.io crate gfaas 0.3.0 on toolchain 1.75.0
[INFO] running `Command { std: CARGO_HOME="/workspace/cargo-home" RUSTUP_HOME="/workspace/rustup-home" "/workspace/cargo-home/bin/cargo" "+1.75.0" "metadata" "--manifest-path" "Cargo.toml" "--no-deps", kill_on_drop: false }`
[INFO] started tweaking crates.io crate gfaas 0.3.0
[INFO] finished tweaking crates.io crate gfaas 0.3.0
[INFO] tweaked toml for crates.io crate gfaas 0.3.0 written to /workspace/builds/worker-1-tc1/source/Cargo.toml
[INFO] running `Command { std: CARGO_HOME="/workspace/cargo-home" RUSTUP_HOME="/workspace/rustup-home" "/workspace/cargo-home/bin/cargo" "+1.75.0" "generate-lockfile" "--manifest-path" "Cargo.toml", kill_on_drop: false }`
[INFO] [stderr]     Updating crates.io index
[INFO] running `Command { std: CARGO_HOME="/workspace/cargo-home" RUSTUP_HOME="/workspace/rustup-home" "/workspace/cargo-home/bin/cargo" "+1.75.0" "fetch" "--manifest-path" "Cargo.toml", kill_on_drop: false }`
[INFO] [stderr]  Downloading crates ...
[INFO] [stderr]   Downloaded actix-connect v1.0.2
[INFO] [stderr]   Downloaded actix-macros v0.1.3
[INFO] [stderr]   Downloaded actix-rt v1.1.1
[INFO] [stderr]   Downloaded ipconfig v0.2.2
[INFO] [stderr]   Downloaded enum-as-inner v0.3.4
[INFO] [stderr]   Downloaded widestring v0.4.3
[INFO] [stderr]   Downloaded bigdecimal v0.1.2
[INFO] [stderr]   Downloaded zstd v0.5.4+zstd.1.4.7
[INFO] [stderr]   Downloaded multimap v0.4.0
[INFO] [stderr]   Downloaded actix-utils v1.0.6
[INFO] [stderr]   Downloaded git-version v0.3.9
[INFO] [stderr]   Downloaded region v2.2.0
[INFO] [stderr]   Downloaded prost v0.5.0
[INFO] [stderr]   Downloaded git-version-macro v0.3.9
[INFO] [stderr]   Downloaded cvt v0.1.2
[INFO] [stderr]   Downloaded petgraph v0.4.13
[INFO] [stderr]   Downloaded wast v22.0.0
[INFO] [stderr]   Downloaded sha3 v0.8.2
[INFO] [stderr]   Downloaded zstd-sys v1.4.18+zstd.1.4.7
[INFO] [stderr]   Downloaded shell32-sys v0.1.2
[INFO] [stderr]   Downloaded appdirs v0.2.0
[INFO] [stderr]   Downloaded prost-build v0.5.0
[INFO] [stderr]   Downloaded witx v0.8.8
[INFO] [stderr]   Downloaded actix_derive v0.5.0
[INFO] [stderr]   Downloaded parking_lot_core v0.7.3
[INFO] [stderr]   Downloaded directories v2.0.2
[INFO] [stderr]   Downloaded cpu-time v1.0.0
[INFO] [stderr]   Downloaded wasmparser v0.57.0
[INFO] [stderr]   Downloaded prost-derive v0.6.1
[INFO] [stderr]   Downloaded wiggle v0.18.0
[INFO] [stderr]   Downloaded trust-dns-resolver v0.18.0-alpha.2
[INFO] [stderr]   Downloaded awc v1.0.1
[INFO] [stderr]   Downloaded target-lexicon v0.10.0
[INFO] [stderr]   Downloaded yanix v0.18.0
[INFO] [stderr]   Downloaded ya-sb-proto v0.1.0
[INFO] [stderr]   Downloaded wig v0.18.0
[INFO] [stderr]   Downloaded prost v0.6.1
[INFO] [stderr]   Downloaded cranelift-codegen-shared v0.65.0
[INFO] [stderr]   Downloaded actix-http v1.0.1
[INFO] [stderr]   Downloaded wiggle-macro v0.18.0
[INFO] [stderr]   Downloaded wasmtime-wasi v0.18.0
[INFO] [stderr]   Downloaded semver v0.10.0
[INFO] [stderr]   Downloaded gfaas-macro v0.3.0
[INFO] [stderr]   Downloaded ya-sb-util v0.1.0
[INFO] [stderr]   Downloaded ole32-sys v0.2.0
[INFO] [stderr]   Downloaded zstd-safe v2.0.6+zstd.1.4.7
[INFO] [stderr]   Downloaded fixedbitset v0.1.9
[INFO] [stderr]   Downloaded actix-threadpool v0.3.3
[INFO] [stderr]   Downloaded ya-core-model v0.2.0
[INFO] [stderr]   Downloaded prost-types v0.5.0
[INFO] [stderr]   Downloaded winx v0.18.0
[INFO] [stderr]   Downloaded parking_lot v0.10.2
[INFO] [stderr]   Downloaded wasmtime-profiling v0.18.0
[INFO] [stderr]   Downloaded actix-codec v0.2.0
[INFO] [stderr]   Downloaded ya-agreement-utils v0.1.0
[INFO] [stderr]   Downloaded cranelift-native v0.65.0
[INFO] [stderr]   Downloaded wiggle-generate v0.18.0
[INFO] [stderr]   Downloaded actix-service v1.0.6
[INFO] [stderr]   Downloaded prost-derive v0.5.0
[INFO] [stderr]   Downloaded resolv-conf v0.6.3
[INFO] [stderr]   Downloaded trust-dns-proto v0.18.0-alpha.2
[INFO] [stderr]   Downloaded ya-runtime-wasi v0.2.1
[INFO] [stderr]   Downloaded ya-client-model v0.1.1
[INFO] [stderr]   Downloaded cranelift-entity v0.65.0
[INFO] [stderr]   Downloaded ya-client v0.3.1
[INFO] [stderr]   Downloaded wasmtime-environ v0.18.0
[INFO] [stderr]   Downloaded wasmtime-jit v0.18.0
[INFO] [stderr]   Downloaded wasmtime-runtime v0.18.0
[INFO] [stderr]   Downloaded cranelift-bforest v0.65.0
[INFO] [stderr]   Downloaded gftp v0.1.2
[INFO] [stderr]   Downloaded yarapi v0.2.1
[INFO] [stderr]   Downloaded raw-cpuid v7.0.4
[INFO] [stderr]   Downloaded wasmtime-debug v0.18.0
[INFO] [stderr]   Downloaded cranelift-wasm v0.65.0
[INFO] [stderr]   Downloaded cranelift-frontend v0.65.0
[INFO] [stderr]   Downloaded ya-service-bus v0.2.2
[INFO] [stderr]   Downloaded wasi-common v0.18.0
[INFO] [stderr]   Downloaded wasmtime v0.18.0
[INFO] [stderr]   Downloaded cranelift-codegen-meta v0.65.0
[INFO] [stderr]   Downloaded actix v0.9.0
[INFO] [stderr]   Downloaded object v0.18.0
[INFO] [stderr]   Downloaded regalloc v0.0.26
[INFO] [stderr]   Downloaded cranelift-codegen v0.65.0
[INFO] running `Command { std: "docker" "create" "-v" "/var/lib/crater-agent-workspace/builds/worker-1-tc1/target:/opt/rustwide/target:rw,Z" "-v" "/var/lib/crater-agent-workspace/builds/worker-1-tc1/source:/opt/rustwide/workdir:ro,Z" "-v" "/var/lib/crater-agent-workspace/cargo-home:/opt/rustwide/cargo-home:ro,Z" "-v" "/var/lib/crater-agent-workspace/rustup-home:/opt/rustwide/rustup-home:ro,Z" "-e" "SOURCE_DIR=/opt/rustwide/workdir" "-e" "CARGO_TARGET_DIR=/opt/rustwide/target" "-e" "CARGO_HOME=/opt/rustwide/cargo-home" "-e" "RUSTUP_HOME=/opt/rustwide/rustup-home" "-w" "/opt/rustwide/workdir" "-m" "1610612736" "--user" "0:0" "--network" "none" "ghcr.io/rust-lang/crates-build-env/linux@sha256:2788e3201cd34a07e3172128adcd8b3090168a8e3bcc40d7c032b9dda1df7d1c" "/opt/rustwide/cargo-home/bin/cargo" "+1.75.0" "metadata" "--no-deps" "--format-version=1", kill_on_drop: false }`
[INFO] [stdout] 6d777585b68e5c57e0e1de8013bcdde0f5e040d54dc33b4dcbf858d3264e3f5e
[INFO] running `Command { std: "docker" "start" "-a" "6d777585b68e5c57e0e1de8013bcdde0f5e040d54dc33b4dcbf858d3264e3f5e", kill_on_drop: false }`
[INFO] running `Command { std: "docker" "inspect" "6d777585b68e5c57e0e1de8013bcdde0f5e040d54dc33b4dcbf858d3264e3f5e", kill_on_drop: false }`
[INFO] running `Command { std: "docker" "rm" "-f" "6d777585b68e5c57e0e1de8013bcdde0f5e040d54dc33b4dcbf858d3264e3f5e", kill_on_drop: false }`
[INFO] [stdout] 6d777585b68e5c57e0e1de8013bcdde0f5e040d54dc33b4dcbf858d3264e3f5e
[INFO] running `Command { std: "docker" "create" "-v" "/var/lib/crater-agent-workspace/builds/worker-1-tc1/target:/opt/rustwide/target:rw,Z" "-v" "/var/lib/crater-agent-workspace/builds/worker-1-tc1/source:/opt/rustwide/workdir:ro,Z" "-v" "/var/lib/crater-agent-workspace/cargo-home:/opt/rustwide/cargo-home:ro,Z" "-v" "/var/lib/crater-agent-workspace/rustup-home:/opt/rustwide/rustup-home:ro,Z" "-e" "SOURCE_DIR=/opt/rustwide/workdir" "-e" "CARGO_TARGET_DIR=/opt/rustwide/target" "-e" "CARGO_INCREMENTAL=0" "-e" "RUST_BACKTRACE=full" "-e" "RUSTFLAGS=--cap-lints=warn" "-e" "RUSTDOCFLAGS=--cap-lints=warn" "-e" "CARGO_HOME=/opt/rustwide/cargo-home" "-e" "RUSTUP_HOME=/opt/rustwide/rustup-home" "-w" "/opt/rustwide/workdir" "-m" "1610612736" "--user" "0:0" "--network" "none" "ghcr.io/rust-lang/crates-build-env/linux@sha256:2788e3201cd34a07e3172128adcd8b3090168a8e3bcc40d7c032b9dda1df7d1c" "/opt/rustwide/cargo-home/bin/cargo" "+1.75.0" "doc" "--frozen" "--no-deps" "--document-private-items" "--message-format=json", kill_on_drop: false }`
[INFO] [stdout] 1331edcdf5dcc217a332970f98bf1286792d6db044cbb6750e87f5e9f7ffb265
[INFO] running `Command { std: "docker" "start" "-a" "1331edcdf5dcc217a332970f98bf1286792d6db044cbb6750e87f5e9f7ffb265", kill_on_drop: false }`
[INFO] [stderr]    Compiling proc-macro2 v1.0.76
[INFO] [stderr]    Compiling libc v0.2.151
[INFO] [stderr]    Compiling syn v1.0.109
[INFO] [stderr]     Checking log v0.4.20
[INFO] [stderr]     Checking cfg-if v0.1.10
[INFO] [stderr]     Checking smallvec v1.11.2
[INFO] [stderr]    Compiling thiserror v1.0.56
[INFO] [stderr]    Compiling anyhow v1.0.79
[INFO] [stderr]    Compiling failure_derive v0.1.8
[INFO] [stderr]    Compiling indexmap v1.9.3
[INFO] [stderr]     Checking byteorder v1.5.0
[INFO] [stderr]    Compiling rustix v0.38.28
[INFO] [stderr]     Checking miniz_oxide v0.7.1
[INFO] [stderr]    Compiling typenum v1.17.0
[INFO] [stderr]     Checking futures-channel v0.3.30
[INFO] [stderr]     Checking bytes v0.5.6
[INFO] [stderr]     Checking gimli v0.28.1
[INFO] [stderr]     Checking object v0.32.2
[INFO] [stderr]     Checking rustc-demangle v0.1.23
[INFO] [stderr]     Checking either v1.9.0
[INFO] [stderr]    Compiling getrandom v0.1.16
[INFO] [stderr]     Checking pin-project-lite v0.1.12
[INFO] [stderr]     Checking unicode-normalization v0.1.22
[INFO] [stderr]     Checking scopeguard v1.2.0
[INFO] [stderr]     Checking unicode-bidi v0.3.14
[INFO] [stderr]    Compiling lock_api v0.4.11
[INFO] [stderr]    Compiling pin-project-internal v0.4.30
[INFO] [stderr]    Compiling target-lexicon v0.10.0
[INFO] [stderr]    Compiling cranelift-codegen-shared v0.65.0
[INFO] [stderr]    Compiling quote v1.0.35
[INFO] [stderr]    Compiling parking_lot_core v0.8.6
[INFO] [stderr]    Compiling syn v2.0.48
[INFO] [stderr]     Checking idna v0.5.0
[INFO] [stderr]     Checking instant v0.1.12
[INFO] [stderr]    Compiling itertools v0.9.0
[INFO] [stderr]     Checking byte-tools v0.3.1
[INFO] [stderr]     Checking linked-hash-map v0.5.6
[INFO] [stderr]     Checking block-padding v0.1.5
[INFO] [stderr]    Compiling itertools v0.8.2
[INFO] [stderr]     Checking quick-error v1.2.3
[INFO] [stderr]     Checking rustc-hash v1.1.0
[INFO] [stderr]    Compiling syn v0.15.44
[INFO] [stderr]    Compiling async-trait v0.1.77
[INFO] [stderr]    Compiling convert_case v0.4.0
[INFO] [stderr]     Checking gimli v0.21.0
[INFO] [stderr]     Checking regalloc v0.0.26
[INFO] [stderr]     Checking opaque-debug v0.2.3
[INFO] [stderr]     Checking termcolor v1.4.0
[INFO] [stderr]     Checking generic-array v0.12.4
[INFO] [stderr]     Checking match_cfg v0.1.0
[INFO] [stderr]     Checking matches v0.1.10
[INFO] [stderr]    Compiling heck v0.4.1
[INFO] [stderr]     Checking idna v0.2.3
[INFO] [stderr]    Compiling zstd-safe v2.0.6+zstd.1.4.7
[INFO] [stderr]     Checking digest v0.8.1
[INFO] [stderr]     Checking block-buffer v0.7.3
[INFO] [stderr]     Checking iovec v0.1.4
[INFO] [stderr]     Checking net2 v0.2.39
[INFO] [stderr]     Checking signal-hook-registry v1.4.1
[INFO] [stderr]    Compiling jobserver v0.1.27
[INFO] [stderr]     Checking num_cpus v1.16.0
[INFO] [stderr]     Checking rand_core v0.5.1
[INFO] [stderr]     Checking mio v0.6.23
[INFO] [stderr]    Compiling cc v1.0.83
[INFO] [stderr]     Checking threadpool v1.8.1
[INFO] [stderr]     Checking hostname v0.3.1
[INFO] [stderr]     Checking parking_lot v0.11.2
[INFO] [stderr]     Checking socket2 v0.3.19
[INFO] [stderr]     Checking rand_chacha v0.2.2
[INFO] [stderr]     Checking iana-time-zone v0.1.59
[INFO] [stderr]     Checking copyless v0.1.5
[INFO] [stderr]     Checking addr2line v0.21.0
[INFO] [stderr]     Checking resolv-conf v0.6.3
[INFO] [stderr]    Compiling bytes v0.4.12
[INFO] [stderr]     Checking time v0.1.45
[INFO] [stderr]     Checking rand v0.7.3
[INFO] [stderr]     Checking lru-cache v0.1.2
[INFO] [stderr]     Checking flate2 v1.0.28
[INFO] [stderr]    Compiling num-integer v0.1.45
[INFO] [stderr]     Checking leb128 v0.2.5
[INFO] [stderr]     Checking mio-uds v0.6.8
[INFO] [stderr]    Compiling semver-parser v0.7.0
[INFO] [stderr]     Checking unicode-width v0.1.11
[INFO] [stderr]     Checking tokio v0.2.25
[INFO] [stderr]     Checking dirs-sys v0.3.7
[INFO] [stderr]    Compiling num-bigint v0.2.6
[INFO] [stderr]    Compiling semver v0.9.0
[INFO] [stderr]    Compiling wasmtime-environ v0.18.0
[INFO] [stderr]     Checking is-terminal v0.4.10
[INFO] [stderr]    Compiling fastrand v2.0.1
[INFO] [stderr]     Checking env_logger v0.10.1
[INFO] [stderr]     Checking fake-simd v0.1.2
[INFO] [stderr]     Checking wasmparser v0.57.0
[INFO] [stderr]    Compiling fixedbitset v0.1.9
[INFO] [stderr]     Checking dtoa v0.4.8
[INFO] [stderr]     Checking sha1_smol v1.0.0
[INFO] [stderr]    Compiling wast v22.0.0
[INFO] [stderr]    Compiling petgraph v0.4.13
[INFO] [stderr]     Checking sha2 v0.8.2
[INFO] [stderr]    Compiling rustc_version v0.2.3
[INFO] [stderr]     Checking sha1 v0.6.1
[INFO] [stderr]     Checking file-per-thread-logger v0.1.6
[INFO] [stderr]     Checking directories v2.0.2
[INFO] [stderr]     Checking rayon v1.8.0
[INFO] [stderr]     Checking errno v0.2.8
[INFO] [stderr]     Checking fxhash v0.2.1
[INFO] [stderr]    Compiling crossbeam-utils v0.7.2
[INFO] [stderr]    Compiling memoffset v0.5.6
[INFO] [stderr]     Checking base64 v0.11.0
[INFO] [stderr]    Compiling backtrace v0.3.69
[INFO] [stderr]    Compiling zstd-sys v1.4.18+zstd.1.4.7
[INFO] [stderr]    Compiling brotli-sys v0.3.2
[INFO] [stderr]    Compiling bzip2-sys v0.1.11+1.0.8
[INFO] [stderr]     Checking more-asserts v0.2.2
[INFO] [stderr]    Compiling multimap v0.4.0
[INFO] [stderr]     Checking base64 v0.12.3
[INFO] [stderr]    Compiling maybe-uninit v2.0.0
[INFO] [stderr]     Checking language-tags v0.2.2
[INFO] [stderr]    Compiling raw-cpuid v7.0.4
[INFO] [stderr]    Compiling wasmtime-runtime v0.18.0
[INFO] [stderr]     Checking parking_lot_core v0.7.3
[INFO] [stderr]     Checking region v2.2.0
[INFO] [stderr]     Checking object v0.18.0
[INFO] [stderr]     Checking lock_api v0.3.4
[INFO] [stderr]    Compiling generic-array v0.14.7
[INFO] [stderr]    Compiling wasi-common v0.18.0
[INFO] [stderr]    Compiling synstructure v0.12.6
[INFO] [stderr]     Checking crossbeam-channel v0.4.4
[INFO] [stderr]     Checking parking_lot v0.10.2
[INFO] [stderr]    Compiling proc-macro-error-attr v1.0.4
[INFO] [stderr]    Compiling tempfile v3.9.0
[INFO] [stderr]     Checking wasm-encoder v0.38.1
[INFO] [stderr]     Checking atty v0.2.14
[INFO] [stderr]    Compiling crc32fast v1.3.2
[INFO] [stderr]    Compiling proc-macro-error v1.0.4
[INFO] [stderr]     Checking textwrap v0.11.0
[INFO] [stderr]     Checking filetime v0.2.23
[INFO] [stderr]     Checking strsim v0.8.0
[INFO] [stderr]     Checking ansi_term v0.12.1
[INFO] [stderr]     Checking keccak v0.1.4
[INFO] [stderr]     Checking yaml-rust v0.4.5
[INFO] [stderr]     Checking block-padding v0.2.1
[INFO] [stderr]    Compiling wasmtime-wasi v0.18.0
[INFO] [stderr]     Checking digest v0.9.0
[INFO] [stderr]     Checking yanix v0.18.0
[INFO] [stderr]     Checking block-buffer v0.9.0
[INFO] [stderr]     Checking clap v2.34.0
[INFO] [stderr]     Checking getrandom v0.2.11
[INFO] [stderr]     Checking sha3 v0.8.2
[INFO] [stderr]     Checking humantime v1.3.0
[INFO] [stderr]     Checking wast v69.0.1
[INFO] [stderr]     Checking sha3 v0.9.1
[INFO] [stderr]    Compiling appdirs v0.2.0
[INFO] [stderr]     Checking env_logger v0.6.2
[INFO] [stderr]     Checking tokio-util v0.2.0
[INFO] [stderr]     Checking tokio-util v0.3.1
[INFO] [stderr]     Checking semver v0.10.0
[INFO] [stderr]     Checking actix-codec v0.2.0
[INFO] [stderr]    Compiling serde_derive v1.0.195
[INFO] [stderr]    Compiling thiserror-impl v1.0.56
[INFO] [stderr]    Compiling futures-macro v0.3.30
[INFO] [stderr]    Compiling tracing-attributes v0.1.27
[INFO] [stderr]    Compiling derive_more v0.99.17
[INFO] [stderr]    Compiling actix-macros v0.1.3
[INFO] [stderr]    Compiling enum-as-inner v0.3.4
[INFO] [stderr]    Compiling pin-project-internal v1.1.3
[INFO] [stderr]    Compiling scroll_derive v0.10.5
[INFO] [stderr]    Compiling prost-derive v0.6.1
[INFO] [stderr]    Compiling actix_derive v0.5.0
[INFO] [stderr]    Compiling bzip2 v0.4.4
[INFO] [stderr]    Compiling failure v0.1.8
[INFO] [stderr]    Compiling prost-derive v0.5.0
[INFO] [stderr]     Checking futures-util v0.3.30
[INFO] [stderr]    Compiling which v2.0.1
[INFO] [stderr]    Compiling prost-build v0.5.0
[INFO] [stderr]    Compiling structopt-derive v0.4.18
[INFO] [stderr]     Checking scroll v0.10.2
[INFO] [stderr]    Compiling witx v0.8.8
[INFO] [stderr]     Checking tracing v0.1.40
[INFO] [stderr]     Checking pin-project v0.4.30
[INFO] [stderr]    Compiling zip v0.5.13
[INFO] [stderr]    Compiling git-version-macro v0.3.9
[INFO] [stderr]    Compiling gfaas-macro v0.3.0
[INFO] [stderr]     Checking pin-project v1.1.3
[INFO] [stderr]     Checking tracing-futures v0.2.5
[INFO] [stderr]    Compiling ya-runtime-wasi v0.2.1
[INFO] [stderr]    Compiling wiggle-generate v0.18.0
[INFO] [stderr]     Checking git-version v0.3.9
[INFO] [stderr]     Checking prost v0.6.1
[INFO] [stderr]     Checking wat v1.0.82
[INFO] [stderr]     Checking structopt v0.3.26
[INFO] [stderr]    Compiling prost v0.5.0
[INFO] [stderr]     Checking serde v1.0.195
[INFO] [stderr]     Checking futures-executor v0.3.30
[INFO] [stderr]     Checking futures v0.3.30
[INFO] [stderr]     Checking actix-service v1.0.6
[INFO] [stderr]     Checking h2 v0.2.7
[INFO] [stderr]    Compiling prost-types v0.5.0
[INFO] [stderr]     Checking actix-threadpool v0.3.3
[INFO] [stderr]     Checking ya-sb-util v0.1.0
[INFO] [stderr]    Compiling wig v0.18.0
[INFO] [stderr]     Checking actix-rt v1.1.1
[INFO] [stderr]    Compiling wiggle-macro v0.18.0
[INFO] [stderr]     Checking actix-utils v1.0.6
[INFO] [stderr]     Checking brotli2 v0.3.2
[INFO] [stderr]     Checking wiggle v0.18.0
[INFO] [stderr]    Compiling ya-sb-proto v0.1.0
[INFO] [stderr]     Checking url v2.5.0
[INFO] [stderr]     Checking cranelift-entity v0.65.0
[INFO] [stderr]     Checking serde_json v1.0.111
[INFO] [stderr]     Checking chrono v0.4.31
[INFO] [stderr]     Checking cranelift-bforest v0.65.0
[INFO] [stderr]     Checking trust-dns-proto v0.18.0-alpha.2
[INFO] [stderr]    Compiling cranelift-codegen-meta v0.65.0
[INFO] [stderr]     Checking serde_urlencoded v0.6.1
[INFO] [stderr]     Checking bincode v1.3.3
[INFO] [stderr]     Checking toml v0.5.11
[INFO] [stderr]     Checking bigdecimal v0.1.2
[INFO] [stderr]     Checking serde_bytes v0.11.14
[INFO] [stderr]     Checking serde_yaml v0.8.26
[INFO] [stderr]     Checking envy v0.4.2
[INFO] [stderr]     Checking uuid v0.8.2
[INFO] [stderr]     Checking ya-client-model v0.1.1
[INFO] [stderr]     Checking trust-dns-resolver v0.18.0-alpha.2
[INFO] [stderr]     Checking actix-connect v1.0.2
[INFO] [stderr]     Checking ya-agreement-utils v0.1.0
[INFO] [stdout] error[E0432]: unresolved import `serde::export`
[INFO] [stdout]  --> /opt/rustwide/cargo-home/registry/src/index.crates.io-6f17d22bba15001f/ya-agreement-utils-0.1.0/src/constraints.rs:1:12
[INFO] [stdout]   |
[INFO] [stdout] 1 | use serde::export::Formatter;
[INFO] [stdout]   |            ^^^^^^ could not find `export` in `serde`
[INFO] [stdout] 
[INFO] [stdout] 
[INFO] [stderr]     Checking actix-http v1.0.1
[INFO] [stdout] error: aborting due to previous error
[INFO] [stdout] 
[INFO] [stdout] 
[INFO] [stdout] For more information about this error, try `rustc --explain E0432`.
[INFO] [stdout] 
[INFO] [stderr] error: could not compile `ya-agreement-utils` (lib) due to 2 previous errors
[INFO] [stderr] warning: build failed, waiting for other jobs to finish...
[INFO] [stdout] error[E0277]: cannot subtract `chrono::Duration` from `Tm`
[INFO] [stdout]    --> /opt/rustwide/cargo-home/registry/src/index.crates.io-6f17d22bba15001f/actix-http-1.0.1/src/cookie/jar.rs:224:44
[INFO] [stdout]     |
[INFO] [stdout] 224 |             cookie.set_expires(time::now() - Duration::days(365));
[INFO] [stdout]     |                                            ^ no implementation for `Tm - chrono::Duration`
[INFO] [stdout]     |
[INFO] [stdout]     = help: the trait `Sub<chrono::Duration>` is not implemented for `Tm`
[INFO] [stdout]     = help: the following other types implement trait `Sub<Rhs>`:
[INFO] [stdout]               <Tm as Sub<time::Duration>>
[INFO] [stdout]               <Tm as Sub>
[INFO] [stdout] 
[INFO] [stdout] 
[INFO] [stdout] error[E0308]: mismatched types
[INFO] [stdout]    --> /opt/rustwide/cargo-home/registry/src/index.crates.io-6f17d22bba15001f/actix-http-1.0.1/src/cookie/mod.rs:736:40
[INFO] [stdout]     |
[INFO] [stdout] 736 |         self.set_expires(time::now() + twenty_years);
[INFO] [stdout]     |                                        ^^^^^^^^^^^^ expected `time::Duration`, found `chrono::Duration`
[INFO] [stdout]     |
[INFO] [stdout]     = note: `chrono::Duration` and `time::Duration` have similar names, but are actually distinct types
[INFO] [stdout] note: `chrono::Duration` is defined in crate `chrono`
[INFO] [stdout]    --> /opt/rustwide/cargo-home/registry/src/index.crates.io-6f17d22bba15001f/chrono-0.4.31/src/duration.rs:55:1
[INFO] [stdout]     |
[INFO] [stdout] 55  | pub struct Duration {
[INFO] [stdout]     | ^^^^^^^^^^^^^^^^^^^
[INFO] [stdout] note: `time::Duration` is defined in crate `time`
[INFO] [stdout]    --> /opt/rustwide/cargo-home/registry/src/index.crates.io-6f17d22bba15001f/time-0.1.45/src/duration.rs:45:1
[INFO] [stdout]     |
[INFO] [stdout] 45  | pub struct Duration {
[INFO] [stdout]     | ^^^^^^^^^^^^^^^^^^^
[INFO] [stdout] 
[INFO] [stdout] 
[INFO] [stdout] error: aborting due to 2 previous errors
[INFO] [stdout] 
[INFO] [stdout] 
[INFO] [stdout] Some errors have detailed explanations: E0277, E0308.
[INFO] [stdout] 
[INFO] [stdout] For more information about an error, try `rustc --explain E0277`.
[INFO] [stdout] 
[INFO] [stderr] error: could not compile `actix-http` (lib) due to 3 previous errors
[INFO] running `Command { std: "docker" "inspect" "1331edcdf5dcc217a332970f98bf1286792d6db044cbb6750e87f5e9f7ffb265", kill_on_drop: false }`
[INFO] running `Command { std: "docker" "rm" "-f" "1331edcdf5dcc217a332970f98bf1286792d6db044cbb6750e87f5e9f7ffb265", kill_on_drop: false }`
[INFO] [stdout] 1331edcdf5dcc217a332970f98bf1286792d6db044cbb6750e87f5e9f7ffb265
[INFO] documenting gfaas-0.3.0 against beta-2023-12-22 for beta-1.76-rustdoc-1
[INFO] extracting crate gfaas 0.3.0 into /workspace/builds/worker-1-tc2/source
[INFO] validating manifest of crates.io crate gfaas 0.3.0 on toolchain beta-2023-12-22
[INFO] running `Command { std: CARGO_HOME="/workspace/cargo-home" RUSTUP_HOME="/workspace/rustup-home" "/workspace/cargo-home/bin/cargo" "+beta-2023-12-22" "metadata" "--manifest-path" "Cargo.toml" "--no-deps", kill_on_drop: false }`
[INFO] started tweaking crates.io crate gfaas 0.3.0
[INFO] finished tweaking crates.io crate gfaas 0.3.0
[INFO] tweaked toml for crates.io crate gfaas 0.3.0 written to /workspace/builds/worker-1-tc2/source/Cargo.toml
[INFO] running `Command { std: CARGO_HOME="/workspace/cargo-home" RUSTUP_HOME="/workspace/rustup-home" "/workspace/cargo-home/bin/cargo" "+beta-2023-12-22" "generate-lockfile" "--manifest-path" "Cargo.toml", kill_on_drop: false }`
[INFO] [stderr]     Updating crates.io index
[INFO] running `Command { std: CARGO_HOME="/workspace/cargo-home" RUSTUP_HOME="/workspace/rustup-home" "/workspace/cargo-home/bin/cargo" "+beta-2023-12-22" "fetch" "--manifest-path" "Cargo.toml", kill_on_drop: false }`
[INFO] running `Command { std: "docker" "create" "-v" "/var/lib/crater-agent-workspace/builds/worker-1-tc2/target:/opt/rustwide/target:rw,Z" "-v" "/var/lib/crater-agent-workspace/builds/worker-1-tc2/source:/opt/rustwide/workdir:ro,Z" "-v" "/var/lib/crater-agent-workspace/cargo-home:/opt/rustwide/cargo-home:ro,Z" "-v" "/var/lib/crater-agent-workspace/rustup-home:/opt/rustwide/rustup-home:ro,Z" "-e" "SOURCE_DIR=/opt/rustwide/workdir" "-e" "CARGO_TARGET_DIR=/opt/rustwide/target" "-e" "CARGO_HOME=/opt/rustwide/cargo-home" "-e" "RUSTUP_HOME=/opt/rustwide/rustup-home" "-w" "/opt/rustwide/workdir" "-m" "1610612736" "--user" "0:0" "--network" "none" "ghcr.io/rust-lang/crates-build-env/linux@sha256:2788e3201cd34a07e3172128adcd8b3090168a8e3bcc40d7c032b9dda1df7d1c" "/opt/rustwide/cargo-home/bin/cargo" "+beta-2023-12-22" "metadata" "--no-deps" "--format-version=1", kill_on_drop: false }`
[INFO] [stdout] a94d72f04782f6f51d69877f968883422c2b7636cd2358f147dbf51866ce1306
[INFO] running `Command { std: "docker" "start" "-a" "a94d72f04782f6f51d69877f968883422c2b7636cd2358f147dbf51866ce1306", kill_on_drop: false }`
[INFO] running `Command { std: "docker" "inspect" "a94d72f04782f6f51d69877f968883422c2b7636cd2358f147dbf51866ce1306", kill_on_drop: false }`
[INFO] running `Command { std: "docker" "rm" "-f" "a94d72f04782f6f51d69877f968883422c2b7636cd2358f147dbf51866ce1306", kill_on_drop: false }`
[INFO] [stdout] a94d72f04782f6f51d69877f968883422c2b7636cd2358f147dbf51866ce1306
[INFO] running `Command { std: "docker" "create" "-v" "/var/lib/crater-agent-workspace/builds/worker-1-tc2/target:/opt/rustwide/target:rw,Z" "-v" "/var/lib/crater-agent-workspace/builds/worker-1-tc2/source:/opt/rustwide/workdir:ro,Z" "-v" "/var/lib/crater-agent-workspace/cargo-home:/opt/rustwide/cargo-home:ro,Z" "-v" "/var/lib/crater-agent-workspace/rustup-home:/opt/rustwide/rustup-home:ro,Z" "-e" "SOURCE_DIR=/opt/rustwide/workdir" "-e" "CARGO_TARGET_DIR=/opt/rustwide/target" "-e" "CARGO_INCREMENTAL=0" "-e" "RUST_BACKTRACE=full" "-e" "RUSTFLAGS=--cap-lints=warn" "-e" "RUSTDOCFLAGS=--cap-lints=warn" "-e" "CARGO_HOME=/opt/rustwide/cargo-home" "-e" "RUSTUP_HOME=/opt/rustwide/rustup-home" "-w" "/opt/rustwide/workdir" "-m" "1610612736" "--user" "0:0" "--network" "none" "ghcr.io/rust-lang/crates-build-env/linux@sha256:2788e3201cd34a07e3172128adcd8b3090168a8e3bcc40d7c032b9dda1df7d1c" "/opt/rustwide/cargo-home/bin/cargo" "+beta-2023-12-22" "doc" "--frozen" "--no-deps" "--document-private-items" "--message-format=json", kill_on_drop: false }`
[INFO] [stdout] 32e02b459fff484ead57cb6278e5210f6f5c0789e1f668ea7869f855fc991281
[INFO] running `Command { std: "docker" "start" "-a" "32e02b459fff484ead57cb6278e5210f6f5c0789e1f668ea7869f855fc991281", kill_on_drop: false }`
[INFO] [stderr]    Compiling proc-macro2 v1.0.76
[INFO] [stderr]    Compiling libc v0.2.151
[INFO] [stderr]    Compiling syn v1.0.109
[INFO] [stderr]     Checking log v0.4.20
[INFO] [stderr]     Checking cfg-if v0.1.10
[INFO] [stderr]     Checking smallvec v1.11.2
[INFO] [stderr]    Compiling thiserror v1.0.56
[INFO] [stderr]    Compiling anyhow v1.0.79
[INFO] [stderr]     Checking byteorder v1.5.0
[INFO] [stderr]    Compiling failure_derive v0.1.8
[INFO] [stderr]    Compiling indexmap v1.9.3
[INFO] [stderr]    Compiling rustix v0.38.28
[INFO] [stderr]    Compiling miniz_oxide v0.7.1
[INFO] [stderr]    Compiling typenum v1.17.0
[INFO] [stderr]     Checking futures-channel v0.3.30
[INFO] [stderr]     Checking bytes v0.5.6
[INFO] [stderr]     Checking gimli v0.28.1
[INFO] [stderr]     Checking object v0.32.2
[INFO] [stderr]     Checking rustc-demangle v0.1.23
[INFO] [stderr]     Checking either v1.9.0
[INFO] [stderr]    Compiling getrandom v0.1.16
[INFO] [stderr]     Checking pin-project-lite v0.1.12
[INFO] [stderr]     Checking unicode-normalization v0.1.22
[INFO] [stderr]     Checking unicode-bidi v0.3.14
[INFO] [stderr]     Checking scopeguard v1.2.0
[INFO] [stderr]    Compiling lock_api v0.4.11
[INFO] [stderr]    Compiling cranelift-codegen-shared v0.65.0
[INFO] [stderr]    Compiling pin-project-internal v0.4.30
[INFO] [stderr]    Compiling quote v1.0.35
[INFO] [stderr]    Compiling target-lexicon v0.10.0
[INFO] [stderr]    Compiling parking_lot_core v0.8.6
[INFO] [stderr]    Compiling syn v2.0.48
[INFO] [stderr]    Compiling itertools v0.9.0
[INFO] [stderr]     Checking idna v0.5.0
[INFO] [stderr]     Checking instant v0.1.12
[INFO] [stderr]     Checking linked-hash-map v0.5.6
[INFO] [stderr]     Checking byte-tools v0.3.1
[INFO] [stderr]    Compiling itertools v0.8.2
[INFO] [stderr]     Checking block-padding v0.1.5
[INFO] [stderr]    Compiling syn v0.15.44
[INFO] [stderr]     Checking rustc-hash v1.1.0
[INFO] [stderr]     Checking quick-error v1.2.3
[INFO] [stderr]    Compiling convert_case v0.4.0
[INFO] [stderr]    Compiling async-trait v0.1.77
[INFO] [stderr]     Checking regalloc v0.0.26
[INFO] [stderr]     Checking gimli v0.21.0
[INFO] [stderr]     Checking opaque-debug v0.2.3
[INFO] [stderr]    Compiling heck v0.4.1
[INFO] [stderr]     Checking generic-array v0.12.4
[INFO] [stderr]     Checking termcolor v1.4.0
[INFO] [stderr]     Checking match_cfg v0.1.0
[INFO] [stderr]     Checking matches v0.1.10
[INFO] [stderr]     Checking block-buffer v0.7.3
[INFO] [stderr]     Checking digest v0.8.1
[INFO] [stderr]     Checking idna v0.2.3
[INFO] [stderr]     Checking net2 v0.2.39
[INFO] [stderr]    Compiling jobserver v0.1.27
[INFO] [stderr]     Checking iovec v0.1.4
[INFO] [stderr]     Checking signal-hook-registry v1.4.1
[INFO] [stderr]     Checking num_cpus v1.16.0
[INFO] [stderr]    Compiling cc v1.0.83
[INFO] [stderr]     Checking mio v0.6.23
[INFO] [stderr]     Checking rand_core v0.5.1
[INFO] [stderr]     Checking threadpool v1.8.1
[INFO] [stderr]     Checking parking_lot v0.11.2
[INFO] [stderr]     Checking addr2line v0.21.0
[INFO] [stderr]     Checking rand_chacha v0.2.2
[INFO] [stderr]     Checking hostname v0.3.1
[INFO] [stderr]     Checking socket2 v0.3.19
[INFO] [stderr]     Checking iana-time-zone v0.1.59
[INFO] [stderr]     Checking copyless v0.1.5
[INFO] [stderr]    Compiling zstd-safe v2.0.6+zstd.1.4.7
[INFO] [stderr]     Checking rand v0.7.3
[INFO] [stderr]     Checking resolv-conf v0.6.3
[INFO] [stderr]    Compiling bytes v0.4.12
[INFO] [stderr]     Checking time v0.1.45
[INFO] [stderr]     Checking lru-cache v0.1.2
[INFO] [stderr]     Checking flate2 v1.0.28
[INFO] [stderr]    Compiling num-integer v0.1.45
[INFO] [stderr]     Checking mio-uds v0.6.8
[INFO] [stderr]     Checking unicode-width v0.1.11
[INFO] [stderr]    Compiling semver-parser v0.7.0
[INFO] [stderr]     Checking leb128 v0.2.5
[INFO] [stderr]     Checking tokio v0.2.25
[INFO] [stderr]     Checking dirs-sys v0.3.7
[INFO] [stderr]    Compiling semver v0.9.0
[INFO] [stderr]    Compiling num-bigint v0.2.6
[INFO] [stderr]     Checking dtoa v0.4.8
[INFO] [stderr]     Checking wasmparser v0.57.0
[INFO] [stderr]     Checking is-terminal v0.4.10
[INFO] [stderr]     Checking fake-simd v0.1.2
[INFO] [stderr]    Compiling fixedbitset v0.1.9
[INFO] [stderr]    Compiling fastrand v2.0.1
[INFO] [stderr]    Compiling wasmtime-environ v0.18.0
[INFO] [stderr]     Checking env_logger v0.10.1
[INFO] [stderr]     Checking sha1_smol v1.0.0
[INFO] [stderr]    Compiling petgraph v0.4.13
[INFO] [stderr]     Checking sha2 v0.8.2
[INFO] [stderr]     Checking sha1 v0.6.1
[INFO] [stderr]    Compiling rustc_version v0.2.3
[INFO] [stderr]    Compiling wast v22.0.0
[INFO] [stderr]     Checking directories v2.0.2
[INFO] [stderr]     Checking file-per-thread-logger v0.1.6
[INFO] [stderr]     Checking rayon v1.8.0
[INFO] [stderr]     Checking errno v0.2.8
[INFO] [stderr]     Checking fxhash v0.2.1
[INFO] [stderr]    Compiling memoffset v0.5.6
[INFO] [stderr]    Compiling backtrace v0.3.69
[INFO] [stderr]    Compiling zstd-sys v1.4.18+zstd.1.4.7
[INFO] [stderr]    Compiling brotli-sys v0.3.2
[INFO] [stderr]    Compiling bzip2-sys v0.1.11+1.0.8
[INFO] [stderr]    Compiling crossbeam-utils v0.7.2
[INFO] [stderr]    Compiling multimap v0.4.0
[INFO] [stderr]     Checking language-tags v0.2.2
[INFO] [stderr]    Compiling maybe-uninit v2.0.0
[INFO] [stderr]     Checking more-asserts v0.2.2
[INFO] [stderr]     Checking base64 v0.12.3
[INFO] [stderr]     Checking base64 v0.11.0
[INFO] [stderr]    Compiling raw-cpuid v7.0.4
[INFO] [stderr]    Compiling wasmtime-runtime v0.18.0
[INFO] [stderr]     Checking region v2.2.0
[INFO] [stderr]     Checking parking_lot_core v0.7.3
[INFO] [stderr]     Checking object v0.18.0
[INFO] [stderr]     Checking lock_api v0.3.4
[INFO] [stderr]    Compiling generic-array v0.14.7
[INFO] [stderr]    Compiling wasi-common v0.18.0
[INFO] [stderr]    Compiling synstructure v0.12.6
[INFO] [stderr]     Checking parking_lot v0.10.2
[INFO] [stderr]     Checking crossbeam-channel v0.4.4
[INFO] [stderr]    Compiling proc-macro-error-attr v1.0.4
[INFO] [stderr]     Checking wasm-encoder v0.38.1
[INFO] [stderr]    Compiling tempfile v3.9.0
[INFO] [stderr]     Checking atty v0.2.14
[INFO] [stderr]    Compiling crc32fast v1.3.2
[INFO] [stderr]    Compiling proc-macro-error v1.0.4
[INFO] [stderr]     Checking textwrap v0.11.0
[INFO] [stderr]     Checking filetime v0.2.23
[INFO] [stderr]     Checking strsim v0.8.0
[INFO] [stderr]     Checking ansi_term v0.12.1
[INFO] [stderr]     Checking keccak v0.1.4
[INFO] [stderr]     Checking yaml-rust v0.4.5
[INFO] [stderr]     Checking block-padding v0.2.1
[INFO] [stderr]     Checking yanix v0.18.0
[INFO] [stderr]    Compiling wasmtime-wasi v0.18.0
[INFO] [stderr]     Checking digest v0.9.0
[INFO] [stderr]     Checking clap v2.34.0
[INFO] [stderr]     Checking block-buffer v0.9.0
[INFO] [stderr]     Checking getrandom v0.2.11
[INFO] [stderr]     Checking sha3 v0.8.2
[INFO] [stderr]     Checking humantime v1.3.0
[INFO] [stderr]     Checking wast v69.0.1
[INFO] [stderr]     Checking tokio-util v0.2.0
[INFO] [stderr]     Checking tokio-util v0.3.1
[INFO] [stderr]     Checking sha3 v0.9.1
[INFO] [stderr]    Compiling appdirs v0.2.0
[INFO] [stderr]     Checking semver v0.10.0
[INFO] [stderr]     Checking env_logger v0.6.2
[INFO] [stderr]     Checking actix-codec v0.2.0
[INFO] [stderr]    Compiling serde_derive v1.0.195
[INFO] [stderr]    Compiling thiserror-impl v1.0.56
[INFO] [stderr]    Compiling futures-macro v0.3.30
[INFO] [stderr]    Compiling tracing-attributes v0.1.27
[INFO] [stderr]    Compiling pin-project-internal v1.1.3
[INFO] [stderr]    Compiling bzip2 v0.4.4
[INFO] [stderr]    Compiling derive_more v0.99.17
[INFO] [stderr]    Compiling actix-macros v0.1.3
[INFO] [stderr]    Compiling enum-as-inner v0.3.4
[INFO] [stderr]    Compiling prost-derive v0.6.1
[INFO] [stderr]    Compiling scroll_derive v0.10.5
[INFO] [stderr]    Compiling failure v0.1.8
[INFO] [stderr]     Checking futures-util v0.3.30
[INFO] [stderr]    Compiling actix_derive v0.5.0
[INFO] [stderr]    Compiling prost-derive v0.5.0
[INFO] [stderr]    Compiling which v2.0.1
[INFO] [stderr]    Compiling structopt-derive v0.4.18
[INFO] [stderr]    Compiling prost-build v0.5.0
[INFO] [stderr]     Checking pin-project v1.1.3
[INFO] [stderr]    Compiling witx v0.8.8
[INFO] [stderr]     Checking scroll v0.10.2
[INFO] [stderr]     Checking tracing v0.1.40
[INFO] [stderr]    Compiling zip v0.5.13
[INFO] [stderr]    Compiling git-version-macro v0.3.9
[INFO] [stderr]     Checking tracing-futures v0.2.5
[INFO] [stderr]    Compiling gfaas-macro v0.3.0
[INFO] [stderr]     Checking pin-project v0.4.30
[INFO] [stderr]    Compiling ya-runtime-wasi v0.2.1
[INFO] [stderr]     Checking prost v0.6.1
[INFO] [stderr]    Compiling wiggle-generate v0.18.0
[INFO] [stderr]     Checking git-version v0.3.9
[INFO] [stderr]     Checking structopt v0.3.26
[INFO] [stderr]     Checking wat v1.0.82
[INFO] [stderr]    Compiling prost v0.5.0
[INFO] [stderr]     Checking futures-executor v0.3.30
[INFO] [stderr]     Checking actix-service v1.0.6
[INFO] [stderr]     Checking futures v0.3.30
[INFO] [stderr]     Checking h2 v0.2.7
[INFO] [stderr]     Checking ya-sb-util v0.1.0
[INFO] [stderr]    Compiling prost-types v0.5.0
[INFO] [stderr]    Compiling wig v0.18.0
[INFO] [stderr]     Checking serde v1.0.195
[INFO] [stderr]    Compiling wiggle-macro v0.18.0
[INFO] [stderr]     Checking brotli2 v0.3.2
[INFO] [stderr]     Checking actix-threadpool v0.3.3
[INFO] [stderr]     Checking actix-rt v1.1.1
[INFO] [stderr]     Checking actix-utils v1.0.6
[INFO] [stderr]     Checking wiggle v0.18.0
[INFO] [stderr]    Compiling ya-sb-proto v0.1.0
[INFO] [stderr]     Checking url v2.5.0
[INFO] [stderr]     Checking cranelift-entity v0.65.0
[INFO] [stderr]     Checking serde_json v1.0.111
[INFO] [stderr]     Checking chrono v0.4.31
[INFO] [stderr]     Checking toml v0.5.11
[INFO] [stderr]     Checking bincode v1.3.3
[INFO] [stderr]     Checking bigdecimal v0.1.2
[INFO] [stderr]     Checking cranelift-bforest v0.65.0
[INFO] [stderr]     Checking serde_bytes v0.11.14
[INFO] [stderr]     Checking envy v0.4.2
[INFO] [stderr]     Checking trust-dns-proto v0.18.0-alpha.2
[INFO] [stderr]     Checking serde_urlencoded v0.6.1
[INFO] [stderr]     Checking serde_yaml v0.8.26
[INFO] [stderr]    Compiling cranelift-codegen-meta v0.65.0
[INFO] [stderr]     Checking uuid v0.8.2
[INFO] [stderr]     Checking ya-client-model v0.1.1
[INFO] [stderr]     Checking trust-dns-resolver v0.18.0-alpha.2
[INFO] [stderr]     Checking actix-connect v1.0.2
[INFO] [stderr]     Checking ya-agreement-utils v0.1.0
[INFO] [stdout] error[E0432]: unresolved import `serde::export`
[INFO] [stdout]  --> /opt/rustwide/cargo-home/registry/src/index.crates.io-6f17d22bba15001f/ya-agreement-utils-0.1.0/src/constraints.rs:1:12
[INFO] [stdout]   |
[INFO] [stdout] 1 | use serde::export::Formatter;
[INFO] [stdout]   |            ^^^^^^ could not find `export` in `serde`
[INFO] [stdout] 
[INFO] [stdout] 
[INFO] [stderr]     Checking actix-http v1.0.1
[INFO] [stdout] error: aborting due to 1 previous error
[INFO] [stdout] 
[INFO] [stdout] 
[INFO] [stdout] For more information about this error, try `rustc --explain E0432`.
[INFO] [stdout] 
[INFO] [stderr] error: could not compile `ya-agreement-utils` (lib) due to 2 previous errors
[INFO] [stderr] warning: build failed, waiting for other jobs to finish...
[INFO] [stdout] error[E0277]: cannot subtract `chrono::Duration` from `Tm`
[INFO] [stdout]    --> /opt/rustwide/cargo-home/registry/src/index.crates.io-6f17d22bba15001f/actix-http-1.0.1/src/cookie/jar.rs:224:44
[INFO] [stdout]     |
[INFO] [stdout] 224 |             cookie.set_expires(time::now() - Duration::days(365));
[INFO] [stdout]     |                                            ^ no implementation for `Tm - chrono::Duration`
[INFO] [stdout]     |
[INFO] [stdout]     = help: the trait `Sub<chrono::Duration>` is not implemented for `Tm`
[INFO] [stdout]     = help: the following other types implement trait `Sub<Rhs>`:
[INFO] [stdout]               <Tm as Sub<time::Duration>>
[INFO] [stdout]               <Tm as Sub>
[INFO] [stdout] 
[INFO] [stdout] 
[INFO] [stdout] error[E0308]: mismatched types
[INFO] [stdout]    --> /opt/rustwide/cargo-home/registry/src/index.crates.io-6f17d22bba15001f/actix-http-1.0.1/src/cookie/mod.rs:736:40
[INFO] [stdout]     |
[INFO] [stdout] 736 |         self.set_expires(time::now() + twenty_years);
[INFO] [stdout]     |                                        ^^^^^^^^^^^^ expected `time::Duration`, found `chrono::Duration`
[INFO] [stdout]     |
[INFO] [stdout]     = note: `chrono::Duration` and `time::Duration` have similar names, but are actually distinct types
[INFO] [stdout] note: `chrono::Duration` is defined in crate `chrono`
[INFO] [stdout]    --> /opt/rustwide/cargo-home/registry/src/index.crates.io-6f17d22bba15001f/chrono-0.4.31/src/duration.rs:55:1
[INFO] [stdout]     |
[INFO] [stdout] 55  | pub struct Duration {
[INFO] [stdout]     | ^^^^^^^^^^^^^^^^^^^
[INFO] [stdout] note: `time::Duration` is defined in crate `time`
[INFO] [stdout]    --> /opt/rustwide/cargo-home/registry/src/index.crates.io-6f17d22bba15001f/time-0.1.45/src/duration.rs:45:1
[INFO] [stdout]     |
[INFO] [stdout] 45  | pub struct Duration {
[INFO] [stdout]     | ^^^^^^^^^^^^^^^^^^^
[INFO] [stdout] 
[INFO] [stdout] 
[INFO] [stdout] error: aborting due to 2 previous errors
[INFO] [stdout] 
[INFO] [stdout] 
[INFO] [stdout] Some errors have detailed explanations: E0277, E0308.
[INFO] [stdout] 
[INFO] [stdout] For more information about an error, try `rustc --explain E0277`.
[INFO] [stdout] 
[INFO] [stderr] error: could not compile `actix-http` (lib) due to 3 previous errors
[INFO] running `Command { std: "docker" "inspect" "32e02b459fff484ead57cb6278e5210f6f5c0789e1f668ea7869f855fc991281", kill_on_drop: false }`
[INFO] running `Command { std: "docker" "rm" "-f" "32e02b459fff484ead57cb6278e5210f6f5c0789e1f668ea7869f855fc991281", kill_on_drop: false }`
[INFO] [stdout] 32e02b459fff484ead57cb6278e5210f6f5c0789e1f668ea7869f855fc991281
