[INFO] fetching crate garage_api 0.9.0...
[INFO] documenting garage_api-0.9.0 against 1.75.0 for beta-1.76-rustdoc-1
[INFO] extracting crate garage_api 0.9.0 into /workspace/builds/worker-6-tc1/source
[INFO] validating manifest of crates.io crate garage_api 0.9.0 on toolchain 1.75.0
[INFO] running `Command { std: CARGO_HOME="/workspace/cargo-home" RUSTUP_HOME="/workspace/rustup-home" "/workspace/cargo-home/bin/cargo" "+1.75.0" "metadata" "--manifest-path" "Cargo.toml" "--no-deps", kill_on_drop: false }`
[INFO] started tweaking crates.io crate garage_api 0.9.0
[INFO] finished tweaking crates.io crate garage_api 0.9.0
[INFO] tweaked toml for crates.io crate garage_api 0.9.0 written to /workspace/builds/worker-6-tc1/source/Cargo.toml
[INFO] running `Command { std: CARGO_HOME="/workspace/cargo-home" RUSTUP_HOME="/workspace/rustup-home" "/workspace/cargo-home/bin/cargo" "+1.75.0" "generate-lockfile" "--manifest-path" "Cargo.toml", kill_on_drop: false }`
[INFO] [stderr]     Updating crates.io index
[INFO] running `Command { std: CARGO_HOME="/workspace/cargo-home" RUSTUP_HOME="/workspace/rustup-home" "/workspace/cargo-home/bin/cargo" "+1.75.0" "fetch" "--manifest-path" "Cargo.toml", kill_on_drop: false }`
[INFO] [stderr]  Downloading crates ...
[INFO] [stderr]   Downloaded opentelemetry v0.17.0
[INFO] [stderr]   Downloaded garage_model v0.9.0
[INFO] [stderr]   Downloaded err-derive v0.3.1
[INFO] [stderr]   Downloaded pnet_sys v0.33.0
[INFO] [stderr]   Downloaded opentelemetry-prometheus v0.10.0
[INFO] [stderr]   Downloaded garage_block v0.9.0
[INFO] [stderr]   Downloaded hexdump v0.1.1
[INFO] [stderr]   Downloaded dashmap v4.0.2
[INFO] [stderr]   Downloaded roxmltree v0.18.1
[INFO] [stderr]   Downloaded kuska-sodiumoxide v0.2.5-0
[INFO] [stderr]   Downloaded kuska-handshake v0.2.0
[INFO] [stderr]   Downloaded pnet_base v0.33.0
[INFO] [stderr]   Downloaded ipnetwork v0.20.0
[INFO] [stderr]   Downloaded hyperlocal v0.8.0
[INFO] [stderr]   Downloaded pnet_datalink v0.33.0
[INFO] [stderr]   Downloaded garage_db v0.9.0
[INFO] [stderr]   Downloaded opentelemetry-contrib v0.9.0
[INFO] [stderr]   Downloaded format_table v0.1.1
[INFO] [stderr]   Downloaded garage_rpc v0.9.0
[INFO] [stderr]   Downloaded netapp v0.10.0
[INFO] [stderr]   Downloaded garage_table v0.9.0
[INFO] [stderr]   Downloaded garage_util v0.9.0
[INFO] running `Command { std: "docker" "create" "-v" "/var/lib/crater-agent-workspace/builds/worker-6-tc1/target:/opt/rustwide/target:rw,Z" "-v" "/var/lib/crater-agent-workspace/builds/worker-6-tc1/source:/opt/rustwide/workdir:ro,Z" "-v" "/var/lib/crater-agent-workspace/cargo-home:/opt/rustwide/cargo-home:ro,Z" "-v" "/var/lib/crater-agent-workspace/rustup-home:/opt/rustwide/rustup-home:ro,Z" "-e" "SOURCE_DIR=/opt/rustwide/workdir" "-e" "CARGO_TARGET_DIR=/opt/rustwide/target" "-e" "CARGO_HOME=/opt/rustwide/cargo-home" "-e" "RUSTUP_HOME=/opt/rustwide/rustup-home" "-w" "/opt/rustwide/workdir" "-m" "1610612736" "--user" "0:0" "--network" "none" "ghcr.io/rust-lang/crates-build-env/linux@sha256:2788e3201cd34a07e3172128adcd8b3090168a8e3bcc40d7c032b9dda1df7d1c" "/opt/rustwide/cargo-home/bin/cargo" "+1.75.0" "metadata" "--no-deps" "--format-version=1", kill_on_drop: false }`
[INFO] [stdout] bd6fa4007dcacefe237a3d72aadce04013ee32ed2ffd051c3be62b5a17f56c93
[INFO] running `Command { std: "docker" "start" "-a" "bd6fa4007dcacefe237a3d72aadce04013ee32ed2ffd051c3be62b5a17f56c93", kill_on_drop: false }`
[INFO] running `Command { std: "docker" "inspect" "bd6fa4007dcacefe237a3d72aadce04013ee32ed2ffd051c3be62b5a17f56c93", kill_on_drop: false }`
[INFO] running `Command { std: "docker" "rm" "-f" "bd6fa4007dcacefe237a3d72aadce04013ee32ed2ffd051c3be62b5a17f56c93", kill_on_drop: false }`
[INFO] [stdout] bd6fa4007dcacefe237a3d72aadce04013ee32ed2ffd051c3be62b5a17f56c93
[INFO] running `Command { std: "docker" "create" "-v" "/var/lib/crater-agent-workspace/builds/worker-6-tc1/target:/opt/rustwide/target:rw,Z" "-v" "/var/lib/crater-agent-workspace/builds/worker-6-tc1/source:/opt/rustwide/workdir:ro,Z" "-v" "/var/lib/crater-agent-workspace/cargo-home:/opt/rustwide/cargo-home:ro,Z" "-v" "/var/lib/crater-agent-workspace/rustup-home:/opt/rustwide/rustup-home:ro,Z" "-e" "SOURCE_DIR=/opt/rustwide/workdir" "-e" "CARGO_TARGET_DIR=/opt/rustwide/target" "-e" "CARGO_INCREMENTAL=0" "-e" "RUST_BACKTRACE=full" "-e" "RUSTFLAGS=--cap-lints=warn" "-e" "RUSTDOCFLAGS=--cap-lints=warn" "-e" "CARGO_HOME=/opt/rustwide/cargo-home" "-e" "RUSTUP_HOME=/opt/rustwide/rustup-home" "-w" "/opt/rustwide/workdir" "-m" "1610612736" "--user" "0:0" "--network" "none" "ghcr.io/rust-lang/crates-build-env/linux@sha256:2788e3201cd34a07e3172128adcd8b3090168a8e3bcc40d7c032b9dda1df7d1c" "/opt/rustwide/cargo-home/bin/cargo" "+1.75.0" "doc" "--frozen" "--no-deps" "--document-private-items" "--message-format=json", kill_on_drop: false }`
[INFO] [stdout] 8703b0e844681450c675f1d6bfa17240320c8c52f39a0652095c868c3f9182f5
[INFO] running `Command { std: "docker" "start" "-a" "8703b0e844681450c675f1d6bfa17240320c8c52f39a0652095c868c3f9182f5", kill_on_drop: false }`
[INFO] [stderr]    Compiling proc-macro2 v1.0.76
[INFO] [stderr]     Checking memchr v2.7.1
[INFO] [stderr]    Compiling serde v1.0.195
[INFO] [stderr]     Checking futures-io v0.3.30
[INFO] [stderr]    Compiling libc v0.2.151
[INFO] [stderr]     Checking futures-channel v0.3.30
[INFO] [stderr]     Checking futures-task v0.3.30
[INFO] [stderr]    Compiling syn v1.0.109
[INFO] [stderr]    Compiling same-file v1.0.6
[INFO] [stderr]    Compiling num-traits v0.2.17
[INFO] [stderr]     Checking num_cpus v1.16.0
[INFO] [stderr]     Checking socket2 v0.5.5
[INFO] [stderr]     Checking mio v0.8.10
[INFO] [stderr]     Checking signal-hook-registry v1.4.1
[INFO] [stderr]     Checking getrandom v0.2.11
[INFO] [stderr]    Compiling crossbeam-utils v0.8.18
[INFO] [stderr]    Compiling thiserror v1.0.56
[INFO] [stderr]    Compiling walkdir v2.4.0
[INFO] [stderr]    Compiling async-trait v0.1.77
[INFO] [stderr]     Checking percent-encoding v2.3.1
[INFO] [stderr]    Compiling semver v1.0.21
[INFO] [stderr]     Checking subtle v2.5.0
[INFO] [stderr]     Checking rand_core v0.6.4
[INFO] [stderr]    Compiling err-derive v0.3.1
[INFO] [stderr]    Compiling indexmap v1.9.3
[INFO] [stderr]     Checking digest v0.10.7
[INFO] [stderr]     Checking rand_chacha v0.3.1
[INFO] [stderr]     Checking dashmap v4.0.2
[INFO] [stderr]     Checking arrayvec v0.5.2
[INFO] [stderr]     Checking itertools v0.4.19
[INFO] [stderr]    Compiling zstd-safe v7.0.0
[INFO] [stderr]     Checking no-std-net v0.6.0
[INFO] [stderr]     Checking iana-time-zone v0.1.59
[INFO] [stderr]     Checking arc-swap v1.6.0
[INFO] [stderr]     Checking pnet_base v0.33.0
[INFO] [stderr]     Checking sha2 v0.10.8
[INFO] [stderr]    Compiling quote v1.0.35
[INFO] [stderr]     Checking rand v0.8.5
[INFO] [stderr]     Checking nom8 v0.2.0
[INFO] [stderr]     Checking blake2 v0.10.6
[INFO] [stderr]     Checking pnet_sys v0.33.0
[INFO] [stderr]     Checking bytesize v1.3.0
[INFO] [stderr]    Compiling zstd-safe v6.0.6
[INFO] [stderr]     Checking xxhash-rust v0.8.8
[INFO] [stderr]    Compiling syn v2.0.48
[INFO] [stderr]    Compiling jobserver v0.1.27
[INFO] [stderr]    Compiling rustc_version v0.4.0
[INFO] [stderr]     Checking nix v0.27.1
[INFO] [stderr]     Checking crossbeam-channel v0.5.10
[INFO] [stderr]     Checking gethostname v0.4.3
[INFO] [stderr]     Checking format_table v0.1.1
[INFO] [stderr]     Checking unicode-bidi v0.3.14
[INFO] [stderr]    Compiling multer v2.1.0
[INFO] [stderr]     Checking hexdump v0.1.1
[INFO] [stderr]     Checking form_urlencoded v1.2.1
[INFO] [stderr]    Compiling proc-macro-error-attr v1.0.4
[INFO] [stderr]     Checking spin v0.9.8
[INFO] [stderr]     Checking minimal-lexical v0.2.1
[INFO] [stderr]    Compiling cc v1.0.83
[INFO] [stderr]     Checking xmlparser v0.13.6
[INFO] [stderr]     Checking hmac v0.12.1
[INFO] [stderr]     Checking md-5 v0.10.6
[INFO] [stderr]    Compiling garage_util v0.9.0
[INFO] [stderr]     Checking http-range v0.1.5
[INFO] [stderr]     Checking nom v7.1.3
[INFO] [stderr]     Checking idna v0.5.0
[INFO] [stderr]     Checking idna v0.4.0
[INFO] [stderr]     Checking roxmltree v0.18.1
[INFO] [stderr]     Checking rmp v0.8.12
[INFO] [stderr]     Checking chrono v0.4.31
[INFO] [stderr]     Checking url v2.5.0
[INFO] [stderr]    Compiling zstd-sys v2.0.9+zstd.1.5.5
[INFO] [stderr]    Compiling libsodium-sys v0.2.7
[INFO] [stderr]    Compiling synstructure v0.12.6
[INFO] [stderr]    Compiling proc-macro-error v1.0.4
[INFO] [stderr]    Compiling serde_derive v1.0.195
[INFO] [stderr]    Compiling futures-macro v0.3.30
[INFO] [stderr]    Compiling tokio-macros v2.2.0
[INFO] [stderr]    Compiling thiserror-impl v1.0.56
[INFO] [stderr]    Compiling pin-project-internal v1.1.3
[INFO] [stderr]    Compiling tracing-attributes v0.1.27
[INFO] [stderr]     Checking tokio v1.35.1
[INFO] [stderr]     Checking futures-util v0.3.30
[INFO] [stderr]     Checking tracing v0.1.40
[INFO] [stderr]     Checking pin-project v1.1.3
[INFO] [stderr]     Checking garage_db v0.9.0
[INFO] [stderr]     Checking zstd v0.13.0
[INFO] [stderr]     Checking zstd v0.12.4
[INFO] [stderr]     Checking futures-executor v0.3.30
[INFO] [stderr]     Checking futures v0.3.30
[INFO] [stderr]     Checking tokio-stream v0.1.14
[INFO] [stderr]     Checking tokio-util v0.7.10
[INFO] [stderr]     Checking hyper v0.14.28
[INFO] [stderr]     Checking async-compression v0.4.5
[INFO] [stderr]     Checking opentelemetry v0.17.0
[INFO] [stderr]     Checking toml_datetime v0.5.1
[INFO] [stderr]     Checking serde_spanned v0.6.5
[INFO] [stderr]     Checking rmp-serde v1.1.2
[INFO] [stderr]     Checking serde_json v1.0.111
[INFO] [stderr]     Checking ipnetwork v0.20.0
[INFO] [stderr]     Checking serde_bytes v0.11.14
[INFO] [stderr]     Checking quick-xml v0.26.0
[INFO] [stderr]     Checking pnet_datalink v0.33.0
[INFO] [stderr]     Checking toml_edit v0.18.1
[INFO] [stderr]     Checking opentelemetry-contrib v0.9.0
[INFO] [stderr]     Checking hyperlocal v0.8.0
[INFO] [stderr]     Checking toml v0.6.0
[INFO] [stderr]     Checking kuska-sodiumoxide v0.2.5-0
[INFO] [stderr]     Checking kuska-handshake v0.2.0
[INFO] [stderr]     Checking netapp v0.10.0
[INFO] [stderr]     Checking garage_rpc v0.9.0
[INFO] [stderr]     Checking garage_table v0.9.0
[INFO] [stderr]     Checking garage_block v0.9.0
[INFO] [stderr]     Checking garage_model v0.9.0
[INFO] [stdout] error[E0283]: type annotations needed
[INFO] [stdout]    --> /opt/rustwide/cargo-home/registry/src/index.crates.io-6f17d22bba15001f/garage_model-0.9.0/garage.rs:210:7
[INFO] [stdout]     |
[INFO] [stdout] 210 |                     .join(", ")
[INFO] [stdout]     |                      ^^^^ cannot infer type for type parameter `S`
[INFO] [stdout]     |
[INFO] [stdout]     = note: multiple `impl`s satisfying `_: Borrow<str>` found in the following crates: `alloc`, `http`, `serde_spanned`, `toml_edit`:
[INFO] [stdout]             - impl Borrow<str> for http::header::name::HeaderName;
[INFO] [stdout]             - impl Borrow<str> for serde_spanned::spanned::Spanned<std::string::String>;
[INFO] [stdout]             - impl Borrow<str> for std::string::String;
[INFO] [stdout]             - impl Borrow<str> for toml_edit::internal_string::InternalString;
[INFO] [stdout]     = note: required for `[_]` to implement `Join<&str>`
[INFO] [stdout] 
[INFO] [stdout] 
[INFO] [stdout] error[E0283]: type annotations needed
[INFO] [stdout]    --> /opt/rustwide/cargo-home/registry/src/index.crates.io-6f17d22bba15001f/garage_model-0.9.0/garage.rs:202:6
[INFO] [stdout]     |
[INFO] [stdout] 202 | /                     vec![
[INFO] [stdout] 203 | |                         #[cfg(feature = "sled")]
[INFO] [stdout] 204 | |                         "sled",
[INFO] [stdout] 205 | |                         #[cfg(feature = "sqlite")]
[INFO] [stdout] ...   |
[INFO] [stdout] 208 | |                         "lmdb",
[INFO] [stdout] 209 | |                     ]
[INFO] [stdout]     | |_____________________^ cannot infer type for type parameter `S`
[INFO] [stdout] 210 |                       .join(", ")
[INFO] [stdout]     |                        ---- required by a bound introduced by this call
[INFO] [stdout]     |
[INFO] [stdout]     = note: multiple `impl`s satisfying `_: Borrow<str>` found in the following crates: `alloc`, `http`, `serde_spanned`, `toml_edit`:
[INFO] [stdout]             - impl Borrow<str> for http::header::name::HeaderName;
[INFO] [stdout]             - impl Borrow<str> for serde_spanned::spanned::Spanned<std::string::String>;
[INFO] [stdout]             - impl Borrow<str> for std::string::String;
[INFO] [stdout]             - impl Borrow<str> for toml_edit::internal_string::InternalString;
[INFO] [stdout]     = note: required for `[_]` to implement `Join<&str>`
[INFO] [stdout] note: required by a bound in `std::slice::<impl [T]>::join`
[INFO] [stdout]    --> /rustc/82e1608dfa6e0b5569232559e3d385fea5a93112/library/alloc/src/slice.rs:576:5
[INFO] [stdout] 
[INFO] [stdout] 
[INFO] [stdout] error: aborting due to 2 previous errors
[INFO] [stdout] 
[INFO] [stdout] 
[INFO] [stdout] For more information about this error, try `rustc --explain E0283`.
[INFO] [stdout] 
[INFO] [stderr] error: could not compile `garage_model` (lib) due to 3 previous errors
[INFO] running `Command { std: "docker" "inspect" "8703b0e844681450c675f1d6bfa17240320c8c52f39a0652095c868c3f9182f5", kill_on_drop: false }`
[INFO] running `Command { std: "docker" "rm" "-f" "8703b0e844681450c675f1d6bfa17240320c8c52f39a0652095c868c3f9182f5", kill_on_drop: false }`
[INFO] [stdout] 8703b0e844681450c675f1d6bfa17240320c8c52f39a0652095c868c3f9182f5
[INFO] documenting garage_api-0.9.0 against beta-2023-12-22 for beta-1.76-rustdoc-1
[INFO] extracting crate garage_api 0.9.0 into /workspace/builds/worker-6-tc2/source
[INFO] validating manifest of crates.io crate garage_api 0.9.0 on toolchain beta-2023-12-22
[INFO] running `Command { std: CARGO_HOME="/workspace/cargo-home" RUSTUP_HOME="/workspace/rustup-home" "/workspace/cargo-home/bin/cargo" "+beta-2023-12-22" "metadata" "--manifest-path" "Cargo.toml" "--no-deps", kill_on_drop: false }`
[INFO] started tweaking crates.io crate garage_api 0.9.0
[INFO] finished tweaking crates.io crate garage_api 0.9.0
[INFO] tweaked toml for crates.io crate garage_api 0.9.0 written to /workspace/builds/worker-6-tc2/source/Cargo.toml
[INFO] running `Command { std: CARGO_HOME="/workspace/cargo-home" RUSTUP_HOME="/workspace/rustup-home" "/workspace/cargo-home/bin/cargo" "+beta-2023-12-22" "generate-lockfile" "--manifest-path" "Cargo.toml", kill_on_drop: false }`
[INFO] [stderr]     Updating crates.io index
[INFO] running `Command { std: CARGO_HOME="/workspace/cargo-home" RUSTUP_HOME="/workspace/rustup-home" "/workspace/cargo-home/bin/cargo" "+beta-2023-12-22" "fetch" "--manifest-path" "Cargo.toml", kill_on_drop: false }`
[INFO] running `Command { std: "docker" "create" "-v" "/var/lib/crater-agent-workspace/builds/worker-6-tc2/target:/opt/rustwide/target:rw,Z" "-v" "/var/lib/crater-agent-workspace/builds/worker-6-tc2/source:/opt/rustwide/workdir:ro,Z" "-v" "/var/lib/crater-agent-workspace/cargo-home:/opt/rustwide/cargo-home:ro,Z" "-v" "/var/lib/crater-agent-workspace/rustup-home:/opt/rustwide/rustup-home:ro,Z" "-e" "SOURCE_DIR=/opt/rustwide/workdir" "-e" "CARGO_TARGET_DIR=/opt/rustwide/target" "-e" "CARGO_HOME=/opt/rustwide/cargo-home" "-e" "RUSTUP_HOME=/opt/rustwide/rustup-home" "-w" "/opt/rustwide/workdir" "-m" "1610612736" "--user" "0:0" "--network" "none" "ghcr.io/rust-lang/crates-build-env/linux@sha256:2788e3201cd34a07e3172128adcd8b3090168a8e3bcc40d7c032b9dda1df7d1c" "/opt/rustwide/cargo-home/bin/cargo" "+beta-2023-12-22" "metadata" "--no-deps" "--format-version=1", kill_on_drop: false }`
[INFO] [stdout] c4489d59f34078a2bb0f99f6a1f54199163d62d029feb80edd9696187530a027
[INFO] running `Command { std: "docker" "start" "-a" "c4489d59f34078a2bb0f99f6a1f54199163d62d029feb80edd9696187530a027", kill_on_drop: false }`
[INFO] running `Command { std: "docker" "inspect" "c4489d59f34078a2bb0f99f6a1f54199163d62d029feb80edd9696187530a027", kill_on_drop: false }`
[INFO] running `Command { std: "docker" "rm" "-f" "c4489d59f34078a2bb0f99f6a1f54199163d62d029feb80edd9696187530a027", kill_on_drop: false }`
[INFO] [stdout] c4489d59f34078a2bb0f99f6a1f54199163d62d029feb80edd9696187530a027
[INFO] running `Command { std: "docker" "create" "-v" "/var/lib/crater-agent-workspace/builds/worker-6-tc2/target:/opt/rustwide/target:rw,Z" "-v" "/var/lib/crater-agent-workspace/builds/worker-6-tc2/source:/opt/rustwide/workdir:ro,Z" "-v" "/var/lib/crater-agent-workspace/cargo-home:/opt/rustwide/cargo-home:ro,Z" "-v" "/var/lib/crater-agent-workspace/rustup-home:/opt/rustwide/rustup-home:ro,Z" "-e" "SOURCE_DIR=/opt/rustwide/workdir" "-e" "CARGO_TARGET_DIR=/opt/rustwide/target" "-e" "CARGO_INCREMENTAL=0" "-e" "RUST_BACKTRACE=full" "-e" "RUSTFLAGS=--cap-lints=warn" "-e" "RUSTDOCFLAGS=--cap-lints=warn" "-e" "CARGO_HOME=/opt/rustwide/cargo-home" "-e" "RUSTUP_HOME=/opt/rustwide/rustup-home" "-w" "/opt/rustwide/workdir" "-m" "1610612736" "--user" "0:0" "--network" "none" "ghcr.io/rust-lang/crates-build-env/linux@sha256:2788e3201cd34a07e3172128adcd8b3090168a8e3bcc40d7c032b9dda1df7d1c" "/opt/rustwide/cargo-home/bin/cargo" "+beta-2023-12-22" "doc" "--frozen" "--no-deps" "--document-private-items" "--message-format=json", kill_on_drop: false }`
[INFO] [stdout] b704f1c5d0b402bb32ca80b17b0db5835e9225010a4886f2bcf63456262520f8
[INFO] running `Command { std: "docker" "start" "-a" "b704f1c5d0b402bb32ca80b17b0db5835e9225010a4886f2bcf63456262520f8", kill_on_drop: false }`
[INFO] [stderr]    Compiling proc-macro2 v1.0.76
[INFO] [stderr]     Checking memchr v2.7.1
[INFO] [stderr]    Compiling serde v1.0.195
[INFO] [stderr]     Checking futures-io v0.3.30
[INFO] [stderr]    Compiling libc v0.2.151
[INFO] [stderr]     Checking futures-channel v0.3.30
[INFO] [stderr]     Checking futures-task v0.3.30
[INFO] [stderr]    Compiling syn v1.0.109
[INFO] [stderr]    Compiling same-file v1.0.6
[INFO] [stderr]    Compiling num-traits v0.2.17
[INFO] [stderr]     Checking num_cpus v1.16.0
[INFO] [stderr]     Checking socket2 v0.5.5
[INFO] [stderr]     Checking signal-hook-registry v1.4.1
[INFO] [stderr]     Checking mio v0.8.10
[INFO] [stderr]     Checking getrandom v0.2.11
[INFO] [stderr]    Compiling crossbeam-utils v0.8.18
[INFO] [stderr]    Compiling walkdir v2.4.0
[INFO] [stderr]    Compiling thiserror v1.0.56
[INFO] [stderr]    Compiling async-trait v0.1.77
[INFO] [stderr]     Checking subtle v2.5.0
[INFO] [stderr]     Checking percent-encoding v2.3.1
[INFO] [stderr]     Checking rand_core v0.6.4
[INFO] [stderr]    Compiling semver v1.0.21
[INFO] [stderr]    Compiling err-derive v0.3.1
[INFO] [stderr]    Compiling indexmap v1.9.3
[INFO] [stderr]     Checking digest v0.10.7
[INFO] [stderr]     Checking rand_chacha v0.3.1
[INFO] [stderr]     Checking dashmap v4.0.2
[INFO] [stderr]     Checking arrayvec v0.5.2
[INFO] [stderr]     Checking itertools v0.4.19
[INFO] [stderr]     Checking arc-swap v1.6.0
[INFO] [stderr]    Compiling zstd-safe v7.0.0
[INFO] [stderr]     Checking no-std-net v0.6.0
[INFO] [stderr]     Checking iana-time-zone v0.1.59
[INFO] [stderr]     Checking sha2 v0.10.8
[INFO] [stderr]     Checking rand v0.8.5
[INFO] [stderr]    Compiling quote v1.0.35
[INFO] [stderr]     Checking nom8 v0.2.0
[INFO] [stderr]     Checking pnet_base v0.33.0
[INFO] [stderr]     Checking blake2 v0.10.6
[INFO] [stderr]     Checking pnet_sys v0.33.0
[INFO] [stderr]    Compiling zstd-safe v6.0.6
[INFO] [stderr]     Checking xxhash-rust v0.8.8
[INFO] [stderr]     Checking bytesize v1.3.0
[INFO] [stderr]    Compiling syn v2.0.48
[INFO] [stderr]    Compiling jobserver v0.1.27
[INFO] [stderr]    Compiling rustc_version v0.4.0
[INFO] [stderr]     Checking nix v0.27.1
[INFO] [stderr]     Checking gethostname v0.4.3
[INFO] [stderr]     Checking crossbeam-channel v0.5.10
[INFO] [stderr]     Checking format_table v0.1.1
[INFO] [stderr]     Checking unicode-bidi v0.3.14
[INFO] [stderr]    Compiling multer v2.1.0
[INFO] [stderr]     Checking hexdump v0.1.1
[INFO] [stderr]     Checking form_urlencoded v1.2.1
[INFO] [stderr]     Checking spin v0.9.8
[INFO] [stderr]    Compiling proc-macro-error-attr v1.0.4
[INFO] [stderr]     Checking minimal-lexical v0.2.1
[INFO] [stderr]     Checking xmlparser v0.13.6
[INFO] [stderr]    Compiling cc v1.0.83
[INFO] [stderr]     Checking md-5 v0.10.6
[INFO] [stderr]     Checking hmac v0.12.1
[INFO] [stderr]    Compiling garage_util v0.9.0
[INFO] [stderr]     Checking http-range v0.1.5
[INFO] [stderr]     Checking nom v7.1.3
[INFO] [stderr]     Checking idna v0.5.0
[INFO] [stderr]     Checking idna v0.4.0
[INFO] [stderr]     Checking roxmltree v0.18.1
[INFO] [stderr]     Checking rmp v0.8.12
[INFO] [stderr]     Checking chrono v0.4.31
[INFO] [stderr]     Checking url v2.5.0
[INFO] [stderr]    Compiling zstd-sys v2.0.9+zstd.1.5.5
[INFO] [stderr]    Compiling libsodium-sys v0.2.7
[INFO] [stderr]    Compiling proc-macro-error v1.0.4
[INFO] [stderr]    Compiling synstructure v0.12.6
[INFO] [stderr]    Compiling serde_derive v1.0.195
[INFO] [stderr]    Compiling futures-macro v0.3.30
[INFO] [stderr]    Compiling tokio-macros v2.2.0
[INFO] [stderr]    Compiling pin-project-internal v1.1.3
[INFO] [stderr]    Compiling thiserror-impl v1.0.56
[INFO] [stderr]    Compiling tracing-attributes v0.1.27
[INFO] [stderr]     Checking tokio v1.35.1
[INFO] [stderr]     Checking futures-util v0.3.30
[INFO] [stderr]     Checking pin-project v1.1.3
[INFO] [stderr]     Checking tracing v0.1.40
[INFO] [stderr]     Checking garage_db v0.9.0
[INFO] [stderr]     Checking zstd v0.12.4
[INFO] [stderr]     Checking zstd v0.13.0
[INFO] [stderr]     Checking futures-executor v0.3.30
[INFO] [stderr]     Checking futures v0.3.30
[INFO] [stderr]     Checking tokio-stream v0.1.14
[INFO] [stderr]     Checking tokio-util v0.7.10
[INFO] [stderr]     Checking hyper v0.14.28
[INFO] [stderr]     Checking async-compression v0.4.5
[INFO] [stderr]     Checking opentelemetry v0.17.0
[INFO] [stderr]     Checking toml_datetime v0.5.1
[INFO] [stderr]     Checking serde_spanned v0.6.5
[INFO] [stderr]     Checking rmp-serde v1.1.2
[INFO] [stderr]     Checking serde_json v1.0.111
[INFO] [stderr]     Checking ipnetwork v0.20.0
[INFO] [stderr]     Checking serde_bytes v0.11.14
[INFO] [stderr]     Checking quick-xml v0.26.0
[INFO] [stderr]     Checking pnet_datalink v0.33.0
[INFO] [stderr]     Checking toml_edit v0.18.1
[INFO] [stderr]     Checking opentelemetry-contrib v0.9.0
[INFO] [stderr]     Checking hyperlocal v0.8.0
[INFO] [stderr]     Checking toml v0.6.0
[INFO] [stderr]     Checking kuska-sodiumoxide v0.2.5-0
[INFO] [stderr]     Checking kuska-handshake v0.2.0
[INFO] [stderr]     Checking netapp v0.10.0
[INFO] [stderr]     Checking garage_rpc v0.9.0
[INFO] [stderr]     Checking garage_table v0.9.0
[INFO] [stderr]     Checking garage_block v0.9.0
[INFO] [stderr]     Checking garage_model v0.9.0
[INFO] [stdout] error[E0283]: type annotations needed
[INFO] [stdout]    --> /opt/rustwide/cargo-home/registry/src/index.crates.io-6f17d22bba15001f/garage_model-0.9.0/garage.rs:210:7
[INFO] [stdout]     |
[INFO] [stdout] 210 |                     .join(", ")
[INFO] [stdout]     |                      ^^^^ cannot infer type for type parameter `S`
[INFO] [stdout]     |
[INFO] [stdout]     = note: multiple `impl`s satisfying `_: Borrow<str>` found in the following crates: `alloc`, `http`, `serde_spanned`, `toml_edit`:
[INFO] [stdout]             - impl Borrow<str> for http::header::name::HeaderName;
[INFO] [stdout]             - impl Borrow<str> for serde_spanned::spanned::Spanned<std::string::String>;
[INFO] [stdout]             - impl Borrow<str> for std::string::String;
[INFO] [stdout]             - impl Borrow<str> for toml_edit::internal_string::InternalString;
[INFO] [stdout]     = note: required for `[_]` to implement `Join<&str>`
[INFO] [stdout] 
[INFO] [stdout] 
[INFO] [stdout] error[E0283]: type annotations needed
[INFO] [stdout]    --> /opt/rustwide/cargo-home/registry/src/index.crates.io-6f17d22bba15001f/garage_model-0.9.0/garage.rs:202:6
[INFO] [stdout]     |
[INFO] [stdout] 202 | /                     vec![
[INFO] [stdout] 203 | |                         #[cfg(feature = "sled")]
[INFO] [stdout] 204 | |                         "sled",
[INFO] [stdout] 205 | |                         #[cfg(feature = "sqlite")]
[INFO] [stdout] ...   |
[INFO] [stdout] 208 | |                         "lmdb",
[INFO] [stdout] 209 | |                     ]
[INFO] [stdout]     | |_____________________^ cannot infer type for type parameter `S`
[INFO] [stdout] 210 |                       .join(", ")
[INFO] [stdout]     |                        ---- required by a bound introduced by this call
[INFO] [stdout]     |
[INFO] [stdout]     = note: multiple `impl`s satisfying `_: Borrow<str>` found in the following crates: `alloc`, `http`, `serde_spanned`, `toml_edit`:
[INFO] [stdout]             - impl Borrow<str> for http::header::name::HeaderName;
[INFO] [stdout]             - impl Borrow<str> for serde_spanned::spanned::Spanned<std::string::String>;
[INFO] [stdout]             - impl Borrow<str> for std::string::String;
[INFO] [stdout]             - impl Borrow<str> for toml_edit::internal_string::InternalString;
[INFO] [stdout]     = note: required for `[_]` to implement `Join<&str>`
[INFO] [stdout] note: required by a bound in `std::slice::<impl [T]>::join`
[INFO] [stdout]    --> /rustc/0e09125c6c3c2fd70d7de961bcf0e51575235fad/library/alloc/src/slice.rs:576:5
[INFO] [stdout] 
[INFO] [stdout] 
[INFO] [stdout] error: aborting due to 2 previous errors
[INFO] [stdout] 
[INFO] [stdout] 
[INFO] [stdout] For more information about this error, try `rustc --explain E0283`.
[INFO] [stdout] 
[INFO] [stderr] error: could not compile `garage_model` (lib) due to 3 previous errors
[INFO] running `Command { std: "docker" "inspect" "b704f1c5d0b402bb32ca80b17b0db5835e9225010a4886f2bcf63456262520f8", kill_on_drop: false }`
[INFO] running `Command { std: "docker" "rm" "-f" "b704f1c5d0b402bb32ca80b17b0db5835e9225010a4886f2bcf63456262520f8", kill_on_drop: false }`
[INFO] [stdout] b704f1c5d0b402bb32ca80b17b0db5835e9225010a4886f2bcf63456262520f8
