[INFO] fetching crate fuzzcheck_json_string_generator 0.1.0...
[INFO] documenting fuzzcheck_json_string_generator-0.1.0 against 1.75.0 for beta-1.76-rustdoc-1
[INFO] extracting crate fuzzcheck_json_string_generator 0.1.0 into /workspace/builds/worker-6-tc1/source
[INFO] validating manifest of crates.io crate fuzzcheck_json_string_generator 0.1.0 on toolchain 1.75.0
[INFO] running `Command { std: CARGO_HOME="/workspace/cargo-home" RUSTUP_HOME="/workspace/rustup-home" "/workspace/cargo-home/bin/cargo" "+1.75.0" "metadata" "--manifest-path" "Cargo.toml" "--no-deps", kill_on_drop: false }`
[INFO] started tweaking crates.io crate fuzzcheck_json_string_generator 0.1.0
[INFO] finished tweaking crates.io crate fuzzcheck_json_string_generator 0.1.0
[INFO] tweaked toml for crates.io crate fuzzcheck_json_string_generator 0.1.0 written to /workspace/builds/worker-6-tc1/source/Cargo.toml
[INFO] running `Command { std: CARGO_HOME="/workspace/cargo-home" RUSTUP_HOME="/workspace/rustup-home" "/workspace/cargo-home/bin/cargo" "+1.75.0" "generate-lockfile" "--manifest-path" "Cargo.toml", kill_on_drop: false }`
[INFO] [stderr]     Updating crates.io index
[INFO] running `Command { std: CARGO_HOME="/workspace/cargo-home" RUSTUP_HOME="/workspace/rustup-home" "/workspace/cargo-home/bin/cargo" "+1.75.0" "fetch" "--manifest-path" "Cargo.toml", kill_on_drop: false }`
[INFO] [stderr]  Downloading crates ...
[INFO] [stderr]   Downloaded fuzzcheck_common v0.12.0
[INFO] [stderr]   Downloaded fuzzcheck_mutators_derive v0.12.0
[INFO] [stderr]   Downloaded nu-ansi-term v0.39.0
[INFO] [stderr]   Downloaded fuzzcheck v0.12.1
[INFO] running `Command { std: "docker" "create" "-v" "/var/lib/crater-agent-workspace/builds/worker-6-tc1/target:/opt/rustwide/target:rw,Z" "-v" "/var/lib/crater-agent-workspace/builds/worker-6-tc1/source:/opt/rustwide/workdir:ro,Z" "-v" "/var/lib/crater-agent-workspace/cargo-home:/opt/rustwide/cargo-home:ro,Z" "-v" "/var/lib/crater-agent-workspace/rustup-home:/opt/rustwide/rustup-home:ro,Z" "-e" "SOURCE_DIR=/opt/rustwide/workdir" "-e" "CARGO_TARGET_DIR=/opt/rustwide/target" "-e" "CARGO_HOME=/opt/rustwide/cargo-home" "-e" "RUSTUP_HOME=/opt/rustwide/rustup-home" "-w" "/opt/rustwide/workdir" "-m" "1610612736" "--user" "0:0" "--network" "none" "ghcr.io/rust-lang/crates-build-env/linux@sha256:2788e3201cd34a07e3172128adcd8b3090168a8e3bcc40d7c032b9dda1df7d1c" "/opt/rustwide/cargo-home/bin/cargo" "+1.75.0" "metadata" "--no-deps" "--format-version=1", kill_on_drop: false }`
[INFO] [stdout] f63419f5e746825cae55c6e81374c05ce5d3c8df8648356ab37bb0e1ff5c4741
[INFO] running `Command { std: "docker" "start" "-a" "f63419f5e746825cae55c6e81374c05ce5d3c8df8648356ab37bb0e1ff5c4741", kill_on_drop: false }`
[INFO] running `Command { std: "docker" "inspect" "f63419f5e746825cae55c6e81374c05ce5d3c8df8648356ab37bb0e1ff5c4741", kill_on_drop: false }`
[INFO] running `Command { std: "docker" "rm" "-f" "f63419f5e746825cae55c6e81374c05ce5d3c8df8648356ab37bb0e1ff5c4741", kill_on_drop: false }`
[INFO] [stdout] f63419f5e746825cae55c6e81374c05ce5d3c8df8648356ab37bb0e1ff5c4741
[INFO] running `Command { std: "docker" "create" "-v" "/var/lib/crater-agent-workspace/builds/worker-6-tc1/target:/opt/rustwide/target:rw,Z" "-v" "/var/lib/crater-agent-workspace/builds/worker-6-tc1/source:/opt/rustwide/workdir:ro,Z" "-v" "/var/lib/crater-agent-workspace/cargo-home:/opt/rustwide/cargo-home:ro,Z" "-v" "/var/lib/crater-agent-workspace/rustup-home:/opt/rustwide/rustup-home:ro,Z" "-e" "SOURCE_DIR=/opt/rustwide/workdir" "-e" "CARGO_TARGET_DIR=/opt/rustwide/target" "-e" "CARGO_INCREMENTAL=0" "-e" "RUST_BACKTRACE=full" "-e" "RUSTFLAGS=--cap-lints=warn" "-e" "RUSTDOCFLAGS=--cap-lints=warn" "-e" "CARGO_HOME=/opt/rustwide/cargo-home" "-e" "RUSTUP_HOME=/opt/rustwide/rustup-home" "-w" "/opt/rustwide/workdir" "-m" "1610612736" "--user" "0:0" "--network" "none" "ghcr.io/rust-lang/crates-build-env/linux@sha256:2788e3201cd34a07e3172128adcd8b3090168a8e3bcc40d7c032b9dda1df7d1c" "/opt/rustwide/cargo-home/bin/cargo" "+1.75.0" "doc" "--frozen" "--no-deps" "--document-private-items" "--message-format=json", kill_on_drop: false }`
[INFO] [stdout] 5674c1ce0318ac92cc60200f91eb66feb238389ace30579f5ecb4dad667a417b
[INFO] running `Command { std: "docker" "start" "-a" "5674c1ce0318ac92cc60200f91eb66feb238389ace30579f5ecb4dad667a417b", kill_on_drop: false }`
[INFO] [stderr]    Compiling libc v0.2.151
[INFO] [stderr]    Compiling crc32fast v1.3.2
[INFO] [stderr]    Compiling proc-macro2 v1.0.76
[INFO] [stderr]    Compiling serde v1.0.195
[INFO] [stderr]    Compiling ahash v0.7.7
[INFO] [stderr]     Checking unicode-width v0.1.11
[INFO] [stderr]     Checking once_cell v1.19.0
[INFO] [stderr]     Checking fastrand v1.9.0
[INFO] [stderr]     Checking bit-vec v0.6.3
[INFO] [stderr]    Compiling serde_json v1.0.111
[INFO] [stderr]     Checking nu-ansi-term v0.39.0
[INFO] [stderr]     Checking object v0.27.1
[INFO] [stderr]     Checking getopts v0.2.21
[INFO] [stderr]     Checking fuzzcheck_common v0.12.0
[INFO] [stdout] error[E0557]: feature has been removed
[INFO] [stdout]  --> /opt/rustwide/cargo-home/registry/src/index.crates.io-6f17d22bba15001f/fuzzcheck_common-0.12.0/src/lib.rs:1:12
[INFO] [stdout]   |
[INFO] [stdout] 1 | #![feature(no_coverage)]
[INFO] [stdout]   |            ^^^^^^^^^^^ feature has been removed
[INFO] [stdout]   |
[INFO] [stdout]   = note: renamed to `coverage_attribute`
[INFO] [stdout] 
[INFO] [stdout] 
[INFO] [stdout] error[E0658]: attributes on expressions are experimental
[INFO] [stdout]    --> /opt/rustwide/cargo-home/registry/src/index.crates.io-6f17d22bba15001f/fuzzcheck_common-0.12.0/src/arg.rs:193:13
[INFO] [stdout]     |
[INFO] [stdout] 193 |             #[no_coverage]
[INFO] [stdout]     |             ^^^^^^^^^^^^^^
[INFO] [stdout]     |
[INFO] [stdout]     = note: see issue #15701 <https://github.com/rust-lang/rust/issues/15701> for more information
[INFO] [stdout] 
[INFO] [stdout] 
[INFO] [stdout] error[E0658]: attributes on expressions are experimental
[INFO] [stdout]    --> /opt/rustwide/cargo-home/registry/src/index.crates.io-6f17d22bba15001f/fuzzcheck_common-0.12.0/src/arg.rs:211:17
[INFO] [stdout]     |
[INFO] [stdout] 211 |                 #[no_coverage]
[INFO] [stdout]     |                 ^^^^^^^^^^^^^^
[INFO] [stdout]     |
[INFO] [stdout]     = note: see issue #15701 <https://github.com/rust-lang/rust/issues/15701> for more information
[INFO] [stdout] 
[INFO] [stdout] 
[INFO] [stdout] error[E0658]: attributes on expressions are experimental
[INFO] [stdout]    --> /opt/rustwide/cargo-home/registry/src/index.crates.io-6f17d22bba15001f/fuzzcheck_common-0.12.0/src/arg.rs:215:17
[INFO] [stdout]     |
[INFO] [stdout] 215 |                 #[no_coverage]
[INFO] [stdout]     |                 ^^^^^^^^^^^^^^
[INFO] [stdout]     |
[INFO] [stdout]     = note: see issue #15701 <https://github.com/rust-lang/rust/issues/15701> for more information
[INFO] [stdout] 
[INFO] [stdout] 
[INFO] [stdout] error[E0658]: attributes on expressions are experimental
[INFO] [stdout]    --> /opt/rustwide/cargo-home/registry/src/index.crates.io-6f17d22bba15001f/fuzzcheck_common-0.12.0/src/arg.rs:222:13
[INFO] [stdout]     |
[INFO] [stdout] 222 |             #[no_coverage]
[INFO] [stdout]     |             ^^^^^^^^^^^^^^
[INFO] [stdout]     |
[INFO] [stdout]     = note: see issue #15701 <https://github.com/rust-lang/rust/issues/15701> for more information
[INFO] [stdout] 
[INFO] [stdout] 
[INFO] [stdout] error[E0658]: attributes on expressions are experimental
[INFO] [stdout]    --> /opt/rustwide/cargo-home/registry/src/index.crates.io-6f17d22bba15001f/fuzzcheck_common-0.12.0/src/arg.rs:233:13
[INFO] [stdout]     |
[INFO] [stdout] 233 |             #[no_coverage]
[INFO] [stdout]     |             ^^^^^^^^^^^^^^
[INFO] [stdout]     |
[INFO] [stdout]     = note: see issue #15701 <https://github.com/rust-lang/rust/issues/15701> for more information
[INFO] [stdout] 
[INFO] [stdout] 
[INFO] [stdout] error[E0658]: attributes on expressions are experimental
[INFO] [stdout]    --> /opt/rustwide/cargo-home/registry/src/index.crates.io-6f17d22bba15001f/fuzzcheck_common-0.12.0/src/arg.rs:244:13
[INFO] [stdout]     |
[INFO] [stdout] 244 |             #[no_coverage]
[INFO] [stdout]     |             ^^^^^^^^^^^^^^
[INFO] [stdout]     |
[INFO] [stdout]     = note: see issue #15701 <https://github.com/rust-lang/rust/issues/15701> for more information
[INFO] [stdout] 
[INFO] [stdout] 
[INFO] [stdout] error[E0658]: attributes on expressions are experimental
[INFO] [stdout]    --> /opt/rustwide/cargo-home/registry/src/index.crates.io-6f17d22bba15001f/fuzzcheck_common-0.12.0/src/arg.rs:255:13
[INFO] [stdout]     |
[INFO] [stdout] 255 |             #[no_coverage]
[INFO] [stdout]     |             ^^^^^^^^^^^^^^
[INFO] [stdout]     |
[INFO] [stdout]     = note: see issue #15701 <https://github.com/rust-lang/rust/issues/15701> for more information
[INFO] [stdout] 
[INFO] [stdout] 
[INFO] [stdout] error[E0658]: attributes on expressions are experimental
[INFO] [stdout]    --> /opt/rustwide/cargo-home/registry/src/index.crates.io-6f17d22bba15001f/fuzzcheck_common-0.12.0/src/arg.rs:266:13
[INFO] [stdout]     |
[INFO] [stdout] 266 |             #[no_coverage]
[INFO] [stdout]     |             ^^^^^^^^^^^^^^
[INFO] [stdout]     |
[INFO] [stdout]     = note: see issue #15701 <https://github.com/rust-lang/rust/issues/15701> for more information
[INFO] [stdout] 
[INFO] [stdout] 
[INFO] [stdout] error[E0658]: attributes on expressions are experimental
[INFO] [stdout]    --> /opt/rustwide/cargo-home/registry/src/index.crates.io-6f17d22bba15001f/fuzzcheck_common-0.12.0/src/arg.rs:276:21
[INFO] [stdout]     |
[INFO] [stdout] 276 |                     #[no_coverage]
[INFO] [stdout]     |                     ^^^^^^^^^^^^^^
[INFO] [stdout]     |
[INFO] [stdout]     = note: see issue #15701 <https://github.com/rust-lang/rust/issues/15701> for more information
[INFO] [stdout] 
[INFO] [stdout] 
[INFO] [stdout] error[E0658]: attributes on expressions are experimental
[INFO] [stdout]    --> /opt/rustwide/cargo-home/registry/src/index.crates.io-6f17d22bba15001f/fuzzcheck_common-0.12.0/src/arg.rs:288:21
[INFO] [stdout]     |
[INFO] [stdout] 288 |                     #[no_coverage]
[INFO] [stdout]     |                     ^^^^^^^^^^^^^^
[INFO] [stdout]     |
[INFO] [stdout]     = note: see issue #15701 <https://github.com/rust-lang/rust/issues/15701> for more information
[INFO] [stdout] 
[INFO] [stdout] 
[INFO] [stdout] error[E0658]: attributes on expressions are experimental
[INFO] [stdout]    --> /opt/rustwide/cargo-home/registry/src/index.crates.io-6f17d22bba15001f/fuzzcheck_common-0.12.0/src/arg.rs:305:21
[INFO] [stdout]     |
[INFO] [stdout] 305 |                     #[no_coverage]
[INFO] [stdout]     |                     ^^^^^^^^^^^^^^
[INFO] [stdout]     |
[INFO] [stdout]     = note: see issue #15701 <https://github.com/rust-lang/rust/issues/15701> for more information
[INFO] [stdout] 
[INFO] [stdout] 
[INFO] [stdout] error[E0658]: attributes on expressions are experimental
[INFO] [stdout]    --> /opt/rustwide/cargo-home/registry/src/index.crates.io-6f17d22bba15001f/fuzzcheck_common-0.12.0/src/arg.rs:314:17
[INFO] [stdout]     |
[INFO] [stdout] 314 |                 #[no_coverage]
[INFO] [stdout]     |                 ^^^^^^^^^^^^^^
[INFO] [stdout]     |
[INFO] [stdout]     = note: see issue #15701 <https://github.com/rust-lang/rust/issues/15701> for more information
[INFO] [stdout] 
[INFO] [stdout] 
[INFO] [stdout] error: cannot find attribute `no_coverage` in this scope
[INFO] [stdout]   --> /opt/rustwide/cargo-home/registry/src/index.crates.io-6f17d22bba15001f/fuzzcheck_common-0.12.0/src/arg.rs:35:7
[INFO] [stdout]    |
[INFO] [stdout] 35 |     #[no_coverage]
[INFO] [stdout]    |       ^^^^^^^^^^^ help: a built-in attribute with a similar name exists: `coverage`
[INFO] [stdout] 
[INFO] [stdout] 
[INFO] [stdout] error: cannot find attribute `no_coverage` in this scope
[INFO] [stdout]   --> /opt/rustwide/cargo-home/registry/src/index.crates.io-6f17d22bba15001f/fuzzcheck_common-0.12.0/src/arg.rs:87:3
[INFO] [stdout]    |
[INFO] [stdout] 87 | #[no_coverage]
[INFO] [stdout]    |   ^^^^^^^^^^^ help: a built-in attribute with a similar name exists: `coverage`
[INFO] [stdout] 
[INFO] [stdout] 
[INFO] [stdout] error: cannot find attribute `no_coverage` in this scope
[INFO] [stdout]    --> /opt/rustwide/cargo-home/registry/src/index.crates.io-6f17d22bba15001f/fuzzcheck_common-0.12.0/src/arg.rs:180:7
[INFO] [stdout]     |
[INFO] [stdout] 180 |     #[no_coverage]
[INFO] [stdout]     |       ^^^^^^^^^^^ help: a built-in attribute with a similar name exists: `coverage`
[INFO] [stdout] 
[INFO] [stdout] 
[INFO] [stdout] error: cannot find attribute `no_coverage` in this scope
[INFO] [stdout]    --> /opt/rustwide/cargo-home/registry/src/index.crates.io-6f17d22bba15001f/fuzzcheck_common-0.12.0/src/arg.rs:193:15
[INFO] [stdout]     |
[INFO] [stdout] 193 |             #[no_coverage]
[INFO] [stdout]     |               ^^^^^^^^^^^ help: a built-in attribute with a similar name exists: `coverage`
[INFO] [stdout] 
[INFO] [stdout] 
[INFO] [stdout] error: cannot find attribute `no_coverage` in this scope
[INFO] [stdout]    --> /opt/rustwide/cargo-home/registry/src/index.crates.io-6f17d22bba15001f/fuzzcheck_common-0.12.0/src/arg.rs:211:19
[INFO] [stdout]     |
[INFO] [stdout] 211 |                 #[no_coverage]
[INFO] [stdout]     |                   ^^^^^^^^^^^ help: a built-in attribute with a similar name exists: `coverage`
[INFO] [stdout] 
[INFO] [stdout] 
[INFO] [stdout] error: cannot find attribute `no_coverage` in this scope
[INFO] [stdout]    --> /opt/rustwide/cargo-home/registry/src/index.crates.io-6f17d22bba15001f/fuzzcheck_common-0.12.0/src/arg.rs:215:19
[INFO] [stdout]     |
[INFO] [stdout] 215 |                 #[no_coverage]
[INFO] [stdout]     |                   ^^^^^^^^^^^ help: a built-in attribute with a similar name exists: `coverage`
[INFO] [stdout] 
[INFO] [stdout] 
[INFO] [stdout] error: cannot find attribute `no_coverage` in this scope
[INFO] [stdout]    --> /opt/rustwide/cargo-home/registry/src/index.crates.io-6f17d22bba15001f/fuzzcheck_common-0.12.0/src/arg.rs:222:15
[INFO] [stdout]     |
[INFO] [stdout] 222 |             #[no_coverage]
[INFO] [stdout]     |               ^^^^^^^^^^^ help: a built-in attribute with a similar name exists: `coverage`
[INFO] [stdout] 
[INFO] [stdout] 
[INFO] [stdout] error: cannot find attribute `no_coverage` in this scope
[INFO] [stdout]    --> /opt/rustwide/cargo-home/registry/src/index.crates.io-6f17d22bba15001f/fuzzcheck_common-0.12.0/src/arg.rs:233:15
[INFO] [stdout]     |
[INFO] [stdout] 233 |             #[no_coverage]
[INFO] [stdout]     |               ^^^^^^^^^^^ help: a built-in attribute with a similar name exists: `coverage`
[INFO] [stdout] 
[INFO] [stdout] 
[INFO] [stdout] error: cannot find attribute `no_coverage` in this scope
[INFO] [stdout]    --> /opt/rustwide/cargo-home/registry/src/index.crates.io-6f17d22bba15001f/fuzzcheck_common-0.12.0/src/arg.rs:244:15
[INFO] [stdout]     |
[INFO] [stdout] 244 |             #[no_coverage]
[INFO] [stdout]     |               ^^^^^^^^^^^ help: a built-in attribute with a similar name exists: `coverage`
[INFO] [stdout] 
[INFO] [stdout] 
[INFO] [stdout] error: cannot find attribute `no_coverage` in this scope
[INFO] [stdout]    --> /opt/rustwide/cargo-home/registry/src/index.crates.io-6f17d22bba15001f/fuzzcheck_common-0.12.0/src/arg.rs:255:15
[INFO] [stdout]     |
[INFO] [stdout] 255 |             #[no_coverage]
[INFO] [stdout]     |               ^^^^^^^^^^^ help: a built-in attribute with a similar name exists: `coverage`
[INFO] [stdout] 
[INFO] [stdout] 
[INFO] [stdout] error: cannot find attribute `no_coverage` in this scope
[INFO] [stdout]    --> /opt/rustwide/cargo-home/registry/src/index.crates.io-6f17d22bba15001f/fuzzcheck_common-0.12.0/src/arg.rs:266:15
[INFO] [stdout]     |
[INFO] [stdout] 266 |             #[no_coverage]
[INFO] [stdout]     |               ^^^^^^^^^^^ help: a built-in attribute with a similar name exists: `coverage`
[INFO] [stdout] 
[INFO] [stdout] 
[INFO] [stdout] error: cannot find attribute `no_coverage` in this scope
[INFO] [stdout]    --> /opt/rustwide/cargo-home/registry/src/index.crates.io-6f17d22bba15001f/fuzzcheck_common-0.12.0/src/arg.rs:276:23
[INFO] [stdout]     |
[INFO] [stdout] 276 |                     #[no_coverage]
[INFO] [stdout]     |                       ^^^^^^^^^^^ help: a built-in attribute with a similar name exists: `coverage`
[INFO] [stdout] 
[INFO] [stdout] 
[INFO] [stdout] error: cannot find attribute `no_coverage` in this scope
[INFO] [stdout]    --> /opt/rustwide/cargo-home/registry/src/index.crates.io-6f17d22bba15001f/fuzzcheck_common-0.12.0/src/arg.rs:288:23
[INFO] [stdout]     |
[INFO] [stdout] 288 |                     #[no_coverage]
[INFO] [stdout]     |                       ^^^^^^^^^^^ help: a built-in attribute with a similar name exists: `coverage`
[INFO] [stdout] 
[INFO] [stdout] 
[INFO] [stdout] error: cannot find attribute `no_coverage` in this scope
[INFO] [stdout]    --> /opt/rustwide/cargo-home/registry/src/index.crates.io-6f17d22bba15001f/fuzzcheck_common-0.12.0/src/arg.rs:305:23
[INFO] [stdout]     |
[INFO] [stdout] 305 |                     #[no_coverage]
[INFO] [stdout]     |                       ^^^^^^^^^^^ help: a built-in attribute with a similar name exists: `coverage`
[INFO] [stdout] 
[INFO] [stdout] 
[INFO] [stdout] error: cannot find attribute `no_coverage` in this scope
[INFO] [stdout]    --> /opt/rustwide/cargo-home/registry/src/index.crates.io-6f17d22bba15001f/fuzzcheck_common-0.12.0/src/arg.rs:314:19
[INFO] [stdout]     |
[INFO] [stdout] 314 |                 #[no_coverage]
[INFO] [stdout]     |                   ^^^^^^^^^^^ help: a built-in attribute with a similar name exists: `coverage`
[INFO] [stdout] 
[INFO] [stdout] 
[INFO] [stdout] error: cannot find attribute `no_coverage` in this scope
[INFO] [stdout]    --> /opt/rustwide/cargo-home/registry/src/index.crates.io-6f17d22bba15001f/fuzzcheck_common-0.12.0/src/arg.rs:344:3
[INFO] [stdout]     |
[INFO] [stdout] 344 | #[no_coverage]
[INFO] [stdout]     |   ^^^^^^^^^^^ help: a built-in attribute with a similar name exists: `coverage`
[INFO] [stdout] 
[INFO] [stdout] 
[INFO] [stdout] error: cannot find attribute `no_coverage` in this scope
[INFO] [stdout]    --> /opt/rustwide/cargo-home/registry/src/index.crates.io-6f17d22bba15001f/fuzzcheck_common-0.12.0/src/arg.rs:411:7
[INFO] [stdout]     |
[INFO] [stdout] 411 |     #[no_coverage]
[INFO] [stdout]     |       ^^^^^^^^^^^ help: a built-in attribute with a similar name exists: `coverage`
[INFO] [stdout] 
[INFO] [stdout] 
[INFO] [stdout] error: cannot find attribute `no_coverage` in this scope
[INFO] [stdout]    --> /opt/rustwide/cargo-home/registry/src/index.crates.io-6f17d22bba15001f/fuzzcheck_common-0.12.0/src/arg.rs:417:7
[INFO] [stdout]     |
[INFO] [stdout] 417 |     #[no_coverage]
[INFO] [stdout]     |       ^^^^^^^^^^^ help: a built-in attribute with a similar name exists: `coverage`
[INFO] [stdout] 
[INFO] [stdout] 
[INFO] [stdout] error: cannot find attribute `no_coverage` in this scope
[INFO] [stdout]    --> /opt/rustwide/cargo-home/registry/src/index.crates.io-6f17d22bba15001f/fuzzcheck_common-0.12.0/src/arg.rs:450:7
[INFO] [stdout]     |
[INFO] [stdout] 450 |     #[no_coverage]
[INFO] [stdout]     |       ^^^^^^^^^^^ help: a built-in attribute with a similar name exists: `coverage`
[INFO] [stdout] 
[INFO] [stdout] 
[INFO] [stdout] error: aborting due to 32 previous errors
[INFO] [stdout] 
[INFO] [stdout] 
[INFO] [stdout] Some errors have detailed explanations: E0557, E0658.
[INFO] [stdout] 
[INFO] [stdout] For more information about an error, try `rustc --explain E0557`.
[INFO] [stdout] 
[INFO] [stderr] error: could not compile `fuzzcheck_common` (lib) due to 33 previous errors
[INFO] [stderr] warning: build failed, waiting for other jobs to finish...
[INFO] running `Command { std: "docker" "inspect" "5674c1ce0318ac92cc60200f91eb66feb238389ace30579f5ecb4dad667a417b", kill_on_drop: false }`
[INFO] running `Command { std: "docker" "rm" "-f" "5674c1ce0318ac92cc60200f91eb66feb238389ace30579f5ecb4dad667a417b", kill_on_drop: false }`
[INFO] [stdout] 5674c1ce0318ac92cc60200f91eb66feb238389ace30579f5ecb4dad667a417b
[INFO] documenting fuzzcheck_json_string_generator-0.1.0 against beta-2023-12-22 for beta-1.76-rustdoc-1
[INFO] extracting crate fuzzcheck_json_string_generator 0.1.0 into /workspace/builds/worker-6-tc2/source
[INFO] validating manifest of crates.io crate fuzzcheck_json_string_generator 0.1.0 on toolchain beta-2023-12-22
[INFO] running `Command { std: CARGO_HOME="/workspace/cargo-home" RUSTUP_HOME="/workspace/rustup-home" "/workspace/cargo-home/bin/cargo" "+beta-2023-12-22" "metadata" "--manifest-path" "Cargo.toml" "--no-deps", kill_on_drop: false }`
[INFO] started tweaking crates.io crate fuzzcheck_json_string_generator 0.1.0
[INFO] finished tweaking crates.io crate fuzzcheck_json_string_generator 0.1.0
[INFO] tweaked toml for crates.io crate fuzzcheck_json_string_generator 0.1.0 written to /workspace/builds/worker-6-tc2/source/Cargo.toml
[INFO] running `Command { std: CARGO_HOME="/workspace/cargo-home" RUSTUP_HOME="/workspace/rustup-home" "/workspace/cargo-home/bin/cargo" "+beta-2023-12-22" "generate-lockfile" "--manifest-path" "Cargo.toml", kill_on_drop: false }`
[INFO] [stderr]     Updating crates.io index
[INFO] running `Command { std: CARGO_HOME="/workspace/cargo-home" RUSTUP_HOME="/workspace/rustup-home" "/workspace/cargo-home/bin/cargo" "+beta-2023-12-22" "fetch" "--manifest-path" "Cargo.toml", kill_on_drop: false }`
[INFO] running `Command { std: "docker" "create" "-v" "/var/lib/crater-agent-workspace/builds/worker-6-tc2/target:/opt/rustwide/target:rw,Z" "-v" "/var/lib/crater-agent-workspace/builds/worker-6-tc2/source:/opt/rustwide/workdir:ro,Z" "-v" "/var/lib/crater-agent-workspace/cargo-home:/opt/rustwide/cargo-home:ro,Z" "-v" "/var/lib/crater-agent-workspace/rustup-home:/opt/rustwide/rustup-home:ro,Z" "-e" "SOURCE_DIR=/opt/rustwide/workdir" "-e" "CARGO_TARGET_DIR=/opt/rustwide/target" "-e" "CARGO_HOME=/opt/rustwide/cargo-home" "-e" "RUSTUP_HOME=/opt/rustwide/rustup-home" "-w" "/opt/rustwide/workdir" "-m" "1610612736" "--user" "0:0" "--network" "none" "ghcr.io/rust-lang/crates-build-env/linux@sha256:2788e3201cd34a07e3172128adcd8b3090168a8e3bcc40d7c032b9dda1df7d1c" "/opt/rustwide/cargo-home/bin/cargo" "+beta-2023-12-22" "metadata" "--no-deps" "--format-version=1", kill_on_drop: false }`
[INFO] [stdout] 434086b7b75a1507047c9504e0bdb529fc5cec2c63e7a5b343e24bb24c7b23de
[INFO] running `Command { std: "docker" "start" "-a" "434086b7b75a1507047c9504e0bdb529fc5cec2c63e7a5b343e24bb24c7b23de", kill_on_drop: false }`
[INFO] running `Command { std: "docker" "inspect" "434086b7b75a1507047c9504e0bdb529fc5cec2c63e7a5b343e24bb24c7b23de", kill_on_drop: false }`
[INFO] running `Command { std: "docker" "rm" "-f" "434086b7b75a1507047c9504e0bdb529fc5cec2c63e7a5b343e24bb24c7b23de", kill_on_drop: false }`
[INFO] [stdout] 434086b7b75a1507047c9504e0bdb529fc5cec2c63e7a5b343e24bb24c7b23de
[INFO] running `Command { std: "docker" "create" "-v" "/var/lib/crater-agent-workspace/builds/worker-6-tc2/target:/opt/rustwide/target:rw,Z" "-v" "/var/lib/crater-agent-workspace/builds/worker-6-tc2/source:/opt/rustwide/workdir:ro,Z" "-v" "/var/lib/crater-agent-workspace/cargo-home:/opt/rustwide/cargo-home:ro,Z" "-v" "/var/lib/crater-agent-workspace/rustup-home:/opt/rustwide/rustup-home:ro,Z" "-e" "SOURCE_DIR=/opt/rustwide/workdir" "-e" "CARGO_TARGET_DIR=/opt/rustwide/target" "-e" "CARGO_INCREMENTAL=0" "-e" "RUST_BACKTRACE=full" "-e" "RUSTFLAGS=--cap-lints=warn" "-e" "RUSTDOCFLAGS=--cap-lints=warn" "-e" "CARGO_HOME=/opt/rustwide/cargo-home" "-e" "RUSTUP_HOME=/opt/rustwide/rustup-home" "-w" "/opt/rustwide/workdir" "-m" "1610612736" "--user" "0:0" "--network" "none" "ghcr.io/rust-lang/crates-build-env/linux@sha256:2788e3201cd34a07e3172128adcd8b3090168a8e3bcc40d7c032b9dda1df7d1c" "/opt/rustwide/cargo-home/bin/cargo" "+beta-2023-12-22" "doc" "--frozen" "--no-deps" "--document-private-items" "--message-format=json", kill_on_drop: false }`
[INFO] [stdout] 6d8f7b2a0c6149c5ca509903111a637877884ac2b3009e2fb52eb4f681f9078a
[INFO] running `Command { std: "docker" "start" "-a" "6d8f7b2a0c6149c5ca509903111a637877884ac2b3009e2fb52eb4f681f9078a", kill_on_drop: false }`
[INFO] [stderr]    Compiling libc v0.2.151
[INFO] [stderr]    Compiling proc-macro2 v1.0.76
[INFO] [stderr]    Compiling serde v1.0.195
[INFO] [stderr]    Compiling crc32fast v1.3.2
[INFO] [stderr]     Checking unicode-width v0.1.11
[INFO] [stderr]     Checking once_cell v1.19.0
[INFO] [stderr]     Checking bit-vec v0.6.3
[INFO] [stderr]     Checking fastrand v1.9.0
[INFO] [stderr]    Compiling ahash v0.7.7
[INFO] [stderr]    Compiling serde_json v1.0.111
[INFO] [stderr]     Checking nu-ansi-term v0.39.0
[INFO] [stderr]     Checking object v0.27.1
[INFO] [stderr]     Checking getopts v0.2.21
[INFO] [stderr]     Checking fuzzcheck_common v0.12.0
[INFO] [stdout] error[E0557]: feature has been removed
[INFO] [stdout]  --> /opt/rustwide/cargo-home/registry/src/index.crates.io-6f17d22bba15001f/fuzzcheck_common-0.12.0/src/lib.rs:1:12
[INFO] [stdout]   |
[INFO] [stdout] 1 | #![feature(no_coverage)]
[INFO] [stdout]   |            ^^^^^^^^^^^ feature has been removed
[INFO] [stdout]   |
[INFO] [stdout]   = note: renamed to `coverage_attribute`
[INFO] [stdout] 
[INFO] [stdout] 
[INFO] [stdout] error[E0658]: attributes on expressions are experimental
[INFO] [stdout]    --> /opt/rustwide/cargo-home/registry/src/index.crates.io-6f17d22bba15001f/fuzzcheck_common-0.12.0/src/arg.rs:193:13
[INFO] [stdout]     |
[INFO] [stdout] 193 |             #[no_coverage]
[INFO] [stdout]     |             ^^^^^^^^^^^^^^
[INFO] [stdout]     |
[INFO] [stdout]     = note: see issue #15701 <https://github.com/rust-lang/rust/issues/15701> for more information
[INFO] [stdout] 
[INFO] [stdout] 
[INFO] [stdout] error[E0658]: attributes on expressions are experimental
[INFO] [stdout]    --> /opt/rustwide/cargo-home/registry/src/index.crates.io-6f17d22bba15001f/fuzzcheck_common-0.12.0/src/arg.rs:211:17
[INFO] [stdout]     |
[INFO] [stdout] 211 |                 #[no_coverage]
[INFO] [stdout]     |                 ^^^^^^^^^^^^^^
[INFO] [stdout]     |
[INFO] [stdout]     = note: see issue #15701 <https://github.com/rust-lang/rust/issues/15701> for more information
[INFO] [stdout] 
[INFO] [stdout] 
[INFO] [stdout] error[E0658]: attributes on expressions are experimental
[INFO] [stdout]    --> /opt/rustwide/cargo-home/registry/src/index.crates.io-6f17d22bba15001f/fuzzcheck_common-0.12.0/src/arg.rs:215:17
[INFO] [stdout]     |
[INFO] [stdout] 215 |                 #[no_coverage]
[INFO] [stdout]     |                 ^^^^^^^^^^^^^^
[INFO] [stdout]     |
[INFO] [stdout]     = note: see issue #15701 <https://github.com/rust-lang/rust/issues/15701> for more information
[INFO] [stdout] 
[INFO] [stdout] 
[INFO] [stdout] error[E0658]: attributes on expressions are experimental
[INFO] [stdout]    --> /opt/rustwide/cargo-home/registry/src/index.crates.io-6f17d22bba15001f/fuzzcheck_common-0.12.0/src/arg.rs:222:13
[INFO] [stdout]     |
[INFO] [stdout] 222 |             #[no_coverage]
[INFO] [stdout]     |             ^^^^^^^^^^^^^^
[INFO] [stdout]     |
[INFO] [stdout]     = note: see issue #15701 <https://github.com/rust-lang/rust/issues/15701> for more information
[INFO] [stdout] 
[INFO] [stdout] 
[INFO] [stdout] error[E0658]: attributes on expressions are experimental
[INFO] [stdout]    --> /opt/rustwide/cargo-home/registry/src/index.crates.io-6f17d22bba15001f/fuzzcheck_common-0.12.0/src/arg.rs:233:13
[INFO] [stdout]     |
[INFO] [stdout] 233 |             #[no_coverage]
[INFO] [stdout]     |             ^^^^^^^^^^^^^^
[INFO] [stdout]     |
[INFO] [stdout]     = note: see issue #15701 <https://github.com/rust-lang/rust/issues/15701> for more information
[INFO] [stdout] 
[INFO] [stdout] 
[INFO] [stdout] error[E0658]: attributes on expressions are experimental
[INFO] [stdout]    --> /opt/rustwide/cargo-home/registry/src/index.crates.io-6f17d22bba15001f/fuzzcheck_common-0.12.0/src/arg.rs:244:13
[INFO] [stdout]     |
[INFO] [stdout] 244 |             #[no_coverage]
[INFO] [stdout]     |             ^^^^^^^^^^^^^^
[INFO] [stdout]     |
[INFO] [stdout]     = note: see issue #15701 <https://github.com/rust-lang/rust/issues/15701> for more information
[INFO] [stdout] 
[INFO] [stdout] 
[INFO] [stdout] error[E0658]: attributes on expressions are experimental
[INFO] [stdout]    --> /opt/rustwide/cargo-home/registry/src/index.crates.io-6f17d22bba15001f/fuzzcheck_common-0.12.0/src/arg.rs:255:13
[INFO] [stdout]     |
[INFO] [stdout] 255 |             #[no_coverage]
[INFO] [stdout]     |             ^^^^^^^^^^^^^^
[INFO] [stdout]     |
[INFO] [stdout]     = note: see issue #15701 <https://github.com/rust-lang/rust/issues/15701> for more information
[INFO] [stdout] 
[INFO] [stdout] 
[INFO] [stdout] error[E0658]: attributes on expressions are experimental
[INFO] [stdout]    --> /opt/rustwide/cargo-home/registry/src/index.crates.io-6f17d22bba15001f/fuzzcheck_common-0.12.0/src/arg.rs:266:13
[INFO] [stdout]     |
[INFO] [stdout] 266 |             #[no_coverage]
[INFO] [stdout]     |             ^^^^^^^^^^^^^^
[INFO] [stdout]     |
[INFO] [stdout]     = note: see issue #15701 <https://github.com/rust-lang/rust/issues/15701> for more information
[INFO] [stdout] 
[INFO] [stdout] 
[INFO] [stdout] error[E0658]: attributes on expressions are experimental
[INFO] [stdout]    --> /opt/rustwide/cargo-home/registry/src/index.crates.io-6f17d22bba15001f/fuzzcheck_common-0.12.0/src/arg.rs:276:21
[INFO] [stdout]     |
[INFO] [stdout] 276 |                     #[no_coverage]
[INFO] [stdout]     |                     ^^^^^^^^^^^^^^
[INFO] [stdout]     |
[INFO] [stdout]     = note: see issue #15701 <https://github.com/rust-lang/rust/issues/15701> for more information
[INFO] [stdout] 
[INFO] [stdout] 
[INFO] [stdout] error[E0658]: attributes on expressions are experimental
[INFO] [stdout]    --> /opt/rustwide/cargo-home/registry/src/index.crates.io-6f17d22bba15001f/fuzzcheck_common-0.12.0/src/arg.rs:288:21
[INFO] [stdout]     |
[INFO] [stdout] 288 |                     #[no_coverage]
[INFO] [stdout]     |                     ^^^^^^^^^^^^^^
[INFO] [stdout]     |
[INFO] [stdout]     = note: see issue #15701 <https://github.com/rust-lang/rust/issues/15701> for more information
[INFO] [stdout] 
[INFO] [stdout] 
[INFO] [stdout] error[E0658]: attributes on expressions are experimental
[INFO] [stdout]    --> /opt/rustwide/cargo-home/registry/src/index.crates.io-6f17d22bba15001f/fuzzcheck_common-0.12.0/src/arg.rs:305:21
[INFO] [stdout]     |
[INFO] [stdout] 305 |                     #[no_coverage]
[INFO] [stdout]     |                     ^^^^^^^^^^^^^^
[INFO] [stdout]     |
[INFO] [stdout]     = note: see issue #15701 <https://github.com/rust-lang/rust/issues/15701> for more information
[INFO] [stdout] 
[INFO] [stdout] 
[INFO] [stdout] error[E0658]: attributes on expressions are experimental
[INFO] [stdout]    --> /opt/rustwide/cargo-home/registry/src/index.crates.io-6f17d22bba15001f/fuzzcheck_common-0.12.0/src/arg.rs:314:17
[INFO] [stdout]     |
[INFO] [stdout] 314 |                 #[no_coverage]
[INFO] [stdout]     |                 ^^^^^^^^^^^^^^
[INFO] [stdout]     |
[INFO] [stdout]     = note: see issue #15701 <https://github.com/rust-lang/rust/issues/15701> for more information
[INFO] [stdout] 
[INFO] [stdout] 
[INFO] [stdout] error: cannot find attribute `no_coverage` in this scope
[INFO] [stdout]   --> /opt/rustwide/cargo-home/registry/src/index.crates.io-6f17d22bba15001f/fuzzcheck_common-0.12.0/src/arg.rs:35:7
[INFO] [stdout]    |
[INFO] [stdout] 35 |     #[no_coverage]
[INFO] [stdout]    |       ^^^^^^^^^^^ help: a built-in attribute with a similar name exists: `coverage`
[INFO] [stdout] 
[INFO] [stdout] 
[INFO] [stdout] error: cannot find attribute `no_coverage` in this scope
[INFO] [stdout]   --> /opt/rustwide/cargo-home/registry/src/index.crates.io-6f17d22bba15001f/fuzzcheck_common-0.12.0/src/arg.rs:87:3
[INFO] [stdout]    |
[INFO] [stdout] 87 | #[no_coverage]
[INFO] [stdout]    |   ^^^^^^^^^^^ help: a built-in attribute with a similar name exists: `coverage`
[INFO] [stdout] 
[INFO] [stdout] 
[INFO] [stdout] error: cannot find attribute `no_coverage` in this scope
[INFO] [stdout]    --> /opt/rustwide/cargo-home/registry/src/index.crates.io-6f17d22bba15001f/fuzzcheck_common-0.12.0/src/arg.rs:180:7
[INFO] [stdout]     |
[INFO] [stdout] 180 |     #[no_coverage]
[INFO] [stdout]     |       ^^^^^^^^^^^ help: a built-in attribute with a similar name exists: `coverage`
[INFO] [stdout] 
[INFO] [stdout] 
[INFO] [stdout] error: cannot find attribute `no_coverage` in this scope
[INFO] [stdout]    --> /opt/rustwide/cargo-home/registry/src/index.crates.io-6f17d22bba15001f/fuzzcheck_common-0.12.0/src/arg.rs:193:15
[INFO] [stdout]     |
[INFO] [stdout] 193 |             #[no_coverage]
[INFO] [stdout]     |               ^^^^^^^^^^^ help: a built-in attribute with a similar name exists: `coverage`
[INFO] [stdout] 
[INFO] [stdout] 
[INFO] [stdout] error: cannot find attribute `no_coverage` in this scope
[INFO] [stdout]    --> /opt/rustwide/cargo-home/registry/src/index.crates.io-6f17d22bba15001f/fuzzcheck_common-0.12.0/src/arg.rs:211:19
[INFO] [stdout]     |
[INFO] [stdout] 211 |                 #[no_coverage]
[INFO] [stdout]     |                   ^^^^^^^^^^^ help: a built-in attribute with a similar name exists: `coverage`
[INFO] [stdout] 
[INFO] [stdout] 
[INFO] [stdout] error: cannot find attribute `no_coverage` in this scope
[INFO] [stdout]    --> /opt/rustwide/cargo-home/registry/src/index.crates.io-6f17d22bba15001f/fuzzcheck_common-0.12.0/src/arg.rs:215:19
[INFO] [stdout]     |
[INFO] [stdout] 215 |                 #[no_coverage]
[INFO] [stdout]     |                   ^^^^^^^^^^^ help: a built-in attribute with a similar name exists: `coverage`
[INFO] [stdout] 
[INFO] [stdout] 
[INFO] [stdout] error: cannot find attribute `no_coverage` in this scope
[INFO] [stdout]    --> /opt/rustwide/cargo-home/registry/src/index.crates.io-6f17d22bba15001f/fuzzcheck_common-0.12.0/src/arg.rs:222:15
[INFO] [stdout]     |
[INFO] [stdout] 222 |             #[no_coverage]
[INFO] [stdout]     |               ^^^^^^^^^^^ help: a built-in attribute with a similar name exists: `coverage`
[INFO] [stdout] 
[INFO] [stdout] 
[INFO] [stdout] error: cannot find attribute `no_coverage` in this scope
[INFO] [stdout]    --> /opt/rustwide/cargo-home/registry/src/index.crates.io-6f17d22bba15001f/fuzzcheck_common-0.12.0/src/arg.rs:233:15
[INFO] [stdout]     |
[INFO] [stdout] 233 |             #[no_coverage]
[INFO] [stdout]     |               ^^^^^^^^^^^ help: a built-in attribute with a similar name exists: `coverage`
[INFO] [stdout] 
[INFO] [stdout] 
[INFO] [stdout] error: cannot find attribute `no_coverage` in this scope
[INFO] [stdout]    --> /opt/rustwide/cargo-home/registry/src/index.crates.io-6f17d22bba15001f/fuzzcheck_common-0.12.0/src/arg.rs:244:15
[INFO] [stdout]     |
[INFO] [stdout] 244 |             #[no_coverage]
[INFO] [stdout]     |               ^^^^^^^^^^^ help: a built-in attribute with a similar name exists: `coverage`
[INFO] [stdout] 
[INFO] [stdout] 
[INFO] [stdout] error: cannot find attribute `no_coverage` in this scope
[INFO] [stdout]    --> /opt/rustwide/cargo-home/registry/src/index.crates.io-6f17d22bba15001f/fuzzcheck_common-0.12.0/src/arg.rs:255:15
[INFO] [stdout]     |
[INFO] [stdout] 255 |             #[no_coverage]
[INFO] [stdout]     |               ^^^^^^^^^^^ help: a built-in attribute with a similar name exists: `coverage`
[INFO] [stdout] 
[INFO] [stdout] 
[INFO] [stdout] error: cannot find attribute `no_coverage` in this scope
[INFO] [stdout]    --> /opt/rustwide/cargo-home/registry/src/index.crates.io-6f17d22bba15001f/fuzzcheck_common-0.12.0/src/arg.rs:266:15
[INFO] [stdout]     |
[INFO] [stdout] 266 |             #[no_coverage]
[INFO] [stdout]     |               ^^^^^^^^^^^ help: a built-in attribute with a similar name exists: `coverage`
[INFO] [stdout] 
[INFO] [stdout] 
[INFO] [stdout] error: cannot find attribute `no_coverage` in this scope
[INFO] [stdout]    --> /opt/rustwide/cargo-home/registry/src/index.crates.io-6f17d22bba15001f/fuzzcheck_common-0.12.0/src/arg.rs:276:23
[INFO] [stdout]     |
[INFO] [stdout] 276 |                     #[no_coverage]
[INFO] [stdout]     |                       ^^^^^^^^^^^ help: a built-in attribute with a similar name exists: `coverage`
[INFO] [stdout] 
[INFO] [stdout] 
[INFO] [stdout] error: cannot find attribute `no_coverage` in this scope
[INFO] [stdout]    --> /opt/rustwide/cargo-home/registry/src/index.crates.io-6f17d22bba15001f/fuzzcheck_common-0.12.0/src/arg.rs:288:23
[INFO] [stdout]     |
[INFO] [stdout] 288 |                     #[no_coverage]
[INFO] [stdout]     |                       ^^^^^^^^^^^ help: a built-in attribute with a similar name exists: `coverage`
[INFO] [stdout] 
[INFO] [stdout] 
[INFO] [stdout] error: cannot find attribute `no_coverage` in this scope
[INFO] [stdout]    --> /opt/rustwide/cargo-home/registry/src/index.crates.io-6f17d22bba15001f/fuzzcheck_common-0.12.0/src/arg.rs:305:23
[INFO] [stdout]     |
[INFO] [stdout] 305 |                     #[no_coverage]
[INFO] [stdout]     |                       ^^^^^^^^^^^ help: a built-in attribute with a similar name exists: `coverage`
[INFO] [stdout] 
[INFO] [stdout] 
[INFO] [stdout] error: cannot find attribute `no_coverage` in this scope
[INFO] [stdout]    --> /opt/rustwide/cargo-home/registry/src/index.crates.io-6f17d22bba15001f/fuzzcheck_common-0.12.0/src/arg.rs:314:19
[INFO] [stdout]     |
[INFO] [stdout] 314 |                 #[no_coverage]
[INFO] [stdout]     |                   ^^^^^^^^^^^ help: a built-in attribute with a similar name exists: `coverage`
[INFO] [stdout] 
[INFO] [stdout] 
[INFO] [stdout] error: cannot find attribute `no_coverage` in this scope
[INFO] [stdout]    --> /opt/rustwide/cargo-home/registry/src/index.crates.io-6f17d22bba15001f/fuzzcheck_common-0.12.0/src/arg.rs:344:3
[INFO] [stdout]     |
[INFO] [stdout] 344 | #[no_coverage]
[INFO] [stdout]     |   ^^^^^^^^^^^ help: a built-in attribute with a similar name exists: `coverage`
[INFO] [stdout] 
[INFO] [stdout] 
[INFO] [stdout] error: cannot find attribute `no_coverage` in this scope
[INFO] [stdout]    --> /opt/rustwide/cargo-home/registry/src/index.crates.io-6f17d22bba15001f/fuzzcheck_common-0.12.0/src/arg.rs:411:7
[INFO] [stdout]     |
[INFO] [stdout] 411 |     #[no_coverage]
[INFO] [stdout]     |       ^^^^^^^^^^^ help: a built-in attribute with a similar name exists: `coverage`
[INFO] [stdout] 
[INFO] [stdout] 
[INFO] [stdout] error: cannot find attribute `no_coverage` in this scope
[INFO] [stdout]    --> /opt/rustwide/cargo-home/registry/src/index.crates.io-6f17d22bba15001f/fuzzcheck_common-0.12.0/src/arg.rs:417:7
[INFO] [stdout]     |
[INFO] [stdout] 417 |     #[no_coverage]
[INFO] [stdout]     |       ^^^^^^^^^^^ help: a built-in attribute with a similar name exists: `coverage`
[INFO] [stdout] 
[INFO] [stdout] 
[INFO] [stdout] error: cannot find attribute `no_coverage` in this scope
[INFO] [stdout]    --> /opt/rustwide/cargo-home/registry/src/index.crates.io-6f17d22bba15001f/fuzzcheck_common-0.12.0/src/arg.rs:450:7
[INFO] [stdout]     |
[INFO] [stdout] 450 |     #[no_coverage]
[INFO] [stdout]     |       ^^^^^^^^^^^ help: a built-in attribute with a similar name exists: `coverage`
[INFO] [stdout] 
[INFO] [stdout] 
[INFO] [stdout] error: aborting due to 32 previous errors
[INFO] [stdout] 
[INFO] [stdout] 
[INFO] [stdout] Some errors have detailed explanations: E0557, E0658.
[INFO] [stdout] 
[INFO] [stdout] For more information about an error, try `rustc --explain E0557`.
[INFO] [stdout] 
[INFO] [stderr] error: could not compile `fuzzcheck_common` (lib) due to 33 previous errors
[INFO] [stderr] warning: build failed, waiting for other jobs to finish...
[INFO] running `Command { std: "docker" "inspect" "6d8f7b2a0c6149c5ca509903111a637877884ac2b3009e2fb52eb4f681f9078a", kill_on_drop: false }`
[INFO] running `Command { std: "docker" "rm" "-f" "6d8f7b2a0c6149c5ca509903111a637877884ac2b3009e2fb52eb4f681f9078a", kill_on_drop: false }`
[INFO] [stdout] 6d8f7b2a0c6149c5ca509903111a637877884ac2b3009e2fb52eb4f681f9078a
