[INFO] fetching crate furiosa-device 0.2.2...
[INFO] documenting furiosa-device-0.2.2 against 1.75.0 for beta-1.76-rustdoc-1
[INFO] extracting crate furiosa-device 0.2.2 into /workspace/builds/worker-3-tc1/source
[INFO] validating manifest of crates.io crate furiosa-device 0.2.2 on toolchain 1.75.0
[INFO] running `Command { std: CARGO_HOME="/workspace/cargo-home" RUSTUP_HOME="/workspace/rustup-home" "/workspace/cargo-home/bin/cargo" "+1.75.0" "metadata" "--manifest-path" "Cargo.toml" "--no-deps", kill_on_drop: false }`
[INFO] started tweaking crates.io crate furiosa-device 0.2.2
[INFO] finished tweaking crates.io crate furiosa-device 0.2.2
[INFO] tweaked toml for crates.io crate furiosa-device 0.2.2 written to /workspace/builds/worker-3-tc1/source/Cargo.toml
[INFO] crate crates.io crate furiosa-device 0.2.2 already has a lockfile, it will not be regenerated
[INFO] running `Command { std: CARGO_HOME="/workspace/cargo-home" RUSTUP_HOME="/workspace/rustup-home" "/workspace/cargo-home/bin/cargo" "+1.75.0" "fetch" "--manifest-path" "Cargo.toml", kill_on_drop: false }`
[INFO] [stderr]     Updating crates.io index
[INFO] [stderr]  Downloading crates ...
[INFO] [stderr]   Downloaded enum-utils v0.1.2
[INFO] [stderr]   Downloaded memoize-inner v0.3.2
[INFO] [stderr]   Downloaded cli-table v0.4.7
[INFO] [stderr]   Downloaded pin-project-lite v0.2.11
[INFO] [stderr]   Downloaded cli-table-derive v0.4.5
[INFO] [stderr]   Downloaded array_tool v1.0.3
[INFO] [stderr]   Downloaded lru v0.7.8
[INFO] [stderr]   Downloaded enum-utils-from-str v0.1.2
[INFO] [stderr]   Downloaded memoize v0.3.3
[INFO] running `Command { std: "docker" "create" "-v" "/var/lib/crater-agent-workspace/builds/worker-3-tc1/target:/opt/rustwide/target:rw,Z" "-v" "/var/lib/crater-agent-workspace/builds/worker-3-tc1/source:/opt/rustwide/workdir:ro,Z" "-v" "/var/lib/crater-agent-workspace/cargo-home:/opt/rustwide/cargo-home:ro,Z" "-v" "/var/lib/crater-agent-workspace/rustup-home:/opt/rustwide/rustup-home:ro,Z" "-e" "SOURCE_DIR=/opt/rustwide/workdir" "-e" "CARGO_TARGET_DIR=/opt/rustwide/target" "-e" "CARGO_HOME=/opt/rustwide/cargo-home" "-e" "RUSTUP_HOME=/opt/rustwide/rustup-home" "-w" "/opt/rustwide/workdir" "-m" "1610612736" "--user" "0:0" "--network" "none" "ghcr.io/rust-lang/crates-build-env/linux@sha256:2788e3201cd34a07e3172128adcd8b3090168a8e3bcc40d7c032b9dda1df7d1c" "/opt/rustwide/cargo-home/bin/cargo" "+1.75.0" "metadata" "--no-deps" "--format-version=1", kill_on_drop: false }`
[INFO] [stdout] a9524df4d228510f238a48acd9e211bed101ede56d43302ba70b0324d6698318
[INFO] running `Command { std: "docker" "start" "-a" "a9524df4d228510f238a48acd9e211bed101ede56d43302ba70b0324d6698318", kill_on_drop: false }`
[INFO] running `Command { std: "docker" "inspect" "a9524df4d228510f238a48acd9e211bed101ede56d43302ba70b0324d6698318", kill_on_drop: false }`
[INFO] running `Command { std: "docker" "rm" "-f" "a9524df4d228510f238a48acd9e211bed101ede56d43302ba70b0324d6698318", kill_on_drop: false }`
[INFO] [stdout] a9524df4d228510f238a48acd9e211bed101ede56d43302ba70b0324d6698318
[INFO] running `Command { std: "docker" "create" "-v" "/var/lib/crater-agent-workspace/builds/worker-3-tc1/target:/opt/rustwide/target:rw,Z" "-v" "/var/lib/crater-agent-workspace/builds/worker-3-tc1/source:/opt/rustwide/workdir:ro,Z" "-v" "/var/lib/crater-agent-workspace/cargo-home:/opt/rustwide/cargo-home:ro,Z" "-v" "/var/lib/crater-agent-workspace/rustup-home:/opt/rustwide/rustup-home:ro,Z" "-e" "SOURCE_DIR=/opt/rustwide/workdir" "-e" "CARGO_TARGET_DIR=/opt/rustwide/target" "-e" "CARGO_INCREMENTAL=0" "-e" "RUST_BACKTRACE=full" "-e" "RUSTFLAGS=--cap-lints=warn" "-e" "RUSTDOCFLAGS=--cap-lints=warn" "-e" "CARGO_HOME=/opt/rustwide/cargo-home" "-e" "RUSTUP_HOME=/opt/rustwide/rustup-home" "-w" "/opt/rustwide/workdir" "-m" "1610612736" "--user" "0:0" "--network" "none" "ghcr.io/rust-lang/crates-build-env/linux@sha256:2788e3201cd34a07e3172128adcd8b3090168a8e3bcc40d7c032b9dda1df7d1c" "/opt/rustwide/cargo-home/bin/cargo" "+1.75.0" "doc" "--frozen" "--no-deps" "--document-private-items" "--message-format=json", kill_on_drop: false }`
[INFO] [stdout] 07f36149e527cff391519f985adcdea3560c3a612a57098171a4700123412fab
[INFO] running `Command { std: "docker" "start" "-a" "07f36149e527cff391519f985adcdea3560c3a612a57098171a4700123412fab", kill_on_drop: false }`
[INFO] [stderr]    Compiling libc v0.2.147
[INFO] [stderr]    Compiling unicode-ident v1.0.11
[INFO] [stderr]    Compiling memchr v2.5.0
[INFO] [stderr]    Compiling serde v1.0.183
[INFO] [stderr]    Compiling crossbeam-utils v0.8.16
[INFO] [stderr]    Compiling serde_derive v1.0.183
[INFO] [stderr]    Compiling ahash v0.7.6
[INFO] [stderr]    Compiling crossbeam-epoch v0.9.15
[INFO] [stderr]    Compiling proc-macro2 v1.0.66
[INFO] [stderr]     Checking tracing-core v0.1.31
[INFO] [stderr]    Compiling lock_api v0.4.10
[INFO] [stderr]    Compiling quote v1.0.32
[INFO] [stderr]     Checking ryu v1.0.15
[INFO] [stderr]    Compiling syn v1.0.109
[INFO] [stderr]    Compiling syn v2.0.28
[INFO] [stderr]    Compiling gimli v0.27.3
[INFO] [stderr]    Compiling adler v1.0.2
[INFO] [stderr]    Compiling cc v1.0.82
[INFO] [stderr]     Checking smallvec v1.11.0
[INFO] [stderr]     Checking getrandom v0.2.10
[INFO] [stderr]    Compiling parking_lot_core v0.9.8
[INFO] [stderr]     Checking num_cpus v1.16.0
[INFO] [stderr]    Compiling miniz_oxide v0.7.1
[INFO] [stderr]    Compiling object v0.31.1
[INFO] [stderr]     Checking aho-corasick v1.0.2
[INFO] [stderr]    Compiling rayon-core v1.11.0
[INFO] [stderr]     Checking regex-syntax v0.7.4
[INFO] [stderr]     Checking regex-syntax v0.6.29
[INFO] [stderr]    Compiling backtrace v0.3.68
[INFO] [stderr]    Compiling cfg-if v1.0.0
[INFO] [stderr]    Compiling addr2line v0.20.0
[INFO] [stderr]     Checking pin-project-lite v0.2.11
[INFO] [stderr]    Compiling rustc-demangle v0.1.23
[INFO] [stderr]    Compiling rustversion v1.0.14
[INFO] [stderr]    Compiling serde_json v1.0.104
[INFO] [stderr]     Checking regex-automata v0.3.6
[INFO] [stderr]     Checking crossbeam-deque v0.8.3
[INFO] [stderr]     Checking hashbrown v0.12.3
[INFO] [stderr]     Checking crossbeam-channel v0.5.8
[INFO] [stderr]     Checking regex-automata v0.1.10
[INFO] [stderr]     Checking csv-core v0.1.10
[INFO] [stderr]    Compiling tokio v1.29.1
[INFO] [stderr]    Compiling lazy_static v1.4.0
[INFO] [stderr]    Compiling thiserror v1.0.44
[INFO] [stderr]     Checking overload v0.1.1
[INFO] [stderr]     Checking tracing-log v0.1.3
[INFO] [stderr]     Checking nu-ansi-term v0.46.0
[INFO] [stderr]     Checking lru v0.7.8
[INFO] [stderr]     Checking matchers v0.1.0
[INFO] [stderr]     Checking csv v1.2.2
[INFO] [stderr]     Checking parking_lot v0.12.1
[INFO] [stderr]    Compiling serde_derive_internals v0.25.0
[INFO] [stderr]     Checking tracing-serde v0.1.3
[INFO] [stderr]     Checking socket2 v0.4.9
[INFO] [stderr]    Compiling failure v0.1.8
[INFO] [stderr]     Checking signal-hook-registry v1.4.1
[INFO] [stderr]     Checking mio v0.8.8
[INFO] [stderr]     Checking regex v1.9.3
[INFO] [stderr]     Checking sharded-slab v0.1.4
[INFO] [stderr]    Compiling enum-utils-from-str v0.1.2
[INFO] [stderr]     Checking thread_local v1.1.7
[INFO] [stderr]     Checking minimal-lexical v0.2.1
[INFO] [stderr]     Checking termcolor v1.2.0
[INFO] [stderr]     Checking bytes v1.4.0
[INFO] [stderr]     Checking unicode-width v0.1.10
[INFO] [stderr]     Checking rayon v1.7.0
[INFO] [stderr]     Checking nom v7.1.3
[INFO] [stderr]     Checking strum v0.24.1
[INFO] [stderr]     Checking array_tool v1.0.3
[INFO] [stderr]    Compiling tracing-attributes v0.1.26
[INFO] [stderr]    Compiling tokio-macros v2.1.0
[INFO] [stderr]    Compiling thiserror-impl v1.0.44
[INFO] [stderr]    Compiling cli-table-derive v0.4.5
[INFO] [stderr]    Compiling memoize-inner v0.3.2
[INFO] [stderr]    Compiling strum_macros v0.24.3
[INFO] [stderr]     Checking memoize v0.3.3
[INFO] [stderr]    Compiling enum-utils v0.1.2
[INFO] [stderr]     Checking cli-table v0.4.7
[INFO] [stderr]    Compiling enum-display-derive v0.1.1
[INFO] [stderr]     Checking tracing v0.1.37
[INFO] [stderr]     Checking tracing-subscriber v0.3.17
[INFO] [stderr]  Documenting furiosa-device v0.2.2 (/opt/rustwide/workdir)
[INFO] [stderr]     Checking furiosa-device v0.2.2 (/opt/rustwide/workdir)
[INFO] [stdout] error[E0554]: `#![feature]` may not be used on the stable release channel
[INFO] [stdout]   --> src/lib.rs:65:1
[INFO] [stdout]    |
[INFO] [stdout] 65 | #![feature(associated_type_bounds)]
[INFO] [stdout]    | ^^^^^^^^^^^^^^^^^^^^^^^^^^^^^^^^^^^
[INFO] [stdout] 
[INFO] [stdout] 
[INFO] [stdout] error[E0554]: `#![feature]` may not be used on the stable release channel
[INFO] [stdout]   --> src/lib.rs:65:1
[INFO] [stdout]    |
[INFO] [stdout] 65 | #![feature(associated_type_bounds)]
[INFO] [stdout]    | ^^^^^^^^^^^^^^^^^^^^^^^^^^^^^^^^^^^
[INFO] [stdout] 
[INFO] [stdout] 
[INFO] [stdout] error: aborting due to previous error
[INFO] [stdout] 
[INFO] [stdout] 
[INFO] [stdout] For more information about this error, try `rustc --explain E0554`.
[INFO] [stdout] 
[INFO] [stderr] error: could not document `furiosa-device`
[INFO] [stderr] 
[INFO] [stderr] Caused by:
[INFO] [stderr]   process didn't exit successfully: `/opt/rustwide/rustup-home/toolchains/1.75.0-x86_64-unknown-linux-gnu/bin/rustdoc --edition=2021 --crate-type lib --crate-name furiosa_device src/lib.rs -o /opt/rustwide/target/doc --error-format=json --json=diagnostic-rendered-ansi,artifacts,future-incompat --document-private-items -C metadata=87beffaaba7e337d -L dependency=/opt/rustwide/target/debug/deps --extern array_tool=/opt/rustwide/target/debug/deps/libarray_tool-de96a83eda5ca156.rmeta --extern cli_table=/opt/rustwide/target/debug/deps/libcli_table-201ff33aa8c51a25.rmeta --extern enum_display_derive=/opt/rustwide/target/debug/deps/libenum_display_derive-426f27058369e74e.so --extern enum_utils=/opt/rustwide/target/debug/deps/libenum_utils-a87b5ea861e54a61.so --extern itertools=/opt/rustwide/target/debug/deps/libitertools-dbd7922ddc771bc2.rmeta --extern lazy_static=/opt/rustwide/target/debug/deps/liblazy_static-e7445b4e8703c20b.rmeta --extern memoize=/opt/rustwide/target/debug/deps/libmemoize-3ff3d88fe45dc2f3.rmeta --extern nom=/opt/rustwide/target/debug/deps/libnom-88a034aeeab1684d.rmeta --extern rayon=/opt/rustwide/target/debug/deps/librayon-83c80afd97ca5def.rmeta --extern regex=/opt/rustwide/target/debug/deps/libregex-a6ab0d8ed387e177.rmeta --extern serde=/opt/rustwide/target/debug/deps/libserde-c825383538c22fae.rmeta --extern strum=/opt/rustwide/target/debug/deps/libstrum-59a6ad3e52147852.rmeta --extern strum_macros=/opt/rustwide/target/debug/deps/libstrum_macros-a52bb10160ce3fe6.so --extern thiserror=/opt/rustwide/target/debug/deps/libthiserror-f1ff324b64e911bf.rmeta --extern tokio=/opt/rustwide/target/debug/deps/libtokio-051ddabaef8e2426.rmeta --extern tracing=/opt/rustwide/target/debug/deps/libtracing-d1bddec886297523.rmeta --extern tracing_subscriber=/opt/rustwide/target/debug/deps/libtracing_subscriber-4105206d223b12d7.rmeta --cap-lints=warn --crate-version 0.2.2` (exit status: 1)
[INFO] [stderr] warning: build failed, waiting for other jobs to finish...
[INFO] [stdout] error: aborting due to previous error
[INFO] [stdout] 
[INFO] [stdout] 
[INFO] [stdout] For more information about this error, try `rustc --explain E0554`.
[INFO] [stdout] 
[INFO] [stderr] error: could not compile `furiosa-device` (lib) due to 2 previous errors
[INFO] running `Command { std: "docker" "inspect" "07f36149e527cff391519f985adcdea3560c3a612a57098171a4700123412fab", kill_on_drop: false }`
[INFO] running `Command { std: "docker" "rm" "-f" "07f36149e527cff391519f985adcdea3560c3a612a57098171a4700123412fab", kill_on_drop: false }`
[INFO] [stdout] 07f36149e527cff391519f985adcdea3560c3a612a57098171a4700123412fab
[INFO] documenting furiosa-device-0.2.2 against beta-2023-12-22 for beta-1.76-rustdoc-1
[INFO] extracting crate furiosa-device 0.2.2 into /workspace/builds/worker-3-tc2/source
[INFO] validating manifest of crates.io crate furiosa-device 0.2.2 on toolchain beta-2023-12-22
[INFO] running `Command { std: CARGO_HOME="/workspace/cargo-home" RUSTUP_HOME="/workspace/rustup-home" "/workspace/cargo-home/bin/cargo" "+beta-2023-12-22" "metadata" "--manifest-path" "Cargo.toml" "--no-deps", kill_on_drop: false }`
[INFO] started tweaking crates.io crate furiosa-device 0.2.2
[INFO] finished tweaking crates.io crate furiosa-device 0.2.2
[INFO] tweaked toml for crates.io crate furiosa-device 0.2.2 written to /workspace/builds/worker-3-tc2/source/Cargo.toml
[INFO] crate crates.io crate furiosa-device 0.2.2 already has a lockfile, it will not be regenerated
[INFO] running `Command { std: CARGO_HOME="/workspace/cargo-home" RUSTUP_HOME="/workspace/rustup-home" "/workspace/cargo-home/bin/cargo" "+beta-2023-12-22" "fetch" "--manifest-path" "Cargo.toml", kill_on_drop: false }`
[INFO] running `Command { std: "docker" "create" "-v" "/var/lib/crater-agent-workspace/builds/worker-3-tc2/target:/opt/rustwide/target:rw,Z" "-v" "/var/lib/crater-agent-workspace/builds/worker-3-tc2/source:/opt/rustwide/workdir:ro,Z" "-v" "/var/lib/crater-agent-workspace/cargo-home:/opt/rustwide/cargo-home:ro,Z" "-v" "/var/lib/crater-agent-workspace/rustup-home:/opt/rustwide/rustup-home:ro,Z" "-e" "SOURCE_DIR=/opt/rustwide/workdir" "-e" "CARGO_TARGET_DIR=/opt/rustwide/target" "-e" "CARGO_HOME=/opt/rustwide/cargo-home" "-e" "RUSTUP_HOME=/opt/rustwide/rustup-home" "-w" "/opt/rustwide/workdir" "-m" "1610612736" "--user" "0:0" "--network" "none" "ghcr.io/rust-lang/crates-build-env/linux@sha256:2788e3201cd34a07e3172128adcd8b3090168a8e3bcc40d7c032b9dda1df7d1c" "/opt/rustwide/cargo-home/bin/cargo" "+beta-2023-12-22" "metadata" "--no-deps" "--format-version=1", kill_on_drop: false }`
[INFO] [stdout] 8785ecf861c97372892c83358ee3a072f46584bfa05955cfda6c6141ae24317a
[INFO] running `Command { std: "docker" "start" "-a" "8785ecf861c97372892c83358ee3a072f46584bfa05955cfda6c6141ae24317a", kill_on_drop: false }`
[INFO] running `Command { std: "docker" "inspect" "8785ecf861c97372892c83358ee3a072f46584bfa05955cfda6c6141ae24317a", kill_on_drop: false }`
[INFO] running `Command { std: "docker" "rm" "-f" "8785ecf861c97372892c83358ee3a072f46584bfa05955cfda6c6141ae24317a", kill_on_drop: false }`
[INFO] [stdout] 8785ecf861c97372892c83358ee3a072f46584bfa05955cfda6c6141ae24317a
[INFO] running `Command { std: "docker" "create" "-v" "/var/lib/crater-agent-workspace/builds/worker-3-tc2/target:/opt/rustwide/target:rw,Z" "-v" "/var/lib/crater-agent-workspace/builds/worker-3-tc2/source:/opt/rustwide/workdir:ro,Z" "-v" "/var/lib/crater-agent-workspace/cargo-home:/opt/rustwide/cargo-home:ro,Z" "-v" "/var/lib/crater-agent-workspace/rustup-home:/opt/rustwide/rustup-home:ro,Z" "-e" "SOURCE_DIR=/opt/rustwide/workdir" "-e" "CARGO_TARGET_DIR=/opt/rustwide/target" "-e" "CARGO_INCREMENTAL=0" "-e" "RUST_BACKTRACE=full" "-e" "RUSTFLAGS=--cap-lints=warn" "-e" "RUSTDOCFLAGS=--cap-lints=warn" "-e" "CARGO_HOME=/opt/rustwide/cargo-home" "-e" "RUSTUP_HOME=/opt/rustwide/rustup-home" "-w" "/opt/rustwide/workdir" "-m" "1610612736" "--user" "0:0" "--network" "none" "ghcr.io/rust-lang/crates-build-env/linux@sha256:2788e3201cd34a07e3172128adcd8b3090168a8e3bcc40d7c032b9dda1df7d1c" "/opt/rustwide/cargo-home/bin/cargo" "+beta-2023-12-22" "doc" "--frozen" "--no-deps" "--document-private-items" "--message-format=json", kill_on_drop: false }`
[INFO] [stdout] 4db94211c9768bf6ad3ec0b6b7820832d82f9ff90d8221a36a314baadef5daca
[INFO] running `Command { std: "docker" "start" "-a" "4db94211c9768bf6ad3ec0b6b7820832d82f9ff90d8221a36a314baadef5daca", kill_on_drop: false }`
[INFO] [stderr]    Compiling libc v0.2.147
[INFO] [stderr]    Compiling unicode-ident v1.0.11
[INFO] [stderr]    Compiling memchr v2.5.0
[INFO] [stderr]    Compiling crossbeam-utils v0.8.16
[INFO] [stderr]    Compiling serde v1.0.183
[INFO] [stderr]    Compiling serde_derive v1.0.183
[INFO] [stderr]    Compiling ahash v0.7.6
[INFO] [stderr]    Compiling crossbeam-epoch v0.9.15
[INFO] [stderr]    Compiling proc-macro2 v1.0.66
[INFO] [stderr]    Compiling lock_api v0.4.10
[INFO] [stderr]     Checking tracing-core v0.1.31
[INFO] [stderr]    Compiling quote v1.0.32
[INFO] [stderr]    Compiling syn v1.0.109
[INFO] [stderr]    Compiling syn v2.0.28
[INFO] [stderr]    Compiling adler v1.0.2
[INFO] [stderr]     Checking smallvec v1.11.0
[INFO] [stderr]    Compiling parking_lot_core v0.9.8
[INFO] [stderr]    Compiling gimli v0.27.3
[INFO] [stderr]     Checking getrandom v0.2.10
[INFO] [stderr]    Compiling cc v1.0.82
[INFO] [stderr]     Checking ryu v1.0.15
[INFO] [stderr]     Checking num_cpus v1.16.0
[INFO] [stderr]    Compiling miniz_oxide v0.7.1
[INFO] [stderr]    Compiling object v0.31.1
[INFO] [stderr]     Checking aho-corasick v1.0.2
[INFO] [stderr]     Checking regex-syntax v0.7.4
[INFO] [stderr]     Checking regex-syntax v0.6.29
[INFO] [stderr]    Compiling backtrace v0.3.68
[INFO] [stderr]    Compiling serde_json v1.0.104
[INFO] [stderr]    Compiling addr2line v0.20.0
[INFO] [stderr]    Compiling rustc-demangle v0.1.23
[INFO] [stderr]    Compiling rustversion v1.0.14
[INFO] [stderr]     Checking pin-project-lite v0.2.11
[INFO] [stderr]    Compiling cfg-if v1.0.0
[INFO] [stderr]    Compiling rayon-core v1.11.0
[INFO] [stderr]     Checking crossbeam-deque v0.8.3
[INFO] [stderr]     Checking hashbrown v0.12.3
[INFO] [stderr]     Checking regex-automata v0.1.10
[INFO] [stderr]     Checking regex-automata v0.3.6
[INFO] [stderr]     Checking csv-core v0.1.10
[INFO] [stderr]     Checking crossbeam-channel v0.5.8
[INFO] [stderr]    Compiling tokio v1.29.1
[INFO] [stderr]    Compiling lazy_static v1.4.0
[INFO] [stderr]     Checking overload v0.1.1
[INFO] [stderr]    Compiling thiserror v1.0.44
[INFO] [stderr]     Checking matchers v0.1.0
[INFO] [stderr]     Checking tracing-log v0.1.3
[INFO] [stderr]     Checking nu-ansi-term v0.46.0
[INFO] [stderr]     Checking lru v0.7.8
[INFO] [stderr]     Checking csv v1.2.2
[INFO] [stderr]     Checking parking_lot v0.12.1
[INFO] [stderr]    Compiling serde_derive_internals v0.25.0
[INFO] [stderr]     Checking tracing-serde v0.1.3
[INFO] [stderr]    Compiling failure v0.1.8
[INFO] [stderr]     Checking socket2 v0.4.9
[INFO] [stderr]     Checking signal-hook-registry v1.4.1
[INFO] [stderr]     Checking mio v0.8.8
[INFO] [stderr]     Checking sharded-slab v0.1.4
[INFO] [stderr]     Checking regex v1.9.3
[INFO] [stderr]    Compiling enum-utils-from-str v0.1.2
[INFO] [stderr]     Checking thread_local v1.1.7
[INFO] [stderr]     Checking termcolor v1.2.0
[INFO] [stderr]     Checking bytes v1.4.0
[INFO] [stderr]     Checking unicode-width v0.1.10
[INFO] [stderr]     Checking minimal-lexical v0.2.1
[INFO] [stderr]     Checking rayon v1.7.0
[INFO] [stderr]     Checking array_tool v1.0.3
[INFO] [stderr]     Checking strum v0.24.1
[INFO] [stderr]     Checking nom v7.1.3
[INFO] [stderr]    Compiling cli-table-derive v0.4.5
[INFO] [stderr]    Compiling memoize-inner v0.3.2
[INFO] [stderr]    Compiling enum-utils v0.1.2
[INFO] [stderr]    Compiling enum-display-derive v0.1.1
[INFO] [stderr]    Compiling strum_macros v0.24.3
[INFO] [stderr]    Compiling tracing-attributes v0.1.26
[INFO] [stderr]    Compiling thiserror-impl v1.0.44
[INFO] [stderr]    Compiling tokio-macros v2.1.0
[INFO] [stderr]     Checking cli-table v0.4.7
[INFO] [stderr]     Checking memoize v0.3.3
[INFO] [stderr]     Checking tracing v0.1.37
[INFO] [stderr]     Checking tracing-subscriber v0.3.17
[INFO] [stderr]     Checking furiosa-device v0.2.2 (/opt/rustwide/workdir)
[INFO] [stderr]  Documenting furiosa-device v0.2.2 (/opt/rustwide/workdir)
[INFO] [stdout] error[E0554]: `#![feature]` may not be used on the beta release channel
[INFO] [stdout]   --> src/lib.rs:65:1
[INFO] [stdout]    |
[INFO] [stdout] 65 | #![feature(associated_type_bounds)]
[INFO] [stdout]    | ^^^^^^^^^^^^^^^^^^^^^^^^^^^^^^^^^^^
[INFO] [stdout] 
[INFO] [stdout] 
[INFO] [stdout] error[E0554]: `#![feature]` may not be used on the beta release channel
[INFO] [stdout]   --> src/lib.rs:65:1
[INFO] [stdout]    |
[INFO] [stdout] 65 | #![feature(associated_type_bounds)]
[INFO] [stdout]    | ^^^^^^^^^^^^^^^^^^^^^^^^^^^^^^^^^^^
[INFO] [stdout] 
[INFO] [stdout] 
[INFO] [stdout] error: aborting due to 1 previous error
[INFO] [stdout] 
[INFO] [stdout] 
[INFO] [stdout] For more information about this error, try `rustc --explain E0554`.
[INFO] [stdout] 
[INFO] [stderr] error: could not document `furiosa-device`
[INFO] [stderr] 
[INFO] [stderr] Caused by:
[INFO] [stderr]   process didn't exit successfully: `/opt/rustwide/rustup-home/toolchains/beta-2023-12-22-x86_64-unknown-linux-gnu/bin/rustdoc --edition=2021 --crate-type lib --crate-name furiosa_device src/lib.rs -o /opt/rustwide/target/doc --error-format=json --json=diagnostic-rendered-ansi,artifacts,future-incompat --document-private-items -C metadata=e3d0f3476d175211 -L dependency=/opt/rustwide/target/debug/deps --extern array_tool=/opt/rustwide/target/debug/deps/libarray_tool-60a662346370e083.rmeta --extern cli_table=/opt/rustwide/target/debug/deps/libcli_table-8cf9f8469840d394.rmeta --extern enum_display_derive=/opt/rustwide/target/debug/deps/libenum_display_derive-8ef16be9d8614358.so --extern enum_utils=/opt/rustwide/target/debug/deps/libenum_utils-6ba9de2a1d9a991e.so --extern itertools=/opt/rustwide/target/debug/deps/libitertools-caa732e6743421e5.rmeta --extern lazy_static=/opt/rustwide/target/debug/deps/liblazy_static-cc91e7c9c894213a.rmeta --extern memoize=/opt/rustwide/target/debug/deps/libmemoize-d6af3f259bbd7fe8.rmeta --extern nom=/opt/rustwide/target/debug/deps/libnom-270171599bfe0903.rmeta --extern rayon=/opt/rustwide/target/debug/deps/librayon-0ffd1bfb1a227683.rmeta --extern regex=/opt/rustwide/target/debug/deps/libregex-7e808082bf8bfad2.rmeta --extern serde=/opt/rustwide/target/debug/deps/libserde-ac30387a1ba7f75f.rmeta --extern strum=/opt/rustwide/target/debug/deps/libstrum-46bd66048148a659.rmeta --extern strum_macros=/opt/rustwide/target/debug/deps/libstrum_macros-0c55c00fc56971cf.so --extern thiserror=/opt/rustwide/target/debug/deps/libthiserror-706959eb929cd2ed.rmeta --extern tokio=/opt/rustwide/target/debug/deps/libtokio-7d2e152d897d18f0.rmeta --extern tracing=/opt/rustwide/target/debug/deps/libtracing-894555b58565cfa6.rmeta --extern tracing_subscriber=/opt/rustwide/target/debug/deps/libtracing_subscriber-a99342beb3889727.rmeta --cap-lints=warn --crate-version 0.2.2` (exit status: 1)
[INFO] [stderr] warning: build failed, waiting for other jobs to finish...
[INFO] [stdout] error: aborting due to 1 previous error
[INFO] [stdout] 
[INFO] [stdout] 
[INFO] [stdout] For more information about this error, try `rustc --explain E0554`.
[INFO] [stdout] 
[INFO] [stderr] error: could not compile `furiosa-device` (lib) due to 2 previous errors
[INFO] running `Command { std: "docker" "inspect" "4db94211c9768bf6ad3ec0b6b7820832d82f9ff90d8221a36a314baadef5daca", kill_on_drop: false }`
[INFO] running `Command { std: "docker" "rm" "-f" "4db94211c9768bf6ad3ec0b6b7820832d82f9ff90d8221a36a314baadef5daca", kill_on_drop: false }`
[INFO] [stdout] 4db94211c9768bf6ad3ec0b6b7820832d82f9ff90d8221a36a314baadef5daca
