[INFO] fetching crate fluvio-service 0.5.0...
[INFO] documenting fluvio-service-0.5.0 against 1.75.0 for beta-1.76-rustdoc-1
[INFO] extracting crate fluvio-service 0.5.0 into /workspace/builds/worker-0-tc1/source
[INFO] validating manifest of crates.io crate fluvio-service 0.5.0 on toolchain 1.75.0
[INFO] running `Command { std: CARGO_HOME="/workspace/cargo-home" RUSTUP_HOME="/workspace/rustup-home" "/workspace/cargo-home/bin/cargo" "+1.75.0" "metadata" "--manifest-path" "Cargo.toml" "--no-deps", kill_on_drop: false }`
[INFO] started tweaking crates.io crate fluvio-service 0.5.0
[INFO] finished tweaking crates.io crate fluvio-service 0.5.0
[INFO] tweaked toml for crates.io crate fluvio-service 0.5.0 written to /workspace/builds/worker-0-tc1/source/Cargo.toml
[INFO] running `Command { std: CARGO_HOME="/workspace/cargo-home" RUSTUP_HOME="/workspace/rustup-home" "/workspace/cargo-home/bin/cargo" "+1.75.0" "generate-lockfile" "--manifest-path" "Cargo.toml", kill_on_drop: false }`
[INFO] [stderr]     Updating crates.io index
[INFO] running `Command { std: CARGO_HOME="/workspace/cargo-home" RUSTUP_HOME="/workspace/rustup-home" "/workspace/cargo-home/bin/cargo" "+1.75.0" "fetch" "--manifest-path" "Cargo.toml", kill_on_drop: false }`
[INFO] [stderr]  Downloading crates ...
[INFO] [stderr]   Downloaded fluvio-test-derive v0.1.1
[INFO] [stderr]   Downloaded fluvio-protocol-api v0.3.0
[INFO] [stderr]   Downloaded fluvio-protocol-codec v0.3.2
[INFO] [stderr]   Downloaded fluvio-protocol v0.4.0
[INFO] [stderr]   Downloaded flv-util v0.5.2
[INFO] [stderr]   Downloaded chashmap v2.2.2
[INFO] [stderr]   Downloaded async-net v1.8.0
[INFO] [stderr]   Downloaded fluvio-protocol-derive v0.2.1
[INFO] [stderr]   Downloaded parking_lot v0.4.8
[INFO] [stderr]   Downloaded fluvio-socket v0.7.0
[INFO] [stderr]   Downloaded fluvio-future v0.2.0
[INFO] [stderr]   Downloaded nix v0.20.2
[INFO] [stderr]   Downloaded rustix v0.37.13
[INFO] [stderr]   Downloaded fluvio-protocol-core v0.3.3
[INFO] running `Command { std: "docker" "create" "-v" "/var/lib/crater-agent-workspace/builds/worker-0-tc1/target:/opt/rustwide/target:rw,Z" "-v" "/var/lib/crater-agent-workspace/builds/worker-0-tc1/source:/opt/rustwide/workdir:ro,Z" "-v" "/var/lib/crater-agent-workspace/cargo-home:/opt/rustwide/cargo-home:ro,Z" "-v" "/var/lib/crater-agent-workspace/rustup-home:/opt/rustwide/rustup-home:ro,Z" "-e" "SOURCE_DIR=/opt/rustwide/workdir" "-e" "CARGO_TARGET_DIR=/opt/rustwide/target" "-e" "CARGO_HOME=/opt/rustwide/cargo-home" "-e" "RUSTUP_HOME=/opt/rustwide/rustup-home" "-w" "/opt/rustwide/workdir" "-m" "1610612736" "--user" "0:0" "--network" "none" "ghcr.io/rust-lang/crates-build-env/linux@sha256:2788e3201cd34a07e3172128adcd8b3090168a8e3bcc40d7c032b9dda1df7d1c" "/opt/rustwide/cargo-home/bin/cargo" "+1.75.0" "metadata" "--no-deps" "--format-version=1", kill_on_drop: false }`
[INFO] [stdout] 1615cb8a0fc2081ab9c20685fd35bac0de28a340eb4bd3d42820d1d17b0a0106
[INFO] running `Command { std: "docker" "start" "-a" "1615cb8a0fc2081ab9c20685fd35bac0de28a340eb4bd3d42820d1d17b0a0106", kill_on_drop: false }`
[INFO] running `Command { std: "docker" "inspect" "1615cb8a0fc2081ab9c20685fd35bac0de28a340eb4bd3d42820d1d17b0a0106", kill_on_drop: false }`
[INFO] running `Command { std: "docker" "rm" "-f" "1615cb8a0fc2081ab9c20685fd35bac0de28a340eb4bd3d42820d1d17b0a0106", kill_on_drop: false }`
[INFO] [stdout] 1615cb8a0fc2081ab9c20685fd35bac0de28a340eb4bd3d42820d1d17b0a0106
[INFO] running `Command { std: "docker" "create" "-v" "/var/lib/crater-agent-workspace/builds/worker-0-tc1/target:/opt/rustwide/target:rw,Z" "-v" "/var/lib/crater-agent-workspace/builds/worker-0-tc1/source:/opt/rustwide/workdir:ro,Z" "-v" "/var/lib/crater-agent-workspace/cargo-home:/opt/rustwide/cargo-home:ro,Z" "-v" "/var/lib/crater-agent-workspace/rustup-home:/opt/rustwide/rustup-home:ro,Z" "-e" "SOURCE_DIR=/opt/rustwide/workdir" "-e" "CARGO_TARGET_DIR=/opt/rustwide/target" "-e" "CARGO_INCREMENTAL=0" "-e" "RUST_BACKTRACE=full" "-e" "RUSTFLAGS=--cap-lints=warn" "-e" "RUSTDOCFLAGS=--cap-lints=warn" "-e" "CARGO_HOME=/opt/rustwide/cargo-home" "-e" "RUSTUP_HOME=/opt/rustwide/rustup-home" "-w" "/opt/rustwide/workdir" "-m" "1610612736" "--user" "0:0" "--network" "none" "ghcr.io/rust-lang/crates-build-env/linux@sha256:2788e3201cd34a07e3172128adcd8b3090168a8e3bcc40d7c032b9dda1df7d1c" "/opt/rustwide/cargo-home/bin/cargo" "+1.75.0" "doc" "--frozen" "--no-deps" "--document-private-items" "--message-format=json", kill_on_drop: false }`
[INFO] [stdout] fd21bf589f0744f4472e5080f3e8eb30e32b7eb7a2b7988cf9a673261615a5a8
[INFO] running `Command { std: "docker" "start" "-a" "fd21bf589f0744f4472e5080f3e8eb30e32b7eb7a2b7988cf9a673261615a5a8", kill_on_drop: false }`
[INFO] [stderr]    Compiling proc-macro2 v1.0.76
[INFO] [stderr]    Compiling crossbeam-utils v0.8.18
[INFO] [stderr]     Checking parking v2.2.0
[INFO] [stderr]     Checking value-bag v1.4.3
[INFO] [stderr]    Compiling bitflags v1.2.1
[INFO] [stderr]    Compiling rustix v0.38.28
[INFO] [stderr]    Compiling io-lifetimes v1.0.11
[INFO] [stderr]    Compiling libc v0.2.151
[INFO] [stderr]     Checking tracing-core v0.1.32
[INFO] [stderr]     Checking linux-raw-sys v0.4.12
[INFO] [stderr]     Checking bitflags v2.4.1
[INFO] [stderr]    Compiling polling v2.5.2
[INFO] [stderr]    Compiling rustix v0.37.13
[INFO] [stderr]    Compiling async-io v1.13.0
[INFO] [stderr]     Checking fastrand v1.9.0
[INFO] [stderr]    Compiling serde v1.0.195
[INFO] [stderr]     Checking futures-lite v2.2.0
[INFO] [stderr]    Compiling syn v1.0.109
[INFO] [stderr]     Checking log v0.4.20
[INFO] [stderr]     Checking waker-fn v1.1.1
[INFO] [stderr]     Checking atomic-waker v1.1.2
[INFO] [stderr]     Checking async-task v4.7.0
[INFO] [stderr]     Checking futures-lite v1.13.0
[INFO] [stderr]     Checking piper v0.2.1
[INFO] [stderr]     Checking async-lock v2.8.0
[INFO] [stderr]    Compiling num-traits v0.2.17
[INFO] [stderr]    Compiling maybe-uninit v2.0.0
[INFO] [stderr]    Compiling quote v1.0.35
[INFO] [stderr]    Compiling memoffset v0.6.5
[INFO] [stderr]     Checking regex-syntax v0.8.2
[INFO] [stderr]    Compiling async-trait v0.1.77
[INFO] [stderr]     Checking sharded-slab v0.1.7
[INFO] [stderr]    Compiling thiserror v1.0.56
[INFO] [stderr]    Compiling syn v2.0.48
[INFO] [stderr]     Checking concurrent-queue v2.4.0
[INFO] [stderr]     Checking matchers v0.0.1
[INFO] [stderr]     Checking smallvec v0.6.14
[INFO] [stderr]     Checking fluvio-protocol-core v0.3.3
[INFO] [stderr]     Checking event-listener v4.0.3
[INFO] [stderr]     Checking event-listener v3.1.0
[INFO] [stderr]     Checking async-channel v1.9.0
[INFO] [stderr]     Checking tracing-log v0.1.4
[INFO] [stderr]     Checking kv-log-macro v1.0.7
[INFO] [stderr]     Checking stable_deref_trait v1.2.0
[INFO] [stderr]     Checking async-mutex v1.4.0
[INFO] [stderr]     Checking owning_ref v0.3.3
[INFO] [stderr]     Checking event-listener-strategy v0.4.0
[INFO] [stderr]     Checking async-lock v3.2.0
[INFO] [stderr]     Checking async-channel v2.1.1
[INFO] [stderr]     Checking socket2 v0.4.10
[INFO] [stderr]     Checking signal-hook-registry v1.4.1
[INFO] [stderr]     Checking rand v0.4.6
[INFO] [stderr]     Checking nix v0.20.2
[INFO] [stderr]     Checking regex-automata v0.4.3
[INFO] [stderr]     Checking async-executor v1.8.0
[INFO] [stderr]     Checking chrono v0.4.31
[INFO] [stderr]     Checking parking_lot_core v0.2.14
[INFO] [stderr]     Checking parking_lot v0.4.8
[INFO] [stderr]     Checking chashmap v2.2.2
[INFO] [stderr]     Checking regex v1.10.2
[INFO] [stderr]     Checking tracing-serde v0.1.3
[INFO] [stderr]     Checking serde_json v1.0.111
[INFO] [stderr]    Compiling fluvio-test-derive v0.1.1
[INFO] [stderr]    Compiling tracing-attributes v0.1.27
[INFO] [stderr]    Compiling pin-project-internal v1.1.3
[INFO] [stderr]    Compiling tokio-macros v2.2.0
[INFO] [stderr]    Compiling thiserror-impl v1.0.56
[INFO] [stderr]    Compiling futures-macro v0.3.30
[INFO] [stderr]     Checking tokio v1.35.1
[INFO] [stderr]     Checking futures-util v0.3.30
[INFO] [stderr]     Checking pin-project v1.1.3
[INFO] [stderr]     Checking tracing v0.1.40
[INFO] [stderr]     Checking polling v3.3.1
[INFO] [stderr]     Checking blocking v1.5.1
[INFO] [stderr]     Checking tracing-subscriber v0.2.25
[INFO] [stderr]     Checking flv-util v0.5.2
[INFO] [stderr]     Checking tracing-futures v0.2.5
[INFO] [stderr]    Compiling fluvio-protocol-derive v0.2.1
[INFO] [stderr]     Checking async-net v1.8.0
[INFO] [stderr]     Checking async-io v2.2.2
[INFO] [stderr]     Checking tokio-util v0.6.10
[INFO] [stderr]     Checking fluvio-protocol-codec v0.3.2
[INFO] [stderr]     Checking async-signal v0.2.5
[INFO] [stderr]     Checking async-global-executor v2.4.1
[INFO] [stderr]     Checking async-process v1.8.1
[INFO] [stderr]     Checking async-std v1.12.0
[INFO] [stderr]     Checking fluvio-protocol-api v0.3.0
[INFO] [stdout] error[E0433]: failed to resolve: use of undeclared crate or module `tracing`
[INFO] [stdout]   --> /opt/rustwide/cargo-home/registry/src/index.crates.io-6f17d22bba15001f/fluvio-protocol-api-0.3.0/src/api.rs:75:17
[INFO] [stdout]    |
[INFO] [stdout] 75 | #[derive(Debug, Encode, Decode, Default)]
[INFO] [stdout]    |                 ^^^^^^ use of undeclared crate or module `tracing`
[INFO] [stdout]    |
[INFO] [stdout]    = note: this error originates in the derive macro `Encode` (in Nightly builds, run with -Z macro-backtrace for more info)
[INFO] [stdout] 
[INFO] [stdout] 
[INFO] [stdout] error[E0433]: failed to resolve: use of undeclared crate or module `tracing`
[INFO] [stdout]   --> /opt/rustwide/cargo-home/registry/src/index.crates.io-6f17d22bba15001f/fluvio-protocol-api-0.3.0/src/api.rs:75:25
[INFO] [stdout]    |
[INFO] [stdout] 75 | #[derive(Debug, Encode, Decode, Default)]
[INFO] [stdout]    |                         ^^^^^^ use of undeclared crate or module `tracing`
[INFO] [stdout]    |
[INFO] [stdout]    = note: this error originates in the derive macro `Decode` (in Nightly builds, run with -Z macro-backtrace for more info)
[INFO] [stdout] 
[INFO] [stdout] 
[INFO] [stdout] error: aborting due to 2 previous errors
[INFO] [stdout] 
[INFO] [stdout] 
[INFO] [stdout] For more information about this error, try `rustc --explain E0433`.
[INFO] [stdout] 
[INFO] [stderr] error: could not compile `fluvio-protocol-api` (lib) due to 3 previous errors
[INFO] [stderr] warning: build failed, waiting for other jobs to finish...
[INFO] running `Command { std: "docker" "inspect" "fd21bf589f0744f4472e5080f3e8eb30e32b7eb7a2b7988cf9a673261615a5a8", kill_on_drop: false }`
[INFO] running `Command { std: "docker" "rm" "-f" "fd21bf589f0744f4472e5080f3e8eb30e32b7eb7a2b7988cf9a673261615a5a8", kill_on_drop: false }`
[INFO] [stdout] fd21bf589f0744f4472e5080f3e8eb30e32b7eb7a2b7988cf9a673261615a5a8
[INFO] documenting fluvio-service-0.5.0 against beta-2023-12-22 for beta-1.76-rustdoc-1
[INFO] extracting crate fluvio-service 0.5.0 into /workspace/builds/worker-0-tc2/source
[INFO] validating manifest of crates.io crate fluvio-service 0.5.0 on toolchain beta-2023-12-22
[INFO] running `Command { std: CARGO_HOME="/workspace/cargo-home" RUSTUP_HOME="/workspace/rustup-home" "/workspace/cargo-home/bin/cargo" "+beta-2023-12-22" "metadata" "--manifest-path" "Cargo.toml" "--no-deps", kill_on_drop: false }`
[INFO] started tweaking crates.io crate fluvio-service 0.5.0
[INFO] finished tweaking crates.io crate fluvio-service 0.5.0
[INFO] tweaked toml for crates.io crate fluvio-service 0.5.0 written to /workspace/builds/worker-0-tc2/source/Cargo.toml
[INFO] running `Command { std: CARGO_HOME="/workspace/cargo-home" RUSTUP_HOME="/workspace/rustup-home" "/workspace/cargo-home/bin/cargo" "+beta-2023-12-22" "generate-lockfile" "--manifest-path" "Cargo.toml", kill_on_drop: false }`
[INFO] [stderr]     Updating crates.io index
[INFO] running `Command { std: CARGO_HOME="/workspace/cargo-home" RUSTUP_HOME="/workspace/rustup-home" "/workspace/cargo-home/bin/cargo" "+beta-2023-12-22" "fetch" "--manifest-path" "Cargo.toml", kill_on_drop: false }`
[INFO] running `Command { std: "docker" "create" "-v" "/var/lib/crater-agent-workspace/builds/worker-0-tc2/target:/opt/rustwide/target:rw,Z" "-v" "/var/lib/crater-agent-workspace/builds/worker-0-tc2/source:/opt/rustwide/workdir:ro,Z" "-v" "/var/lib/crater-agent-workspace/cargo-home:/opt/rustwide/cargo-home:ro,Z" "-v" "/var/lib/crater-agent-workspace/rustup-home:/opt/rustwide/rustup-home:ro,Z" "-e" "SOURCE_DIR=/opt/rustwide/workdir" "-e" "CARGO_TARGET_DIR=/opt/rustwide/target" "-e" "CARGO_HOME=/opt/rustwide/cargo-home" "-e" "RUSTUP_HOME=/opt/rustwide/rustup-home" "-w" "/opt/rustwide/workdir" "-m" "1610612736" "--user" "0:0" "--network" "none" "ghcr.io/rust-lang/crates-build-env/linux@sha256:2788e3201cd34a07e3172128adcd8b3090168a8e3bcc40d7c032b9dda1df7d1c" "/opt/rustwide/cargo-home/bin/cargo" "+beta-2023-12-22" "metadata" "--no-deps" "--format-version=1", kill_on_drop: false }`
[INFO] [stdout] 8f3f5fe4717b6869aa0f574727f7a8b515c22b7ef48b3c321261c572bfc33b8f
[INFO] running `Command { std: "docker" "start" "-a" "8f3f5fe4717b6869aa0f574727f7a8b515c22b7ef48b3c321261c572bfc33b8f", kill_on_drop: false }`
[INFO] running `Command { std: "docker" "inspect" "8f3f5fe4717b6869aa0f574727f7a8b515c22b7ef48b3c321261c572bfc33b8f", kill_on_drop: false }`
[INFO] running `Command { std: "docker" "rm" "-f" "8f3f5fe4717b6869aa0f574727f7a8b515c22b7ef48b3c321261c572bfc33b8f", kill_on_drop: false }`
[INFO] [stdout] 8f3f5fe4717b6869aa0f574727f7a8b515c22b7ef48b3c321261c572bfc33b8f
[INFO] running `Command { std: "docker" "create" "-v" "/var/lib/crater-agent-workspace/builds/worker-0-tc2/target:/opt/rustwide/target:rw,Z" "-v" "/var/lib/crater-agent-workspace/builds/worker-0-tc2/source:/opt/rustwide/workdir:ro,Z" "-v" "/var/lib/crater-agent-workspace/cargo-home:/opt/rustwide/cargo-home:ro,Z" "-v" "/var/lib/crater-agent-workspace/rustup-home:/opt/rustwide/rustup-home:ro,Z" "-e" "SOURCE_DIR=/opt/rustwide/workdir" "-e" "CARGO_TARGET_DIR=/opt/rustwide/target" "-e" "CARGO_INCREMENTAL=0" "-e" "RUST_BACKTRACE=full" "-e" "RUSTFLAGS=--cap-lints=warn" "-e" "RUSTDOCFLAGS=--cap-lints=warn" "-e" "CARGO_HOME=/opt/rustwide/cargo-home" "-e" "RUSTUP_HOME=/opt/rustwide/rustup-home" "-w" "/opt/rustwide/workdir" "-m" "1610612736" "--user" "0:0" "--network" "none" "ghcr.io/rust-lang/crates-build-env/linux@sha256:2788e3201cd34a07e3172128adcd8b3090168a8e3bcc40d7c032b9dda1df7d1c" "/opt/rustwide/cargo-home/bin/cargo" "+beta-2023-12-22" "doc" "--frozen" "--no-deps" "--document-private-items" "--message-format=json", kill_on_drop: false }`
[INFO] [stdout] 6926a2d09baf31c354b0abeabb40f3b6371be1a0fc5c70472af7f507fc2330de
[INFO] running `Command { std: "docker" "start" "-a" "6926a2d09baf31c354b0abeabb40f3b6371be1a0fc5c70472af7f507fc2330de", kill_on_drop: false }`
[INFO] [stderr]    Compiling proc-macro2 v1.0.76
[INFO] [stderr]    Compiling crossbeam-utils v0.8.18
[INFO] [stderr]     Checking parking v2.2.0
[INFO] [stderr]     Checking value-bag v1.4.3
[INFO] [stderr]    Compiling rustix v0.38.28
[INFO] [stderr]    Compiling bitflags v1.2.1
[INFO] [stderr]    Compiling libc v0.2.151
[INFO] [stderr]     Checking tracing-core v0.1.32
[INFO] [stderr]     Checking linux-raw-sys v0.4.12
[INFO] [stderr]     Checking bitflags v2.4.1
[INFO] [stderr]    Compiling io-lifetimes v1.0.11
[INFO] [stderr]    Compiling polling v2.5.2
[INFO] [stderr]    Compiling rustix v0.37.13
[INFO] [stderr]    Compiling async-io v1.13.0
[INFO] [stderr]    Compiling syn v1.0.109
[INFO] [stderr]     Checking atomic-waker v1.1.2
[INFO] [stderr]     Checking futures-lite v2.2.0
[INFO] [stderr]    Compiling serde v1.0.195
[INFO] [stderr]     Checking fastrand v1.9.0
[INFO] [stderr]     Checking log v0.4.20
[INFO] [stderr]     Checking async-task v4.7.0
[INFO] [stderr]     Checking waker-fn v1.1.1
[INFO] [stderr]     Checking piper v0.2.1
[INFO] [stderr]     Checking futures-lite v1.13.0
[INFO] [stderr]     Checking async-lock v2.8.0
[INFO] [stderr]    Compiling num-traits v0.2.17
[INFO] [stderr]    Compiling maybe-uninit v2.0.0
[INFO] [stderr]    Compiling memoffset v0.6.5
[INFO] [stderr]     Checking regex-syntax v0.8.2
[INFO] [stderr]    Compiling quote v1.0.35
[INFO] [stderr]     Checking sharded-slab v0.1.7
[INFO] [stderr]    Compiling async-trait v0.1.77
[INFO] [stderr]    Compiling thiserror v1.0.56
[INFO] [stderr]     Checking matchers v0.0.1
[INFO] [stderr]    Compiling syn v2.0.48
[INFO] [stderr]     Checking concurrent-queue v2.4.0
[INFO] [stderr]     Checking fluvio-protocol-core v0.3.3
[INFO] [stderr]     Checking kv-log-macro v1.0.7
[INFO] [stderr]     Checking smallvec v0.6.14
[INFO] [stderr]     Checking tracing-log v0.1.4
[INFO] [stderr]     Checking stable_deref_trait v1.2.0
[INFO] [stderr]     Checking async-mutex v1.4.0
[INFO] [stderr]     Checking event-listener v4.0.3
[INFO] [stderr]     Checking event-listener v3.1.0
[INFO] [stderr]     Checking async-channel v1.9.0
[INFO] [stderr]     Checking owning_ref v0.3.3
[INFO] [stderr]     Checking event-listener-strategy v0.4.0
[INFO] [stderr]     Checking async-lock v3.2.0
[INFO] [stderr]     Checking async-channel v2.1.1
[INFO] [stderr]     Checking regex-automata v0.4.3
[INFO] [stderr]     Checking socket2 v0.4.10
[INFO] [stderr]     Checking signal-hook-registry v1.4.1
[INFO] [stderr]     Checking rand v0.4.6
[INFO] [stderr]     Checking nix v0.20.2
[INFO] [stderr]     Checking chrono v0.4.31
[INFO] [stderr]     Checking async-executor v1.8.0
[INFO] [stderr]     Checking parking_lot_core v0.2.14
[INFO] [stderr]     Checking parking_lot v0.4.8
[INFO] [stderr]     Checking chashmap v2.2.2
[INFO] [stderr]     Checking regex v1.10.2
[INFO] [stderr]     Checking serde_json v1.0.111
[INFO] [stderr]     Checking tracing-serde v0.1.3
[INFO] [stderr]    Compiling fluvio-test-derive v0.1.1
[INFO] [stderr]    Compiling tracing-attributes v0.1.27
[INFO] [stderr]    Compiling pin-project-internal v1.1.3
[INFO] [stderr]    Compiling tokio-macros v2.2.0
[INFO] [stderr]    Compiling thiserror-impl v1.0.56
[INFO] [stderr]    Compiling futures-macro v0.3.30
[INFO] [stderr]     Checking tokio v1.35.1
[INFO] [stderr]     Checking futures-util v0.3.30
[INFO] [stderr]     Checking pin-project v1.1.3
[INFO] [stderr]     Checking tracing v0.1.40
[INFO] [stderr]     Checking polling v3.3.1
[INFO] [stderr]     Checking blocking v1.5.1
[INFO] [stderr]     Checking flv-util v0.5.2
[INFO] [stderr]     Checking tracing-subscriber v0.2.25
[INFO] [stderr]     Checking tracing-futures v0.2.5
[INFO] [stderr]    Compiling fluvio-protocol-derive v0.2.1
[INFO] [stderr]     Checking async-io v2.2.2
[INFO] [stderr]     Checking async-net v1.8.0
[INFO] [stderr]     Checking tokio-util v0.6.10
[INFO] [stderr]     Checking async-signal v0.2.5
[INFO] [stderr]     Checking async-global-executor v2.4.1
[INFO] [stderr]     Checking fluvio-protocol-codec v0.3.2
[INFO] [stderr]     Checking async-process v1.8.1
[INFO] [stderr]     Checking async-std v1.12.0
[INFO] [stderr]     Checking fluvio-protocol-api v0.3.0
[INFO] [stdout] error[E0433]: failed to resolve: use of undeclared crate or module `tracing`
[INFO] [stdout]   --> /opt/rustwide/cargo-home/registry/src/index.crates.io-6f17d22bba15001f/fluvio-protocol-api-0.3.0/src/api.rs:75:17
[INFO] [stdout]    |
[INFO] [stdout] 75 | #[derive(Debug, Encode, Decode, Default)]
[INFO] [stdout]    |                 ^^^^^^ use of undeclared crate or module `tracing`
[INFO] [stdout]    |
[INFO] [stdout]    = note: this error originates in the derive macro `Encode` (in Nightly builds, run with -Z macro-backtrace for more info)
[INFO] [stdout] 
[INFO] [stdout] 
[INFO] [stdout] error[E0433]: failed to resolve: use of undeclared crate or module `tracing`
[INFO] [stdout]   --> /opt/rustwide/cargo-home/registry/src/index.crates.io-6f17d22bba15001f/fluvio-protocol-api-0.3.0/src/api.rs:75:25
[INFO] [stdout]    |
[INFO] [stdout] 75 | #[derive(Debug, Encode, Decode, Default)]
[INFO] [stdout]    |                         ^^^^^^ use of undeclared crate or module `tracing`
[INFO] [stdout]    |
[INFO] [stdout]    = note: this error originates in the derive macro `Decode` (in Nightly builds, run with -Z macro-backtrace for more info)
[INFO] [stdout] 
[INFO] [stdout] 
[INFO] [stdout] error: aborting due to 2 previous errors
[INFO] [stdout] 
[INFO] [stdout] 
[INFO] [stdout] For more information about this error, try `rustc --explain E0433`.
[INFO] [stdout] 
[INFO] [stderr] error: could not compile `fluvio-protocol-api` (lib) due to 3 previous errors
[INFO] [stderr] warning: build failed, waiting for other jobs to finish...
[INFO] running `Command { std: "docker" "inspect" "6926a2d09baf31c354b0abeabb40f3b6371be1a0fc5c70472af7f507fc2330de", kill_on_drop: false }`
[INFO] running `Command { std: "docker" "rm" "-f" "6926a2d09baf31c354b0abeabb40f3b6371be1a0fc5c70472af7f507fc2330de", kill_on_drop: false }`
[INFO] [stdout] 6926a2d09baf31c354b0abeabb40f3b6371be1a0fc5c70472af7f507fc2330de
