[INFO] fetching crate filecoin-phase2 1.0.1...
[INFO] documenting filecoin-phase2-1.0.1 against 1.75.0 for beta-1.76-rustdoc-1
[INFO] extracting crate filecoin-phase2 1.0.1 into /workspace/builds/worker-7-tc1/source
[INFO] validating manifest of crates.io crate filecoin-phase2 1.0.1 on toolchain 1.75.0
[INFO] running `Command { std: CARGO_HOME="/workspace/cargo-home" RUSTUP_HOME="/workspace/rustup-home" "/workspace/cargo-home/bin/cargo" "+1.75.0" "metadata" "--manifest-path" "Cargo.toml" "--no-deps", kill_on_drop: false }`
[INFO] removed /workspace/builds/worker-7-tc1/source/rust-toolchain
[INFO] started tweaking crates.io crate filecoin-phase2 1.0.1
[INFO] finished tweaking crates.io crate filecoin-phase2 1.0.1
[INFO] tweaked toml for crates.io crate filecoin-phase2 1.0.1 written to /workspace/builds/worker-7-tc1/source/Cargo.toml
[INFO] crate crates.io crate filecoin-phase2 1.0.1 already has a lockfile, it will not be regenerated
[INFO] running `Command { std: CARGO_HOME="/workspace/cargo-home" RUSTUP_HOME="/workspace/rustup-home" "/workspace/cargo-home/bin/cargo" "+1.75.0" "fetch" "--manifest-path" "Cargo.toml", kill_on_drop: false }`
[INFO] [stderr]     Updating crates.io index
[INFO] [stderr]  Downloading crates ...
[INFO] [stderr]   Downloaded serde_derive v1.0.118
[INFO] [stderr]   Downloaded zeroize_derive v1.0.1
[INFO] [stderr]   Downloaded groupy v0.3.1
[INFO] [stderr]   Downloaded errno v0.1.8
[INFO] [stderr]   Downloaded rand_xorshift v0.2.0
[INFO] [stderr]   Downloaded fff_derive v0.2.2
[INFO] [stderr]   Downloaded blake2s_simd v0.5.11
[INFO] [stderr]   Downloaded zeroize v0.9.3
[INFO] [stderr]   Downloaded ctor v0.1.16
[INFO] [stderr]   Downloaded semver v0.1.20
[INFO] [stderr]   Downloaded fff v0.2.3
[INFO] [stderr]   Downloaded cl-sys v0.4.2
[INFO] [stderr]   Downloaded paired v0.21.0
[INFO] [stderr]   Downloaded fil-ocl-core v0.11.3
[INFO] [stderr]   Downloaded futures v0.1.30
[INFO] [stderr]   Downloaded serde_json v1.0.60
[INFO] [stderr]   Downloaded fil-ocl v0.19.4
[INFO] [stderr]   Downloaded libc v0.2.81
[INFO] [stderr]   Downloaded syn v1.0.53
[INFO] [stderr]   Downloaded flexi_logger v0.14.8
[INFO] [stderr]   Downloaded crossbeam-channel v0.4.4
[INFO] [stderr]   Downloaded positioned-io v0.2.2
[INFO] [stderr]   Downloaded merkletree v0.21.0
[INFO] [stderr]   Downloaded serde v1.0.118
[INFO] [stderr]   Downloaded ocl-core-vector v0.1.0
[INFO] [stderr]   Downloaded rustc_version v0.1.7
[INFO] [stderr]   Downloaded crossbeam v0.7.3
[INFO] [stderr]   Downloaded terminal_size v0.1.15
[INFO] [stderr]   Downloaded dialoguer v0.7.1
[INFO] [stderr]   Downloaded mapr v0.8.0
[INFO] [stderr]   Downloaded ff-cl-gen v0.2.0
[INFO] [stderr]   Downloaded sha2 v0.9.2
[INFO] [stderr]   Downloaded console v0.13.0
[INFO] [stderr]   Downloaded qutex v0.2.3
[INFO] [stderr]   Downloaded anyhow v1.0.35
[INFO] [stderr]   Downloaded toml v0.5.7
[INFO] [stderr]   Downloaded byte-slice-cast v1.0.0
[INFO] [stderr]   Downloaded crossbeam-queue v0.3.1
[INFO] [stderr]   Downloaded bitflags v0.4.0
[INFO] [stderr]   Downloaded filecoin-hashers v1.0.1
[INFO] [stderr]   Downloaded sha2-asm v0.5.4
[INFO] [stderr]   Downloaded storage-proofs v6.0.0
[INFO] [stderr]   Downloaded fil_logger v0.1.2
[INFO] [stderr]   Downloaded rust-gpu-tools v0.3.0
[INFO] [stderr]   Downloaded hwloc v0.3.0
[INFO] [stderr]   Downloaded sha2raw v2.0.0
[INFO] [stderr]   Downloaded storage-proofs-core v6.0.0
[INFO] [stderr]   Downloaded storage-proofs-post v6.0.0
[INFO] [stderr]   Downloaded blstrs v0.2.1
[INFO] [stderr]   Downloaded rust-gpu-tools v0.2.2
[INFO] [stderr]   Downloaded storage-proofs-porep v6.0.0
[INFO] [stderr]   Downloaded bellperson v0.12.3
[INFO] [stderr]   Downloaded filecoin-proofs v6.0.0
[INFO] [stderr]   Downloaded neptune v2.4.0
[INFO] [stderr]   Downloaded blst v0.3.2
[INFO] [stderr]   Downloaded neptune-triton v2.1.0
[INFO] running `Command { std: "docker" "create" "-v" "/var/lib/crater-agent-workspace/builds/worker-7-tc1/target:/opt/rustwide/target:rw,Z" "-v" "/var/lib/crater-agent-workspace/builds/worker-7-tc1/source:/opt/rustwide/workdir:ro,Z" "-v" "/var/lib/crater-agent-workspace/cargo-home:/opt/rustwide/cargo-home:ro,Z" "-v" "/var/lib/crater-agent-workspace/rustup-home:/opt/rustwide/rustup-home:ro,Z" "-e" "SOURCE_DIR=/opt/rustwide/workdir" "-e" "CARGO_TARGET_DIR=/opt/rustwide/target" "-e" "CARGO_HOME=/opt/rustwide/cargo-home" "-e" "RUSTUP_HOME=/opt/rustwide/rustup-home" "-w" "/opt/rustwide/workdir" "-m" "1610612736" "--user" "0:0" "--network" "none" "ghcr.io/rust-lang/crates-build-env/linux@sha256:2788e3201cd34a07e3172128adcd8b3090168a8e3bcc40d7c032b9dda1df7d1c" "/opt/rustwide/cargo-home/bin/cargo" "+1.75.0" "metadata" "--no-deps" "--format-version=1", kill_on_drop: false }`
[INFO] [stdout] 982840a62a58f8b48437f532f0e47065d740e3dc927fd500f224ecb8c74e3f9d
[INFO] running `Command { std: "docker" "start" "-a" "982840a62a58f8b48437f532f0e47065d740e3dc927fd500f224ecb8c74e3f9d", kill_on_drop: false }`
[INFO] running `Command { std: "docker" "inspect" "982840a62a58f8b48437f532f0e47065d740e3dc927fd500f224ecb8c74e3f9d", kill_on_drop: false }`
[INFO] running `Command { std: "docker" "rm" "-f" "982840a62a58f8b48437f532f0e47065d740e3dc927fd500f224ecb8c74e3f9d", kill_on_drop: false }`
[INFO] [stdout] 982840a62a58f8b48437f532f0e47065d740e3dc927fd500f224ecb8c74e3f9d
[INFO] running `Command { std: "docker" "create" "-v" "/var/lib/crater-agent-workspace/builds/worker-7-tc1/target:/opt/rustwide/target:rw,Z" "-v" "/var/lib/crater-agent-workspace/builds/worker-7-tc1/source:/opt/rustwide/workdir:ro,Z" "-v" "/var/lib/crater-agent-workspace/cargo-home:/opt/rustwide/cargo-home:ro,Z" "-v" "/var/lib/crater-agent-workspace/rustup-home:/opt/rustwide/rustup-home:ro,Z" "-e" "SOURCE_DIR=/opt/rustwide/workdir" "-e" "CARGO_TARGET_DIR=/opt/rustwide/target" "-e" "CARGO_INCREMENTAL=0" "-e" "RUST_BACKTRACE=full" "-e" "RUSTFLAGS=--cap-lints=warn" "-e" "RUSTDOCFLAGS=--cap-lints=warn" "-e" "CARGO_HOME=/opt/rustwide/cargo-home" "-e" "RUSTUP_HOME=/opt/rustwide/rustup-home" "-w" "/opt/rustwide/workdir" "-m" "1610612736" "--user" "0:0" "--network" "none" "ghcr.io/rust-lang/crates-build-env/linux@sha256:2788e3201cd34a07e3172128adcd8b3090168a8e3bcc40d7c032b9dda1df7d1c" "/opt/rustwide/cargo-home/bin/cargo" "+1.75.0" "doc" "--frozen" "--no-deps" "--document-private-items" "--message-format=json", kill_on_drop: false }`
[INFO] [stdout] 8c714eff5a42f2f8f0831ea773011aaefe5dada8ab1363576e5c9129e6779fa8
[INFO] running `Command { std: "docker" "start" "-a" "8c714eff5a42f2f8f0831ea773011aaefe5dada8ab1363576e5c9129e6779fa8", kill_on_drop: false }`
[INFO] [stderr]    Compiling libc v0.2.81
[INFO] [stderr]    Compiling num-traits v0.2.14
[INFO] [stderr]    Compiling proc-macro2 v1.0.24
[INFO] [stderr]    Compiling num-integer v0.1.44
[INFO] [stderr]    Compiling unicode-xid v0.2.1
[INFO] [stderr]    Compiling syn v1.0.53
[INFO] [stderr]    Compiling typenum v1.12.0
[INFO] [stderr]    Compiling version_check v0.9.2
[INFO] [stderr]    Compiling cc v1.0.66
[INFO] [stderr]    Compiling generic-array v0.14.4
[INFO] [stderr]    Compiling getrandom v0.1.15
[INFO] [stderr]    Compiling crossbeam-utils v0.7.2
[INFO] [stderr]    Compiling crossbeam-utils v0.8.1
[INFO] [stderr]    Compiling memoffset v0.5.6
[INFO] [stderr]    Compiling quote v1.0.7
[INFO] [stderr]     Checking rand v0.4.6
[INFO] [stderr]     Checking rand_core v0.5.1
[INFO] [stderr]    Compiling num-iter v0.1.42
[INFO] [stderr]    Compiling serde_derive v1.0.118
[INFO] [stderr]     Checking num-bigint v0.1.44
[INFO] [stderr]    Compiling num-bigint v0.2.6
[INFO] [stderr]    Compiling crossbeam-epoch v0.8.2
[INFO] [stderr]    Compiling miniz_oxide v0.4.3
[INFO] [stderr]    Compiling memoffset v0.6.1
[INFO] [stderr]    Compiling serde v1.0.118
[INFO] [stderr]    Compiling const_fn v0.4.3
[INFO] [stderr]     Checking num-complex v0.1.43
[INFO] [stderr]    Compiling failure_derive v0.1.8
[INFO] [stderr]    Compiling log v0.4.11
[INFO] [stderr]     Checking num-rational v0.1.42
[INFO] [stderr]    Compiling semver v0.1.20
[INFO] [stderr]    Compiling memchr v2.3.4
[INFO] [stderr]     Checking adler v0.2.3
[INFO] [stderr]     Checking num v0.1.42
[INFO] [stderr]    Compiling rustc_version v0.1.7
[INFO] [stderr]     Checking addr2line v0.14.0
[INFO] [stderr]     Checking rand_chacha v0.2.2
[INFO] [stderr]     Checking generic-array v0.12.3
[INFO] [stderr]     Checking object v0.22.0
[INFO] [stderr]     Checking arrayvec v0.5.2
[INFO] [stderr]     Checking rustc-demangle v0.1.18
[INFO] [stderr]     Checking either v1.6.1
[INFO] [stderr]    Compiling cl-sys v0.4.2
[INFO] [stderr]     Checking crossbeam-deque v0.7.3
[INFO] [stderr]     Checking rand v0.7.3
[INFO] [stderr]    Compiling fil-ocl-core v0.11.3
[INFO] [stderr]     Checking crossbeam-epoch v0.9.1
[INFO] [stderr]     Checking digest v0.9.0
[INFO] [stderr]     Checking crossbeam-queue v0.2.3
[INFO] [stderr]     Checking crossbeam-channel v0.4.4
[INFO] [stderr]    Compiling fff v0.2.3
[INFO] [stderr]     Checking num-traits v0.1.43
[INFO] [stderr]    Compiling rayon-core v1.9.0
[INFO] [stderr]     Checking enum_primitive v0.1.1
[INFO] [stderr]     Checking crossbeam-deque v0.8.0
[INFO] [stderr]     Checking crossbeam v0.7.3
[INFO] [stderr]     Checking block-buffer v0.7.3
[INFO] [stderr]     Checking ocl-core-vector v0.1.0
[INFO] [stderr]     Checking crossbeam-channel v0.5.0
[INFO] [stderr]     Checking subtle v2.3.0
[INFO] [stderr]     Checking futures v0.1.30
[INFO] [stderr]     Checking digest v0.8.1
[INFO] [stderr]     Checking crypto-mac v0.10.0
[INFO] [stderr]     Checking dirs-sys v0.3.5
[INFO] [stderr]     Checking num_cpus v1.13.0
[INFO] [stderr]    Compiling rayon v1.5.0
[INFO] [stderr]     Checking nodrop v0.1.14
[INFO] [stderr]     Checking dirs v2.0.2
[INFO] [stderr]     Checking hmac v0.10.1
[INFO] [stderr]     Checking sha2 v0.8.2
[INFO] [stderr]     Checking rand_xorshift v0.2.0
[INFO] [stderr]     Checking remove_dir_all v0.5.3
[INFO] [stderr]     Checking backtrace v0.3.55
[INFO] [stderr]     Checking hkdf v0.10.0
[INFO] [stderr]     Checking blake2b_simd v0.5.11
[INFO] [stderr]     Checking itertools v0.8.2
[INFO] [stderr]    Compiling synstructure v0.12.4
[INFO] [stderr]     Checking qutex v0.2.3
[INFO] [stderr]    Compiling neptune-triton v2.1.0
[INFO] [stderr]     Checking memmap v0.7.0
[INFO] [stderr]     Checking opaque-debug v0.3.0
[INFO] [stderr]    Compiling lexical-core v0.7.4
[INFO] [stderr]    Compiling anyhow v1.0.35
[INFO] [stderr]     Checking tempfile v3.1.0
[INFO] [stderr]     Checking blake2s_simd v0.5.11
[INFO] [stderr]     Checking cipher v0.2.5
[INFO] [stderr] The following warnings were emitted during compilation:
[INFO] [stderr] 
[INFO] [stderr] warning: neptune-triton@2.1.0: ./lib/a.c:12:10: fatal error: CL/cl.h: No such file or directory
[INFO] [stderr] warning: neptune-triton@2.1.0:    12 | #include <CL/cl.h>
[INFO] [stderr] warning: neptune-triton@2.1.0:       |          ^~~~~~~~~
[INFO] [stderr] warning: neptune-triton@2.1.0: compilation terminated.
[INFO] [stderr] 
[INFO] [stderr] error: failed to run custom build command for `neptune-triton v2.1.0`
[INFO] [stderr] note: To improve backtraces for build dependencies, set the CARGO_PROFILE_DEV_BUILD_OVERRIDE_DEBUG=true environment variable to enable debug information generation.
[INFO] [stderr] 
[INFO] [stderr] Caused by:
[INFO] [stderr]   process didn't exit successfully: `/opt/rustwide/target/debug/build/neptune-triton-630411cb879d75a7/build-script-build` (exit status: 1)
[INFO] [stderr]   --- stdout
[INFO] [stderr]   TARGET = Some("x86_64-unknown-linux-gnu")
[INFO] [stderr]   OPT_LEVEL = Some("0")
[INFO] [stderr]   HOST = Some("x86_64-unknown-linux-gnu")
[INFO] [stderr]   CC_x86_64-unknown-linux-gnu = None
[INFO] [stderr]   CC_x86_64_unknown_linux_gnu = None
[INFO] [stderr]   HOST_CC = None
[INFO] [stderr]   CC = None
[INFO] [stderr]   CFLAGS_x86_64-unknown-linux-gnu = None
[INFO] [stderr]   CFLAGS_x86_64_unknown_linux_gnu = None
[INFO] [stderr]   HOST_CFLAGS = None
[INFO] [stderr]   CFLAGS = None
[INFO] [stderr]   CRATE_CC_NO_DEFAULTS = None
[INFO] [stderr]   DEBUG = Some("true")
[INFO] [stderr]   CARGO_CFG_TARGET_FEATURE = Some("fxsr,sse,sse2")
[INFO] [stderr]   running: "cc" "-O0" "-ffunction-sections" "-fdata-sections" "-fPIC" "-g" "-fno-omit-frame-pointer" "-m64" "-shared" "-Wall" "-Wextra" "-fPIC" "-std=c99" "-o" "/opt/rustwide/target/debug/build/neptune-triton-9669f8fc3ec9c6b8/out/./lib/a.o" "-c" "./lib/a.c"
[INFO] [stderr]   cargo:warning=./lib/a.c:12:10: fatal error: CL/cl.h: No such file or directory
[INFO] [stderr]   cargo:warning=   12 | #include <CL/cl.h>
[INFO] [stderr]   cargo:warning=      |          ^~~~~~~~~
[INFO] [stderr]   cargo:warning=compilation terminated.
[INFO] [stderr]   exit status: 1
[INFO] [stderr] 
[INFO] [stderr]   --- stderr
[INFO] [stderr] 
[INFO] [stderr] 
[INFO] [stderr]   error occurred: Command "cc" "-O0" "-ffunction-sections" "-fdata-sections" "-fPIC" "-g" "-fno-omit-frame-pointer" "-m64" "-shared" "-Wall" "-Wextra" "-fPIC" "-std=c99" "-o" "/opt/rustwide/target/debug/build/neptune-triton-9669f8fc3ec9c6b8/out/./lib/a.o" "-c" "./lib/a.c" with args "cc" did not execute successfully (status code exit status: 1).
[INFO] [stderr] 
[INFO] [stderr] 
[INFO] [stderr] warning: build failed, waiting for other jobs to finish...
[INFO] running `Command { std: "docker" "inspect" "8c714eff5a42f2f8f0831ea773011aaefe5dada8ab1363576e5c9129e6779fa8", kill_on_drop: false }`
[INFO] running `Command { std: "docker" "rm" "-f" "8c714eff5a42f2f8f0831ea773011aaefe5dada8ab1363576e5c9129e6779fa8", kill_on_drop: false }`
[INFO] [stdout] 8c714eff5a42f2f8f0831ea773011aaefe5dada8ab1363576e5c9129e6779fa8
[INFO] documenting filecoin-phase2-1.0.1 against beta-2023-12-22 for beta-1.76-rustdoc-1
[INFO] extracting crate filecoin-phase2 1.0.1 into /workspace/builds/worker-7-tc2/source
[INFO] validating manifest of crates.io crate filecoin-phase2 1.0.1 on toolchain beta-2023-12-22
[INFO] running `Command { std: CARGO_HOME="/workspace/cargo-home" RUSTUP_HOME="/workspace/rustup-home" "/workspace/cargo-home/bin/cargo" "+beta-2023-12-22" "metadata" "--manifest-path" "Cargo.toml" "--no-deps", kill_on_drop: false }`
[INFO] removed /workspace/builds/worker-7-tc2/source/rust-toolchain
[INFO] started tweaking crates.io crate filecoin-phase2 1.0.1
[INFO] finished tweaking crates.io crate filecoin-phase2 1.0.1
[INFO] tweaked toml for crates.io crate filecoin-phase2 1.0.1 written to /workspace/builds/worker-7-tc2/source/Cargo.toml
[INFO] crate crates.io crate filecoin-phase2 1.0.1 already has a lockfile, it will not be regenerated
[INFO] running `Command { std: CARGO_HOME="/workspace/cargo-home" RUSTUP_HOME="/workspace/rustup-home" "/workspace/cargo-home/bin/cargo" "+beta-2023-12-22" "fetch" "--manifest-path" "Cargo.toml", kill_on_drop: false }`
[INFO] running `Command { std: "docker" "create" "-v" "/var/lib/crater-agent-workspace/builds/worker-7-tc2/target:/opt/rustwide/target:rw,Z" "-v" "/var/lib/crater-agent-workspace/builds/worker-7-tc2/source:/opt/rustwide/workdir:ro,Z" "-v" "/var/lib/crater-agent-workspace/cargo-home:/opt/rustwide/cargo-home:ro,Z" "-v" "/var/lib/crater-agent-workspace/rustup-home:/opt/rustwide/rustup-home:ro,Z" "-e" "SOURCE_DIR=/opt/rustwide/workdir" "-e" "CARGO_TARGET_DIR=/opt/rustwide/target" "-e" "CARGO_HOME=/opt/rustwide/cargo-home" "-e" "RUSTUP_HOME=/opt/rustwide/rustup-home" "-w" "/opt/rustwide/workdir" "-m" "1610612736" "--user" "0:0" "--network" "none" "ghcr.io/rust-lang/crates-build-env/linux@sha256:2788e3201cd34a07e3172128adcd8b3090168a8e3bcc40d7c032b9dda1df7d1c" "/opt/rustwide/cargo-home/bin/cargo" "+beta-2023-12-22" "metadata" "--no-deps" "--format-version=1", kill_on_drop: false }`
[INFO] [stdout] 8acaf4203b9bcb9c28b93449bf71cf30559d16dadd16b3d031a17af9a2b91333
[INFO] running `Command { std: "docker" "start" "-a" "8acaf4203b9bcb9c28b93449bf71cf30559d16dadd16b3d031a17af9a2b91333", kill_on_drop: false }`
[INFO] running `Command { std: "docker" "inspect" "8acaf4203b9bcb9c28b93449bf71cf30559d16dadd16b3d031a17af9a2b91333", kill_on_drop: false }`
[INFO] running `Command { std: "docker" "rm" "-f" "8acaf4203b9bcb9c28b93449bf71cf30559d16dadd16b3d031a17af9a2b91333", kill_on_drop: false }`
[INFO] [stdout] 8acaf4203b9bcb9c28b93449bf71cf30559d16dadd16b3d031a17af9a2b91333
[INFO] running `Command { std: "docker" "create" "-v" "/var/lib/crater-agent-workspace/builds/worker-7-tc2/target:/opt/rustwide/target:rw,Z" "-v" "/var/lib/crater-agent-workspace/builds/worker-7-tc2/source:/opt/rustwide/workdir:ro,Z" "-v" "/var/lib/crater-agent-workspace/cargo-home:/opt/rustwide/cargo-home:ro,Z" "-v" "/var/lib/crater-agent-workspace/rustup-home:/opt/rustwide/rustup-home:ro,Z" "-e" "SOURCE_DIR=/opt/rustwide/workdir" "-e" "CARGO_TARGET_DIR=/opt/rustwide/target" "-e" "CARGO_INCREMENTAL=0" "-e" "RUST_BACKTRACE=full" "-e" "RUSTFLAGS=--cap-lints=warn" "-e" "RUSTDOCFLAGS=--cap-lints=warn" "-e" "CARGO_HOME=/opt/rustwide/cargo-home" "-e" "RUSTUP_HOME=/opt/rustwide/rustup-home" "-w" "/opt/rustwide/workdir" "-m" "1610612736" "--user" "0:0" "--network" "none" "ghcr.io/rust-lang/crates-build-env/linux@sha256:2788e3201cd34a07e3172128adcd8b3090168a8e3bcc40d7c032b9dda1df7d1c" "/opt/rustwide/cargo-home/bin/cargo" "+beta-2023-12-22" "doc" "--frozen" "--no-deps" "--document-private-items" "--message-format=json", kill_on_drop: false }`
[INFO] [stdout] 4d96608a07c1ec031912cec89422a3651d2cf3245352b2cbe72e1f009248cdb5
[INFO] running `Command { std: "docker" "start" "-a" "4d96608a07c1ec031912cec89422a3651d2cf3245352b2cbe72e1f009248cdb5", kill_on_drop: false }`
[INFO] [stderr]    Compiling libc v0.2.81
[INFO] [stderr]    Compiling num-traits v0.2.14
[INFO] [stderr]    Compiling proc-macro2 v1.0.24
[INFO] [stderr]    Compiling num-integer v0.1.44
[INFO] [stderr]    Compiling unicode-xid v0.2.1
[INFO] [stderr]    Compiling syn v1.0.53
[INFO] [stderr]    Compiling typenum v1.12.0
[INFO] [stderr]    Compiling version_check v0.9.2
[INFO] [stderr]    Compiling getrandom v0.1.15
[INFO] [stderr]    Compiling generic-array v0.14.4
[INFO] [stderr]    Compiling cc v1.0.66
[INFO] [stderr]    Compiling crossbeam-utils v0.7.2
[INFO] [stderr]    Compiling crossbeam-utils v0.8.1
[INFO] [stderr]     Checking rustc-serialize v0.3.24
[INFO] [stderr]    Compiling quote v1.0.7
[INFO] [stdout] error[E0310]: the parameter type `T` may not live long enough
[INFO] [stdout]     --> /opt/rustwide/cargo-home/registry/src/index.crates.io-6f17d22bba15001f/rustc-serialize-0.3.24/src/serialize.rs:1155:5
[INFO] [stdout]      |
[INFO] [stdout] 1155 |     fn decode<D: Decoder>(d: &mut D) -> Result<Cow<'static, T>, D::Error> {
[INFO] [stdout]      |     ^^^^^^^^^^^^^^^^^^^^^^^^^^^^^^^^^^^^^^^^^^^^^^^^^^^^^^^^^^^^^^^^^^^^^
[INFO] [stdout]      |     |
[INFO] [stdout]      |     the parameter type `T` must be valid for the static lifetime...
[INFO] [stdout]      |     ...so that the type `T` will meet its required lifetime bounds...
[INFO] [stdout]      |
[INFO] [stdout] note: ...that is required by this bound
[INFO] [stdout]     --> /rustc/0e09125c6c3c2fd70d7de961bcf0e51575235fad/library/alloc/src/borrow.rs:180:30
[INFO] [stdout] help: consider adding an explicit lifetime bound
[INFO] [stdout]      |
[INFO] [stdout] 1151 | impl<'a, T: ?Sized + 'static> Decodable for Cow<'a, T>
[INFO] [stdout]      |                    +++++++++
[INFO] [stdout] 
[INFO] [stdout] 
[INFO] [stderr]     Checking rand v0.4.6
[INFO] [stderr]     Checking rand_core v0.5.1
[INFO] [stderr]    Compiling num-iter v0.1.42
[INFO] [stderr]    Compiling memoffset v0.5.6
[INFO] [stderr]    Compiling serde_derive v1.0.118
[INFO] [stdout] error: aborting due to 1 previous error
[INFO] [stdout] 
[INFO] [stdout] 
[INFO] [stdout] For more information about this error, try `rustc --explain E0310`.
[INFO] [stdout] 
[INFO] [stderr] error: could not compile `rustc-serialize` (lib) due to 2 previous errors
[INFO] [stderr] warning: build failed, waiting for other jobs to finish...
[INFO] running `Command { std: "docker" "inspect" "4d96608a07c1ec031912cec89422a3651d2cf3245352b2cbe72e1f009248cdb5", kill_on_drop: false }`
[INFO] running `Command { std: "docker" "rm" "-f" "4d96608a07c1ec031912cec89422a3651d2cf3245352b2cbe72e1f009248cdb5", kill_on_drop: false }`
[INFO] [stdout] 4d96608a07c1ec031912cec89422a3651d2cf3245352b2cbe72e1f009248cdb5
