[INFO] fetching crate etk-analyze 0.3.0...
[INFO] documenting etk-analyze-0.3.0 against 1.75.0 for beta-1.76-rustdoc-1
[INFO] extracting crate etk-analyze 0.3.0 into /workspace/builds/worker-6-tc1/source
[INFO] validating manifest of crates.io crate etk-analyze 0.3.0 on toolchain 1.75.0
[INFO] running `Command { std: CARGO_HOME="/workspace/cargo-home" RUSTUP_HOME="/workspace/rustup-home" "/workspace/cargo-home/bin/cargo" "+1.75.0" "metadata" "--manifest-path" "Cargo.toml" "--no-deps", kill_on_drop: false }`
[INFO] started tweaking crates.io crate etk-analyze 0.3.0
[INFO] finished tweaking crates.io crate etk-analyze 0.3.0
[INFO] tweaked toml for crates.io crate etk-analyze 0.3.0 written to /workspace/builds/worker-6-tc1/source/Cargo.toml
[INFO] crate crates.io crate etk-analyze 0.3.0 already has a lockfile, it will not be regenerated
[INFO] running `Command { std: CARGO_HOME="/workspace/cargo-home" RUSTUP_HOME="/workspace/rustup-home" "/workspace/cargo-home/bin/cargo" "+1.75.0" "fetch" "--manifest-path" "Cargo.toml", kill_on_drop: false }`
[INFO] [stderr]     Updating crates.io index
[INFO] [stderr]  Downloading crates ...
[INFO] [stderr]   Downloaded enum-ordinalize v3.1.11
[INFO] [stderr]   Downloaded snafu v0.7.1
[INFO] [stderr]   Downloaded keccak v0.1.0
[INFO] [stderr]   Downloaded etk-cli v0.3.0
[INFO] [stderr]   Downloaded snafu-derive v0.7.1
[INFO] [stderr]   Downloaded clap_derive v3.1.18
[INFO] [stderr]   Downloaded educe v0.4.19
[INFO] [stderr]   Downloaded syn v1.0.93
[INFO] [stderr]   Downloaded clap v3.1.18
[INFO] [stderr]   Downloaded sha3 v0.10.1
[INFO] [stderr]   Downloaded z3-sys v0.7.1
[INFO] [stderr]   Downloaded etk-dasm v0.3.0
[INFO] [stderr]   Downloaded etk-asm v0.3.0
[INFO] [stderr]   Downloaded etk-ops v0.3.0
[INFO] [stderr]   Downloaded z3 v0.11.2
[INFO] running `Command { std: "docker" "create" "-v" "/var/lib/crater-agent-workspace/builds/worker-6-tc1/target:/opt/rustwide/target:rw,Z" "-v" "/var/lib/crater-agent-workspace/builds/worker-6-tc1/source:/opt/rustwide/workdir:ro,Z" "-v" "/var/lib/crater-agent-workspace/cargo-home:/opt/rustwide/cargo-home:ro,Z" "-v" "/var/lib/crater-agent-workspace/rustup-home:/opt/rustwide/rustup-home:ro,Z" "-e" "SOURCE_DIR=/opt/rustwide/workdir" "-e" "CARGO_TARGET_DIR=/opt/rustwide/target" "-e" "CARGO_HOME=/opt/rustwide/cargo-home" "-e" "RUSTUP_HOME=/opt/rustwide/rustup-home" "-w" "/opt/rustwide/workdir" "-m" "1610612736" "--user" "0:0" "--network" "none" "ghcr.io/rust-lang/crates-build-env/linux@sha256:2788e3201cd34a07e3172128adcd8b3090168a8e3bcc40d7c032b9dda1df7d1c" "/opt/rustwide/cargo-home/bin/cargo" "+1.75.0" "metadata" "--no-deps" "--format-version=1", kill_on_drop: false }`
[INFO] [stdout] 02685159616a98c6089df0f78ab56714d0fde41bbb2693db09e2189006961f1c
[INFO] running `Command { std: "docker" "start" "-a" "02685159616a98c6089df0f78ab56714d0fde41bbb2693db09e2189006961f1c", kill_on_drop: false }`
[INFO] running `Command { std: "docker" "inspect" "02685159616a98c6089df0f78ab56714d0fde41bbb2693db09e2189006961f1c", kill_on_drop: false }`
[INFO] running `Command { std: "docker" "rm" "-f" "02685159616a98c6089df0f78ab56714d0fde41bbb2693db09e2189006961f1c", kill_on_drop: false }`
[INFO] [stdout] 02685159616a98c6089df0f78ab56714d0fde41bbb2693db09e2189006961f1c
[INFO] running `Command { std: "docker" "create" "-v" "/var/lib/crater-agent-workspace/builds/worker-6-tc1/target:/opt/rustwide/target:rw,Z" "-v" "/var/lib/crater-agent-workspace/builds/worker-6-tc1/source:/opt/rustwide/workdir:ro,Z" "-v" "/var/lib/crater-agent-workspace/cargo-home:/opt/rustwide/cargo-home:ro,Z" "-v" "/var/lib/crater-agent-workspace/rustup-home:/opt/rustwide/rustup-home:ro,Z" "-e" "SOURCE_DIR=/opt/rustwide/workdir" "-e" "CARGO_TARGET_DIR=/opt/rustwide/target" "-e" "CARGO_INCREMENTAL=0" "-e" "RUST_BACKTRACE=full" "-e" "RUSTFLAGS=--cap-lints=warn" "-e" "RUSTDOCFLAGS=--cap-lints=warn" "-e" "CARGO_HOME=/opt/rustwide/cargo-home" "-e" "RUSTUP_HOME=/opt/rustwide/rustup-home" "-w" "/opt/rustwide/workdir" "-m" "1610612736" "--user" "0:0" "--network" "none" "ghcr.io/rust-lang/crates-build-env/linux@sha256:2788e3201cd34a07e3172128adcd8b3090168a8e3bcc40d7c032b9dda1df7d1c" "/opt/rustwide/cargo-home/bin/cargo" "+1.75.0" "doc" "--frozen" "--no-deps" "--document-private-items" "--message-format=json", kill_on_drop: false }`
[INFO] [stdout] 8b563af4f5e636bd73f617c43d7e135a0edc879bfb018903cf53beae9c841730
[INFO] running `Command { std: "docker" "start" "-a" "8b563af4f5e636bd73f617c43d7e135a0edc879bfb018903cf53beae9c841730", kill_on_drop: false }`
[INFO] [stderr]    Compiling proc-macro2 v1.0.38
[INFO] [stderr]    Compiling unicode-xid v0.2.3
[INFO] [stderr]    Compiling syn v1.0.93
[INFO] [stderr]    Compiling libc v0.2.125
[INFO] [stderr]    Compiling serde_derive v1.0.137
[INFO] [stderr]    Compiling serde v1.0.137
[INFO] [stderr]    Compiling memchr v2.5.0
[INFO] [stderr]    Compiling typenum v1.15.0
[INFO] [stderr]    Compiling glob v0.3.0
[INFO] [stderr]    Compiling cfg-if v1.0.0
[INFO] [stderr]    Compiling regex-syntax v0.6.25
[INFO] [stderr]    Compiling unicode-width v0.1.9
[INFO] [stderr]    Compiling num-traits v0.2.15
[INFO] [stderr]    Compiling num-integer v0.1.45
[INFO] [stderr]    Compiling indexmap v1.8.1
[INFO] [stderr]    Compiling generic-array v0.14.5
[INFO] [stderr]    Compiling nom v5.1.2
[INFO] [stderr]    Compiling num-bigint v0.4.3
[INFO] [stderr]    Compiling textwrap v0.11.0
[INFO] [stderr]    Compiling log v0.4.17
[INFO] [stderr]    Compiling libloading v0.7.3
[INFO] [stderr]    Compiling termcolor v1.1.3
[INFO] [stderr]    Compiling bitflags v1.3.2
[INFO] [stderr]    Compiling ucd-trie v0.1.3
[INFO] [stderr]    Compiling strsim v0.8.0
[INFO] [stderr]    Compiling vec_map v0.8.2
[INFO] [stderr]    Compiling humantime v2.1.0
[INFO] [stderr]    Compiling hashbrown v0.11.2
[INFO] [stderr]    Compiling bindgen v0.58.1
[INFO] [stderr]    Compiling ansi_term v0.12.1
[INFO] [stderr]    Compiling clang-sys v1.3.1
[INFO] [stderr]    Compiling pest v2.1.3
[INFO] [stderr]    Compiling cc v1.0.73
[INFO] [stderr]    Compiling shlex v1.1.0
[INFO] [stderr]    Compiling maplit v1.0.2
[INFO] [stderr]    Compiling rustc-hash v1.1.0
[INFO] [stderr]    Compiling aho-corasick v0.7.18
[INFO] [stderr]    Compiling lazycell v1.3.0
[INFO] [stderr]    Compiling peeking_take_while v0.1.2
[INFO] [stderr]     Checking ppv-lite86 v0.2.16
[INFO] [stderr]    Compiling quote v1.0.18
[INFO] [stderr]     Checking getrandom v0.2.6
[INFO] [stderr]     Checking keccak v0.1.0
[INFO] [stderr]    Compiling atty v0.2.14
[INFO] [stderr]    Compiling clap v2.34.0
[INFO] [stderr]    Compiling which v3.1.1
[INFO] [stderr]     Checking rand_core v0.6.3
[INFO] [stderr]    Compiling cmake v0.1.50
[INFO] [stderr]     Checking rand_chacha v0.3.1
[INFO] [stderr]    Compiling pest_meta v2.1.3
[INFO] [stderr]     Checking fixedbitset v0.4.1
[INFO] [stderr]     Checking rand v0.8.5
[INFO] [stderr]    Compiling regex v1.5.5
[INFO] [stderr]     Checking crypto-common v0.1.3
[INFO] [stderr]     Checking block-buffer v0.10.2
[INFO] [stderr]     Checking digest v0.10.3
[INFO] [stderr]     Checking sha3 v0.10.1
[INFO] [stderr]    Compiling cexpr v0.4.0
[INFO] [stderr]    Compiling env_logger v0.8.4
[INFO] [stderr]    Compiling pest_generator v2.1.3
[INFO] [stderr]    Compiling snafu-derive v0.7.1
[INFO] [stderr]    Compiling enum-ordinalize v3.1.11
[INFO] [stderr]    Compiling pest_derive v2.1.0
[INFO] [stderr]    Compiling educe v0.4.19
[INFO] [stderr]     Checking snafu v0.7.1
[INFO] [stderr]    Compiling z3-sys v0.7.1
[INFO] [stderr]     Checking petgraph v0.6.0
[INFO] [stderr]    Compiling toml v0.5.9
[INFO] [stderr]    Compiling etk-ops v0.3.0
[INFO] [stderr] error: could not compile `etk-ops` (lib)
[INFO] [stderr] 
[INFO] [stderr] Caused by:
[INFO] [stderr]   process didn't exit successfully: `/opt/rustwide/rustup-home/toolchains/1.75.0-x86_64-unknown-linux-gnu/bin/rustc --crate-name etk_ops --edition=2021 /opt/rustwide/cargo-home/registry/src/index.crates.io-6f17d22bba15001f/etk-ops-0.3.0/src/lib.rs --error-format=json --json=diagnostic-rendered-ansi,artifacts,future-incompat --crate-type lib --emit=dep-info,metadata -C embed-bitcode=no -C debuginfo=2 -C metadata=da76858aa2df5a72 -C extra-filename=-da76858aa2df5a72 --out-dir /opt/rustwide/target/debug/deps -L dependency=/opt/rustwide/target/debug/deps --extern educe=/opt/rustwide/target/debug/deps/libeduce-b44e6cad536075ec.so --extern snafu=/opt/rustwide/target/debug/deps/libsnafu-3627beffb2d422fa.rmeta --cap-lints allow --cap-lints=warn` (signal: 9, SIGKILL: kill)
[INFO] [stderr] warning: build failed, waiting for other jobs to finish...
[INFO] [stderr] error: failed to run custom build command for `z3-sys v0.7.1`
[INFO] [stderr] note: To improve backtraces for build dependencies, set the CARGO_PROFILE_DEV_BUILD_OVERRIDE_DEBUG=true environment variable to enable debug information generation.
[INFO] [stderr] 
[INFO] [stderr] Caused by:
[INFO] [stderr]   process didn't exit successfully: `/opt/rustwide/target/debug/build/z3-sys-2e7be92f9d868e57/build-script-build` (exit status: 101)
[INFO] [stderr]   --- stdout
[INFO] [stderr]   CMAKE_TOOLCHAIN_FILE_x86_64-unknown-linux-gnu = None
[INFO] [stderr]   CMAKE_TOOLCHAIN_FILE_x86_64_unknown_linux_gnu = None
[INFO] [stderr]   HOST_CMAKE_TOOLCHAIN_FILE = None
[INFO] [stderr]   CMAKE_TOOLCHAIN_FILE = None
[INFO] [stderr]   CMAKE_GENERATOR_x86_64-unknown-linux-gnu = None
[INFO] [stderr]   CMAKE_GENERATOR_x86_64_unknown_linux_gnu = None
[INFO] [stderr]   HOST_CMAKE_GENERATOR = None
[INFO] [stderr]   CMAKE_GENERATOR = None
[INFO] [stderr]   CMAKE_PREFIX_PATH_x86_64-unknown-linux-gnu = None
[INFO] [stderr]   CMAKE_PREFIX_PATH_x86_64_unknown_linux_gnu = None
[INFO] [stderr]   HOST_CMAKE_PREFIX_PATH = None
[INFO] [stderr]   CMAKE_PREFIX_PATH = None
[INFO] [stderr]   CMAKE_x86_64-unknown-linux-gnu = None
[INFO] [stderr]   CMAKE_x86_64_unknown_linux_gnu = None
[INFO] [stderr]   HOST_CMAKE = None
[INFO] [stderr]   CMAKE = None
[INFO] [stderr]   running: cd "/opt/rustwide/target/debug/build/z3-sys-44a4b5d0153fc98d/out/build" && CMAKE_PREFIX_PATH="" "cmake" "/opt/rustwide/cargo-home/registry/src/index.crates.io-6f17d22bba15001f/z3-sys-0.7.1/z3" "-DZ3_BUILD_LIBZ3_SHARED=false" "-DZ3_BUILD_EXECUTABLE=false" "-DZ3_BUILD_TEST_EXECUTABLES=false" "-DCMAKE_INSTALL_PREFIX=/opt/rustwide/target/debug/build/z3-sys-44a4b5d0153fc98d/out" "-DCMAKE_C_FLAGS= -ffunction-sections -fdata-sections -fPIC -m64" "-DCMAKE_C_COMPILER=/usr/bin/cc" "-DCMAKE_CXX_FLAGS= -ffunction-sections -fdata-sections -fPIC -m64" "-DCMAKE_CXX_COMPILER=/usr/bin/c++" "-DCMAKE_ASM_FLAGS= -ffunction-sections -fdata-sections -fPIC -m64" "-DCMAKE_ASM_COMPILER=/usr/bin/cc" "-DCMAKE_BUILD_TYPE=Debug"
[INFO] [stderr]   -- The CXX compiler identification is GNU 11.4.0
[INFO] [stderr]   -- Detecting CXX compiler ABI info
[INFO] [stderr]   -- Detecting CXX compiler ABI info - done
[INFO] [stderr]   -- Check for working CXX compiler: /usr/bin/c++ - skipped
[INFO] [stderr]   -- Detecting CXX compile features
[INFO] [stderr]   -- Detecting CXX compile features - done
[INFO] [stderr]   -- Z3 version 4.8.12.0
[INFO] [stderr]   -- Failed to find git directory.
[INFO] [stderr]   -- CMake generator: Unix Makefiles
[INFO] [stderr]   -- Build type: Debug
[INFO] [stderr]   -- Found PythonInterp: /usr/bin/python3.10 (found version "3.10.12") 
[INFO] [stderr]   -- PYTHON_EXECUTABLE: /usr/bin/python3.10
[INFO] [stderr]   -- Detected target architecture: x86_64
[INFO] [stderr]   -- Platform: Linux
[INFO] [stderr]   -- Not using libgmp
[INFO] [stderr]   -- Not using Z3_API_LOG_SYNC
[INFO] [stderr]   -- Thread-safe build
[INFO] [stderr]   -- Performing Test HAS_SSE2
[INFO] [stderr]   -- Performing Test HAS_SSE2 - Success
[INFO] [stderr]   -- Looking for C++ include pthread.h
[INFO] [stderr]   -- Looking for C++ include pthread.h - found
[INFO] [stderr]   -- Performing Test CMAKE_HAVE_LIBC_PTHREAD
[INFO] [stderr]   -- Performing Test CMAKE_HAVE_LIBC_PTHREAD - Success
[INFO] [stderr]   -- Found Threads: TRUE  
[INFO] [stderr]   -- Performing Test HAS__Wall
[INFO] [stderr]   -- Performing Test HAS__Wall - Success
[INFO] [stderr]   -- C++ compiler supports -Wall
[INFO] [stderr]   -- Treating only serious compiler warnings as errors
[INFO] [stderr]   -- Performing Test HAS__Werror_odr
[INFO] [stderr]   -- Performing Test HAS__Werror_odr - Success
[INFO] [stderr]   -- C++ compiler supports -Werror=odr
[INFO] [stderr]   -- Performing Test HAS__fvisibility_hidden
[INFO] [stderr]   -- Performing Test HAS__fvisibility_hidden - Success
[INFO] [stderr]   -- C++ compiler supports -fvisibility=hidden
[INFO] [stderr]   -- Performing Test HAS__fvisibility_inlines_hidden
[INFO] [stderr]   -- Performing Test HAS__fvisibility_inlines_hidden - Success
[INFO] [stderr]   -- C++ compiler supports -fvisibility-inlines-hidden
[INFO] [stderr]   -- Performing Test HAS__fPIC
[INFO] [stderr]   -- Performing Test HAS__fPIC - Success
[INFO] [stderr]   -- C++ compiler supports -fPIC
[INFO] [stderr]   -- LTO disabled
[INFO] [stderr]   -- CMAKE_CXX_FLAGS: " -ffunction-sections -fdata-sections -fPIC -m64 -Werror=odr "
[INFO] [stderr]   -- CMAKE_EXE_LINKER_FLAGS: ""
[INFO] [stderr]   -- CMAKE_STATIC_LINKER_FLAGS: ""
[INFO] [stderr]   -- CMAKE_SHARED_LINKER_FLAGS: ""
[INFO] [stderr]   -- CMAKE_CXX_FLAGS_DEBUG: "-g -O0"
[INFO] [stderr]   -- CMAKE_EXE_LINKER_FLAGS_DEBUG: ""
[INFO] [stderr]   -- CMAKE_SHARED_LINKER_FLAGS_DEBUG: ""
[INFO] [stderr]   -- CMAKE_STATIC_LINKER_FLAGS_DEBUG: ""
[INFO] [stderr]   -- Z3_COMPONENT_CXX_DEFINES: $<$<CONFIG:Debug>:Z3DEBUG>;$<$<CONFIG:Release>:_EXTERNAL_RELEASE>;$<$<CONFIG:RelWithDebInfo>:_EXTERNAL_RELEASE>;-D_LINUX_;-D_USE_THREAD_LOCAL;-D_MP_INTERNAL;$<$<CONFIG:Debug>:_TRACE>
[INFO] [stderr]   -- Z3_COMPONENT_CXX_FLAGS: -mfpmath=sse;-msse;-msse2;-Wall;-fvisibility=hidden;-fvisibility-inlines-hidden;-fPIC
[INFO] [stderr]   -- Z3_DEPENDENT_LIBS: Threads::Threads
[INFO] [stderr]   -- Z3_COMPONENT_EXTRA_INCLUDE_DIRS: /opt/rustwide/target/debug/build/z3-sys-44a4b5d0153fc98d/out/build/src;/opt/rustwide/cargo-home/registry/src/index.crates.io-6f17d22bba15001f/z3-sys-0.7.1/z3/src
[INFO] [stderr]   -- Z3_DEPENDENT_EXTRA_CXX_LINK_FLAGS: 
[INFO] [stderr]   -- CMAKE_INSTALL_LIBDIR: "lib"
[INFO] [stderr]   -- CMAKE_INSTALL_BINDIR: "bin"
[INFO] [stderr]   -- CMAKE_INSTALL_INCLUDEDIR: "include"
[INFO] [stderr]   -- CMAKE_INSTALL_PKGCONFIGDIR: "lib/pkgconfig"
[INFO] [stderr]   -- CMAKE_INSTALL_Z3_CMAKE_PACKAGE_DIR: "lib/cmake/z3"
[INFO] [stderr]   -- Adding component util
[INFO] [stderr]   -- Adding component polynomial
[INFO] [stderr]   -- Adding rule to generate "algebraic_params.hpp"
[INFO] [stderr]   -- Adding component dd
[INFO] [stderr]   -- Adding component hilbert
[INFO] [stderr]   -- Adding component simplex
[INFO] [stderr]   -- Adding component automata
[INFO] [stderr]   -- Adding component interval
[INFO] [stderr]   -- Adding component realclosure
[INFO] [stderr]   -- Adding rule to generate "rcf_params.hpp"
[INFO] [stderr]   -- Adding component subpaving
[INFO] [stderr]   -- Adding component ast
[INFO] [stderr]   -- Adding rule to generate "pp_params.hpp"
[INFO] [stderr]   -- Adding component params
[INFO] [stderr]   -- Adding rule to generate "arith_rewriter_params.hpp"
[INFO] [stderr]   -- Adding rule to generate "array_rewriter_params.hpp"
[INFO] [stderr]   -- Adding rule to generate "bool_rewriter_params.hpp"
[INFO] [stderr]   -- Adding rule to generate "bv_rewriter_params.hpp"
[INFO] [stderr]   -- Adding rule to generate "fpa_rewriter_params.hpp"
[INFO] [stderr]   -- Adding rule to generate "fpa2bv_rewriter_params.hpp"
[INFO] [stderr]   -- Adding rule to generate "pattern_inference_params_helper.hpp"
[INFO] [stderr]   -- Adding rule to generate "poly_rewriter_params.hpp"
[INFO] [stderr]   -- Adding rule to generate "rewriter_params.hpp"
[INFO] [stderr]   -- Adding rule to generate "seq_rewriter_params.hpp"
[INFO] [stderr]   -- Adding component rewriter
[INFO] [stderr]   -- Adding component normal_forms
[INFO] [stderr]   -- Adding rule to generate "nnf_params.hpp"
[INFO] [stderr]   -- Adding component macros
[INFO] [stderr]   -- Adding component model
[INFO] [stderr]   -- Adding rule to generate "model_evaluator_params.hpp"
[INFO] [stderr]   -- Adding rule to generate "model_params.hpp"
[INFO] [stderr]   -- Adding component tactic
[INFO] [stderr]   -- Adding rule to generate "tactic_params.hpp"
[INFO] [stderr]   -- Adding component substitution
[INFO] [stderr]   -- Adding component euf
[INFO] [stderr]   -- Adding component smt_params
[INFO] [stderr]   -- Adding rule to generate "smt_params_helper.hpp"
[INFO] [stderr]   -- Adding component parser_util
[INFO] [stderr]   -- Adding rule to generate "parser_params.hpp"
[INFO] [stderr]   -- Adding component grobner
[INFO] [stderr]   -- Adding component sat
[INFO] [stderr]   -- Adding rule to generate "sat_asymm_branch_params.hpp"
[INFO] [stderr]   -- Adding rule to generate "sat_params.hpp"
[INFO] [stderr]   -- Adding rule to generate "sat_scc_params.hpp"
[INFO] [stderr]   -- Adding rule to generate "sat_simplifier_params.hpp"
[INFO] [stderr]   -- Adding component nlsat
[INFO] [stderr]   -- Adding rule to generate "nlsat_params.hpp"
[INFO] [stderr]   -- Adding component core_tactics
[INFO] [stderr]   -- Adding component subpaving_tactic
[INFO] [stderr]   -- Adding component aig_tactic
[INFO] [stderr]   -- Adding component arith_tactics
[INFO] [stderr]   -- Adding component solver
[INFO] [stderr]   -- Adding rule to generate "combined_solver_params.hpp"
[INFO] [stderr]   -- Adding rule to generate "parallel_params.hpp"
[INFO] [stderr]   -- Adding rule to generate "solver_params.hpp"
[INFO] [stderr]   -- Adding component cmd_context
[INFO] [stderr]   -- Adding component extra_cmds
[INFO] [stderr]   -- Adding component smt2parser
[INFO] [stderr]   -- Adding component solver_assertions
[INFO] [stderr]   -- Adding component pattern
[INFO] [stderr]   -- Adding component bit_blaster
[INFO] [stderr]   -- Adding component lp
[INFO] [stderr]   -- Adding component mbp
[INFO] [stderr]   -- Adding component sat_smt
[INFO] [stderr]   -- Adding component sat_tactic
[INFO] [stderr]   -- Adding component nlsat_tactic
[INFO] [stderr]   -- Adding component ackermannization
[INFO] [stderr]   -- Adding rule to generate "ackermannization_params.hpp"
[INFO] [stderr]   -- Adding rule to generate "ackermannize_bv_tactic_params.hpp"
[INFO] [stderr]   -- Adding component proofs
[INFO] [stderr]   -- Adding component fpa
[INFO] [stderr]   -- Adding component proto_model
[INFO] [stderr]   -- Adding component smt
[INFO] [stderr]   -- Adding component bv_tactics
[INFO] [stderr]   -- Adding component smt_tactic
[INFO] [stderr]   -- Adding component sls_tactic
[INFO] [stderr]   -- Adding rule to generate "sls_params.hpp"
[INFO] [stderr]   -- Adding component qe
[INFO] [stderr]   -- Adding component muz
[INFO] [stderr]   -- Adding rule to generate "fp_params.hpp"
[INFO] [stderr]   -- Adding component dataflow
[INFO] [stderr]   -- Adding component transforms
[INFO] [stderr]   -- Adding component rel
[INFO] [stderr]   -- Adding component clp
[INFO] [stderr]   -- Adding component tab
[INFO] [stderr]   -- Adding component bmc
[INFO] [stderr]   -- Adding component ddnf
[INFO] [stderr]   -- Adding component spacer
[INFO] [stderr]   -- Adding component fp
[INFO] [stderr]   -- Adding component ufbv_tactic
[INFO] [stderr]   -- Adding component sat_solver
[INFO] [stderr]   -- Adding component smtlogic_tactics
[INFO] [stderr]   -- Adding rule to generate "qfufbv_tactic_params.hpp"
[INFO] [stderr]   -- Adding component fpa_tactics
[INFO] [stderr]   -- Adding component fd_solver
[INFO] [stderr]   -- Adding component portfolio
[INFO] [stderr]   -- Adding component opt
[INFO] [stderr]   -- Adding rule to generate "opt_params.hpp"
[INFO] [stderr]   -- Adding component api
[INFO] [stderr]   -- Adding component api_dll
[INFO] [stderr]   -- Building documentation disabled
[INFO] [stderr]   -- Configuring done
[INFO] [stderr]   -- Generating done
[INFO] [stderr]   -- Build files have been written to: /opt/rustwide/target/debug/build/z3-sys-44a4b5d0153fc98d/out/build
[INFO] [stderr]   running: cd "/opt/rustwide/target/debug/build/z3-sys-44a4b5d0153fc98d/out/build" && MAKEFLAGS="-j --jobserver-fds=7,8 --jobserver-auth=7,8" "cmake" "--build" "." "--target" "install" "--config" "Debug"
[INFO] [stderr]   [  0%] Building CXX object src/util/CMakeFiles/util.dir/bit_util.cpp.o
[INFO] [stderr]   [  0%] Building CXX object src/util/CMakeFiles/util.dir/common_msgs.cpp.o
[INFO] [stderr]   [  0%] Building CXX object src/util/CMakeFiles/util.dir/cmd_context_types.cpp.o
[INFO] [stderr]   [  0%] Building CXX object src/util/CMakeFiles/util.dir/bit_vector.cpp.o
[INFO] [stderr]   [  0%] Building CXX object src/util/CMakeFiles/util.dir/debug.cpp.o
[INFO] [stderr]   [  0%] Building CXX object src/util/CMakeFiles/util.dir/fixed_bit_vector.cpp.o
[INFO] [stderr]   [  1%] Building CXX object src/util/CMakeFiles/util.dir/approx_nat.cpp.o
[INFO] [stderr]   [  1%] Building CXX object src/util/CMakeFiles/util.dir/approx_set.cpp.o
[INFO] [stderr]   [  1%] Building CXX object src/util/CMakeFiles/util.dir/hash.cpp.o
[INFO] [stderr]   [  1%] Building CXX object src/util/CMakeFiles/util.dir/hwf.cpp.o
[INFO] [stderr]   [  2%] Building CXX object src/util/CMakeFiles/util.dir/gparams.cpp.o
[INFO] [stderr]   [  2%] Building CXX object src/util/CMakeFiles/util.dir/env_params.cpp.o
[INFO] [stderr]   [  2%] Building CXX object src/util/CMakeFiles/util.dir/inf_rational.cpp.o
[INFO] [stderr]   [  2%] Building CXX object src/util/CMakeFiles/util.dir/inf_int_rational.cpp.o
[INFO] [stderr]   [  2%] Building CXX object src/util/CMakeFiles/util.dir/inf_s_integer.cpp.o
[INFO] [stderr]   [  2%] Building CXX object src/util/CMakeFiles/util.dir/lbool.cpp.o
[INFO] [stderr]   [  2%] Building CXX object src/util/CMakeFiles/util.dir/luby.cpp.o
[INFO] [stderr]   [  3%] Building CXX object src/util/CMakeFiles/util.dir/memory_manager.cpp.o
[INFO] [stderr]   [  3%] Building CXX object src/util/CMakeFiles/util.dir/min_cut.cpp.o
[INFO] [stderr]   [  3%] Building CXX object src/util/CMakeFiles/util.dir/mpbq.cpp.o
[INFO] [stderr]   [  3%] Building CXX object src/util/CMakeFiles/util.dir/mpff.cpp.o
[INFO] [stderr]   [  3%] Building CXX object src/util/CMakeFiles/util.dir/mpf.cpp.o
[INFO] [stderr]   [  3%] Building CXX object src/util/CMakeFiles/util.dir/mpfx.cpp.o
[INFO] [stderr]   [  3%] Building CXX object src/util/CMakeFiles/util.dir/mpn.cpp.o
[INFO] [stderr]   [  3%] Building CXX object src/util/CMakeFiles/util.dir/mpq.cpp.o
[INFO] [stderr]   [  4%] Building CXX object src/util/CMakeFiles/util.dir/mpq_inf.cpp.o
[INFO] [stderr]   [  4%] Building CXX object src/util/CMakeFiles/util.dir/mpz.cpp.o
[INFO] [stderr]   [  4%] Building CXX object src/util/CMakeFiles/util.dir/page.cpp.o
[INFO] [stderr]   [  4%] Building CXX object src/util/CMakeFiles/util.dir/params.cpp.o
[INFO] [stderr]   [  4%] Building CXX object src/util/CMakeFiles/util.dir/prime_generator.cpp.o
[INFO] [stderr]   [  4%] Building CXX object src/util/CMakeFiles/util.dir/permutation.cpp.o
[INFO] [stderr]   [  4%] Building CXX object src/util/CMakeFiles/util.dir/rational.cpp.o
[INFO] [stderr]   [  4%] Building CXX object src/util/CMakeFiles/util.dir/region.cpp.o
[INFO] [stderr]   [  4%] Building CXX object src/util/CMakeFiles/util.dir/rlimit.cpp.o
[INFO] [stderr]   [  5%] Building CXX object src/util/CMakeFiles/util.dir/scoped_ctrl_c.cpp.o
[INFO] [stderr]   [  5%] Building CXX object src/util/CMakeFiles/util.dir/scoped_timer.cpp.o
[INFO] [stderr]   [  5%] Building CXX object src/util/CMakeFiles/util.dir/sexpr.cpp.o
[INFO] [stderr]   [  5%] Building CXX object src/util/CMakeFiles/util.dir/s_integer.cpp.o
[INFO] [stderr]   [  5%] Building CXX object src/util/CMakeFiles/util.dir/small_object_allocator.cpp.o
[INFO] [stderr]   [  5%] Building CXX object src/util/CMakeFiles/util.dir/smt2_util.cpp.o
[INFO] [stderr]   [  5%] Building CXX object src/util/CMakeFiles/util.dir/stack.cpp.o
[INFO] [stderr]   [  5%] Building CXX object src/util/CMakeFiles/util.dir/state_graph.cpp.o
[INFO] [stderr]   [  6%] Building CXX object src/util/CMakeFiles/util.dir/statistics.cpp.o
[INFO] [stderr]   [  6%] Building CXX object src/util/CMakeFiles/util.dir/symbol.cpp.o
[INFO] [stderr]   [  6%] Building CXX object src/util/CMakeFiles/util.dir/timeit.cpp.o
[INFO] [stderr]   [  6%] Building CXX object src/util/CMakeFiles/util.dir/trace.cpp.o
[INFO] [stderr]   [  6%] Building CXX object src/util/CMakeFiles/util.dir/timeout.cpp.o
[INFO] [stderr]   [  6%] Building CXX object src/util/CMakeFiles/util.dir/util.cpp.o
[INFO] [stderr]   [  6%] Building CXX object src/util/CMakeFiles/util.dir/warning.cpp.o
[INFO] [stderr]   [  6%] Building CXX object src/util/CMakeFiles/util.dir/z3_exception.cpp.o
[INFO] [stderr]   [  7%] Building CXX object src/util/CMakeFiles/util.dir/zstring.cpp.o
[INFO] [stderr]   [  7%] Built target util
[INFO] [stderr]   [  7%] Generating "/opt/rustwide/target/debug/build/z3-sys-44a4b5d0153fc98d/out/build/src/params/array_rewriter_params.hpp" from "array_rewriter_params.pyg"
[INFO] [stderr]   [  7%] Generating "/opt/rustwide/target/debug/build/z3-sys-44a4b5d0153fc98d/out/build/src/params/bool_rewriter_params.hpp" from "bool_rewriter_params.pyg"
[INFO] [stderr]   [  8%] Generating "/opt/rustwide/target/debug/build/z3-sys-44a4b5d0153fc98d/out/build/src/params/bv_rewriter_params.hpp" from "bv_rewriter_params.pyg"
[INFO] [stderr]   [  8%] Generating "/opt/rustwide/target/debug/build/z3-sys-44a4b5d0153fc98d/out/build/src/params/fpa2bv_rewriter_params.hpp" from "fpa2bv_rewriter_params.pyg"
[INFO] [stderr]   [  8%] Generating "/opt/rustwide/target/debug/build/z3-sys-44a4b5d0153fc98d/out/build/src/params/pattern_inference_params_helper.hpp" from "pattern_inference_params_helper.pyg"
[INFO] [stderr]   [  8%] Generating "/opt/rustwide/target/debug/build/z3-sys-44a4b5d0153fc98d/out/build/src/params/seq_rewriter_params.hpp" from "seq_rewriter_params.pyg"
[INFO] [stderr]   [  8%] Generating "/opt/rustwide/target/debug/build/z3-sys-44a4b5d0153fc98d/out/build/src/math/polynomial/algebraic_params.hpp" from "algebraic_params.pyg"
[INFO] [stderr]   [  8%] Generating "/opt/rustwide/target/debug/build/z3-sys-44a4b5d0153fc98d/out/build/src/params/arith_rewriter_params.hpp" from "arith_rewriter_params.pyg"
[INFO] [stderr]   [  8%] Generating "/opt/rustwide/target/debug/build/z3-sys-44a4b5d0153fc98d/out/build/src/params/fpa_rewriter_params.hpp" from "fpa_rewriter_params.pyg"
[INFO] [stderr]   [  8%] Generating "/opt/rustwide/target/debug/build/z3-sys-44a4b5d0153fc98d/out/build/src/params/poly_rewriter_params.hpp" from "poly_rewriter_params.pyg"
[INFO] [stderr]   [  8%] Building CXX object src/math/dd/CMakeFiles/dd.dir/dd_bdd.cpp.o
[INFO] [stderr]   [  8%] Building CXX object src/math/simplex/CMakeFiles/simplex.dir/simplex.cpp.o
[INFO] [stderr]   [  8%] Building CXX object src/math/automata/CMakeFiles/automata.dir/automaton.cpp.o
[INFO] [stderr]   [  8%] Building CXX object src/math/interval/CMakeFiles/interval.dir/interval_mpq.cpp.o
[INFO] [stderr]   [  8%] Building CXX object src/math/hilbert/CMakeFiles/hilbert.dir/hilbert_basis.cpp.o
[INFO] [stderr]   [  8%] Building CXX object src/math/simplex/CMakeFiles/simplex.dir/model_based_opt.cpp.o
[INFO] [stderr]   [  9%] Building CXX object src/math/interval/CMakeFiles/interval.dir/dep_intervals.cpp.o
[INFO] [stderr]   [  9%] Building CXX object src/math/dd/CMakeFiles/dd.dir/dd_pdd.cpp.o
[INFO] [stderr]   [  9%] Building CXX object src/math/simplex/CMakeFiles/simplex.dir/bit_matrix.cpp.o
[INFO] [stderr]   [ 10%] Building CXX object src/math/polynomial/CMakeFiles/polynomial.dir/polynomial_cache.cpp.o
[INFO] [stderr]   [ 10%] Building CXX object src/math/polynomial/CMakeFiles/polynomial.dir/polynomial.cpp.o
[INFO] [stderr]   [ 10%] Generating "/opt/rustwide/target/debug/build/z3-sys-44a4b5d0153fc98d/out/build/src/params/rewriter_params.hpp" from "rewriter_params.pyg"
[INFO] [stderr]   [ 10%] Building CXX object src/math/polynomial/CMakeFiles/polynomial.dir/algebraic_numbers.cpp.o
[INFO] [stderr]   [ 10%] Building CXX object src/math/polynomial/CMakeFiles/polynomial.dir/rpolynomial.cpp.o
[INFO] [stderr]   [ 10%] Building CXX object src/math/polynomial/CMakeFiles/polynomial.dir/sexpr2upolynomial.cpp.o
[INFO] [stderr]   [ 10%] Building CXX object src/params/CMakeFiles/params.dir/pattern_inference_params.cpp.o
[INFO] [stderr]   [ 10%] Building CXX object src/math/polynomial/CMakeFiles/polynomial.dir/upolynomial.cpp.o
[INFO] [stderr]   [ 10%] Building CXX object src/math/polynomial/CMakeFiles/polynomial.dir/upolynomial_factorization.cpp.o
[INFO] [stderr]   [ 10%] Building CXX object src/params/CMakeFiles/params.dir/context_params.cpp.o
[INFO] [stderr]   [ 10%] Built target automata
[INFO] [stderr]   [ 10%] Built target interval
[INFO] [stderr]   [ 10%] Generating "/opt/rustwide/target/debug/build/z3-sys-44a4b5d0153fc98d/out/build/src/math/realclosure/rcf_params.hpp" from "rcf_params.pyg"
[INFO] [stderr]   [ 10%] Building CXX object src/math/subpaving/CMakeFiles/subpaving.dir/subpaving_mpf.cpp.o
[INFO] [stderr]   [ 10%] Building CXX object src/math/subpaving/CMakeFiles/subpaving.dir/subpaving_hwf.cpp.o
[INFO] [stderr]   [ 10%] Building CXX object src/math/subpaving/CMakeFiles/subpaving.dir/subpaving.cpp.o
[INFO] [stderr]   [ 11%] Building CXX object src/math/subpaving/CMakeFiles/subpaving.dir/subpaving_mpff.cpp.o
[INFO] [stderr]   [ 11%] Building CXX object src/math/subpaving/CMakeFiles/subpaving.dir/subpaving_mpfx.cpp.o
[INFO] [stderr]   [ 11%] Building CXX object src/math/subpaving/CMakeFiles/subpaving.dir/subpaving_mpq.cpp.o
[INFO] [stderr]   [ 11%] Built target params
[INFO] [stderr]   [ 11%] Building CXX object src/math/realclosure/CMakeFiles/realclosure.dir/mpz_matrix.cpp.o
[INFO] [stderr]   [ 11%] Building CXX object src/math/realclosure/CMakeFiles/realclosure.dir/realclosure.cpp.o
[INFO] [stderr]   [ 12%] Generating "/opt/rustwide/target/debug/build/z3-sys-44a4b5d0153fc98d/out/build/src/smt/params/smt_params_helper.hpp" from "smt_params_helper.pyg"
[INFO] [stderr]   [ 12%] Built target hilbert
[INFO] [stderr]   [ 12%] Building CXX object src/smt/params/CMakeFiles/smt_params.dir/dyn_ack_params.cpp.o
[INFO] [stderr]   [ 12%] Building CXX object src/smt/params/CMakeFiles/smt_params.dir/preprocessor_params.cpp.o
[INFO] [stderr]   [ 12%] Building CXX object src/smt/params/CMakeFiles/smt_params.dir/qi_params.cpp.o
[INFO] [stderr]   [ 12%] Built target dd
[INFO] [stderr]   [ 12%] Building CXX object src/smt/params/CMakeFiles/smt_params.dir/smt_params.cpp.o
[INFO] [stderr]   [ 12%] Building CXX object src/smt/params/CMakeFiles/smt_params.dir/theory_arith_params.cpp.o
[INFO] [stderr]   [ 12%] Building CXX object src/smt/params/CMakeFiles/smt_params.dir/theory_array_params.cpp.o
[INFO] [stderr]   [ 12%] Building CXX object src/smt/params/CMakeFiles/smt_params.dir/theory_pb_params.cpp.o
[INFO] [stderr]   [ 12%] Building CXX object src/smt/params/CMakeFiles/smt_params.dir/theory_bv_params.cpp.o
[INFO] [stderr]   [ 13%] Building CXX object src/smt/params/CMakeFiles/smt_params.dir/theory_seq_params.cpp.o
[INFO] [stderr]   [ 13%] Building CXX object src/smt/params/CMakeFiles/smt_params.dir/theory_str_params.cpp.o
[INFO] [stderr]   [ 13%] Built target smt_params
[INFO] [stderr]   [ 13%] Built target realclosure
[INFO] [stderr] 
[INFO] [stderr]   --- stderr
[INFO] [stderr]   CMake Warning at CMakeLists.txt:51 (message):
[INFO] [stderr]     Disabling Z3_INCLUDE_GIT_DESCRIBE
[INFO] [stderr]   Call Stack (most recent call first):
[INFO] [stderr]     CMakeLists.txt:100 (disable_git_describe)
[INFO] [stderr] 
[INFO] [stderr] 
[INFO] [stderr]   CMake Warning at CMakeLists.txt:55 (message):
[INFO] [stderr]     Disabling Z3_INCLUDE_GIT_HASH
[INFO] [stderr]   Call Stack (most recent call first):
[INFO] [stderr]     CMakeLists.txt:101 (disable_git_hash)
[INFO] [stderr] 
[INFO] [stderr] 
[INFO] [stderr]   CMake Warning:
[INFO] [stderr]     Manually-specified variables were not used by the project:
[INFO] [stderr] 
[INFO] [stderr]       CMAKE_ASM_COMPILER
[INFO] [stderr]       CMAKE_ASM_FLAGS
[INFO] [stderr]       CMAKE_C_COMPILER
[INFO] [stderr]       CMAKE_C_FLAGS
[INFO] [stderr] 
[INFO] [stderr] 
[INFO] [stderr]   INFO:root:Using /opt/rustwide/cargo-home/registry/src/index.crates.io-6f17d22bba15001f/z3-sys-0.7.1/z3/src/params/fpa_rewriter_params.pyg
[INFO] [stderr]   INFO:root:Using /opt/rustwide/cargo-home/registry/src/index.crates.io-6f17d22bba15001f/z3-sys-0.7.1/z3/src/params/seq_rewriter_params.pyg
[INFO] [stderr]   INFO:root:Using /opt/rustwide/cargo-home/registry/src/index.crates.io-6f17d22bba15001f/z3-sys-0.7.1/z3/src/params/bv_rewriter_params.pyg
[INFO] [stderr]   INFO:root:Using /opt/rustwide/cargo-home/registry/src/index.crates.io-6f17d22bba15001f/z3-sys-0.7.1/z3/src/params/pattern_inference_params_helper.pyg
[INFO] [stderr]   INFO:root:Generated "/opt/rustwide/target/debug/build/z3-sys-44a4b5d0153fc98d/out/build/src/params/seq_rewriter_params.hpp"
[INFO] [stderr]   INFO:root:Generated "/opt/rustwide/target/debug/build/z3-sys-44a4b5d0153fc98d/out/build/src/params/pattern_inference_params_helper.hpp"
[INFO] [stderr]   INFO:root:Using /opt/rustwide/cargo-home/registry/src/index.crates.io-6f17d22bba15001f/z3-sys-0.7.1/z3/src/math/polynomial/algebraic_params.pyg
[INFO] [stderr]   INFO:root:Generated "/opt/rustwide/target/debug/build/z3-sys-44a4b5d0153fc98d/out/build/src/params/bv_rewriter_params.hpp"
[INFO] [stderr]   INFO:root:Generated "/opt/rustwide/target/debug/build/z3-sys-44a4b5d0153fc98d/out/build/src/math/polynomial/algebraic_params.hpp"
[INFO] [stderr]   INFO:root:Using /opt/rustwide/cargo-home/registry/src/index.crates.io-6f17d22bba15001f/z3-sys-0.7.1/z3/src/params/bool_rewriter_params.pyg
[INFO] [stderr]   INFO:root:Using /opt/rustwide/cargo-home/registry/src/index.crates.io-6f17d22bba15001f/z3-sys-0.7.1/z3/src/params/poly_rewriter_params.pyg
[INFO] [stderr]   INFO:root:Generated "/opt/rustwide/target/debug/build/z3-sys-44a4b5d0153fc98d/out/build/src/params/bool_rewriter_params.hpp"
[INFO] [stderr]   INFO:root:Using /opt/rustwide/cargo-home/registry/src/index.crates.io-6f17d22bba15001f/z3-sys-0.7.1/z3/src/params/fpa2bv_rewriter_params.pyg
[INFO] [stderr]   INFO:root:Using /opt/rustwide/cargo-home/registry/src/index.crates.io-6f17d22bba15001f/z3-sys-0.7.1/z3/src/params/arith_rewriter_params.pyg
[INFO] [stderr]   INFO:root:Generated "/opt/rustwide/target/debug/build/z3-sys-44a4b5d0153fc98d/out/build/src/params/poly_rewriter_params.hpp"
[INFO] [stderr]   INFO:root:Generated "/opt/rustwide/target/debug/build/z3-sys-44a4b5d0153fc98d/out/build/src/params/fpa2bv_rewriter_params.hpp"
[INFO] [stderr]   INFO:root:Generated "/opt/rustwide/target/debug/build/z3-sys-44a4b5d0153fc98d/out/build/src/params/arith_rewriter_params.hpp"
[INFO] [stderr]   INFO:root:Using /opt/rustwide/cargo-home/registry/src/index.crates.io-6f17d22bba15001f/z3-sys-0.7.1/z3/src/params/array_rewriter_params.pyg
[INFO] [stderr]   INFO:root:Generated "/opt/rustwide/target/debug/build/z3-sys-44a4b5d0153fc98d/out/build/src/params/array_rewriter_params.hpp"
[INFO] [stderr]   INFO:root:Generated "/opt/rustwide/target/debug/build/z3-sys-44a4b5d0153fc98d/out/build/src/params/fpa_rewriter_params.hpp"
[INFO] [stderr]   INFO:root:Using /opt/rustwide/cargo-home/registry/src/index.crates.io-6f17d22bba15001f/z3-sys-0.7.1/z3/src/params/rewriter_params.pyg
[INFO] [stderr]   INFO:root:Generated "/opt/rustwide/target/debug/build/z3-sys-44a4b5d0153fc98d/out/build/src/params/rewriter_params.hpp"
[INFO] [stderr]   c++: fatal error: Killed signal terminated program cc1plus
[INFO] [stderr]   compilation terminated.
[INFO] [stderr]   gmake[2]: *** [src/math/simplex/CMakeFiles/simplex.dir/build.make:76: src/math/simplex/CMakeFiles/simplex.dir/simplex.cpp.o] Error 1
[INFO] [stderr]   gmake[2]: *** Waiting for unfinished jobs....
[INFO] [stderr]   INFO:root:Using /opt/rustwide/cargo-home/registry/src/index.crates.io-6f17d22bba15001f/z3-sys-0.7.1/z3/src/math/realclosure/rcf_params.pyg
[INFO] [stderr]   INFO:root:Generated "/opt/rustwide/target/debug/build/z3-sys-44a4b5d0153fc98d/out/build/src/math/realclosure/rcf_params.hpp"
[INFO] [stderr]   INFO:root:Using /opt/rustwide/cargo-home/registry/src/index.crates.io-6f17d22bba15001f/z3-sys-0.7.1/z3/src/smt/params/smt_params_helper.pyg
[INFO] [stderr]   INFO:root:Generated "/opt/rustwide/target/debug/build/z3-sys-44a4b5d0153fc98d/out/build/src/smt/params/smt_params_helper.hpp"
[INFO] [stderr]   gmake[1]: *** [CMakeFiles/Makefile2:1547: src/math/simplex/CMakeFiles/simplex.dir/all] Error 2
[INFO] [stderr]   gmake[1]: *** Waiting for unfinished jobs....
[INFO] [stderr]   c++: fatal error: Killed signal terminated program cc1plus
[INFO] [stderr]   compilation terminated.
[INFO] [stderr]   gmake[2]: *** [src/math/polynomial/CMakeFiles/polynomial.dir/build.make:110: src/math/polynomial/CMakeFiles/polynomial.dir/polynomial.cpp.o] Error 1
[INFO] [stderr]   gmake[2]: *** Waiting for unfinished jobs....
[INFO] [stderr]   c++: fatal error: Killed signal terminated program cc1plus
[INFO] [stderr]   compilation terminated.
[INFO] [stderr]   gmake[2]: *** [src/math/subpaving/CMakeFiles/subpaving.dir/build.make:118: src/math/subpaving/CMakeFiles/subpaving.dir/subpaving_mpff.cpp.o] Error 1
[INFO] [stderr]   gmake[2]: *** Waiting for unfinished jobs....
[INFO] [stderr]   gmake[1]: *** [CMakeFiles/Makefile2:1469: src/math/polynomial/CMakeFiles/polynomial.dir/all] Error 2
[INFO] [stderr]   gmake[1]: *** [CMakeFiles/Makefile2:1653: src/math/subpaving/CMakeFiles/subpaving.dir/all] Error 2
[INFO] [stderr]   gmake: *** [Makefile:136: all] Error 2
[INFO] [stderr]   thread 'main' panicked at /opt/rustwide/cargo-home/registry/src/index.crates.io-6f17d22bba15001f/cmake-0.1.50/src/lib.rs:1098:5:
[INFO] [stderr] 
[INFO] [stderr]   command did not execute successfully, got: exit status: 2
[INFO] [stderr] 
[INFO] [stderr]   build script failed, must exit now
[INFO] [stderr]   stack backtrace:
[INFO] [stderr]      0:     0x560f2d73a76c - std::backtrace_rs::backtrace::libunwind::trace::ha637c64ce894333a
[INFO] [stderr]                                  at /rustc/82e1608dfa6e0b5569232559e3d385fea5a93112/library/std/src/../../backtrace/src/backtrace/libunwind.rs:104:5
[INFO] [stderr]      1:     0x560f2d73a76c - std::backtrace_rs::backtrace::trace_unsynchronized::h47f62dea28e0c88d
[INFO] [stderr]                                  at /rustc/82e1608dfa6e0b5569232559e3d385fea5a93112/library/std/src/../../backtrace/src/backtrace/mod.rs:66:5
[INFO] [stderr]      2:     0x560f2d73a76c - std::sys_common::backtrace::_print_fmt::h9eef0abe20ede486
[INFO] [stderr]                                  at /rustc/82e1608dfa6e0b5569232559e3d385fea5a93112/library/std/src/sys_common/backtrace.rs:67:5
[INFO] [stderr]      3:     0x560f2d73a76c - <std::sys_common::backtrace::_print::DisplayBacktrace as core::fmt::Display>::fmt::hed7f999df88cc644
[INFO] [stderr]                                  at /rustc/82e1608dfa6e0b5569232559e3d385fea5a93112/library/std/src/sys_common/backtrace.rs:44:22
[INFO] [stderr]      4:     0x560f2d766260 - core::fmt::rt::Argument::fmt::h1539a9308b8d058d
[INFO] [stderr]                                  at /rustc/82e1608dfa6e0b5569232559e3d385fea5a93112/library/core/src/fmt/rt.rs:142:9
[INFO] [stderr]      5:     0x560f2d766260 - core::fmt::write::h3a39390d8560d9c9
[INFO] [stderr]                                  at /rustc/82e1608dfa6e0b5569232559e3d385fea5a93112/library/core/src/fmt/mod.rs:1120:17
[INFO] [stderr]      6:     0x560f2d737abf - std::io::Write::write_fmt::h5fc9997dfe05f882
[INFO] [stderr]                                  at /rustc/82e1608dfa6e0b5569232559e3d385fea5a93112/library/std/src/io/mod.rs:1762:15
[INFO] [stderr]      7:     0x560f2d73a554 - std::sys_common::backtrace::_print::h894006fb5c6f3d45
[INFO] [stderr]                                  at /rustc/82e1608dfa6e0b5569232559e3d385fea5a93112/library/std/src/sys_common/backtrace.rs:47:5
[INFO] [stderr]      8:     0x560f2d73a554 - std::sys_common::backtrace::print::h23a2d212c6fff936
[INFO] [stderr]                                  at /rustc/82e1608dfa6e0b5569232559e3d385fea5a93112/library/std/src/sys_common/backtrace.rs:34:9
[INFO] [stderr]      9:     0x560f2d73bd67 - std::panicking::default_hook::{{closure}}::h8a1d2ee00185001a
[INFO] [stderr]     10:     0x560f2d73bacf - std::panicking::default_hook::h6038f2eba384e475
[INFO] [stderr]                                  at /rustc/82e1608dfa6e0b5569232559e3d385fea5a93112/library/std/src/panicking.rs:292:9
[INFO] [stderr]     11:     0x560f2d73c1e8 - std::panicking::rust_panic_with_hook::h2b5517d590cab22e
[INFO] [stderr]                                  at /rustc/82e1608dfa6e0b5569232559e3d385fea5a93112/library/std/src/panicking.rs:779:13
[INFO] [stderr]     12:     0x560f2d73c0ce - std::panicking::begin_panic_handler::{{closure}}::h233112c06e0ef43e
[INFO] [stderr]                                  at /rustc/82e1608dfa6e0b5569232559e3d385fea5a93112/library/std/src/panicking.rs:657:13
[INFO] [stderr]     13:     0x560f2d73ac36 - std::sys_common::backtrace::__rust_end_short_backtrace::h6e893f24d7ebbff8
[INFO] [stderr]                                  at /rustc/82e1608dfa6e0b5569232559e3d385fea5a93112/library/std/src/sys_common/backtrace.rs:170:18
[INFO] [stderr]     14:     0x560f2d73be32 - rust_begin_unwind
[INFO] [stderr]                                  at /rustc/82e1608dfa6e0b5569232559e3d385fea5a93112/library/std/src/panicking.rs:645:5
[INFO] [stderr]     15:     0x560f2d2ee7b5 - core::panicking::panic_fmt::hbf0e066aabfa482c
[INFO] [stderr]                                  at /rustc/82e1608dfa6e0b5569232559e3d385fea5a93112/library/core/src/panicking.rs:72:14
[INFO] [stderr]     16:     0x560f2d304d41 - cmake::fail::hdc63f13abd2db973
[INFO] [stderr]     17:     0x560f2d3044c7 - cmake::run::h0190f94456826472
[INFO] [stderr]     18:     0x560f2d300da1 - cmake::Config::build::h77053371569099fb
[INFO] [stderr]     19:     0x560f2d2f2e95 - build_script_build::build_z3::h08ae5bf574a17b4c
[INFO] [stderr]     20:     0x560f2d2f2671 - build_script_build::main::h36a0b85c4b57e25d
[INFO] [stderr]     21:     0x560f2d2efc33 - core::ops::function::FnOnce::call_once::hbb18e733aab04f58
[INFO] [stderr]     22:     0x560f2d2ef156 - std::sys_common::backtrace::__rust_begin_short_backtrace::ha94225d779b1a523
[INFO] [stderr]     23:     0x560f2d2ef819 - std::rt::lang_start::{{closure}}::hec06bba1d83dd8ce
[INFO] [stderr]     24:     0x560f2d733597 - core::ops::function::impls::<impl core::ops::function::FnOnce<A> for &F>::call_once::hd95060ecd5e1ca24
[INFO] [stderr]                                  at /rustc/82e1608dfa6e0b5569232559e3d385fea5a93112/library/core/src/ops/function.rs:284:13
[INFO] [stderr]     25:     0x560f2d733597 - std::panicking::try::do_call::h6e8cf51db32a6e4b
[INFO] [stderr]                                  at /rustc/82e1608dfa6e0b5569232559e3d385fea5a93112/library/std/src/panicking.rs:552:40
[INFO] [stderr]     26:     0x560f2d733597 - std::panicking::try::h3a52eefe24fe3c29
[INFO] [stderr]                                  at /rustc/82e1608dfa6e0b5569232559e3d385fea5a93112/library/std/src/panicking.rs:516:19
[INFO] [stderr]     27:     0x560f2d733597 - std::panic::catch_unwind::h24c28c23c02c3841
[INFO] [stderr]                                  at /rustc/82e1608dfa6e0b5569232559e3d385fea5a93112/library/std/src/panic.rs:142:14
[INFO] [stderr]     28:     0x560f2d733597 - std::rt::lang_start_internal::{{closure}}::h705d3c9cbc06ef47
[INFO] [stderr]                                  at /rustc/82e1608dfa6e0b5569232559e3d385fea5a93112/library/std/src/rt.rs:148:48
[INFO] [stderr]     29:     0x560f2d733597 - std::panicking::try::do_call::ha21f52ba13158470
[INFO] [stderr]                                  at /rustc/82e1608dfa6e0b5569232559e3d385fea5a93112/library/std/src/panicking.rs:552:40
[INFO] [stderr]     30:     0x560f2d733597 - std::panicking::try::h5581346bf6aeb1f8
[INFO] [stderr]                                  at /rustc/82e1608dfa6e0b5569232559e3d385fea5a93112/library/std/src/panicking.rs:516:19
[INFO] [stderr]     31:     0x560f2d733597 - std::panic::catch_unwind::h7919645a6b72e25b
[INFO] [stderr]                                  at /rustc/82e1608dfa6e0b5569232559e3d385fea5a93112/library/std/src/panic.rs:142:14
[INFO] [stderr]     32:     0x560f2d733597 - std::rt::lang_start_internal::h12de51168669836e
[INFO] [stderr]                                  at /rustc/82e1608dfa6e0b5569232559e3d385fea5a93112/library/std/src/rt.rs:148:20
[INFO] [stderr]     33:     0x560f2d2ef7f7 - std::rt::lang_start::h0df40c814e21a472
[INFO] [stderr]     34:     0x560f2d2f3a95 - main
[INFO] [stderr]     35:     0x7f542b43fd90 - <unknown>
[INFO] [stderr]     36:     0x7f542b43fe40 - __libc_start_main
[INFO] [stderr]     37:     0x560f2d2ef085 - _start
[INFO] [stderr]     38:                0x0 - <unknown>
[INFO] running `Command { std: "docker" "inspect" "8b563af4f5e636bd73f617c43d7e135a0edc879bfb018903cf53beae9c841730", kill_on_drop: false }`
[INFO] running `Command { std: "docker" "rm" "-f" "8b563af4f5e636bd73f617c43d7e135a0edc879bfb018903cf53beae9c841730", kill_on_drop: false }`
[INFO] [stdout] 8b563af4f5e636bd73f617c43d7e135a0edc879bfb018903cf53beae9c841730
[INFO] documenting etk-analyze-0.3.0 against beta-2023-12-22 for beta-1.76-rustdoc-1
[INFO] extracting crate etk-analyze 0.3.0 into /workspace/builds/worker-6-tc2/source
[INFO] validating manifest of crates.io crate etk-analyze 0.3.0 on toolchain beta-2023-12-22
[INFO] running `Command { std: CARGO_HOME="/workspace/cargo-home" RUSTUP_HOME="/workspace/rustup-home" "/workspace/cargo-home/bin/cargo" "+beta-2023-12-22" "metadata" "--manifest-path" "Cargo.toml" "--no-deps", kill_on_drop: false }`
[INFO] started tweaking crates.io crate etk-analyze 0.3.0
[INFO] finished tweaking crates.io crate etk-analyze 0.3.0
[INFO] tweaked toml for crates.io crate etk-analyze 0.3.0 written to /workspace/builds/worker-6-tc2/source/Cargo.toml
[INFO] crate crates.io crate etk-analyze 0.3.0 already has a lockfile, it will not be regenerated
[INFO] running `Command { std: CARGO_HOME="/workspace/cargo-home" RUSTUP_HOME="/workspace/rustup-home" "/workspace/cargo-home/bin/cargo" "+beta-2023-12-22" "fetch" "--manifest-path" "Cargo.toml", kill_on_drop: false }`
[INFO] running `Command { std: "docker" "create" "-v" "/var/lib/crater-agent-workspace/builds/worker-6-tc2/target:/opt/rustwide/target:rw,Z" "-v" "/var/lib/crater-agent-workspace/builds/worker-6-tc2/source:/opt/rustwide/workdir:ro,Z" "-v" "/var/lib/crater-agent-workspace/cargo-home:/opt/rustwide/cargo-home:ro,Z" "-v" "/var/lib/crater-agent-workspace/rustup-home:/opt/rustwide/rustup-home:ro,Z" "-e" "SOURCE_DIR=/opt/rustwide/workdir" "-e" "CARGO_TARGET_DIR=/opt/rustwide/target" "-e" "CARGO_HOME=/opt/rustwide/cargo-home" "-e" "RUSTUP_HOME=/opt/rustwide/rustup-home" "-w" "/opt/rustwide/workdir" "-m" "1610612736" "--user" "0:0" "--network" "none" "ghcr.io/rust-lang/crates-build-env/linux@sha256:2788e3201cd34a07e3172128adcd8b3090168a8e3bcc40d7c032b9dda1df7d1c" "/opt/rustwide/cargo-home/bin/cargo" "+beta-2023-12-22" "metadata" "--no-deps" "--format-version=1", kill_on_drop: false }`
[INFO] [stdout] ea82c9a3309ef24c6f3342f2a0b2def49dc2710fc8a13b932e8354d47f889618
[INFO] running `Command { std: "docker" "start" "-a" "ea82c9a3309ef24c6f3342f2a0b2def49dc2710fc8a13b932e8354d47f889618", kill_on_drop: false }`
[INFO] running `Command { std: "docker" "inspect" "ea82c9a3309ef24c6f3342f2a0b2def49dc2710fc8a13b932e8354d47f889618", kill_on_drop: false }`
[INFO] running `Command { std: "docker" "rm" "-f" "ea82c9a3309ef24c6f3342f2a0b2def49dc2710fc8a13b932e8354d47f889618", kill_on_drop: false }`
[INFO] [stdout] ea82c9a3309ef24c6f3342f2a0b2def49dc2710fc8a13b932e8354d47f889618
[INFO] running `Command { std: "docker" "create" "-v" "/var/lib/crater-agent-workspace/builds/worker-6-tc2/target:/opt/rustwide/target:rw,Z" "-v" "/var/lib/crater-agent-workspace/builds/worker-6-tc2/source:/opt/rustwide/workdir:ro,Z" "-v" "/var/lib/crater-agent-workspace/cargo-home:/opt/rustwide/cargo-home:ro,Z" "-v" "/var/lib/crater-agent-workspace/rustup-home:/opt/rustwide/rustup-home:ro,Z" "-e" "SOURCE_DIR=/opt/rustwide/workdir" "-e" "CARGO_TARGET_DIR=/opt/rustwide/target" "-e" "CARGO_INCREMENTAL=0" "-e" "RUST_BACKTRACE=full" "-e" "RUSTFLAGS=--cap-lints=warn" "-e" "RUSTDOCFLAGS=--cap-lints=warn" "-e" "CARGO_HOME=/opt/rustwide/cargo-home" "-e" "RUSTUP_HOME=/opt/rustwide/rustup-home" "-w" "/opt/rustwide/workdir" "-m" "1610612736" "--user" "0:0" "--network" "none" "ghcr.io/rust-lang/crates-build-env/linux@sha256:2788e3201cd34a07e3172128adcd8b3090168a8e3bcc40d7c032b9dda1df7d1c" "/opt/rustwide/cargo-home/bin/cargo" "+beta-2023-12-22" "doc" "--frozen" "--no-deps" "--document-private-items" "--message-format=json", kill_on_drop: false }`
[INFO] [stdout] abfb6474049a16526f338f7dba277090998334f09af1d9677b02d9bd9e2f8a43
[INFO] running `Command { std: "docker" "start" "-a" "abfb6474049a16526f338f7dba277090998334f09af1d9677b02d9bd9e2f8a43", kill_on_drop: false }`
[INFO] [stderr]    Compiling proc-macro2 v1.0.38
[INFO] [stderr]    Compiling unicode-xid v0.2.3
[INFO] [stderr]    Compiling syn v1.0.93
[INFO] [stderr]    Compiling libc v0.2.125
[INFO] [stderr]    Compiling serde_derive v1.0.137
[INFO] [stderr]    Compiling serde v1.0.137
[INFO] [stderr]    Compiling memchr v2.5.0
[INFO] [stderr]    Compiling typenum v1.15.0
[INFO] [stderr]    Compiling cfg-if v1.0.0
[INFO] [stderr]    Compiling glob v0.3.0
[INFO] [stderr]    Compiling regex-syntax v0.6.25
[INFO] [stderr]    Compiling unicode-width v0.1.9
[INFO] [stderr]    Compiling num-traits v0.2.15
[INFO] [stderr]    Compiling num-integer v0.1.45
[INFO] [stderr]    Compiling indexmap v1.8.1
[INFO] [stderr]    Compiling generic-array v0.14.5
[INFO] [stderr]    Compiling num-bigint v0.4.3
[INFO] [stderr]    Compiling nom v5.1.2
[INFO] [stderr]    Compiling log v0.4.17
[INFO] [stderr]    Compiling textwrap v0.11.0
[INFO] [stderr]    Compiling libloading v0.7.3
[INFO] [stderr]    Compiling termcolor v1.1.3
[INFO] [stderr]    Compiling bindgen v0.58.1
[INFO] [stderr]    Compiling ucd-trie v0.1.3
[INFO] [stderr]    Compiling vec_map v0.8.2
[INFO] [stderr]    Compiling clang-sys v1.3.1
[INFO] [stderr]    Compiling humantime v2.1.0
[INFO] [stderr]    Compiling strsim v0.8.0
[INFO] [stderr]    Compiling bitflags v1.3.2
[INFO] [stderr]    Compiling hashbrown v0.11.2
[INFO] [stderr]    Compiling ansi_term v0.12.1
[INFO] [stderr]    Compiling pest v2.1.3
[INFO] [stderr]    Compiling lazycell v1.3.0
[INFO] [stderr]    Compiling cc v1.0.73
[INFO] [stderr]    Compiling peeking_take_while v0.1.2
[INFO] [stderr]    Compiling quote v1.0.18
[INFO] [stderr]    Compiling aho-corasick v0.7.18
[INFO] [stderr]    Compiling shlex v1.1.0
[INFO] [stderr]    Compiling rustc-hash v1.1.0
[INFO] [stderr]    Compiling maplit v1.0.2
[INFO] [stderr]     Checking ppv-lite86 v0.2.16
[INFO] [stderr]     Checking getrandom v0.2.6
[INFO] [stderr]     Checking keccak v0.1.0
[INFO] [stderr]    Compiling atty v0.2.14
[INFO] [stderr]    Compiling which v3.1.1
[INFO] [stderr]     Checking rand_core v0.6.3
[INFO] [stderr]    Compiling clap v2.34.0
[INFO] [stderr]    Compiling cmake v0.1.50
[INFO] [stderr]     Checking fixedbitset v0.4.1
[INFO] [stderr]    Compiling pest_meta v2.1.3
[INFO] [stderr]     Checking rand_chacha v0.3.1
[INFO] [stderr]     Checking rand v0.8.5
[INFO] [stderr]    Compiling regex v1.5.5
[INFO] [stderr]     Checking crypto-common v0.1.3
[INFO] [stderr]     Checking block-buffer v0.10.2
[INFO] [stderr]     Checking digest v0.10.3
[INFO] [stderr]     Checking sha3 v0.10.1
[INFO] [stderr]    Compiling cexpr v0.4.0
[INFO] [stderr]    Compiling env_logger v0.8.4
[INFO] [stderr]    Compiling pest_generator v2.1.3
[INFO] [stderr]    Compiling snafu-derive v0.7.1
[INFO] [stderr]    Compiling enum-ordinalize v3.1.11
[INFO] [stderr]    Compiling pest_derive v2.1.0
[INFO] [stderr]    Compiling educe v0.4.19
[INFO] [stderr]     Checking snafu v0.7.1
[INFO] [stderr]    Compiling z3-sys v0.7.1
[INFO] [stderr]    Compiling toml v0.5.9
[INFO] [stderr]     Checking petgraph v0.6.0
[INFO] [stderr]    Compiling etk-ops v0.3.0
[INFO] [stderr] error: could not compile `etk-ops` (lib)
[INFO] [stderr] 
[INFO] [stderr] Caused by:
[INFO] [stderr]   process didn't exit successfully: `/opt/rustwide/rustup-home/toolchains/beta-2023-12-22-x86_64-unknown-linux-gnu/bin/rustc --crate-name etk_ops --edition=2021 /opt/rustwide/cargo-home/registry/src/index.crates.io-6f17d22bba15001f/etk-ops-0.3.0/src/lib.rs --error-format=json --json=diagnostic-rendered-ansi,artifacts,future-incompat --crate-type lib --emit=dep-info,metadata -C embed-bitcode=no -C debuginfo=2 -C metadata=982fb8838462d931 -C extra-filename=-982fb8838462d931 --out-dir /opt/rustwide/target/debug/deps -L dependency=/opt/rustwide/target/debug/deps --extern educe=/opt/rustwide/target/debug/deps/libeduce-ec86addb980203fb.so --extern snafu=/opt/rustwide/target/debug/deps/libsnafu-06cb42b1ecef4308.rmeta --cap-lints allow --cap-lints=warn` (signal: 9, SIGKILL: kill)
[INFO] [stderr] warning: build failed, waiting for other jobs to finish...
[INFO] [stderr] error: failed to run custom build command for `z3-sys v0.7.1`
[INFO] [stderr] note: To improve backtraces for build dependencies, set the CARGO_PROFILE_DEV_BUILD_OVERRIDE_DEBUG=true environment variable to enable debug information generation.
[INFO] [stderr] 
[INFO] [stderr] Caused by:
[INFO] [stderr]   process didn't exit successfully: `/opt/rustwide/target/debug/build/z3-sys-849fa3e33cea4eac/build-script-build` (exit status: 101)
[INFO] [stderr]   --- stdout
[INFO] [stderr]   CMAKE_TOOLCHAIN_FILE_x86_64-unknown-linux-gnu = None
[INFO] [stderr]   CMAKE_TOOLCHAIN_FILE_x86_64_unknown_linux_gnu = None
[INFO] [stderr]   HOST_CMAKE_TOOLCHAIN_FILE = None
[INFO] [stderr]   CMAKE_TOOLCHAIN_FILE = None
[INFO] [stderr]   CMAKE_GENERATOR_x86_64-unknown-linux-gnu = None
[INFO] [stderr]   CMAKE_GENERATOR_x86_64_unknown_linux_gnu = None
[INFO] [stderr]   HOST_CMAKE_GENERATOR = None
[INFO] [stderr]   CMAKE_GENERATOR = None
[INFO] [stderr]   CMAKE_PREFIX_PATH_x86_64-unknown-linux-gnu = None
[INFO] [stderr]   CMAKE_PREFIX_PATH_x86_64_unknown_linux_gnu = None
[INFO] [stderr]   HOST_CMAKE_PREFIX_PATH = None
[INFO] [stderr]   CMAKE_PREFIX_PATH = None
[INFO] [stderr]   CMAKE_x86_64-unknown-linux-gnu = None
[INFO] [stderr]   CMAKE_x86_64_unknown_linux_gnu = None
[INFO] [stderr]   HOST_CMAKE = None
[INFO] [stderr]   CMAKE = None
[INFO] [stderr]   running: cd "/opt/rustwide/target/debug/build/z3-sys-6a4fa22a89a44797/out/build" && CMAKE_PREFIX_PATH="" "cmake" "/opt/rustwide/cargo-home/registry/src/index.crates.io-6f17d22bba15001f/z3-sys-0.7.1/z3" "-DZ3_BUILD_LIBZ3_SHARED=false" "-DZ3_BUILD_EXECUTABLE=false" "-DZ3_BUILD_TEST_EXECUTABLES=false" "-DCMAKE_INSTALL_PREFIX=/opt/rustwide/target/debug/build/z3-sys-6a4fa22a89a44797/out" "-DCMAKE_C_FLAGS= -ffunction-sections -fdata-sections -fPIC -m64" "-DCMAKE_C_COMPILER=/usr/bin/cc" "-DCMAKE_CXX_FLAGS= -ffunction-sections -fdata-sections -fPIC -m64" "-DCMAKE_CXX_COMPILER=/usr/bin/c++" "-DCMAKE_ASM_FLAGS= -ffunction-sections -fdata-sections -fPIC -m64" "-DCMAKE_ASM_COMPILER=/usr/bin/cc" "-DCMAKE_BUILD_TYPE=Debug"
[INFO] [stderr]   -- The CXX compiler identification is GNU 11.4.0
[INFO] [stderr]   -- Detecting CXX compiler ABI info
[INFO] [stderr]   -- Detecting CXX compiler ABI info - done
[INFO] [stderr]   -- Check for working CXX compiler: /usr/bin/c++ - skipped
[INFO] [stderr]   -- Detecting CXX compile features
[INFO] [stderr]   -- Detecting CXX compile features - done
[INFO] [stderr]   -- Z3 version 4.8.12.0
[INFO] [stderr]   -- Failed to find git directory.
[INFO] [stderr]   -- CMake generator: Unix Makefiles
[INFO] [stderr]   -- Build type: Debug
[INFO] [stderr]   -- Found PythonInterp: /usr/bin/python3.10 (found version "3.10.12") 
[INFO] [stderr]   -- PYTHON_EXECUTABLE: /usr/bin/python3.10
[INFO] [stderr]   -- Detected target architecture: x86_64
[INFO] [stderr]   -- Platform: Linux
[INFO] [stderr]   -- Not using libgmp
[INFO] [stderr]   -- Not using Z3_API_LOG_SYNC
[INFO] [stderr]   -- Thread-safe build
[INFO] [stderr]   -- Performing Test HAS_SSE2
[INFO] [stderr]   -- Performing Test HAS_SSE2 - Success
[INFO] [stderr]   -- Looking for C++ include pthread.h
[INFO] [stderr]   -- Looking for C++ include pthread.h - found
[INFO] [stderr]   -- Performing Test CMAKE_HAVE_LIBC_PTHREAD
[INFO] [stderr]   -- Performing Test CMAKE_HAVE_LIBC_PTHREAD - Success
[INFO] [stderr]   -- Found Threads: TRUE  
[INFO] [stderr]   -- Performing Test HAS__Wall
[INFO] [stderr]   -- Performing Test HAS__Wall - Success
[INFO] [stderr]   -- C++ compiler supports -Wall
[INFO] [stderr]   -- Treating only serious compiler warnings as errors
[INFO] [stderr]   -- Performing Test HAS__Werror_odr
[INFO] [stderr]   -- Performing Test HAS__Werror_odr - Success
[INFO] [stderr]   -- C++ compiler supports -Werror=odr
[INFO] [stderr]   -- Performing Test HAS__fvisibility_hidden
[INFO] [stderr]   -- Performing Test HAS__fvisibility_hidden - Success
[INFO] [stderr]   -- C++ compiler supports -fvisibility=hidden
[INFO] [stderr]   -- Performing Test HAS__fvisibility_inlines_hidden
[INFO] [stderr]   -- Performing Test HAS__fvisibility_inlines_hidden - Success
[INFO] [stderr]   -- C++ compiler supports -fvisibility-inlines-hidden
[INFO] [stderr]   -- Performing Test HAS__fPIC
[INFO] [stderr]   -- Performing Test HAS__fPIC - Success
[INFO] [stderr]   -- C++ compiler supports -fPIC
[INFO] [stderr]   -- LTO disabled
[INFO] [stderr]   -- CMAKE_CXX_FLAGS: " -ffunction-sections -fdata-sections -fPIC -m64 -Werror=odr "
[INFO] [stderr]   -- CMAKE_EXE_LINKER_FLAGS: ""
[INFO] [stderr]   -- CMAKE_STATIC_LINKER_FLAGS: ""
[INFO] [stderr]   -- CMAKE_SHARED_LINKER_FLAGS: ""
[INFO] [stderr]   -- CMAKE_CXX_FLAGS_DEBUG: "-g -O0"
[INFO] [stderr]   -- CMAKE_EXE_LINKER_FLAGS_DEBUG: ""
[INFO] [stderr]   -- CMAKE_SHARED_LINKER_FLAGS_DEBUG: ""
[INFO] [stderr]   -- CMAKE_STATIC_LINKER_FLAGS_DEBUG: ""
[INFO] [stderr]   -- Z3_COMPONENT_CXX_DEFINES: $<$<CONFIG:Debug>:Z3DEBUG>;$<$<CONFIG:Release>:_EXTERNAL_RELEASE>;$<$<CONFIG:RelWithDebInfo>:_EXTERNAL_RELEASE>;-D_LINUX_;-D_USE_THREAD_LOCAL;-D_MP_INTERNAL;$<$<CONFIG:Debug>:_TRACE>
[INFO] [stderr]   -- Z3_COMPONENT_CXX_FLAGS: -mfpmath=sse;-msse;-msse2;-Wall;-fvisibility=hidden;-fvisibility-inlines-hidden;-fPIC
[INFO] [stderr]   -- Z3_DEPENDENT_LIBS: Threads::Threads
[INFO] [stderr]   -- Z3_COMPONENT_EXTRA_INCLUDE_DIRS: /opt/rustwide/target/debug/build/z3-sys-6a4fa22a89a44797/out/build/src;/opt/rustwide/cargo-home/registry/src/index.crates.io-6f17d22bba15001f/z3-sys-0.7.1/z3/src
[INFO] [stderr]   -- Z3_DEPENDENT_EXTRA_CXX_LINK_FLAGS: 
[INFO] [stderr]   -- CMAKE_INSTALL_LIBDIR: "lib"
[INFO] [stderr]   -- CMAKE_INSTALL_BINDIR: "bin"
[INFO] [stderr]   -- CMAKE_INSTALL_INCLUDEDIR: "include"
[INFO] [stderr]   -- CMAKE_INSTALL_PKGCONFIGDIR: "lib/pkgconfig"
[INFO] [stderr]   -- CMAKE_INSTALL_Z3_CMAKE_PACKAGE_DIR: "lib/cmake/z3"
[INFO] [stderr]   -- Adding component util
[INFO] [stderr]   -- Adding component polynomial
[INFO] [stderr]   -- Adding rule to generate "algebraic_params.hpp"
[INFO] [stderr]   -- Adding component dd
[INFO] [stderr]   -- Adding component hilbert
[INFO] [stderr]   -- Adding component simplex
[INFO] [stderr]   -- Adding component automata
[INFO] [stderr]   -- Adding component interval
[INFO] [stderr]   -- Adding component realclosure
[INFO] [stderr]   -- Adding rule to generate "rcf_params.hpp"
[INFO] [stderr]   -- Adding component subpaving
[INFO] [stderr]   -- Adding component ast
[INFO] [stderr]   -- Adding rule to generate "pp_params.hpp"
[INFO] [stderr]   -- Adding component params
[INFO] [stderr]   -- Adding rule to generate "arith_rewriter_params.hpp"
[INFO] [stderr]   -- Adding rule to generate "array_rewriter_params.hpp"
[INFO] [stderr]   -- Adding rule to generate "bool_rewriter_params.hpp"
[INFO] [stderr]   -- Adding rule to generate "bv_rewriter_params.hpp"
[INFO] [stderr]   -- Adding rule to generate "fpa_rewriter_params.hpp"
[INFO] [stderr]   -- Adding rule to generate "fpa2bv_rewriter_params.hpp"
[INFO] [stderr]   -- Adding rule to generate "pattern_inference_params_helper.hpp"
[INFO] [stderr]   -- Adding rule to generate "poly_rewriter_params.hpp"
[INFO] [stderr]   -- Adding rule to generate "rewriter_params.hpp"
[INFO] [stderr]   -- Adding rule to generate "seq_rewriter_params.hpp"
[INFO] [stderr]   -- Adding component rewriter
[INFO] [stderr]   -- Adding component normal_forms
[INFO] [stderr]   -- Adding rule to generate "nnf_params.hpp"
[INFO] [stderr]   -- Adding component macros
[INFO] [stderr]   -- Adding component model
[INFO] [stderr]   -- Adding rule to generate "model_evaluator_params.hpp"
[INFO] [stderr]   -- Adding rule to generate "model_params.hpp"
[INFO] [stderr]   -- Adding component tactic
[INFO] [stderr]   -- Adding rule to generate "tactic_params.hpp"
[INFO] [stderr]   -- Adding component substitution
[INFO] [stderr]   -- Adding component euf
[INFO] [stderr]   -- Adding component smt_params
[INFO] [stderr]   -- Adding rule to generate "smt_params_helper.hpp"
[INFO] [stderr]   -- Adding component parser_util
[INFO] [stderr]   -- Adding rule to generate "parser_params.hpp"
[INFO] [stderr]   -- Adding component grobner
[INFO] [stderr]   -- Adding component sat
[INFO] [stderr]   -- Adding rule to generate "sat_asymm_branch_params.hpp"
[INFO] [stderr]   -- Adding rule to generate "sat_params.hpp"
[INFO] [stderr]   -- Adding rule to generate "sat_scc_params.hpp"
[INFO] [stderr]   -- Adding rule to generate "sat_simplifier_params.hpp"
[INFO] [stderr]   -- Adding component nlsat
[INFO] [stderr]   -- Adding rule to generate "nlsat_params.hpp"
[INFO] [stderr]   -- Adding component core_tactics
[INFO] [stderr]   -- Adding component subpaving_tactic
[INFO] [stderr]   -- Adding component aig_tactic
[INFO] [stderr]   -- Adding component arith_tactics
[INFO] [stderr]   -- Adding component solver
[INFO] [stderr]   -- Adding rule to generate "combined_solver_params.hpp"
[INFO] [stderr]   -- Adding rule to generate "parallel_params.hpp"
[INFO] [stderr]   -- Adding rule to generate "solver_params.hpp"
[INFO] [stderr]   -- Adding component cmd_context
[INFO] [stderr]   -- Adding component extra_cmds
[INFO] [stderr]   -- Adding component smt2parser
[INFO] [stderr]   -- Adding component solver_assertions
[INFO] [stderr]   -- Adding component pattern
[INFO] [stderr]   -- Adding component bit_blaster
[INFO] [stderr]   -- Adding component lp
[INFO] [stderr]   -- Adding component mbp
[INFO] [stderr]   -- Adding component sat_smt
[INFO] [stderr]   -- Adding component sat_tactic
[INFO] [stderr]   -- Adding component nlsat_tactic
[INFO] [stderr]   -- Adding component ackermannization
[INFO] [stderr]   -- Adding rule to generate "ackermannization_params.hpp"
[INFO] [stderr]   -- Adding rule to generate "ackermannize_bv_tactic_params.hpp"
[INFO] [stderr]   -- Adding component proofs
[INFO] [stderr]   -- Adding component fpa
[INFO] [stderr]   -- Adding component proto_model
[INFO] [stderr]   -- Adding component smt
[INFO] [stderr]   -- Adding component bv_tactics
[INFO] [stderr]   -- Adding component smt_tactic
[INFO] [stderr]   -- Adding component sls_tactic
[INFO] [stderr]   -- Adding rule to generate "sls_params.hpp"
[INFO] [stderr]   -- Adding component qe
[INFO] [stderr]   -- Adding component muz
[INFO] [stderr]   -- Adding rule to generate "fp_params.hpp"
[INFO] [stderr]   -- Adding component dataflow
[INFO] [stderr]   -- Adding component transforms
[INFO] [stderr]   -- Adding component rel
[INFO] [stderr]   -- Adding component clp
[INFO] [stderr]   -- Adding component tab
[INFO] [stderr]   -- Adding component bmc
[INFO] [stderr]   -- Adding component ddnf
[INFO] [stderr]   -- Adding component spacer
[INFO] [stderr]   -- Adding component fp
[INFO] [stderr]   -- Adding component ufbv_tactic
[INFO] [stderr]   -- Adding component sat_solver
[INFO] [stderr]   -- Adding component smtlogic_tactics
[INFO] [stderr]   -- Adding rule to generate "qfufbv_tactic_params.hpp"
[INFO] [stderr]   -- Adding component fpa_tactics
[INFO] [stderr]   -- Adding component fd_solver
[INFO] [stderr]   -- Adding component portfolio
[INFO] [stderr]   -- Adding component opt
[INFO] [stderr]   -- Adding rule to generate "opt_params.hpp"
[INFO] [stderr]   -- Adding component api
[INFO] [stderr]   -- Adding component api_dll
[INFO] [stderr]   -- Building documentation disabled
[INFO] [stderr]   -- Configuring done
[INFO] [stderr]   -- Generating done
[INFO] [stderr]   -- Build files have been written to: /opt/rustwide/target/debug/build/z3-sys-6a4fa22a89a44797/out/build
[INFO] [stderr]   running: cd "/opt/rustwide/target/debug/build/z3-sys-6a4fa22a89a44797/out/build" && MAKEFLAGS="-j --jobserver-fds=7,8 --jobserver-auth=7,8" "cmake" "--build" "." "--target" "install" "--config" "Debug"
[INFO] [stderr]   [  0%] Building CXX object src/util/CMakeFiles/util.dir/approx_nat.cpp.o
[INFO] [stderr]   [  1%] Building CXX object src/util/CMakeFiles/util.dir/approx_set.cpp.o
[INFO] [stderr]   [  1%] Building CXX object src/util/CMakeFiles/util.dir/bit_util.cpp.o
[INFO] [stderr]   [  1%] Building CXX object src/util/CMakeFiles/util.dir/bit_vector.cpp.o
[INFO] [stderr]   [  1%] Building CXX object src/util/CMakeFiles/util.dir/common_msgs.cpp.o
[INFO] [stderr]   [  2%] Building CXX object src/util/CMakeFiles/util.dir/gparams.cpp.o
[INFO] [stderr]   [  2%] Building CXX object src/util/CMakeFiles/util.dir/debug.cpp.o
[INFO] [stderr]   [  2%] Building CXX object src/util/CMakeFiles/util.dir/hwf.cpp.o
[INFO] [stderr]   [  2%] Building CXX object src/util/CMakeFiles/util.dir/inf_int_rational.cpp.o
[INFO] [stderr]   [  2%] Building CXX object src/util/CMakeFiles/util.dir/inf_rational.cpp.o
[INFO] [stderr]   [  2%] Building CXX object src/util/CMakeFiles/util.dir/env_params.cpp.o
[INFO] [stderr]   [  2%] Building CXX object src/util/CMakeFiles/util.dir/cmd_context_types.cpp.o
[INFO] [stderr]   [  2%] Building CXX object src/util/CMakeFiles/util.dir/fixed_bit_vector.cpp.o
[INFO] [stderr]   [  2%] Building CXX object src/util/CMakeFiles/util.dir/hash.cpp.o
[INFO] [stderr]   [  2%] Building CXX object src/util/CMakeFiles/util.dir/inf_s_integer.cpp.o
[INFO] [stderr]   [  2%] Building CXX object src/util/CMakeFiles/util.dir/lbool.cpp.o
[INFO] [stderr]   [  2%] Building CXX object src/util/CMakeFiles/util.dir/luby.cpp.o
[INFO] [stderr]   [  3%] Building CXX object src/util/CMakeFiles/util.dir/memory_manager.cpp.o
[INFO] [stderr]   [  3%] Building CXX object src/util/CMakeFiles/util.dir/min_cut.cpp.o
[INFO] [stderr]   [  3%] Building CXX object src/util/CMakeFiles/util.dir/mpbq.cpp.o
[INFO] [stderr]   [  3%] Building CXX object src/util/CMakeFiles/util.dir/mpf.cpp.o
[INFO] [stderr]   [  3%] Building CXX object src/util/CMakeFiles/util.dir/mpff.cpp.o
[INFO] [stderr]   [  3%] Building CXX object src/util/CMakeFiles/util.dir/mpfx.cpp.o
[INFO] [stderr]   [  3%] Building CXX object src/util/CMakeFiles/util.dir/mpn.cpp.o
[INFO] [stderr]   [  3%] Building CXX object src/util/CMakeFiles/util.dir/mpq.cpp.o
[INFO] [stderr]   [  4%] Building CXX object src/util/CMakeFiles/util.dir/mpq_inf.cpp.o
[INFO] [stderr]   [  4%] Building CXX object src/util/CMakeFiles/util.dir/page.cpp.o
[INFO] [stderr]   [  4%] Building CXX object src/util/CMakeFiles/util.dir/mpz.cpp.o
[INFO] [stderr]   [  4%] Building CXX object src/util/CMakeFiles/util.dir/params.cpp.o
[INFO] [stderr]   [  4%] Building CXX object src/util/CMakeFiles/util.dir/permutation.cpp.o
[INFO] [stderr]   [  4%] Building CXX object src/util/CMakeFiles/util.dir/prime_generator.cpp.o
[INFO] [stderr]   [  4%] Building CXX object src/util/CMakeFiles/util.dir/rational.cpp.o
[INFO] [stderr]   [  4%] Building CXX object src/util/CMakeFiles/util.dir/region.cpp.o
[INFO] [stderr]   [  4%] Building CXX object src/util/CMakeFiles/util.dir/rlimit.cpp.o
[INFO] [stderr]   [  5%] Building CXX object src/util/CMakeFiles/util.dir/scoped_ctrl_c.cpp.o
[INFO] [stderr]   [  5%] Building CXX object src/util/CMakeFiles/util.dir/scoped_timer.cpp.o
[INFO] [stderr]   [  5%] Building CXX object src/util/CMakeFiles/util.dir/sexpr.cpp.o
[INFO] [stderr]   [  5%] Building CXX object src/util/CMakeFiles/util.dir/s_integer.cpp.o
[INFO] [stderr]   [  5%] Building CXX object src/util/CMakeFiles/util.dir/small_object_allocator.cpp.o
[INFO] [stderr]   [  5%] Building CXX object src/util/CMakeFiles/util.dir/smt2_util.cpp.o
[INFO] [stderr]   [  5%] Building CXX object src/util/CMakeFiles/util.dir/stack.cpp.o
[INFO] [stderr]   [  5%] Building CXX object src/util/CMakeFiles/util.dir/state_graph.cpp.o
[INFO] [stderr]   [  5%] Building CXX object src/util/CMakeFiles/util.dir/symbol.cpp.o
[INFO] [stderr]   [  6%] Building CXX object src/util/CMakeFiles/util.dir/statistics.cpp.o
[INFO] [stderr]   [  6%] Building CXX object src/util/CMakeFiles/util.dir/timeit.cpp.o
[INFO] [stderr]   [  6%] Building CXX object src/util/CMakeFiles/util.dir/timeout.cpp.o
[INFO] [stderr]   [  6%] Building CXX object src/util/CMakeFiles/util.dir/trace.cpp.o
[INFO] [stderr]   [  6%] Building CXX object src/util/CMakeFiles/util.dir/util.cpp.o
[INFO] [stderr]   [  6%] Building CXX object src/util/CMakeFiles/util.dir/warning.cpp.o
[INFO] [stderr]   [  6%] Building CXX object src/util/CMakeFiles/util.dir/z3_exception.cpp.o
[INFO] [stderr]   [  7%] Building CXX object src/util/CMakeFiles/util.dir/zstring.cpp.o
[INFO] [stderr]   [  7%] Built target util
[INFO] [stderr]   [  7%] Generating "/opt/rustwide/target/debug/build/z3-sys-6a4fa22a89a44797/out/build/src/params/array_rewriter_params.hpp" from "array_rewriter_params.pyg"
[INFO] [stderr]   [  7%] Generating "/opt/rustwide/target/debug/build/z3-sys-6a4fa22a89a44797/out/build/src/math/polynomial/algebraic_params.hpp" from "algebraic_params.pyg"
[INFO] [stderr]   [  7%] Generating "/opt/rustwide/target/debug/build/z3-sys-6a4fa22a89a44797/out/build/src/params/seq_rewriter_params.hpp" from "seq_rewriter_params.pyg"
[INFO] [stderr]   [  7%] Generating "/opt/rustwide/target/debug/build/z3-sys-6a4fa22a89a44797/out/build/src/params/arith_rewriter_params.hpp" from "arith_rewriter_params.pyg"
[INFO] [stderr]   [  7%] Generating "/opt/rustwide/target/debug/build/z3-sys-6a4fa22a89a44797/out/build/src/params/fpa_rewriter_params.hpp" from "fpa_rewriter_params.pyg"
[INFO] [stderr]   [  7%] Generating "/opt/rustwide/target/debug/build/z3-sys-6a4fa22a89a44797/out/build/src/params/bv_rewriter_params.hpp" from "bv_rewriter_params.pyg"
[INFO] [stderr]   [  7%] Generating "/opt/rustwide/target/debug/build/z3-sys-6a4fa22a89a44797/out/build/src/params/bool_rewriter_params.hpp" from "bool_rewriter_params.pyg"
[INFO] [stderr]   [  8%] Generating "/opt/rustwide/target/debug/build/z3-sys-6a4fa22a89a44797/out/build/src/params/fpa2bv_rewriter_params.hpp" from "fpa2bv_rewriter_params.pyg"
[INFO] [stderr]   [  8%] Generating "/opt/rustwide/target/debug/build/z3-sys-6a4fa22a89a44797/out/build/src/params/pattern_inference_params_helper.hpp" from "pattern_inference_params_helper.pyg"
[INFO] [stderr]   [  8%] Generating "/opt/rustwide/target/debug/build/z3-sys-6a4fa22a89a44797/out/build/src/params/poly_rewriter_params.hpp" from "poly_rewriter_params.pyg"
[INFO] [stderr]   [  8%] Building CXX object src/math/dd/CMakeFiles/dd.dir/dd_bdd.cpp.o
[INFO] [stderr]   [  8%] Building CXX object src/math/automata/CMakeFiles/automata.dir/automaton.cpp.o
[INFO] [stderr]   [  8%] Building CXX object src/math/simplex/CMakeFiles/simplex.dir/simplex.cpp.o
[INFO] [stderr]   [  8%] Building CXX object src/math/hilbert/CMakeFiles/hilbert.dir/hilbert_basis.cpp.o
[INFO] [stderr]   [  8%] Building CXX object src/math/interval/CMakeFiles/interval.dir/interval_mpq.cpp.o
[INFO] [stderr]   [  8%] Building CXX object src/math/simplex/CMakeFiles/simplex.dir/model_based_opt.cpp.o
[INFO] [stderr]   [  8%] Generating "/opt/rustwide/target/debug/build/z3-sys-6a4fa22a89a44797/out/build/src/params/rewriter_params.hpp" from "rewriter_params.pyg"
[INFO] [stderr]   [  8%] Building CXX object src/math/dd/CMakeFiles/dd.dir/dd_pdd.cpp.o
[INFO] [stderr]   [  8%] Building CXX object src/math/simplex/CMakeFiles/simplex.dir/bit_matrix.cpp.o
[INFO] [stderr]   [  9%] Building CXX object src/math/interval/CMakeFiles/interval.dir/dep_intervals.cpp.o
[INFO] [stderr]   [  9%] Building CXX object src/math/polynomial/CMakeFiles/polynomial.dir/algebraic_numbers.cpp.o
[INFO] [stderr]   [  9%] Building CXX object src/math/polynomial/CMakeFiles/polynomial.dir/rpolynomial.cpp.o
[INFO] [stderr]   [ 10%] Building CXX object src/math/polynomial/CMakeFiles/polynomial.dir/polynomial_cache.cpp.o
[INFO] [stderr]   [ 10%] Building CXX object src/math/polynomial/CMakeFiles/polynomial.dir/polynomial.cpp.o
[INFO] [stderr]   [ 10%] Building CXX object src/math/polynomial/CMakeFiles/polynomial.dir/sexpr2upolynomial.cpp.o
[INFO] [stderr]   [ 10%] Building CXX object src/params/CMakeFiles/params.dir/pattern_inference_params.cpp.o
[INFO] [stderr]   [ 10%] Building CXX object src/params/CMakeFiles/params.dir/context_params.cpp.o
[INFO] [stderr]   [ 10%] Built target automata
[INFO] [stderr]   [ 10%] Built target params
[INFO] [stderr]   [ 10%] Built target hilbert
[INFO] [stderr]   [ 10%] Built target interval
[INFO] [stderr]   [ 10%] Built target simplex
[INFO] [stderr] 
[INFO] [stderr]   --- stderr
[INFO] [stderr]   CMake Warning at CMakeLists.txt:51 (message):
[INFO] [stderr]     Disabling Z3_INCLUDE_GIT_DESCRIBE
[INFO] [stderr]   Call Stack (most recent call first):
[INFO] [stderr]     CMakeLists.txt:100 (disable_git_describe)
[INFO] [stderr] 
[INFO] [stderr] 
[INFO] [stderr]   CMake Warning at CMakeLists.txt:55 (message):
[INFO] [stderr]     Disabling Z3_INCLUDE_GIT_HASH
[INFO] [stderr]   Call Stack (most recent call first):
[INFO] [stderr]     CMakeLists.txt:101 (disable_git_hash)
[INFO] [stderr] 
[INFO] [stderr] 
[INFO] [stderr]   CMake Warning:
[INFO] [stderr]     Manually-specified variables were not used by the project:
[INFO] [stderr] 
[INFO] [stderr]       CMAKE_ASM_COMPILER
[INFO] [stderr]       CMAKE_ASM_FLAGS
[INFO] [stderr]       CMAKE_C_COMPILER
[INFO] [stderr]       CMAKE_C_FLAGS
[INFO] [stderr] 
[INFO] [stderr] 
[INFO] [stderr]   INFO:root:Using /opt/rustwide/cargo-home/registry/src/index.crates.io-6f17d22bba15001f/z3-sys-0.7.1/z3/src/params/poly_rewriter_params.pyg
[INFO] [stderr]   INFO:root:Using /opt/rustwide/cargo-home/registry/src/index.crates.io-6f17d22bba15001f/z3-sys-0.7.1/z3/src/params/bool_rewriter_params.pyg
[INFO] [stderr]   INFO:root:Using /opt/rustwide/cargo-home/registry/src/index.crates.io-6f17d22bba15001f/z3-sys-0.7.1/z3/src/params/pattern_inference_params_helper.pyg
[INFO] [stderr]   INFO:root:Generated "/opt/rustwide/target/debug/build/z3-sys-6a4fa22a89a44797/out/build/src/params/poly_rewriter_params.hpp"
[INFO] [stderr]   INFO:root:Generated "/opt/rustwide/target/debug/build/z3-sys-6a4fa22a89a44797/out/build/src/params/bool_rewriter_params.hpp"
[INFO] [stderr]   INFO:root:Generated "/opt/rustwide/target/debug/build/z3-sys-6a4fa22a89a44797/out/build/src/params/pattern_inference_params_helper.hpp"
[INFO] [stderr]   INFO:root:Using /opt/rustwide/cargo-home/registry/src/index.crates.io-6f17d22bba15001f/z3-sys-0.7.1/z3/src/params/bv_rewriter_params.pyg
[INFO] [stderr]   INFO:root:Using /opt/rustwide/cargo-home/registry/src/index.crates.io-6f17d22bba15001f/z3-sys-0.7.1/z3/src/params/array_rewriter_params.pyg
[INFO] [stderr]   INFO:root:Generated "/opt/rustwide/target/debug/build/z3-sys-6a4fa22a89a44797/out/build/src/params/array_rewriter_params.hpp"
[INFO] [stderr]   INFO:root:Generated "/opt/rustwide/target/debug/build/z3-sys-6a4fa22a89a44797/out/build/src/params/bv_rewriter_params.hpp"
[INFO] [stderr]   INFO:root:Using /opt/rustwide/cargo-home/registry/src/index.crates.io-6f17d22bba15001f/z3-sys-0.7.1/z3/src/params/fpa2bv_rewriter_params.pyg
[INFO] [stderr]   INFO:root:Generated "/opt/rustwide/target/debug/build/z3-sys-6a4fa22a89a44797/out/build/src/params/fpa2bv_rewriter_params.hpp"
[INFO] [stderr]   INFO:root:Using /opt/rustwide/cargo-home/registry/src/index.crates.io-6f17d22bba15001f/z3-sys-0.7.1/z3/src/params/seq_rewriter_params.pyg
[INFO] [stderr]   INFO:root:Generated "/opt/rustwide/target/debug/build/z3-sys-6a4fa22a89a44797/out/build/src/params/seq_rewriter_params.hpp"
[INFO] [stderr]   INFO:root:Using /opt/rustwide/cargo-home/registry/src/index.crates.io-6f17d22bba15001f/z3-sys-0.7.1/z3/src/math/polynomial/algebraic_params.pyg
[INFO] [stderr]   INFO:root:Generated "/opt/rustwide/target/debug/build/z3-sys-6a4fa22a89a44797/out/build/src/math/polynomial/algebraic_params.hpp"
[INFO] [stderr]   INFO:root:Using /opt/rustwide/cargo-home/registry/src/index.crates.io-6f17d22bba15001f/z3-sys-0.7.1/z3/src/params/arith_rewriter_params.pyg
[INFO] [stderr]   INFO:root:Using /opt/rustwide/cargo-home/registry/src/index.crates.io-6f17d22bba15001f/z3-sys-0.7.1/z3/src/params/fpa_rewriter_params.pyg
[INFO] [stderr]   INFO:root:Generated "/opt/rustwide/target/debug/build/z3-sys-6a4fa22a89a44797/out/build/src/params/arith_rewriter_params.hpp"
[INFO] [stderr]   INFO:root:Generated "/opt/rustwide/target/debug/build/z3-sys-6a4fa22a89a44797/out/build/src/params/fpa_rewriter_params.hpp"
[INFO] [stderr]   INFO:root:Using /opt/rustwide/cargo-home/registry/src/index.crates.io-6f17d22bba15001f/z3-sys-0.7.1/z3/src/params/rewriter_params.pyg
[INFO] [stderr]   INFO:root:Generated "/opt/rustwide/target/debug/build/z3-sys-6a4fa22a89a44797/out/build/src/params/rewriter_params.hpp"
[INFO] [stderr]   c++: fatal error: Killed signal terminated program cc1plus
[INFO] [stderr]   compilation terminated.
[INFO] [stderr]   gmake[2]: *** [src/math/polynomial/CMakeFiles/polynomial.dir/build.make:124: src/math/polynomial/CMakeFiles/polynomial.dir/rpolynomial.cpp.o] Error 1
[INFO] [stderr]   gmake[2]: *** Waiting for unfinished jobs....
[INFO] [stderr]   c++: fatal error: Killed signal terminated program cc1plus
[INFO] [stderr]   compilation terminated.
[INFO] [stderr]   gmake[2]: *** [src/math/dd/CMakeFiles/dd.dir/build.make:90: src/math/dd/CMakeFiles/dd.dir/dd_pdd.cpp.o] Error 1
[INFO] [stderr]   gmake[2]: *** Waiting for unfinished jobs....
[INFO] [stderr]   gmake[1]: *** [CMakeFiles/Makefile2:1495: src/math/dd/CMakeFiles/dd.dir/all] Error 2
[INFO] [stderr]   gmake[1]: *** Waiting for unfinished jobs....
[INFO] [stderr]   gmake[1]: *** [CMakeFiles/Makefile2:1469: src/math/polynomial/CMakeFiles/polynomial.dir/all] Error 2
[INFO] [stderr]   gmake: *** [Makefile:136: all] Error 2
[INFO] [stderr]   thread 'main' panicked at /opt/rustwide/cargo-home/registry/src/index.crates.io-6f17d22bba15001f/cmake-0.1.50/src/lib.rs:1098:5:
[INFO] [stderr] 
[INFO] [stderr]   command did not execute successfully, got: exit status: 2
[INFO] [stderr] 
[INFO] [stderr]   build script failed, must exit now
[INFO] [stderr]   stack backtrace:
[INFO] [stderr]      0:     0x55d3f9e40b06 - std::backtrace_rs::backtrace::libunwind::trace::h261606ad26a499c1
[INFO] [stderr]                                  at /rustc/0e09125c6c3c2fd70d7de961bcf0e51575235fad/library/std/src/../../backtrace/src/backtrace/libunwind.rs:104:5
[INFO] [stderr]      1:     0x55d3f9e40b06 - std::backtrace_rs::backtrace::trace_unsynchronized::hd183f0625477fb28
[INFO] [stderr]                                  at /rustc/0e09125c6c3c2fd70d7de961bcf0e51575235fad/library/std/src/../../backtrace/src/backtrace/mod.rs:66:5
[INFO] [stderr]      2:     0x55d3f9e40b06 - std::sys_common::backtrace::_print_fmt::hd7f8fef21b4eda67
[INFO] [stderr]                                  at /rustc/0e09125c6c3c2fd70d7de961bcf0e51575235fad/library/std/src/sys_common/backtrace.rs:68:5
[INFO] [stderr]      3:     0x55d3f9e40b06 - <std::sys_common::backtrace::_print::DisplayBacktrace as core::fmt::Display>::fmt::h623d9b51f2f453f1
[INFO] [stderr]                                  at /rustc/0e09125c6c3c2fd70d7de961bcf0e51575235fad/library/std/src/sys_common/backtrace.rs:44:22
[INFO] [stderr]      4:     0x55d3f9e6b950 - core::fmt::rt::Argument::fmt::h9f417ac76a86f368
[INFO] [stderr]                                  at /rustc/0e09125c6c3c2fd70d7de961bcf0e51575235fad/library/core/src/fmt/rt.rs:142:9
[INFO] [stderr]      5:     0x55d3f9e6b950 - core::fmt::write::hc9b6faf4ac2aeff7
[INFO] [stderr]                                  at /rustc/0e09125c6c3c2fd70d7de961bcf0e51575235fad/library/core/src/fmt/mod.rs:1120:17
[INFO] [stderr]      6:     0x55d3f9e3df3f - std::io::Write::write_fmt::hfead1eee52c2e65e
[INFO] [stderr]                                  at /rustc/0e09125c6c3c2fd70d7de961bcf0e51575235fad/library/std/src/io/mod.rs:1810:15
[INFO] [stderr]      7:     0x55d3f9e408e4 - std::sys_common::backtrace::_print::hd5d66399c7df88a2
[INFO] [stderr]                                  at /rustc/0e09125c6c3c2fd70d7de961bcf0e51575235fad/library/std/src/sys_common/backtrace.rs:47:5
[INFO] [stderr]      8:     0x55d3f9e408e4 - std::sys_common::backtrace::print::he81ed2da642d37e5
[INFO] [stderr]                                  at /rustc/0e09125c6c3c2fd70d7de961bcf0e51575235fad/library/std/src/sys_common/backtrace.rs:34:9
[INFO] [stderr]      9:     0x55d3f9e421c7 - std::panicking::default_hook::{{closure}}::h85773f4fa117163d
[INFO] [stderr]     10:     0x55d3f9e41f29 - std::panicking::default_hook::h6a1694a91d09b278
[INFO] [stderr]                                  at /rustc/0e09125c6c3c2fd70d7de961bcf0e51575235fad/library/std/src/panicking.rs:292:9
[INFO] [stderr]     11:     0x55d3f9e42658 - std::panicking::rust_panic_with_hook::h0a7ad96e90f7145b
[INFO] [stderr]                                  at /rustc/0e09125c6c3c2fd70d7de961bcf0e51575235fad/library/std/src/panicking.rs:779:13
[INFO] [stderr]     12:     0x55d3f9e42532 - std::panicking::begin_panic_handler::{{closure}}::h7919090525c6485e
[INFO] [stderr]                                  at /rustc/0e09125c6c3c2fd70d7de961bcf0e51575235fad/library/std/src/panicking.rs:657:13
[INFO] [stderr]     13:     0x55d3f9e41006 - std::sys_common::backtrace::__rust_end_short_backtrace::hf3289479464f7dfe
[INFO] [stderr]                                  at /rustc/0e09125c6c3c2fd70d7de961bcf0e51575235fad/library/std/src/sys_common/backtrace.rs:171:18
[INFO] [stderr]     14:     0x55d3f9e42290 - rust_begin_unwind
[INFO] [stderr]                                  at /rustc/0e09125c6c3c2fd70d7de961bcf0e51575235fad/library/std/src/panicking.rs:645:5
[INFO] [stderr]     15:     0x55d3f99e27c5 - core::panicking::panic_fmt::hcc9f77c5c132af55
[INFO] [stderr]                                  at /rustc/0e09125c6c3c2fd70d7de961bcf0e51575235fad/library/core/src/panicking.rs:72:14
[INFO] [stderr]     16:     0x55d3f99f82b1 - cmake::fail::h4293f7244651b507
[INFO] [stderr]     17:     0x55d3f99f7a47 - cmake::run::hbc7d50688053c980
[INFO] [stderr]     18:     0x55d3f99f433e - cmake::Config::build::hf922ab6138de9228
[INFO] [stderr]     19:     0x55d3f99e6ea5 - build_script_build::build_z3::hd4099cd6200d3a5c
[INFO] [stderr]     20:     0x55d3f99e6681 - build_script_build::main::h5dd4b5a440e1b850
[INFO] [stderr]     21:     0x55d3f99e3c03 - core::ops::function::FnOnce::call_once::h70e26e79fbe5f78d
[INFO] [stderr]     22:     0x55d3f99e3176 - std::sys_common::backtrace::__rust_begin_short_backtrace::h64642856823784e7
[INFO] [stderr]     23:     0x55d3f99e3809 - std::rt::lang_start::{{closure}}::hb98d1e0900a04f0f
[INFO] [stderr]     24:     0x55d3f9e39791 - core::ops::function::impls::<impl core::ops::function::FnOnce<A> for &F>::call_once::h4eb4c5e1620f29b0
[INFO] [stderr]                                  at /rustc/0e09125c6c3c2fd70d7de961bcf0e51575235fad/library/core/src/ops/function.rs:284:13
[INFO] [stderr]     25:     0x55d3f9e39791 - std::panicking::try::do_call::h73fd26535faffcdf
[INFO] [stderr]                                  at /rustc/0e09125c6c3c2fd70d7de961bcf0e51575235fad/library/std/src/panicking.rs:552:40
[INFO] [stderr]     26:     0x55d3f9e39791 - std::panicking::try::h77ff1d98f0fb9f39
[INFO] [stderr]                                  at /rustc/0e09125c6c3c2fd70d7de961bcf0e51575235fad/library/std/src/panicking.rs:516:19
[INFO] [stderr]     27:     0x55d3f9e39791 - std::panic::catch_unwind::hab3caf2448b95e37
[INFO] [stderr]                                  at /rustc/0e09125c6c3c2fd70d7de961bcf0e51575235fad/library/std/src/panic.rs:142:14
[INFO] [stderr]     28:     0x55d3f9e39791 - std::rt::lang_start_internal::{{closure}}::h8086711f9c783f78
[INFO] [stderr]                                  at /rustc/0e09125c6c3c2fd70d7de961bcf0e51575235fad/library/std/src/rt.rs:148:48
[INFO] [stderr]     29:     0x55d3f9e39791 - std::panicking::try::do_call::hf920d4dc291cd6ca
[INFO] [stderr]                                  at /rustc/0e09125c6c3c2fd70d7de961bcf0e51575235fad/library/std/src/panicking.rs:552:40
[INFO] [stderr]     30:     0x55d3f9e39791 - std::panicking::try::h2b806ccc0a85db74
[INFO] [stderr]                                  at /rustc/0e09125c6c3c2fd70d7de961bcf0e51575235fad/library/std/src/panicking.rs:516:19
[INFO] [stderr]     31:     0x55d3f9e39791 - std::panic::catch_unwind::h038489539c507df2
[INFO] [stderr]                                  at /rustc/0e09125c6c3c2fd70d7de961bcf0e51575235fad/library/std/src/panic.rs:142:14
[INFO] [stderr]     32:     0x55d3f9e39791 - std::rt::lang_start_internal::h28503b88912e8a5c
[INFO] [stderr]                                  at /rustc/0e09125c6c3c2fd70d7de961bcf0e51575235fad/library/std/src/rt.rs:148:20
[INFO] [stderr]     33:     0x55d3f99e37e7 - std::rt::lang_start::h1ef2b50bdced3405
[INFO] [stderr]     34:     0x55d3f99e7ac5 - main
[INFO] [stderr]     35:     0x7fed18b29d90 - <unknown>
[INFO] [stderr]     36:     0x7fed18b29e40 - __libc_start_main
[INFO] [stderr]     37:     0x55d3f99e30a5 - _start
[INFO] [stderr]     38:                0x0 - <unknown>
[INFO] running `Command { std: "docker" "inspect" "abfb6474049a16526f338f7dba277090998334f09af1d9677b02d9bd9e2f8a43", kill_on_drop: false }`
[INFO] running `Command { std: "docker" "rm" "-f" "abfb6474049a16526f338f7dba277090998334f09af1d9677b02d9bd9e2f8a43", kill_on_drop: false }`
[INFO] [stdout] abfb6474049a16526f338f7dba277090998334f09af1d9677b02d9bd9e2f8a43
