[INFO] fetching crate ethernet 0.1.1...
[INFO] documenting ethernet-0.1.1 against 1.75.0 for beta-1.76-rustdoc-1
[INFO] extracting crate ethernet 0.1.1 into /workspace/builds/worker-2-tc1/source
[INFO] validating manifest of crates.io crate ethernet 0.1.1 on toolchain 1.75.0
[INFO] running `Command { std: CARGO_HOME="/workspace/cargo-home" RUSTUP_HOME="/workspace/rustup-home" "/workspace/cargo-home/bin/cargo" "+1.75.0" "metadata" "--manifest-path" "Cargo.toml" "--no-deps", kill_on_drop: false }`
[INFO] started tweaking crates.io crate ethernet 0.1.1
[INFO] finished tweaking crates.io crate ethernet 0.1.1
[INFO] tweaked toml for crates.io crate ethernet 0.1.1 written to /workspace/builds/worker-2-tc1/source/Cargo.toml
[INFO] running `Command { std: CARGO_HOME="/workspace/cargo-home" RUSTUP_HOME="/workspace/rustup-home" "/workspace/cargo-home/bin/cargo" "+1.75.0" "generate-lockfile" "--manifest-path" "Cargo.toml", kill_on_drop: false }`
[INFO] [stderr]     Updating crates.io index
[INFO] running `Command { std: CARGO_HOME="/workspace/cargo-home" RUSTUP_HOME="/workspace/rustup-home" "/workspace/cargo-home/bin/cargo" "+1.75.0" "fetch" "--manifest-path" "Cargo.toml", kill_on_drop: false }`
[INFO] [stderr]  Downloading crates ...
[INFO] [stderr]   Downloaded try_take v0.1.0
[INFO] [stderr]   Downloaded bin-utils v0.2.5
[INFO] [stderr]   Downloaded scroll v0.12.0
[INFO] [stderr]   Downloaded ether-type v0.1.1
[INFO] [stderr]   Downloaded bin-utils v0.1.6
[INFO] [stderr]   Downloaded mac-parser v0.1.4
[INFO] running `Command { std: "docker" "create" "-v" "/var/lib/crater-agent-workspace/builds/worker-2-tc1/target:/opt/rustwide/target:rw,Z" "-v" "/var/lib/crater-agent-workspace/builds/worker-2-tc1/source:/opt/rustwide/workdir:ro,Z" "-v" "/var/lib/crater-agent-workspace/cargo-home:/opt/rustwide/cargo-home:ro,Z" "-v" "/var/lib/crater-agent-workspace/rustup-home:/opt/rustwide/rustup-home:ro,Z" "-e" "SOURCE_DIR=/opt/rustwide/workdir" "-e" "CARGO_TARGET_DIR=/opt/rustwide/target" "-e" "CARGO_HOME=/opt/rustwide/cargo-home" "-e" "RUSTUP_HOME=/opt/rustwide/rustup-home" "-w" "/opt/rustwide/workdir" "-m" "1610612736" "--user" "0:0" "--network" "none" "ghcr.io/rust-lang/crates-build-env/linux@sha256:2788e3201cd34a07e3172128adcd8b3090168a8e3bcc40d7c032b9dda1df7d1c" "/opt/rustwide/cargo-home/bin/cargo" "+1.75.0" "metadata" "--no-deps" "--format-version=1", kill_on_drop: false }`
[INFO] [stdout] d5c84db330829d43b777a1789a99ac61e080612da07c025f04842f0772bd7209
[INFO] running `Command { std: "docker" "start" "-a" "d5c84db330829d43b777a1789a99ac61e080612da07c025f04842f0772bd7209", kill_on_drop: false }`
[INFO] running `Command { std: "docker" "inspect" "d5c84db330829d43b777a1789a99ac61e080612da07c025f04842f0772bd7209", kill_on_drop: false }`
[INFO] running `Command { std: "docker" "rm" "-f" "d5c84db330829d43b777a1789a99ac61e080612da07c025f04842f0772bd7209", kill_on_drop: false }`
[INFO] [stdout] d5c84db330829d43b777a1789a99ac61e080612da07c025f04842f0772bd7209
[INFO] running `Command { std: "docker" "create" "-v" "/var/lib/crater-agent-workspace/builds/worker-2-tc1/target:/opt/rustwide/target:rw,Z" "-v" "/var/lib/crater-agent-workspace/builds/worker-2-tc1/source:/opt/rustwide/workdir:ro,Z" "-v" "/var/lib/crater-agent-workspace/cargo-home:/opt/rustwide/cargo-home:ro,Z" "-v" "/var/lib/crater-agent-workspace/rustup-home:/opt/rustwide/rustup-home:ro,Z" "-e" "SOURCE_DIR=/opt/rustwide/workdir" "-e" "CARGO_TARGET_DIR=/opt/rustwide/target" "-e" "CARGO_INCREMENTAL=0" "-e" "RUST_BACKTRACE=full" "-e" "RUSTFLAGS=--cap-lints=warn" "-e" "RUSTDOCFLAGS=--cap-lints=warn" "-e" "CARGO_HOME=/opt/rustwide/cargo-home" "-e" "RUSTUP_HOME=/opt/rustwide/rustup-home" "-w" "/opt/rustwide/workdir" "-m" "1610612736" "--user" "0:0" "--network" "none" "ghcr.io/rust-lang/crates-build-env/linux@sha256:2788e3201cd34a07e3172128adcd8b3090168a8e3bcc40d7c032b9dda1df7d1c" "/opt/rustwide/cargo-home/bin/cargo" "+1.75.0" "doc" "--frozen" "--no-deps" "--document-private-items" "--message-format=json", kill_on_drop: false }`
[INFO] [stdout] d18ed9e1cf04891637713b6e0ddd76c7828948e972c0464f4ab7c8ac098f4c27
[INFO] running `Command { std: "docker" "start" "-a" "d18ed9e1cf04891637713b6e0ddd76c7828948e972c0464f4ab7c8ac098f4c27", kill_on_drop: false }`
[INFO] [stderr]     Checking try_take v0.1.0
[INFO] [stderr]     Checking scroll v0.12.0
[INFO] [stderr]     Checking bin-utils v0.2.5
[INFO] [stderr]     Checking bin-utils v0.1.6
[INFO] [stdout] error[E0554]: `#![feature]` may not be used on the stable release channel
[INFO] [stdout]  --> /opt/rustwide/cargo-home/registry/src/index.crates.io-6f17d22bba15001f/bin-utils-0.1.6/src/lib.rs:1:1
[INFO] [stdout]   |
[INFO] [stdout] 1 | #![feature(more_qualified_paths)]
[INFO] [stdout]   | ^^^^^^^^^^^^^^^^^^^^^^^^^^^^^^^^^
[INFO] [stdout] 
[INFO] [stdout] 
[INFO] [stdout] error[E0554]: `#![feature]` may not be used on the stable release channel
[INFO] [stdout]  --> /opt/rustwide/cargo-home/registry/src/index.crates.io-6f17d22bba15001f/bin-utils-0.1.6/src/lib.rs:2:1
[INFO] [stdout]   |
[INFO] [stdout] 2 | #![feature(iter_next_chunk)]
[INFO] [stdout]   | ^^^^^^^^^^^^^^^^^^^^^^^^^^^^
[INFO] [stdout] 
[INFO] [stdout] 
[INFO] [stdout] error[E0554]: `#![feature]` may not be used on the stable release channel
[INFO] [stdout]  --> /opt/rustwide/cargo-home/registry/src/index.crates.io-6f17d22bba15001f/bin-utils-0.2.5/src/lib.rs:2:1
[INFO] [stdout]   |
[INFO] [stdout] 2 | / #![feature(
[INFO] [stdout] 3 | |     more_qualified_paths,
[INFO] [stdout] 4 | |     iter_next_chunk,
[INFO] [stdout] 5 | |     generic_const_exprs,
[INFO] [stdout] 6 | |     iter_array_chunks
[INFO] [stdout] 7 | | )]
[INFO] [stdout]   | |__^
[INFO] [stdout] 
[INFO] [stdout] 
[INFO] [stdout] error[E0554]: `#![feature]` may not be used on the stable release channel
[INFO] [stdout]  --> /opt/rustwide/cargo-home/registry/src/index.crates.io-6f17d22bba15001f/bin-utils-0.1.6/src/lib.rs:2:12
[INFO] [stdout]   |
[INFO] [stdout] 2 | #![feature(iter_next_chunk)]
[INFO] [stdout]   |            ^^^^^^^^^^^^^^^
[INFO] [stdout] 
[INFO] [stdout] 
[INFO] [stdout] error[E0554]: `#![feature]` may not be used on the stable release channel
[INFO] [stdout]  --> /opt/rustwide/cargo-home/registry/src/index.crates.io-6f17d22bba15001f/bin-utils-0.2.5/src/lib.rs:4:5
[INFO] [stdout]   |
[INFO] [stdout] 4 |     iter_next_chunk,
[INFO] [stdout]   |     ^^^^^^^^^^^^^^^
[INFO] [stdout] 
[INFO] [stdout] 
[INFO] [stdout] error[E0554]: `#![feature]` may not be used on the stable release channel
[INFO] [stdout]  --> /opt/rustwide/cargo-home/registry/src/index.crates.io-6f17d22bba15001f/bin-utils-0.2.5/src/lib.rs:6:5
[INFO] [stdout]   |
[INFO] [stdout] 6 |     iter_array_chunks
[INFO] [stdout]   |     ^^^^^^^^^^^^^^^^^
[INFO] [stdout] 
[INFO] [stdout] 
[INFO] [stdout] error: aborting due to 3 previous errors
[INFO] [stdout] 
[INFO] [stdout] 
[INFO] [stdout] For more information about this error, try `rustc --explain E0554`.
[INFO] [stdout] 
[INFO] [stderr] error: could not compile `bin-utils` (lib) due to 4 previous errors
[INFO] [stderr] warning: build failed, waiting for other jobs to finish...
[INFO] [stdout] error: aborting due to 3 previous errors
[INFO] [stdout] 
[INFO] [stdout] 
[INFO] [stdout] For more information about this error, try `rustc --explain E0554`.
[INFO] [stdout] 
[INFO] [stderr] error: could not compile `bin-utils` (lib) due to 4 previous errors
[INFO] running `Command { std: "docker" "inspect" "d18ed9e1cf04891637713b6e0ddd76c7828948e972c0464f4ab7c8ac098f4c27", kill_on_drop: false }`
[INFO] running `Command { std: "docker" "rm" "-f" "d18ed9e1cf04891637713b6e0ddd76c7828948e972c0464f4ab7c8ac098f4c27", kill_on_drop: false }`
[INFO] [stdout] d18ed9e1cf04891637713b6e0ddd76c7828948e972c0464f4ab7c8ac098f4c27
[INFO] documenting ethernet-0.1.1 against beta-2023-12-22 for beta-1.76-rustdoc-1
[INFO] extracting crate ethernet 0.1.1 into /workspace/builds/worker-2-tc2/source
[INFO] validating manifest of crates.io crate ethernet 0.1.1 on toolchain beta-2023-12-22
[INFO] running `Command { std: CARGO_HOME="/workspace/cargo-home" RUSTUP_HOME="/workspace/rustup-home" "/workspace/cargo-home/bin/cargo" "+beta-2023-12-22" "metadata" "--manifest-path" "Cargo.toml" "--no-deps", kill_on_drop: false }`
[INFO] started tweaking crates.io crate ethernet 0.1.1
[INFO] finished tweaking crates.io crate ethernet 0.1.1
[INFO] tweaked toml for crates.io crate ethernet 0.1.1 written to /workspace/builds/worker-2-tc2/source/Cargo.toml
[INFO] running `Command { std: CARGO_HOME="/workspace/cargo-home" RUSTUP_HOME="/workspace/rustup-home" "/workspace/cargo-home/bin/cargo" "+beta-2023-12-22" "generate-lockfile" "--manifest-path" "Cargo.toml", kill_on_drop: false }`
[INFO] [stderr]     Updating crates.io index
[INFO] running `Command { std: CARGO_HOME="/workspace/cargo-home" RUSTUP_HOME="/workspace/rustup-home" "/workspace/cargo-home/bin/cargo" "+beta-2023-12-22" "fetch" "--manifest-path" "Cargo.toml", kill_on_drop: false }`
[INFO] running `Command { std: "docker" "create" "-v" "/var/lib/crater-agent-workspace/builds/worker-2-tc2/target:/opt/rustwide/target:rw,Z" "-v" "/var/lib/crater-agent-workspace/builds/worker-2-tc2/source:/opt/rustwide/workdir:ro,Z" "-v" "/var/lib/crater-agent-workspace/cargo-home:/opt/rustwide/cargo-home:ro,Z" "-v" "/var/lib/crater-agent-workspace/rustup-home:/opt/rustwide/rustup-home:ro,Z" "-e" "SOURCE_DIR=/opt/rustwide/workdir" "-e" "CARGO_TARGET_DIR=/opt/rustwide/target" "-e" "CARGO_HOME=/opt/rustwide/cargo-home" "-e" "RUSTUP_HOME=/opt/rustwide/rustup-home" "-w" "/opt/rustwide/workdir" "-m" "1610612736" "--user" "0:0" "--network" "none" "ghcr.io/rust-lang/crates-build-env/linux@sha256:2788e3201cd34a07e3172128adcd8b3090168a8e3bcc40d7c032b9dda1df7d1c" "/opt/rustwide/cargo-home/bin/cargo" "+beta-2023-12-22" "metadata" "--no-deps" "--format-version=1", kill_on_drop: false }`
[INFO] [stdout] 3c015fc8b5fe3af8be128a7b84f2e749a82b4df0235fadf6c5c6ad63c97d0998
[INFO] running `Command { std: "docker" "start" "-a" "3c015fc8b5fe3af8be128a7b84f2e749a82b4df0235fadf6c5c6ad63c97d0998", kill_on_drop: false }`
[INFO] running `Command { std: "docker" "inspect" "3c015fc8b5fe3af8be128a7b84f2e749a82b4df0235fadf6c5c6ad63c97d0998", kill_on_drop: false }`
[INFO] running `Command { std: "docker" "rm" "-f" "3c015fc8b5fe3af8be128a7b84f2e749a82b4df0235fadf6c5c6ad63c97d0998", kill_on_drop: false }`
[INFO] [stdout] 3c015fc8b5fe3af8be128a7b84f2e749a82b4df0235fadf6c5c6ad63c97d0998
[INFO] running `Command { std: "docker" "create" "-v" "/var/lib/crater-agent-workspace/builds/worker-2-tc2/target:/opt/rustwide/target:rw,Z" "-v" "/var/lib/crater-agent-workspace/builds/worker-2-tc2/source:/opt/rustwide/workdir:ro,Z" "-v" "/var/lib/crater-agent-workspace/cargo-home:/opt/rustwide/cargo-home:ro,Z" "-v" "/var/lib/crater-agent-workspace/rustup-home:/opt/rustwide/rustup-home:ro,Z" "-e" "SOURCE_DIR=/opt/rustwide/workdir" "-e" "CARGO_TARGET_DIR=/opt/rustwide/target" "-e" "CARGO_INCREMENTAL=0" "-e" "RUST_BACKTRACE=full" "-e" "RUSTFLAGS=--cap-lints=warn" "-e" "RUSTDOCFLAGS=--cap-lints=warn" "-e" "CARGO_HOME=/opt/rustwide/cargo-home" "-e" "RUSTUP_HOME=/opt/rustwide/rustup-home" "-w" "/opt/rustwide/workdir" "-m" "1610612736" "--user" "0:0" "--network" "none" "ghcr.io/rust-lang/crates-build-env/linux@sha256:2788e3201cd34a07e3172128adcd8b3090168a8e3bcc40d7c032b9dda1df7d1c" "/opt/rustwide/cargo-home/bin/cargo" "+beta-2023-12-22" "doc" "--frozen" "--no-deps" "--document-private-items" "--message-format=json", kill_on_drop: false }`
[INFO] [stdout] 6695d76c29a9fa5efa5e56ff8baff96196d1044ac30a42992238028d95ae4a8e
[INFO] running `Command { std: "docker" "start" "-a" "6695d76c29a9fa5efa5e56ff8baff96196d1044ac30a42992238028d95ae4a8e", kill_on_drop: false }`
[INFO] [stderr]     Checking try_take v0.1.0
[INFO] [stderr]     Checking scroll v0.12.0
[INFO] [stderr]     Checking bin-utils v0.2.5
[INFO] [stderr]     Checking bin-utils v0.1.6
[INFO] [stdout] error[E0554]: `#![feature]` may not be used on the beta release channel
[INFO] [stdout]  --> /opt/rustwide/cargo-home/registry/src/index.crates.io-6f17d22bba15001f/bin-utils-0.1.6/src/lib.rs:1:1
[INFO] [stdout]   |
[INFO] [stdout] 1 | #![feature(more_qualified_paths)]
[INFO] [stdout]   | ^^^^^^^^^^^^^^^^^^^^^^^^^^^^^^^^^
[INFO] [stdout] 
[INFO] [stdout] 
[INFO] [stdout] error[E0554]: `#![feature]` may not be used on the beta release channel
[INFO] [stdout]  --> /opt/rustwide/cargo-home/registry/src/index.crates.io-6f17d22bba15001f/bin-utils-0.1.6/src/lib.rs:2:1
[INFO] [stdout]   |
[INFO] [stdout] 2 | #![feature(iter_next_chunk)]
[INFO] [stdout]   | ^^^^^^^^^^^^^^^^^^^^^^^^^^^^
[INFO] [stdout] 
[INFO] [stdout] 
[INFO] [stdout] error[E0554]: `#![feature]` may not be used on the beta release channel
[INFO] [stdout]  --> /opt/rustwide/cargo-home/registry/src/index.crates.io-6f17d22bba15001f/bin-utils-0.1.6/src/lib.rs:2:12
[INFO] [stdout]   |
[INFO] [stdout] 2 | #![feature(iter_next_chunk)]
[INFO] [stdout]   |            ^^^^^^^^^^^^^^^
[INFO] [stdout] 
[INFO] [stdout] 
[INFO] [stdout] error: aborting due to 3 previous errors
[INFO] [stdout] 
[INFO] [stdout] 
[INFO] [stdout] For more information about this error, try `rustc --explain E0554`.
[INFO] [stdout] 
[INFO] [stdout] error[E0554]: `#![feature]` may not be used on the beta release channel
[INFO] [stdout]  --> /opt/rustwide/cargo-home/registry/src/index.crates.io-6f17d22bba15001f/bin-utils-0.2.5/src/lib.rs:2:1
[INFO] [stdout]   |
[INFO] [stdout] 2 | / #![feature(
[INFO] [stdout] 3 | |     more_qualified_paths,
[INFO] [stdout] 4 | |     iter_next_chunk,
[INFO] [stdout] 5 | |     generic_const_exprs,
[INFO] [stdout] 6 | |     iter_array_chunks
[INFO] [stdout] 7 | | )]
[INFO] [stdout]   | |__^
[INFO] [stdout] 
[INFO] [stdout] 
[INFO] [stderr] error: could not compile `bin-utils` (lib) due to 4 previous errors
[INFO] [stderr] warning: build failed, waiting for other jobs to finish...
[INFO] [stdout] error[E0554]: `#![feature]` may not be used on the beta release channel
[INFO] [stdout]  --> /opt/rustwide/cargo-home/registry/src/index.crates.io-6f17d22bba15001f/bin-utils-0.2.5/src/lib.rs:4:5
[INFO] [stdout]   |
[INFO] [stdout] 4 |     iter_next_chunk,
[INFO] [stdout]   |     ^^^^^^^^^^^^^^^
[INFO] [stdout] 
[INFO] [stdout] 
[INFO] [stdout] error[E0554]: `#![feature]` may not be used on the beta release channel
[INFO] [stdout]  --> /opt/rustwide/cargo-home/registry/src/index.crates.io-6f17d22bba15001f/bin-utils-0.2.5/src/lib.rs:6:5
[INFO] [stdout]   |
[INFO] [stdout] 6 |     iter_array_chunks
[INFO] [stdout]   |     ^^^^^^^^^^^^^^^^^
[INFO] [stdout] 
[INFO] [stdout] 
[INFO] [stdout] error: aborting due to 3 previous errors
[INFO] [stdout] 
[INFO] [stdout] 
[INFO] [stdout] For more information about this error, try `rustc --explain E0554`.
[INFO] [stdout] 
[INFO] [stderr] error: could not compile `bin-utils` (lib) due to 4 previous errors
[INFO] running `Command { std: "docker" "inspect" "6695d76c29a9fa5efa5e56ff8baff96196d1044ac30a42992238028d95ae4a8e", kill_on_drop: false }`
[INFO] running `Command { std: "docker" "rm" "-f" "6695d76c29a9fa5efa5e56ff8baff96196d1044ac30a42992238028d95ae4a8e", kill_on_drop: false }`
[INFO] [stdout] 6695d76c29a9fa5efa5e56ff8baff96196d1044ac30a42992238028d95ae4a8e
