[INFO] fetching crate eth_pairings_cpp 0.1.1...
[INFO] documenting eth_pairings_cpp-0.1.1 against 1.75.0 for beta-1.76-rustdoc-1
[INFO] extracting crate eth_pairings_cpp 0.1.1 into /workspace/builds/worker-6-tc1/source
[INFO] validating manifest of crates.io crate eth_pairings_cpp 0.1.1 on toolchain 1.75.0
[INFO] running `Command { std: CARGO_HOME="/workspace/cargo-home" RUSTUP_HOME="/workspace/rustup-home" "/workspace/cargo-home/bin/cargo" "+1.75.0" "metadata" "--manifest-path" "Cargo.toml" "--no-deps", kill_on_drop: false }`
[INFO] started tweaking crates.io crate eth_pairings_cpp 0.1.1
[INFO] finished tweaking crates.io crate eth_pairings_cpp 0.1.1
[INFO] tweaked toml for crates.io crate eth_pairings_cpp 0.1.1 written to /workspace/builds/worker-6-tc1/source/Cargo.toml
[INFO] running `Command { std: CARGO_HOME="/workspace/cargo-home" RUSTUP_HOME="/workspace/rustup-home" "/workspace/cargo-home/bin/cargo" "+1.75.0" "generate-lockfile" "--manifest-path" "Cargo.toml", kill_on_drop: false }`
[INFO] [stderr]     Updating crates.io index
[INFO] running `Command { std: CARGO_HOME="/workspace/cargo-home" RUSTUP_HOME="/workspace/rustup-home" "/workspace/cargo-home/bin/cargo" "+1.75.0" "fetch" "--manifest-path" "Cargo.toml", kill_on_drop: false }`
[INFO] running `Command { std: "docker" "create" "-v" "/var/lib/crater-agent-workspace/builds/worker-6-tc1/target:/opt/rustwide/target:rw,Z" "-v" "/var/lib/crater-agent-workspace/builds/worker-6-tc1/source:/opt/rustwide/workdir:ro,Z" "-v" "/var/lib/crater-agent-workspace/cargo-home:/opt/rustwide/cargo-home:ro,Z" "-v" "/var/lib/crater-agent-workspace/rustup-home:/opt/rustwide/rustup-home:ro,Z" "-e" "SOURCE_DIR=/opt/rustwide/workdir" "-e" "CARGO_TARGET_DIR=/opt/rustwide/target" "-e" "CARGO_HOME=/opt/rustwide/cargo-home" "-e" "RUSTUP_HOME=/opt/rustwide/rustup-home" "-w" "/opt/rustwide/workdir" "-m" "1610612736" "--user" "0:0" "--network" "none" "ghcr.io/rust-lang/crates-build-env/linux@sha256:2788e3201cd34a07e3172128adcd8b3090168a8e3bcc40d7c032b9dda1df7d1c" "/opt/rustwide/cargo-home/bin/cargo" "+1.75.0" "metadata" "--no-deps" "--format-version=1", kill_on_drop: false }`
[INFO] [stdout] 5af50e7e38c9529dbc818f69d22350da7fc3e4baad898bf05b6d15e2108357e7
[INFO] running `Command { std: "docker" "start" "-a" "5af50e7e38c9529dbc818f69d22350da7fc3e4baad898bf05b6d15e2108357e7", kill_on_drop: false }`
[INFO] running `Command { std: "docker" "inspect" "5af50e7e38c9529dbc818f69d22350da7fc3e4baad898bf05b6d15e2108357e7", kill_on_drop: false }`
[INFO] running `Command { std: "docker" "rm" "-f" "5af50e7e38c9529dbc818f69d22350da7fc3e4baad898bf05b6d15e2108357e7", kill_on_drop: false }`
[INFO] [stdout] 5af50e7e38c9529dbc818f69d22350da7fc3e4baad898bf05b6d15e2108357e7
[INFO] running `Command { std: "docker" "create" "-v" "/var/lib/crater-agent-workspace/builds/worker-6-tc1/target:/opt/rustwide/target:rw,Z" "-v" "/var/lib/crater-agent-workspace/builds/worker-6-tc1/source:/opt/rustwide/workdir:ro,Z" "-v" "/var/lib/crater-agent-workspace/cargo-home:/opt/rustwide/cargo-home:ro,Z" "-v" "/var/lib/crater-agent-workspace/rustup-home:/opt/rustwide/rustup-home:ro,Z" "-e" "SOURCE_DIR=/opt/rustwide/workdir" "-e" "CARGO_TARGET_DIR=/opt/rustwide/target" "-e" "CARGO_INCREMENTAL=0" "-e" "RUST_BACKTRACE=full" "-e" "RUSTFLAGS=--cap-lints=warn" "-e" "RUSTDOCFLAGS=--cap-lints=warn" "-e" "CARGO_HOME=/opt/rustwide/cargo-home" "-e" "RUSTUP_HOME=/opt/rustwide/rustup-home" "-w" "/opt/rustwide/workdir" "-m" "1610612736" "--user" "0:0" "--network" "none" "ghcr.io/rust-lang/crates-build-env/linux@sha256:2788e3201cd34a07e3172128adcd8b3090168a8e3bcc40d7c032b9dda1df7d1c" "/opt/rustwide/cargo-home/bin/cargo" "+1.75.0" "doc" "--frozen" "--no-deps" "--document-private-items" "--message-format=json", kill_on_drop: false }`
[INFO] [stdout] 031ef29cb31d854b5586b44c59e0a031c38e403a60d66f47b57e385446ab9a5a
[INFO] running `Command { std: "docker" "start" "-a" "031ef29cb31d854b5586b44c59e0a031c38e403a60d66f47b57e385446ab9a5a", kill_on_drop: false }`
[INFO] [stderr]    Compiling libc v0.2.151
[INFO] [stderr]    Compiling jobserver v0.1.27
[INFO] [stderr]    Compiling cc v1.0.83
[INFO] [stderr]    Compiling eth_pairings_cpp v0.1.1 (/opt/rustwide/workdir)
[INFO] [stderr] The following warnings were emitted during compilation:
[INFO] [stderr] 
[INFO] [stderr] warning: eth_pairings_cpp@0.1.1: c++: fatal error: Killed signal terminated program cc1plus
[INFO] [stderr] warning: eth_pairings_cpp@0.1.1: compilation terminated.
[INFO] [stderr] warning: eth_pairings_cpp@0.1.1: ToolExecError: Command "c++" "-O3" "-ffunction-sections" "-fdata-sections" "-fPIC" "-gdwarf-4" "-fno-omit-frame-pointer" "-m64" "-static" "-I" "eip1962cpp/include" "-std=c++1z" "-o" "/opt/rustwide/target/debug/build/eth_pairings_cpp-092edfb01be05092/out/eip1962cpp/src/api.o" "-c" "eip1962cpp/src/api.cpp" with args "c++" did not execute successfully (status code exit status: 1).
[INFO] [stderr] 
[INFO] [stderr] error: failed to run custom build command for `eth_pairings_cpp v0.1.1 (/opt/rustwide/workdir)`
[INFO] [stderr] note: To improve backtraces for build dependencies, set the CARGO_PROFILE_DEV_BUILD_OVERRIDE_DEBUG=true environment variable to enable debug information generation.
[INFO] [stderr] 
[INFO] [stderr] Caused by:
[INFO] [stderr]   process didn't exit successfully: `/opt/rustwide/target/debug/build/eth_pairings_cpp-35e58ce8f0f9d182/build-script-build` (exit status: 1)
[INFO] [stderr]   --- stdout
[INFO] [stderr]   TARGET = Some("x86_64-unknown-linux-gnu")
[INFO] [stderr]   HOST = Some("x86_64-unknown-linux-gnu")
[INFO] [stderr]   cargo:rerun-if-env-changed=CXX_x86_64-unknown-linux-gnu
[INFO] [stderr]   CXX_x86_64-unknown-linux-gnu = None
[INFO] [stderr]   cargo:rerun-if-env-changed=CXX_x86_64_unknown_linux_gnu
[INFO] [stderr]   CXX_x86_64_unknown_linux_gnu = None
[INFO] [stderr]   cargo:rerun-if-env-changed=HOST_CXX
[INFO] [stderr]   HOST_CXX = None
[INFO] [stderr]   cargo:rerun-if-env-changed=CXX
[INFO] [stderr]   CXX = None
[INFO] [stderr]   cargo:rerun-if-env-changed=CRATE_CC_NO_DEFAULTS
[INFO] [stderr]   CRATE_CC_NO_DEFAULTS = None
[INFO] [stderr]   DEBUG = Some("true")
[INFO] [stderr]   cargo:rerun-if-env-changed=CXXFLAGS_x86_64-unknown-linux-gnu
[INFO] [stderr]   CXXFLAGS_x86_64-unknown-linux-gnu = None
[INFO] [stderr]   cargo:rerun-if-env-changed=CXXFLAGS_x86_64_unknown_linux_gnu
[INFO] [stderr]   CXXFLAGS_x86_64_unknown_linux_gnu = None
[INFO] [stderr]   cargo:rerun-if-env-changed=HOST_CXXFLAGS
[INFO] [stderr]   HOST_CXXFLAGS = None
[INFO] [stderr]   cargo:rerun-if-env-changed=CXXFLAGS
[INFO] [stderr]   CXXFLAGS = None
[INFO] [stderr]   running: "c++" "-O3" "-ffunction-sections" "-fdata-sections" "-fPIC" "-gdwarf-4" "-fno-omit-frame-pointer" "-m64" "-static" "-I" "eip1962cpp/include" "-std=c++1z" "-o" "/opt/rustwide/target/debug/build/eth_pairings_cpp-092edfb01be05092/out/eip1962cpp/src/api.o" "-c" "eip1962cpp/src/api.cpp"
[INFO] [stderr]   running: "c++" "-O3" "-ffunction-sections" "-fdata-sections" "-fPIC" "-gdwarf-4" "-fno-omit-frame-pointer" "-m64" "-static" "-I" "eip1962cpp/include" "-std=c++1z" "-o" "/opt/rustwide/target/debug/build/eth_pairings_cpp-092edfb01be05092/out/eip1962cpp/src/common.o" "-c" "eip1962cpp/src/common.cpp"
[INFO] [stderr]   running: "c++" "-O3" "-ffunction-sections" "-fdata-sections" "-fPIC" "-gdwarf-4" "-fno-omit-frame-pointer" "-m64" "-static" "-I" "eip1962cpp/include" "-std=c++1z" "-o" "/opt/rustwide/target/debug/build/eth_pairings_cpp-092edfb01be05092/out/eip1962cpp/src/wrapper.o" "-c" "eip1962cpp/src/wrapper.cpp"
[INFO] [stderr]   running: "c++" "-O3" "-ffunction-sections" "-fdata-sections" "-fPIC" "-gdwarf-4" "-fno-omit-frame-pointer" "-m64" "-static" "-I" "eip1962cpp/include" "-std=c++1z" "-o" "/opt/rustwide/target/debug/build/eth_pairings_cpp-092edfb01be05092/out/eip1962cpp/src/repr.o" "-c" "eip1962cpp/src/repr.cpp"
[INFO] [stderr]   cargo:warning=c++: fatal error: Killed signal terminated program cc1plus
[INFO] [stderr] 
[INFO] [stderr]   cargo:warning=compilation terminated.
[INFO] [stderr] 
[INFO] [stderr]   exit status: 0
[INFO] [stderr]   exit status: 0
[INFO] [stderr]   exit status: 0
[INFO] [stderr]   exit status: 1
[INFO] [stderr]   cargo:warning=ToolExecError: Command "c++" "-O3" "-ffunction-sections" "-fdata-sections" "-fPIC" "-gdwarf-4" "-fno-omit-frame-pointer" "-m64" "-static" "-I" "eip1962cpp/include" "-std=c++1z" "-o" "/opt/rustwide/target/debug/build/eth_pairings_cpp-092edfb01be05092/out/eip1962cpp/src/api.o" "-c" "eip1962cpp/src/api.cpp" with args "c++" did not execute successfully (status code exit status: 1).
[INFO] [stderr] 
[INFO] [stderr]   --- stderr
[INFO] [stderr] 
[INFO] [stderr] 
[INFO] [stderr]   error occurred: Command "c++" "-O3" "-ffunction-sections" "-fdata-sections" "-fPIC" "-gdwarf-4" "-fno-omit-frame-pointer" "-m64" "-static" "-I" "eip1962cpp/include" "-std=c++1z" "-o" "/opt/rustwide/target/debug/build/eth_pairings_cpp-092edfb01be05092/out/eip1962cpp/src/api.o" "-c" "eip1962cpp/src/api.cpp" with args "c++" did not execute successfully (status code exit status: 1).
[INFO] [stderr] 
[INFO] [stderr] 
[INFO] running `Command { std: "docker" "inspect" "031ef29cb31d854b5586b44c59e0a031c38e403a60d66f47b57e385446ab9a5a", kill_on_drop: false }`
[INFO] running `Command { std: "docker" "rm" "-f" "031ef29cb31d854b5586b44c59e0a031c38e403a60d66f47b57e385446ab9a5a", kill_on_drop: false }`
[INFO] [stdout] 031ef29cb31d854b5586b44c59e0a031c38e403a60d66f47b57e385446ab9a5a
[INFO] documenting eth_pairings_cpp-0.1.1 against beta-2023-12-22 for beta-1.76-rustdoc-1
[INFO] extracting crate eth_pairings_cpp 0.1.1 into /workspace/builds/worker-6-tc2/source
[INFO] validating manifest of crates.io crate eth_pairings_cpp 0.1.1 on toolchain beta-2023-12-22
[INFO] running `Command { std: CARGO_HOME="/workspace/cargo-home" RUSTUP_HOME="/workspace/rustup-home" "/workspace/cargo-home/bin/cargo" "+beta-2023-12-22" "metadata" "--manifest-path" "Cargo.toml" "--no-deps", kill_on_drop: false }`
[INFO] started tweaking crates.io crate eth_pairings_cpp 0.1.1
[INFO] finished tweaking crates.io crate eth_pairings_cpp 0.1.1
[INFO] tweaked toml for crates.io crate eth_pairings_cpp 0.1.1 written to /workspace/builds/worker-6-tc2/source/Cargo.toml
[INFO] running `Command { std: CARGO_HOME="/workspace/cargo-home" RUSTUP_HOME="/workspace/rustup-home" "/workspace/cargo-home/bin/cargo" "+beta-2023-12-22" "generate-lockfile" "--manifest-path" "Cargo.toml", kill_on_drop: false }`
[INFO] [stderr]     Updating crates.io index
[INFO] running `Command { std: CARGO_HOME="/workspace/cargo-home" RUSTUP_HOME="/workspace/rustup-home" "/workspace/cargo-home/bin/cargo" "+beta-2023-12-22" "fetch" "--manifest-path" "Cargo.toml", kill_on_drop: false }`
[INFO] running `Command { std: "docker" "create" "-v" "/var/lib/crater-agent-workspace/builds/worker-6-tc2/target:/opt/rustwide/target:rw,Z" "-v" "/var/lib/crater-agent-workspace/builds/worker-6-tc2/source:/opt/rustwide/workdir:ro,Z" "-v" "/var/lib/crater-agent-workspace/cargo-home:/opt/rustwide/cargo-home:ro,Z" "-v" "/var/lib/crater-agent-workspace/rustup-home:/opt/rustwide/rustup-home:ro,Z" "-e" "SOURCE_DIR=/opt/rustwide/workdir" "-e" "CARGO_TARGET_DIR=/opt/rustwide/target" "-e" "CARGO_HOME=/opt/rustwide/cargo-home" "-e" "RUSTUP_HOME=/opt/rustwide/rustup-home" "-w" "/opt/rustwide/workdir" "-m" "1610612736" "--user" "0:0" "--network" "none" "ghcr.io/rust-lang/crates-build-env/linux@sha256:2788e3201cd34a07e3172128adcd8b3090168a8e3bcc40d7c032b9dda1df7d1c" "/opt/rustwide/cargo-home/bin/cargo" "+beta-2023-12-22" "metadata" "--no-deps" "--format-version=1", kill_on_drop: false }`
[INFO] [stdout] 5610785fa1add26e663f8c7d9fa0faf1a724c938786a9c0cc380d768e778102b
[INFO] running `Command { std: "docker" "start" "-a" "5610785fa1add26e663f8c7d9fa0faf1a724c938786a9c0cc380d768e778102b", kill_on_drop: false }`
[INFO] running `Command { std: "docker" "inspect" "5610785fa1add26e663f8c7d9fa0faf1a724c938786a9c0cc380d768e778102b", kill_on_drop: false }`
[INFO] running `Command { std: "docker" "rm" "-f" "5610785fa1add26e663f8c7d9fa0faf1a724c938786a9c0cc380d768e778102b", kill_on_drop: false }`
[INFO] [stdout] 5610785fa1add26e663f8c7d9fa0faf1a724c938786a9c0cc380d768e778102b
[INFO] running `Command { std: "docker" "create" "-v" "/var/lib/crater-agent-workspace/builds/worker-6-tc2/target:/opt/rustwide/target:rw,Z" "-v" "/var/lib/crater-agent-workspace/builds/worker-6-tc2/source:/opt/rustwide/workdir:ro,Z" "-v" "/var/lib/crater-agent-workspace/cargo-home:/opt/rustwide/cargo-home:ro,Z" "-v" "/var/lib/crater-agent-workspace/rustup-home:/opt/rustwide/rustup-home:ro,Z" "-e" "SOURCE_DIR=/opt/rustwide/workdir" "-e" "CARGO_TARGET_DIR=/opt/rustwide/target" "-e" "CARGO_INCREMENTAL=0" "-e" "RUST_BACKTRACE=full" "-e" "RUSTFLAGS=--cap-lints=warn" "-e" "RUSTDOCFLAGS=--cap-lints=warn" "-e" "CARGO_HOME=/opt/rustwide/cargo-home" "-e" "RUSTUP_HOME=/opt/rustwide/rustup-home" "-w" "/opt/rustwide/workdir" "-m" "1610612736" "--user" "0:0" "--network" "none" "ghcr.io/rust-lang/crates-build-env/linux@sha256:2788e3201cd34a07e3172128adcd8b3090168a8e3bcc40d7c032b9dda1df7d1c" "/opt/rustwide/cargo-home/bin/cargo" "+beta-2023-12-22" "doc" "--frozen" "--no-deps" "--document-private-items" "--message-format=json", kill_on_drop: false }`
[INFO] [stdout] f85bcfc312ab71108917df3a3f459eb7cc7988853127bed7d139ef6b7b67b7c6
[INFO] running `Command { std: "docker" "start" "-a" "f85bcfc312ab71108917df3a3f459eb7cc7988853127bed7d139ef6b7b67b7c6", kill_on_drop: false }`
[INFO] [stderr]    Compiling libc v0.2.151
[INFO] [stderr]    Compiling jobserver v0.1.27
[INFO] [stderr]    Compiling cc v1.0.83
[INFO] [stderr]    Compiling eth_pairings_cpp v0.1.1 (/opt/rustwide/workdir)
[INFO] [stderr] The following warnings were emitted during compilation:
[INFO] [stderr] 
[INFO] [stderr] warning: eth_pairings_cpp@0.1.1: c++: fatal error: Killed signal terminated program cc1plus
[INFO] [stderr] warning: eth_pairings_cpp@0.1.1: compilation terminated.
[INFO] [stderr] warning: eth_pairings_cpp@0.1.1: ToolExecError: Command "c++" "-O3" "-ffunction-sections" "-fdata-sections" "-fPIC" "-gdwarf-4" "-fno-omit-frame-pointer" "-m64" "-static" "-I" "eip1962cpp/include" "-std=c++1z" "-o" "/opt/rustwide/target/debug/build/eth_pairings_cpp-abcb45eb8f6e8330/out/eip1962cpp/src/api.o" "-c" "eip1962cpp/src/api.cpp" with args "c++" did not execute successfully (status code exit status: 1).
[INFO] [stderr] 
[INFO] [stderr] error: failed to run custom build command for `eth_pairings_cpp v0.1.1 (/opt/rustwide/workdir)`
[INFO] [stderr] note: To improve backtraces for build dependencies, set the CARGO_PROFILE_DEV_BUILD_OVERRIDE_DEBUG=true environment variable to enable debug information generation.
[INFO] [stderr] 
[INFO] [stderr] Caused by:
[INFO] [stderr]   process didn't exit successfully: `/opt/rustwide/target/debug/build/eth_pairings_cpp-3b08cdc95eaafe22/build-script-build` (exit status: 1)
[INFO] [stderr]   --- stdout
[INFO] [stderr]   TARGET = Some("x86_64-unknown-linux-gnu")
[INFO] [stderr]   HOST = Some("x86_64-unknown-linux-gnu")
[INFO] [stderr]   cargo:rerun-if-env-changed=CXX_x86_64-unknown-linux-gnu
[INFO] [stderr]   CXX_x86_64-unknown-linux-gnu = None
[INFO] [stderr]   cargo:rerun-if-env-changed=CXX_x86_64_unknown_linux_gnu
[INFO] [stderr]   CXX_x86_64_unknown_linux_gnu = None
[INFO] [stderr]   cargo:rerun-if-env-changed=HOST_CXX
[INFO] [stderr]   HOST_CXX = None
[INFO] [stderr]   cargo:rerun-if-env-changed=CXX
[INFO] [stderr]   CXX = None
[INFO] [stderr]   cargo:rerun-if-env-changed=CRATE_CC_NO_DEFAULTS
[INFO] [stderr]   CRATE_CC_NO_DEFAULTS = None
[INFO] [stderr]   DEBUG = Some("true")
[INFO] [stderr]   cargo:rerun-if-env-changed=CXXFLAGS_x86_64-unknown-linux-gnu
[INFO] [stderr]   CXXFLAGS_x86_64-unknown-linux-gnu = None
[INFO] [stderr]   cargo:rerun-if-env-changed=CXXFLAGS_x86_64_unknown_linux_gnu
[INFO] [stderr]   CXXFLAGS_x86_64_unknown_linux_gnu = None
[INFO] [stderr]   cargo:rerun-if-env-changed=HOST_CXXFLAGS
[INFO] [stderr]   HOST_CXXFLAGS = None
[INFO] [stderr]   cargo:rerun-if-env-changed=CXXFLAGS
[INFO] [stderr]   CXXFLAGS = None
[INFO] [stderr]   running: "c++" "-O3" "-ffunction-sections" "-fdata-sections" "-fPIC" "-gdwarf-4" "-fno-omit-frame-pointer" "-m64" "-static" "-I" "eip1962cpp/include" "-std=c++1z" "-o" "/opt/rustwide/target/debug/build/eth_pairings_cpp-abcb45eb8f6e8330/out/eip1962cpp/src/api.o" "-c" "eip1962cpp/src/api.cpp"
[INFO] [stderr]   running: "c++" "-O3" "-ffunction-sections" "-fdata-sections" "-fPIC" "-gdwarf-4" "-fno-omit-frame-pointer" "-m64" "-static" "-I" "eip1962cpp/include" "-std=c++1z" "-o" "/opt/rustwide/target/debug/build/eth_pairings_cpp-abcb45eb8f6e8330/out/eip1962cpp/src/common.o" "-c" "eip1962cpp/src/common.cpp"
[INFO] [stderr]   running: "c++" "-O3" "-ffunction-sections" "-fdata-sections" "-fPIC" "-gdwarf-4" "-fno-omit-frame-pointer" "-m64" "-static" "-I" "eip1962cpp/include" "-std=c++1z" "-o" "/opt/rustwide/target/debug/build/eth_pairings_cpp-abcb45eb8f6e8330/out/eip1962cpp/src/wrapper.o" "-c" "eip1962cpp/src/wrapper.cpp"
[INFO] [stderr]   running: "c++" "-O3" "-ffunction-sections" "-fdata-sections" "-fPIC" "-gdwarf-4" "-fno-omit-frame-pointer" "-m64" "-static" "-I" "eip1962cpp/include" "-std=c++1z" "-o" "/opt/rustwide/target/debug/build/eth_pairings_cpp-abcb45eb8f6e8330/out/eip1962cpp/src/repr.o" "-c" "eip1962cpp/src/repr.cpp"
[INFO] [stderr]   cargo:warning=c++: fatal error: Killed signal terminated program cc1plus
[INFO] [stderr] 
[INFO] [stderr]   cargo:warning=compilation terminated.
[INFO] [stderr] 
[INFO] [stderr]   exit status: 0
[INFO] [stderr]   exit status: 0
[INFO] [stderr]   exit status: 0
[INFO] [stderr]   exit status: 1
[INFO] [stderr]   cargo:warning=ToolExecError: Command "c++" "-O3" "-ffunction-sections" "-fdata-sections" "-fPIC" "-gdwarf-4" "-fno-omit-frame-pointer" "-m64" "-static" "-I" "eip1962cpp/include" "-std=c++1z" "-o" "/opt/rustwide/target/debug/build/eth_pairings_cpp-abcb45eb8f6e8330/out/eip1962cpp/src/api.o" "-c" "eip1962cpp/src/api.cpp" with args "c++" did not execute successfully (status code exit status: 1).
[INFO] [stderr] 
[INFO] [stderr]   --- stderr
[INFO] [stderr] 
[INFO] [stderr] 
[INFO] [stderr]   error occurred: Command "c++" "-O3" "-ffunction-sections" "-fdata-sections" "-fPIC" "-gdwarf-4" "-fno-omit-frame-pointer" "-m64" "-static" "-I" "eip1962cpp/include" "-std=c++1z" "-o" "/opt/rustwide/target/debug/build/eth_pairings_cpp-abcb45eb8f6e8330/out/eip1962cpp/src/api.o" "-c" "eip1962cpp/src/api.cpp" with args "c++" did not execute successfully (status code exit status: 1).
[INFO] [stderr] 
[INFO] [stderr] 
[INFO] running `Command { std: "docker" "inspect" "f85bcfc312ab71108917df3a3f459eb7cc7988853127bed7d139ef6b7b67b7c6", kill_on_drop: false }`
[INFO] running `Command { std: "docker" "rm" "-f" "f85bcfc312ab71108917df3a3f459eb7cc7988853127bed7d139ef6b7b67b7c6", kill_on_drop: false }`
[INFO] [stdout] f85bcfc312ab71108917df3a3f459eb7cc7988853127bed7d139ef6b7b67b7c6
