[INFO] fetching crate es-wifi-driver 0.4.0...
[INFO] documenting es-wifi-driver-0.4.0 against 1.75.0 for beta-1.76-rustdoc-1
[INFO] extracting crate es-wifi-driver 0.4.0 into /workspace/builds/worker-2-tc1/source
[INFO] validating manifest of crates.io crate es-wifi-driver 0.4.0 on toolchain 1.75.0
[INFO] running `Command { std: CARGO_HOME="/workspace/cargo-home" RUSTUP_HOME="/workspace/rustup-home" "/workspace/cargo-home/bin/cargo" "+1.75.0" "metadata" "--manifest-path" "Cargo.toml" "--no-deps", kill_on_drop: false }`
[INFO] removed /workspace/builds/worker-2-tc1/source/rust-toolchain.toml
[INFO] started tweaking crates.io crate es-wifi-driver 0.4.0
[INFO] finished tweaking crates.io crate es-wifi-driver 0.4.0
[INFO] tweaked toml for crates.io crate es-wifi-driver 0.4.0 written to /workspace/builds/worker-2-tc1/source/Cargo.toml
[INFO] running `Command { std: CARGO_HOME="/workspace/cargo-home" RUSTUP_HOME="/workspace/rustup-home" "/workspace/cargo-home/bin/cargo" "+1.75.0" "generate-lockfile" "--manifest-path" "Cargo.toml", kill_on_drop: false }`
[INFO] [stderr]     Updating crates.io index
[INFO] running `Command { std: CARGO_HOME="/workspace/cargo-home" RUSTUP_HOME="/workspace/rustup-home" "/workspace/cargo-home/bin/cargo" "+1.75.0" "fetch" "--manifest-path" "Cargo.toml", kill_on_drop: false }`
[INFO] [stderr]  Downloading crates ...
[INFO] [stderr]   Downloaded static_cell v1.3.0
[INFO] [stderr]   Downloaded embassy-time v0.1.5
[INFO] [stderr]   Downloaded embassy-sync v0.1.0
[INFO] [stderr]   Downloaded embedded-nal-async v0.4.0
[INFO] [stderr]   Downloaded no-std-net v0.5.0
[INFO] [stderr]   Downloaded portable-atomic v1.6.0
[INFO] [stderr]   Downloaded embedded-io v0.4.0
[INFO] [stderr]   Downloaded embedded-nal v0.6.0
[INFO] [stderr]   Downloaded embassy-executor v0.2.1
[INFO] [stderr]   Downloaded embedded-hal v1.0.0-alpha.10
[INFO] [stderr]   Downloaded nom v6.2.2
[INFO] [stderr]   Downloaded moveslice v2.0.1
[INFO] [stderr]   Downloaded embassy-macros v0.2.1
[INFO] [stderr]   Downloaded embedded-io v0.3.1
[INFO] [stderr]   Downloaded embedded-hal-async v0.2.0-alpha.1
[INFO] running `Command { std: "docker" "create" "-v" "/var/lib/crater-agent-workspace/builds/worker-2-tc1/target:/opt/rustwide/target:rw,Z" "-v" "/var/lib/crater-agent-workspace/builds/worker-2-tc1/source:/opt/rustwide/workdir:ro,Z" "-v" "/var/lib/crater-agent-workspace/cargo-home:/opt/rustwide/cargo-home:ro,Z" "-v" "/var/lib/crater-agent-workspace/rustup-home:/opt/rustwide/rustup-home:ro,Z" "-e" "SOURCE_DIR=/opt/rustwide/workdir" "-e" "CARGO_TARGET_DIR=/opt/rustwide/target" "-e" "CARGO_HOME=/opt/rustwide/cargo-home" "-e" "RUSTUP_HOME=/opt/rustwide/rustup-home" "-w" "/opt/rustwide/workdir" "-m" "1610612736" "--user" "0:0" "--network" "none" "ghcr.io/rust-lang/crates-build-env/linux@sha256:2788e3201cd34a07e3172128adcd8b3090168a8e3bcc40d7c032b9dda1df7d1c" "/opt/rustwide/cargo-home/bin/cargo" "+1.75.0" "metadata" "--no-deps" "--format-version=1", kill_on_drop: false }`
[INFO] [stdout] 1b94366aebff7d4d2b4d71f9a5f5a12bcabf3226828c17e64ec8877fc4927ed0
[INFO] running `Command { std: "docker" "start" "-a" "1b94366aebff7d4d2b4d71f9a5f5a12bcabf3226828c17e64ec8877fc4927ed0", kill_on_drop: false }`
[INFO] running `Command { std: "docker" "inspect" "1b94366aebff7d4d2b4d71f9a5f5a12bcabf3226828c17e64ec8877fc4927ed0", kill_on_drop: false }`
[INFO] running `Command { std: "docker" "rm" "-f" "1b94366aebff7d4d2b4d71f9a5f5a12bcabf3226828c17e64ec8877fc4927ed0", kill_on_drop: false }`
[INFO] [stdout] 1b94366aebff7d4d2b4d71f9a5f5a12bcabf3226828c17e64ec8877fc4927ed0
[INFO] running `Command { std: "docker" "create" "-v" "/var/lib/crater-agent-workspace/builds/worker-2-tc1/target:/opt/rustwide/target:rw,Z" "-v" "/var/lib/crater-agent-workspace/builds/worker-2-tc1/source:/opt/rustwide/workdir:ro,Z" "-v" "/var/lib/crater-agent-workspace/cargo-home:/opt/rustwide/cargo-home:ro,Z" "-v" "/var/lib/crater-agent-workspace/rustup-home:/opt/rustwide/rustup-home:ro,Z" "-e" "SOURCE_DIR=/opt/rustwide/workdir" "-e" "CARGO_TARGET_DIR=/opt/rustwide/target" "-e" "CARGO_INCREMENTAL=0" "-e" "RUST_BACKTRACE=full" "-e" "RUSTFLAGS=--cap-lints=warn" "-e" "RUSTDOCFLAGS=--cap-lints=warn" "-e" "CARGO_HOME=/opt/rustwide/cargo-home" "-e" "RUSTUP_HOME=/opt/rustwide/rustup-home" "-w" "/opt/rustwide/workdir" "-m" "1610612736" "--user" "0:0" "--network" "none" "ghcr.io/rust-lang/crates-build-env/linux@sha256:2788e3201cd34a07e3172128adcd8b3090168a8e3bcc40d7c032b9dda1df7d1c" "/opt/rustwide/cargo-home/bin/cargo" "+1.75.0" "doc" "--frozen" "--no-deps" "--document-private-items" "--message-format=json", kill_on_drop: false }`
[INFO] [stdout] 9a571702c032e909be912975c19040edfc57b7053d774d318f20f680e684b62a
[INFO] running `Command { std: "docker" "start" "-a" "9a571702c032e909be912975c19040edfc57b7053d774d318f20f680e684b62a", kill_on_drop: false }`
[INFO] [stderr]    Compiling semver v1.0.21
[INFO] [stderr]    Compiling lock_api v0.4.11
[INFO] [stderr]     Checking scopeguard v1.2.0
[INFO] [stderr]     Checking byteorder v1.5.0
[INFO] [stderr]     Checking nb v1.1.0
[INFO] [stderr]     Checking stable_deref_trait v1.2.0
[INFO] [stderr]     Checking futures-core v0.3.30
[INFO] [stderr]    Compiling atomic-polyfill v1.0.3
[INFO] [stderr]     Checking critical-section v1.1.2
[INFO] [stderr]     Checking futures-task v0.3.30
[INFO] [stderr]    Compiling memchr v2.3.4
[INFO] [stderr]    Compiling nom v6.2.2
[INFO] [stderr]     Checking nb v0.1.3
[INFO] [stderr]     Checking futures-util v0.3.30
[INFO] [stderr]    Compiling embassy-time v0.1.5
[INFO] [stderr]     Checking hash32 v0.2.1
[INFO] [stderr]    Compiling embassy-sync v0.1.0
[INFO] [stderr]     Checking void v1.0.2
[INFO] [stderr]     Checking no-std-net v0.5.0
[INFO] [stderr]     Checking embedded-hal v0.2.7
[INFO] [stderr]     Checking embedded-hal v1.0.0-alpha.10
[INFO] [stderr]    Compiling rustc_version v0.4.0
[INFO] [stderr]     Checking embedded-io v0.4.0
[INFO] [stdout] error[E0554]: `#![feature]` may not be used on the stable release channel
[INFO] [stdout]  --> /opt/rustwide/cargo-home/registry/src/index.crates.io-6f17d22bba15001f/embedded-io-0.4.0/src/lib.rs:2:32
[INFO] [stdout]   |
[INFO] [stdout] 2 | #![cfg_attr(feature = "async", feature(async_fn_in_trait, impl_trait_projections))]
[INFO] [stdout]   |                                ^^^^^^^^^^^^^^^^^^^^^^^^^^^^^^^^^^^^^^^^^^^^^^^^^^ help: remove the attribute
[INFO] [stdout]   |
[INFO] [stdout]   = help: the feature `impl_trait_projections` has been stable since `1.74.0` and no longer requires an attribute to enable
[INFO] [stdout]   = help: the feature `impl_trait_projections` has been stable since `1.74.0` and no longer requires an attribute to enable
[INFO] [stdout] 
[INFO] [stdout] 
[INFO] [stderr]     Checking no-std-net v0.6.0
[INFO] [stderr]     Checking spin v0.9.8
[INFO] [stderr]     Checking embedded-io v0.3.1
[INFO] [stderr]     Checking embedded-hal-async v0.2.0-alpha.1
[INFO] [stdout] error[E0554]: `#![feature]` may not be used on the stable release channel
[INFO] [stdout]  --> /opt/rustwide/cargo-home/registry/src/index.crates.io-6f17d22bba15001f/embedded-hal-async-0.2.0-alpha.1/src/lib.rs:5:1
[INFO] [stdout]   |
[INFO] [stdout] 5 | #![feature(async_fn_in_trait, impl_trait_projections)]
[INFO] [stdout]   | ^^^^^^^^^^^^^^^^^^^^^^^^^^^^^^^^^^^^^^^^^^^^^^^^^^^^^^ help: remove the attribute
[INFO] [stdout]   |
[INFO] [stdout]   = help: the feature `impl_trait_projections` has been stable since `1.74.0` and no longer requires an attribute to enable
[INFO] [stdout]   = help: the feature `impl_trait_projections` has been stable since `1.74.0` and no longer requires an attribute to enable
[INFO] [stdout] 
[INFO] [stdout] 
[INFO] [stdout] error[E0554]: `#![feature]` may not be used on the stable release channel
[INFO] [stdout]  --> /opt/rustwide/cargo-home/registry/src/index.crates.io-6f17d22bba15001f/embedded-io-0.3.1/src/lib.rs:2:32
[INFO] [stdout]   |
[INFO] [stdout] 2 | #![cfg_attr(feature = "async", feature(type_alias_impl_trait))]
[INFO] [stdout]   |                                ^^^^^^^^^^^^^^^^^^^^^^^^^^^^^^
[INFO] [stdout] 
[INFO] [stdout] 
[INFO] [stdout] error[E0658]: `impl Trait` in associated types is unstable
[INFO] [stdout]    --> /opt/rustwide/cargo-home/registry/src/index.crates.io-6f17d22bba15001f/embedded-io-0.3.1/src/asynch.rs:132:27
[INFO] [stdout]     |
[INFO] [stdout] 132 |     type ReadFuture<'a> = impl Future<Output = Result<usize, Self::Error>> + 'a
[INFO] [stdout]     |                           ^^^^^^^^^^^^^^^^^^^^^^^^^^^^^^^^^^^^^^^^^^^^^^^^^^^^^
[INFO] [stdout]     |
[INFO] [stdout]     = note: see issue #63063 <https://github.com/rust-lang/rust/issues/63063> for more information
[INFO] [stdout] 
[INFO] [stdout] 
[INFO] [stdout] error[E0658]: `impl Trait` in associated types is unstable
[INFO] [stdout]    --> /opt/rustwide/cargo-home/registry/src/index.crates.io-6f17d22bba15001f/embedded-io-0.3.1/src/asynch.rs:143:30
[INFO] [stdout]     |
[INFO] [stdout] 143 |     type FillBufFuture<'a> = impl Future<Output = Result<&'a [u8], Self::Error>>
[INFO] [stdout]     |                              ^^^^^^^^^^^^^^^^^^^^^^^^^^^^^^^^^^^^^^^^^^^^^^^^^^^
[INFO] [stdout]     |
[INFO] [stdout]     = note: see issue #63063 <https://github.com/rust-lang/rust/issues/63063> for more information
[INFO] [stdout] 
[INFO] [stdout] 
[INFO] [stdout] error[E0658]: `impl Trait` in associated types is unstable
[INFO] [stdout]    --> /opt/rustwide/cargo-home/registry/src/index.crates.io-6f17d22bba15001f/embedded-io-0.3.1/src/asynch.rs:157:28
[INFO] [stdout]     |
[INFO] [stdout] 157 |     type WriteFuture<'a> = impl Future<Output = Result<usize, Self::Error>> + 'a
[INFO] [stdout]     |                            ^^^^^^^^^^^^^^^^^^^^^^^^^^^^^^^^^^^^^^^^^^^^^^^^^^^^^
[INFO] [stdout]     |
[INFO] [stdout]     = note: see issue #63063 <https://github.com/rust-lang/rust/issues/63063> for more information
[INFO] [stdout] 
[INFO] [stdout] 
[INFO] [stdout] error[E0658]: `impl Trait` in associated types is unstable
[INFO] [stdout]    --> /opt/rustwide/cargo-home/registry/src/index.crates.io-6f17d22bba15001f/embedded-io-0.3.1/src/asynch.rs:166:28
[INFO] [stdout]     |
[INFO] [stdout] 166 |     type FlushFuture<'a> = impl Future<Output = Result<(), Self::Error>> + 'a
[INFO] [stdout]     |                            ^^^^^^^^^^^^^^^^^^^^^^^^^^^^^^^^^^^^^^^^^^^^^^^^^^
[INFO] [stdout]     |
[INFO] [stdout]     = note: see issue #63063 <https://github.com/rust-lang/rust/issues/63063> for more information
[INFO] [stdout] 
[INFO] [stdout] 
[INFO] [stdout] error[E0658]: `impl Trait` in associated types is unstable
[INFO] [stdout]    --> /opt/rustwide/cargo-home/registry/src/index.crates.io-6f17d22bba15001f/embedded-io-0.3.1/src/asynch.rs:177:27
[INFO] [stdout]     |
[INFO] [stdout] 177 |     type SeekFuture<'a> = impl Future<Output = Result<u64, Self::Error>> + 'a
[INFO] [stdout]     |                           ^^^^^^^^^^^^^^^^^^^^^^^^^^^^^^^^^^^^^^^^^^^^^^^^^^^
[INFO] [stdout]     |
[INFO] [stdout]     = note: see issue #63063 <https://github.com/rust-lang/rust/issues/63063> for more information
[INFO] [stdout] 
[INFO] [stdout] 
[INFO] [stdout] error[E0658]: `impl Trait` in associated types is unstable
[INFO] [stdout]    --> /opt/rustwide/cargo-home/registry/src/index.crates.io-6f17d22bba15001f/embedded-io-0.3.1/src/asynch.rs:192:27
[INFO] [stdout]     |
[INFO] [stdout] 192 |     type ReadFuture<'a> = impl Future<Output = Result<usize, Self::Error>> + 'a
[INFO] [stdout]     |                           ^^^^^^^^^^^^^^^^^^^^^^^^^^^^^^^^^^^^^^^^^^^^^^^^^^^^^
[INFO] [stdout]     |
[INFO] [stdout]     = note: see issue #63063 <https://github.com/rust-lang/rust/issues/63063> for more information
[INFO] [stdout] 
[INFO] [stdout] 
[INFO] [stdout] error[E0658]: `impl Trait` in associated types is unstable
[INFO] [stdout]    --> /opt/rustwide/cargo-home/registry/src/index.crates.io-6f17d22bba15001f/embedded-io-0.3.1/src/asynch.rs:218:30
[INFO] [stdout]     |
[INFO] [stdout] 218 |     type FillBufFuture<'a> = impl Future<Output = Result<&'a [u8], Self::Error>>
[INFO] [stdout]     |                              ^^^^^^^^^^^^^^^^^^^^^^^^^^^^^^^^^^^^^^^^^^^^^^^^^^^
[INFO] [stdout]     |
[INFO] [stdout]     = note: see issue #63063 <https://github.com/rust-lang/rust/issues/63063> for more information
[INFO] [stdout] 
[INFO] [stdout] 
[INFO] [stdout] error[E0658]: `impl Trait` in associated types is unstable
[INFO] [stdout]    --> /opt/rustwide/cargo-home/registry/src/index.crates.io-6f17d22bba15001f/embedded-io-0.3.1/src/asynch.rs:243:28
[INFO] [stdout]     |
[INFO] [stdout] 243 |     type WriteFuture<'a> = impl Future<Output = Result<usize, Self::Error>> + 'a
[INFO] [stdout]     |                            ^^^^^^^^^^^^^^^^^^^^^^^^^^^^^^^^^^^^^^^^^^^^^^^^^^^^^
[INFO] [stdout]     |
[INFO] [stdout]     = note: see issue #63063 <https://github.com/rust-lang/rust/issues/63063> for more information
[INFO] [stdout] 
[INFO] [stdout] 
[INFO] [stdout] error[E0658]: `impl Trait` in associated types is unstable
[INFO] [stdout]    --> /opt/rustwide/cargo-home/registry/src/index.crates.io-6f17d22bba15001f/embedded-io-0.3.1/src/asynch.rs:258:28
[INFO] [stdout]     |
[INFO] [stdout] 258 |     type FlushFuture<'a> = impl Future<Output = Result<(), Self::Error>>
[INFO] [stdout]     |                            ^^^^^^^^^^^^^^^^^^^^^^^^^^^^^^^^^^^^^^^^^^^^^
[INFO] [stdout]     |
[INFO] [stdout]     = note: see issue #63063 <https://github.com/rust-lang/rust/issues/63063> for more information
[INFO] [stdout] 
[INFO] [stdout] 
[INFO] [stdout] error: aborting due to previous error
[INFO] [stdout] 
[INFO] [stdout] 
[INFO] [stdout] For more information about this error, try `rustc --explain E0554`.
[INFO] [stdout] 
[INFO] [stderr] error: could not compile `embedded-io` (lib) due to 2 previous errors
[INFO] [stderr] warning: build failed, waiting for other jobs to finish...
[INFO] [stdout] error: aborting due to 10 previous errors
[INFO] [stdout] 
[INFO] [stdout] 
[INFO] [stdout] Some errors have detailed explanations: E0554, E0658.
[INFO] [stdout] 
[INFO] [stdout] For more information about an error, try `rustc --explain E0554`.
[INFO] [stdout] 
[INFO] [stderr] error: could not compile `embedded-io` (lib) due to 11 previous errors
[INFO] [stdout] error: aborting due to previous error
[INFO] [stdout] 
[INFO] [stdout] 
[INFO] [stdout] For more information about this error, try `rustc --explain E0554`.
[INFO] [stdout] 
[INFO] [stderr] error: could not compile `embedded-hal-async` (lib) due to 2 previous errors
[INFO] running `Command { std: "docker" "inspect" "9a571702c032e909be912975c19040edfc57b7053d774d318f20f680e684b62a", kill_on_drop: false }`
[INFO] running `Command { std: "docker" "rm" "-f" "9a571702c032e909be912975c19040edfc57b7053d774d318f20f680e684b62a", kill_on_drop: false }`
[INFO] [stdout] 9a571702c032e909be912975c19040edfc57b7053d774d318f20f680e684b62a
[INFO] documenting es-wifi-driver-0.4.0 against beta-2023-12-22 for beta-1.76-rustdoc-1
[INFO] extracting crate es-wifi-driver 0.4.0 into /workspace/builds/worker-2-tc2/source
[INFO] validating manifest of crates.io crate es-wifi-driver 0.4.0 on toolchain beta-2023-12-22
[INFO] running `Command { std: CARGO_HOME="/workspace/cargo-home" RUSTUP_HOME="/workspace/rustup-home" "/workspace/cargo-home/bin/cargo" "+beta-2023-12-22" "metadata" "--manifest-path" "Cargo.toml" "--no-deps", kill_on_drop: false }`
[INFO] removed /workspace/builds/worker-2-tc2/source/rust-toolchain.toml
[INFO] started tweaking crates.io crate es-wifi-driver 0.4.0
[INFO] finished tweaking crates.io crate es-wifi-driver 0.4.0
[INFO] tweaked toml for crates.io crate es-wifi-driver 0.4.0 written to /workspace/builds/worker-2-tc2/source/Cargo.toml
[INFO] running `Command { std: CARGO_HOME="/workspace/cargo-home" RUSTUP_HOME="/workspace/rustup-home" "/workspace/cargo-home/bin/cargo" "+beta-2023-12-22" "generate-lockfile" "--manifest-path" "Cargo.toml", kill_on_drop: false }`
[INFO] [stderr]     Updating crates.io index
[INFO] running `Command { std: CARGO_HOME="/workspace/cargo-home" RUSTUP_HOME="/workspace/rustup-home" "/workspace/cargo-home/bin/cargo" "+beta-2023-12-22" "fetch" "--manifest-path" "Cargo.toml", kill_on_drop: false }`
[INFO] running `Command { std: "docker" "create" "-v" "/var/lib/crater-agent-workspace/builds/worker-2-tc2/target:/opt/rustwide/target:rw,Z" "-v" "/var/lib/crater-agent-workspace/builds/worker-2-tc2/source:/opt/rustwide/workdir:ro,Z" "-v" "/var/lib/crater-agent-workspace/cargo-home:/opt/rustwide/cargo-home:ro,Z" "-v" "/var/lib/crater-agent-workspace/rustup-home:/opt/rustwide/rustup-home:ro,Z" "-e" "SOURCE_DIR=/opt/rustwide/workdir" "-e" "CARGO_TARGET_DIR=/opt/rustwide/target" "-e" "CARGO_HOME=/opt/rustwide/cargo-home" "-e" "RUSTUP_HOME=/opt/rustwide/rustup-home" "-w" "/opt/rustwide/workdir" "-m" "1610612736" "--user" "0:0" "--network" "none" "ghcr.io/rust-lang/crates-build-env/linux@sha256:2788e3201cd34a07e3172128adcd8b3090168a8e3bcc40d7c032b9dda1df7d1c" "/opt/rustwide/cargo-home/bin/cargo" "+beta-2023-12-22" "metadata" "--no-deps" "--format-version=1", kill_on_drop: false }`
[INFO] [stdout] 6551f07ad1b0a2f2c86c2549de010d26e7d81b1f942113ad6ab41c67ef3e95d8
[INFO] running `Command { std: "docker" "start" "-a" "6551f07ad1b0a2f2c86c2549de010d26e7d81b1f942113ad6ab41c67ef3e95d8", kill_on_drop: false }`
[INFO] running `Command { std: "docker" "inspect" "6551f07ad1b0a2f2c86c2549de010d26e7d81b1f942113ad6ab41c67ef3e95d8", kill_on_drop: false }`
[INFO] running `Command { std: "docker" "rm" "-f" "6551f07ad1b0a2f2c86c2549de010d26e7d81b1f942113ad6ab41c67ef3e95d8", kill_on_drop: false }`
[INFO] [stdout] 6551f07ad1b0a2f2c86c2549de010d26e7d81b1f942113ad6ab41c67ef3e95d8
[INFO] running `Command { std: "docker" "create" "-v" "/var/lib/crater-agent-workspace/builds/worker-2-tc2/target:/opt/rustwide/target:rw,Z" "-v" "/var/lib/crater-agent-workspace/builds/worker-2-tc2/source:/opt/rustwide/workdir:ro,Z" "-v" "/var/lib/crater-agent-workspace/cargo-home:/opt/rustwide/cargo-home:ro,Z" "-v" "/var/lib/crater-agent-workspace/rustup-home:/opt/rustwide/rustup-home:ro,Z" "-e" "SOURCE_DIR=/opt/rustwide/workdir" "-e" "CARGO_TARGET_DIR=/opt/rustwide/target" "-e" "CARGO_INCREMENTAL=0" "-e" "RUST_BACKTRACE=full" "-e" "RUSTFLAGS=--cap-lints=warn" "-e" "RUSTDOCFLAGS=--cap-lints=warn" "-e" "CARGO_HOME=/opt/rustwide/cargo-home" "-e" "RUSTUP_HOME=/opt/rustwide/rustup-home" "-w" "/opt/rustwide/workdir" "-m" "1610612736" "--user" "0:0" "--network" "none" "ghcr.io/rust-lang/crates-build-env/linux@sha256:2788e3201cd34a07e3172128adcd8b3090168a8e3bcc40d7c032b9dda1df7d1c" "/opt/rustwide/cargo-home/bin/cargo" "+beta-2023-12-22" "doc" "--frozen" "--no-deps" "--document-private-items" "--message-format=json", kill_on_drop: false }`
[INFO] [stdout] cbc67d3126d1fec1faf51c6e9d058f41477d135c207e619dd69f368e0e08151b
[INFO] running `Command { std: "docker" "start" "-a" "cbc67d3126d1fec1faf51c6e9d058f41477d135c207e619dd69f368e0e08151b", kill_on_drop: false }`
[INFO] [stderr]    Compiling semver v1.0.21
[INFO] [stderr]     Checking scopeguard v1.2.0
[INFO] [stderr]     Checking byteorder v1.5.0
[INFO] [stderr]     Checking stable_deref_trait v1.2.0
[INFO] [stderr]     Checking nb v1.1.0
[INFO] [stderr]    Compiling lock_api v0.4.11
[INFO] [stderr]     Checking futures-core v0.3.30
[INFO] [stderr]     Checking critical-section v1.1.2
[INFO] [stderr]    Compiling atomic-polyfill v1.0.3
[INFO] [stderr]    Compiling memchr v2.3.4
[INFO] [stderr]     Checking futures-task v0.3.30
[INFO] [stderr]    Compiling nom v6.2.2
[INFO] [stderr]     Checking nb v0.1.3
[INFO] [stderr]     Checking hash32 v0.2.1
[INFO] [stderr]     Checking no-std-net v0.5.0
[INFO] [stderr]     Checking futures-util v0.3.30
[INFO] [stderr]    Compiling embassy-sync v0.1.0
[INFO] [stderr]    Compiling embassy-time v0.1.5
[INFO] [stderr]     Checking void v1.0.2
[INFO] [stderr]     Checking embedded-hal v0.2.7
[INFO] [stderr]     Checking embedded-io v0.4.0
[INFO] [stderr]    Compiling rustc_version v0.4.0
[INFO] [stdout] error[E0554]: `#![feature]` may not be used on the beta release channel
[INFO] [stdout]  --> /opt/rustwide/cargo-home/registry/src/index.crates.io-6f17d22bba15001f/embedded-io-0.4.0/src/lib.rs:2:32
[INFO] [stdout]   |
[INFO] [stdout] 2 | #![cfg_attr(feature = "async", feature(async_fn_in_trait, impl_trait_projections))]
[INFO] [stdout]   |                                ^^^^^^^^^^^^^^^^^^^^^^^^^^^^^^^^^^^^^^^^^^^^^^^^^^ help: remove the attribute
[INFO] [stdout]   |
[INFO] [stdout]   = help: the feature `impl_trait_projections` has been stable since `1.74.0` and no longer requires an attribute to enable
[INFO] [stdout]   = help: the feature `impl_trait_projections` has been stable since `1.74.0` and no longer requires an attribute to enable
[INFO] [stdout] 
[INFO] [stdout] 
[INFO] [stderr]     Checking embedded-hal v1.0.0-alpha.10
[INFO] [stdout] error: aborting due to 1 previous error
[INFO] [stdout] 
[INFO] [stdout] 
[INFO] [stdout] For more information about this error, try `rustc --explain E0554`.
[INFO] [stdout] 
[INFO] [stderr] error: could not compile `embedded-io` (lib) due to 2 previous errors
[INFO] [stderr] warning: build failed, waiting for other jobs to finish...
[INFO] running `Command { std: "docker" "inspect" "cbc67d3126d1fec1faf51c6e9d058f41477d135c207e619dd69f368e0e08151b", kill_on_drop: false }`
[INFO] running `Command { std: "docker" "rm" "-f" "cbc67d3126d1fec1faf51c6e9d058f41477d135c207e619dd69f368e0e08151b", kill_on_drop: false }`
[INFO] [stdout] cbc67d3126d1fec1faf51c6e9d058f41477d135c207e619dd69f368e0e08151b
