[INFO] fetching crate ensemble 0.0.3...
[INFO] documenting ensemble-0.0.3 against 1.75.0 for beta-1.76-rustdoc-1
[INFO] extracting crate ensemble 0.0.3 into /workspace/builds/worker-1-tc1/source
[INFO] validating manifest of crates.io crate ensemble 0.0.3 on toolchain 1.75.0
[INFO] running `Command { std: CARGO_HOME="/workspace/cargo-home" RUSTUP_HOME="/workspace/rustup-home" "/workspace/cargo-home/bin/cargo" "+1.75.0" "metadata" "--manifest-path" "Cargo.toml" "--no-deps", kill_on_drop: false }`
[INFO] started tweaking crates.io crate ensemble 0.0.3
[INFO] finished tweaking crates.io crate ensemble 0.0.3
[INFO] tweaked toml for crates.io crate ensemble 0.0.3 written to /workspace/builds/worker-1-tc1/source/Cargo.toml
[INFO] running `Command { std: CARGO_HOME="/workspace/cargo-home" RUSTUP_HOME="/workspace/rustup-home" "/workspace/cargo-home/bin/cargo" "+1.75.0" "generate-lockfile" "--manifest-path" "Cargo.toml", kill_on_drop: false }`
[INFO] [stderr]     Updating crates.io index
[INFO] running `Command { std: CARGO_HOME="/workspace/cargo-home" RUSTUP_HOME="/workspace/rustup-home" "/workspace/cargo-home/bin/cargo" "+1.75.0" "fetch" "--manifest-path" "Cargo.toml", kill_on_drop: false }`
[INFO] [stderr]  Downloading crates ...
[INFO] [stderr]   Downloaded rbdc-mysql v4.5.2
[INFO] [stderr]   Downloaded flume v0.11.0
[INFO] [stderr]   Downloaded ensemble_derive v0.0.3
[INFO] [stderr]   Downloaded fastdate v0.3.28
[INFO] [stderr]   Downloaded tokio-rustls v0.25.0
[INFO] [stderr]   Downloaded fastdate v0.1.39
[INFO] [stderr]   Downloaded rustls v0.22.1
[INFO] [stderr]   Downloaded webpki-roots v0.26.0
[INFO] [stderr]   Downloaded rustls-webpki v0.102.1
[INFO] [stderr]   Downloaded deluxe v0.5.0
[INFO] [stderr]   Downloaded generic-array v1.0.0
[INFO] [stderr]   Downloaded deluxe-macros v0.5.0
[INFO] [stderr]   Downloaded rustls-pki-types v1.1.0
[INFO] [stderr]   Downloaded rbatis-codegen v4.5.7
[INFO] [stderr]   Downloaded rbdc v4.5.18
[INFO] [stderr]   Downloaded pluralizer v0.4.0
[INFO] [stderr]   Downloaded sha256 v1.5.0
[INFO] [stderr]   Downloaded lru v0.12.1
[INFO] [stderr]   Downloaded validator v0.16.1
[INFO] [stderr]   Downloaded dark-std v0.2.10
[INFO] [stderr]   Downloaded rbatis-macro-driver v4.5.3
[INFO] [stderr]   Downloaded atoi v2.0.0
[INFO] [stderr]   Downloaded rustls-pemfile v2.0.0
[INFO] [stderr]   Downloaded rbs v4.5.3
[INFO] [stderr]   Downloaded rbdc-pg v4.5.2
[INFO] [stderr]   Downloaded rbatis v4.4.21
[INFO] running `Command { std: "docker" "create" "-v" "/var/lib/crater-agent-workspace/builds/worker-1-tc1/target:/opt/rustwide/target:rw,Z" "-v" "/var/lib/crater-agent-workspace/builds/worker-1-tc1/source:/opt/rustwide/workdir:ro,Z" "-v" "/var/lib/crater-agent-workspace/cargo-home:/opt/rustwide/cargo-home:ro,Z" "-v" "/var/lib/crater-agent-workspace/rustup-home:/opt/rustwide/rustup-home:ro,Z" "-e" "SOURCE_DIR=/opt/rustwide/workdir" "-e" "CARGO_TARGET_DIR=/opt/rustwide/target" "-e" "CARGO_HOME=/opt/rustwide/cargo-home" "-e" "RUSTUP_HOME=/opt/rustwide/rustup-home" "-w" "/opt/rustwide/workdir" "-m" "1610612736" "--user" "0:0" "--network" "none" "ghcr.io/rust-lang/crates-build-env/linux@sha256:2788e3201cd34a07e3172128adcd8b3090168a8e3bcc40d7c032b9dda1df7d1c" "/opt/rustwide/cargo-home/bin/cargo" "+1.75.0" "metadata" "--no-deps" "--format-version=1", kill_on_drop: false }`
[INFO] [stdout] 9a28d95a4ddadc9543794c2ff550422904d776a7be3dee3717773a729d86072c
[INFO] running `Command { std: "docker" "start" "-a" "9a28d95a4ddadc9543794c2ff550422904d776a7be3dee3717773a729d86072c", kill_on_drop: false }`
[INFO] running `Command { std: "docker" "inspect" "9a28d95a4ddadc9543794c2ff550422904d776a7be3dee3717773a729d86072c", kill_on_drop: false }`
[INFO] running `Command { std: "docker" "rm" "-f" "9a28d95a4ddadc9543794c2ff550422904d776a7be3dee3717773a729d86072c", kill_on_drop: false }`
[INFO] [stdout] 9a28d95a4ddadc9543794c2ff550422904d776a7be3dee3717773a729d86072c
[INFO] running `Command { std: "docker" "create" "-v" "/var/lib/crater-agent-workspace/builds/worker-1-tc1/target:/opt/rustwide/target:rw,Z" "-v" "/var/lib/crater-agent-workspace/builds/worker-1-tc1/source:/opt/rustwide/workdir:ro,Z" "-v" "/var/lib/crater-agent-workspace/cargo-home:/opt/rustwide/cargo-home:ro,Z" "-v" "/var/lib/crater-agent-workspace/rustup-home:/opt/rustwide/rustup-home:ro,Z" "-e" "SOURCE_DIR=/opt/rustwide/workdir" "-e" "CARGO_TARGET_DIR=/opt/rustwide/target" "-e" "CARGO_INCREMENTAL=0" "-e" "RUST_BACKTRACE=full" "-e" "RUSTFLAGS=--cap-lints=warn" "-e" "RUSTDOCFLAGS=--cap-lints=warn" "-e" "CARGO_HOME=/opt/rustwide/cargo-home" "-e" "RUSTUP_HOME=/opt/rustwide/rustup-home" "-w" "/opt/rustwide/workdir" "-m" "1610612736" "--user" "0:0" "--network" "none" "ghcr.io/rust-lang/crates-build-env/linux@sha256:2788e3201cd34a07e3172128adcd8b3090168a8e3bcc40d7c032b9dda1df7d1c" "/opt/rustwide/cargo-home/bin/cargo" "+1.75.0" "doc" "--frozen" "--no-deps" "--document-private-items" "--message-format=json", kill_on_drop: false }`
[INFO] [stdout] 05ef4325535df940ed7643f5b8df6d5b060e417be39b31e6d8e519098053b59b
[INFO] running `Command { std: "docker" "start" "-a" "05ef4325535df940ed7643f5b8df6d5b060e417be39b31e6d8e519098053b59b", kill_on_drop: false }`
[INFO] [stderr]    Compiling proc-macro2 v1.0.76
[INFO] [stderr]    Compiling autocfg v1.1.0
[INFO] [stderr]    Compiling serde v1.0.195
[INFO] [stderr]    Compiling memchr v2.7.1
[INFO] [stderr]    Compiling version_check v0.9.4
[INFO] [stderr]    Compiling thiserror v1.0.56
[INFO] [stderr]    Compiling once_cell v1.19.0
[INFO] [stderr]    Compiling libc v0.2.151
[INFO] [stderr]    Compiling vcpkg v0.2.15
[INFO] [stderr]    Compiling ucd-trie v0.1.6
[INFO] [stderr]    Compiling pkg-config v0.3.28
[INFO] [stderr]     Checking pin-project-lite v0.2.13
[INFO] [stderr]    Compiling async-trait v0.1.77
[INFO] [stderr]     Checking futures-sink v0.3.30
[INFO] [stderr]    Compiling typenum v1.17.0
[INFO] [stderr]     Checking futures-core v0.3.30
[INFO] [stderr]     Checking getrandom v0.2.11
[INFO] [stderr]    Compiling tinyvec_macros v0.1.1
[INFO] [stderr]    Compiling lock_api v0.4.11
[INFO] [stderr]    Compiling num-traits v0.2.17
[INFO] [stderr]    Compiling slab v0.4.9
[INFO] [stderr]    Compiling tinyvec v1.6.0
[INFO] [stderr]    Compiling num-integer v0.1.45
[INFO] [stderr]     Checking powerfmt v0.2.0
[INFO] [stderr]    Compiling quote v1.0.35
[INFO] [stderr]    Compiling generic-array v0.14.7
[INFO] [stderr]    Compiling ahash v0.8.7
[INFO] [stderr]    Compiling hashbrown v0.14.3
[INFO] [stderr]     Checking foreign-types-shared v0.1.1
[INFO] [stderr]    Compiling syn v2.0.48
[INFO] [stderr]    Compiling equivalent v1.0.1
[INFO] [stderr]    Compiling openssl v0.10.62
[INFO] [stderr]     Checking scopeguard v1.2.0
[INFO] [stderr]     Checking foreign-types v0.3.2
[INFO] [stderr]    Compiling aho-corasick v1.1.2
[INFO] [stderr]    Compiling num-bigint v0.4.4
[INFO] [stderr]     Checking futures-channel v0.3.30
[INFO] [stderr]     Checking socket2 v0.5.5
[INFO] [stderr]     Checking num_cpus v1.16.0
[INFO] [stderr]     Checking mio v0.8.10
[INFO] [stderr]    Compiling parking_lot_core v0.9.9
[INFO] [stderr]    Compiling regex-syntax v0.8.2
[INFO] [stderr]    Compiling indexmap v2.1.0
[INFO] [stderr]    Compiling toml_datetime v0.6.5
[INFO] [stderr]    Compiling ryu v1.0.16
[INFO] [stderr]    Compiling libm v0.2.8
[INFO] [stderr]     Checking bytes v1.5.0
[INFO] [stderr]    Compiling cc v1.0.83
[INFO] [stderr]     Checking bitflags v2.4.1
[INFO] [stderr]    Compiling unicode-bidi v0.3.14
[INFO] [stderr]    Compiling syn v1.0.109
[INFO] [stderr]     Checking time-core v0.1.2
[INFO] [stderr]    Compiling native-tls v0.2.11
[INFO] [stderr]     Checking zerocopy v0.7.32
[INFO] [stderr]    Compiling winnow v0.5.33
[INFO] [stderr]     Checking futures-task v0.3.30
[INFO] [stderr]    Compiling unicode-normalization v0.1.22
[INFO] [stderr]     Checking futures-io v0.3.30
[INFO] [stderr]     Checking pin-utils v0.1.0
[INFO] [stderr]     Checking unicode-ident v1.0.12
[INFO] [stderr]    Compiling percent-encoding v2.3.1
[INFO] [stderr]    Compiling itoa v1.0.10
[INFO] [stderr]    Compiling bigdecimal v0.4.2
[INFO] [stderr]    Compiling form_urlencoded v1.2.1
[INFO] [stderr]     Checking openssl-probe v0.1.5
[INFO] [stderr]    Compiling arrayvec v0.7.4
[INFO] [stderr]     Checking allocator-api2 v0.2.16
[INFO] [stderr]     Checking log v0.4.20
[INFO] [stderr]    Compiling strsim v0.10.0
[INFO] [stderr]     Checking smallvec v1.11.2
[INFO] [stderr]     Checking spin v0.9.8
[INFO] [stderr]    Compiling idna v0.5.0
[INFO] [stderr]     Checking rand_core v0.6.4
[INFO] [stderr]    Compiling lazy_static v1.4.0
[INFO] [stderr]     Checking ppv-lite86 v0.2.17
[INFO] [stderr]    Compiling heck v0.4.1
[INFO] [stderr]    Compiling if_chain v1.0.2
[INFO] [stderr]     Checking crypto-common v0.1.6
[INFO] [stderr]     Checking block-buffer v0.10.4
[INFO] [stderr]    Compiling base64 v0.21.5
[INFO] [stderr]     Checking parking_lot v0.12.1
[INFO] [stderr]    Compiling url v2.5.0
[INFO] [stderr]    Compiling openssl-sys v0.9.98
[INFO] [stderr]     Checking digest v0.10.7
[INFO] [stderr]     Checking rand_chacha v0.3.1
[INFO] [stderr]     Checking lru v0.12.1
[INFO] [stderr]     Checking flume v0.11.0
[INFO] [stderr]     Checking cpufeatures v0.2.12
[INFO] [stderr]     Checking hex v0.4.3
[INFO] [stderr]    Compiling schemars v0.8.16
[INFO] [stderr]     Checking sha2 v0.10.8
[INFO] [stderr]     Checking rand v0.8.5
[INFO] [stderr]     Checking tracing-core v0.1.32
[INFO] [stderr]     Checking dyn-clone v1.0.16
[INFO] [stderr]     Checking either v1.9.0
[INFO] [stderr]    Compiling regex-automata v0.4.3
[INFO] [stderr]     Checking itertools v0.11.0
[INFO] [stderr]    Compiling toml_edit v0.19.15
[INFO] [stderr]    Compiling deluxe-core v0.5.0
[INFO] [stderr]    Compiling serde_derive_internals v0.26.0
[INFO] [stderr]    Compiling serde_derive v1.0.195
[INFO] [stderr]    Compiling thiserror-impl v1.0.56
[INFO] [stderr]    Compiling tokio-macros v2.2.0
[INFO] [stderr]    Compiling futures-macro v0.3.30
[INFO] [stderr]    Compiling openssl-macros v0.1.1
[INFO] [stderr]    Compiling tracing-attributes v0.1.27
[INFO] [stderr]    Compiling schemars_derive v0.8.16
[INFO] [stderr]    Compiling proc-macro-crate v1.3.1
[INFO] [stderr]     Checking tokio v1.35.1
[INFO] [stderr]    Compiling regex v1.10.2
[INFO] [stderr]     Checking futures-util v0.3.30
[INFO] [stderr]    Compiling pluralizer v0.4.0
[INFO] [stderr]    Compiling Inflector v0.11.4
[INFO] [stderr]    Compiling deluxe-macros v0.5.0
[INFO] [stderr]     Checking tracing v0.1.40
[INFO] [stderr]     Checking pest v2.7.6
[INFO] [stderr]    Compiling pest_meta v2.7.6
[INFO] [stderr]     Checking futures-executor v0.3.30
[INFO] [stderr]     Checking futures v0.3.30
[INFO] [stderr]     Checking tokio-native-tls v0.3.1
[INFO] [stderr]     Checking sha256 v1.5.0
[INFO] [stderr]    Compiling pest_generator v2.7.6
[INFO] [stderr]    Compiling deluxe v0.5.0
[INFO] [stderr]    Compiling ensemble_derive v0.0.3
[INFO] [stderr]    Compiling pest_derive v2.7.6
[INFO] [stderr]     Checking serde_json v1.0.111
[INFO] [stderr]     Checking deranged v0.3.11
[INFO] [stderr]     Checking uuid v1.6.1
[INFO] [stderr]     Checking rbs v4.5.3
[INFO] [stderr]     Checking serde_bytes v0.11.14
[INFO] [stderr]     Checking dark-std v0.2.10
[INFO] [stderr]     Checking html_parser v0.6.3
[INFO] [stderr]     Checking time v0.3.31
[INFO] [stderr]     Checking rbatis-codegen v4.5.7
[INFO] [stderr]     Checking fastdate v0.3.28
[INFO] [stderr]     Checking fastdate v0.1.39
[INFO] [stderr]     Checking rbdc v4.5.18
[INFO] [stderr]    Compiling rbatis-macro-driver v4.5.3
[INFO] [stderr]     Checking rbatis v4.4.21
[INFO] [stdout] error[E0432]: unresolved import `rbdc::pool::ManagerPorxy`
[INFO] [stdout]  --> /opt/rustwide/cargo-home/registry/src/index.crates.io-6f17d22bba15001f/rbatis-4.4.21/src/rbatis.rs:9:18
[INFO] [stdout]   |
[INFO] [stdout] 9 | use rbdc::pool::{ManagerPorxy, Pool};
[INFO] [stdout]   |                  ^^^^^^^^^^^^ no `ManagerPorxy` in `pool`
[INFO] [stdout] 
[INFO] [stdout] 
[INFO] [stdout] error[E0433]: failed to resolve: could not find `deadpool` in `rbdc`
[INFO] [stdout]   --> /opt/rustwide/cargo-home/registry/src/index.crates.io-6f17d22bba15001f/rbatis-4.4.21/src/rbatis.rs:99:24
[INFO] [stdout]    |
[INFO] [stdout] 99 |         builder: rbdc::deadpool::managed::PoolBuilder<
[INFO] [stdout]    |                        ^^^^^^^^ could not find `deadpool` in `rbdc`
[INFO] [stdout] 
[INFO] [stdout] 
[INFO] [stdout] error[E0433]: failed to resolve: could not find `deadpool` in `rbdc`
[INFO] [stdout]    --> /opt/rustwide/cargo-home/registry/src/index.crates.io-6f17d22bba15001f/rbatis-4.4.21/src/rbatis.rs:101:19
[INFO] [stdout]     |
[INFO] [stdout] 101 |             rbdc::deadpool::managed::Object<ManagerPorxy>,
[INFO] [stdout]     |                   ^^^^^^^^ could not find `deadpool` in `rbdc`
[INFO] [stdout] 
[INFO] [stdout] 
[INFO] [stdout] error[E0782]: trait objects must include the `dyn` keyword
[INFO] [stdout]   --> /opt/rustwide/cargo-home/registry/src/index.crates.io-6f17d22bba15001f/rbatis-4.4.21/src/rbatis.rs:18:28
[INFO] [stdout]    |
[INFO] [stdout] 18 |     pub pool: Arc<OnceLock<Pool>>,
[INFO] [stdout]    |                            ^^^^
[INFO] [stdout]    |
[INFO] [stdout] help: add `dyn` keyword before this trait
[INFO] [stdout]    |
[INFO] [stdout] 18 |     pub pool: Arc<OnceLock<dyn Pool>>,
[INFO] [stdout]    |                            +++
[INFO] [stdout] 
[INFO] [stdout] 
[INFO] [stdout] error[E0782]: trait objects must include the `dyn` keyword
[INFO] [stdout]    --> /opt/rustwide/cargo-home/registry/src/index.crates.io-6f17d22bba15001f/rbatis-4.4.21/src/rbatis.rs:150:39
[INFO] [stdout]     |
[INFO] [stdout] 150 |     pub fn get_pool(&self) -> Result<&Pool, Error> {
[INFO] [stdout]     |                                       ^^^^
[INFO] [stdout]     |
[INFO] [stdout] help: add `dyn` keyword before this trait
[INFO] [stdout]     |
[INFO] [stdout] 150 |     pub fn get_pool(&self) -> Result<&dyn Pool, Error> {
[INFO] [stdout]     |                                       +++
[INFO] [stdout] 
[INFO] [stdout] 
[INFO] [stdout] error: aborting due to 5 previous errors
[INFO] [stdout] 
[INFO] [stdout] 
[INFO] [stdout] Some errors have detailed explanations: E0432, E0433, E0782.
[INFO] [stdout] 
[INFO] [stdout] For more information about an error, try `rustc --explain E0432`.
[INFO] [stdout] 
[INFO] [stderr] error: could not compile `rbatis` (lib) due to 6 previous errors
[INFO] running `Command { std: "docker" "inspect" "05ef4325535df940ed7643f5b8df6d5b060e417be39b31e6d8e519098053b59b", kill_on_drop: false }`
[INFO] running `Command { std: "docker" "rm" "-f" "05ef4325535df940ed7643f5b8df6d5b060e417be39b31e6d8e519098053b59b", kill_on_drop: false }`
[INFO] [stdout] 05ef4325535df940ed7643f5b8df6d5b060e417be39b31e6d8e519098053b59b
[INFO] documenting ensemble-0.0.3 against beta-2023-12-22 for beta-1.76-rustdoc-1
[INFO] extracting crate ensemble 0.0.3 into /workspace/builds/worker-1-tc2/source
[INFO] validating manifest of crates.io crate ensemble 0.0.3 on toolchain beta-2023-12-22
[INFO] running `Command { std: CARGO_HOME="/workspace/cargo-home" RUSTUP_HOME="/workspace/rustup-home" "/workspace/cargo-home/bin/cargo" "+beta-2023-12-22" "metadata" "--manifest-path" "Cargo.toml" "--no-deps", kill_on_drop: false }`
[INFO] started tweaking crates.io crate ensemble 0.0.3
[INFO] finished tweaking crates.io crate ensemble 0.0.3
[INFO] tweaked toml for crates.io crate ensemble 0.0.3 written to /workspace/builds/worker-1-tc2/source/Cargo.toml
[INFO] running `Command { std: CARGO_HOME="/workspace/cargo-home" RUSTUP_HOME="/workspace/rustup-home" "/workspace/cargo-home/bin/cargo" "+beta-2023-12-22" "generate-lockfile" "--manifest-path" "Cargo.toml", kill_on_drop: false }`
[INFO] [stderr]     Updating crates.io index
[INFO] running `Command { std: CARGO_HOME="/workspace/cargo-home" RUSTUP_HOME="/workspace/rustup-home" "/workspace/cargo-home/bin/cargo" "+beta-2023-12-22" "fetch" "--manifest-path" "Cargo.toml", kill_on_drop: false }`
[INFO] running `Command { std: "docker" "create" "-v" "/var/lib/crater-agent-workspace/builds/worker-1-tc2/target:/opt/rustwide/target:rw,Z" "-v" "/var/lib/crater-agent-workspace/builds/worker-1-tc2/source:/opt/rustwide/workdir:ro,Z" "-v" "/var/lib/crater-agent-workspace/cargo-home:/opt/rustwide/cargo-home:ro,Z" "-v" "/var/lib/crater-agent-workspace/rustup-home:/opt/rustwide/rustup-home:ro,Z" "-e" "SOURCE_DIR=/opt/rustwide/workdir" "-e" "CARGO_TARGET_DIR=/opt/rustwide/target" "-e" "CARGO_HOME=/opt/rustwide/cargo-home" "-e" "RUSTUP_HOME=/opt/rustwide/rustup-home" "-w" "/opt/rustwide/workdir" "-m" "1610612736" "--user" "0:0" "--network" "none" "ghcr.io/rust-lang/crates-build-env/linux@sha256:2788e3201cd34a07e3172128adcd8b3090168a8e3bcc40d7c032b9dda1df7d1c" "/opt/rustwide/cargo-home/bin/cargo" "+beta-2023-12-22" "metadata" "--no-deps" "--format-version=1", kill_on_drop: false }`
[INFO] [stdout] 10599d3f0d7816154a0188dd85a4b6103f11559be70484ee7b2767a67c6191e9
[INFO] running `Command { std: "docker" "start" "-a" "10599d3f0d7816154a0188dd85a4b6103f11559be70484ee7b2767a67c6191e9", kill_on_drop: false }`
[INFO] running `Command { std: "docker" "inspect" "10599d3f0d7816154a0188dd85a4b6103f11559be70484ee7b2767a67c6191e9", kill_on_drop: false }`
[INFO] running `Command { std: "docker" "rm" "-f" "10599d3f0d7816154a0188dd85a4b6103f11559be70484ee7b2767a67c6191e9", kill_on_drop: false }`
[INFO] [stdout] 10599d3f0d7816154a0188dd85a4b6103f11559be70484ee7b2767a67c6191e9
[INFO] running `Command { std: "docker" "create" "-v" "/var/lib/crater-agent-workspace/builds/worker-1-tc2/target:/opt/rustwide/target:rw,Z" "-v" "/var/lib/crater-agent-workspace/builds/worker-1-tc2/source:/opt/rustwide/workdir:ro,Z" "-v" "/var/lib/crater-agent-workspace/cargo-home:/opt/rustwide/cargo-home:ro,Z" "-v" "/var/lib/crater-agent-workspace/rustup-home:/opt/rustwide/rustup-home:ro,Z" "-e" "SOURCE_DIR=/opt/rustwide/workdir" "-e" "CARGO_TARGET_DIR=/opt/rustwide/target" "-e" "CARGO_INCREMENTAL=0" "-e" "RUST_BACKTRACE=full" "-e" "RUSTFLAGS=--cap-lints=warn" "-e" "RUSTDOCFLAGS=--cap-lints=warn" "-e" "CARGO_HOME=/opt/rustwide/cargo-home" "-e" "RUSTUP_HOME=/opt/rustwide/rustup-home" "-w" "/opt/rustwide/workdir" "-m" "1610612736" "--user" "0:0" "--network" "none" "ghcr.io/rust-lang/crates-build-env/linux@sha256:2788e3201cd34a07e3172128adcd8b3090168a8e3bcc40d7c032b9dda1df7d1c" "/opt/rustwide/cargo-home/bin/cargo" "+beta-2023-12-22" "doc" "--frozen" "--no-deps" "--document-private-items" "--message-format=json", kill_on_drop: false }`
[INFO] [stdout] d8a684e9f8fdbf1c4aa872a72b534c37456330e181147bd952389a5b8009d50b
[INFO] running `Command { std: "docker" "start" "-a" "d8a684e9f8fdbf1c4aa872a72b534c37456330e181147bd952389a5b8009d50b", kill_on_drop: false }`
[INFO] [stderr]    Compiling proc-macro2 v1.0.76
[INFO] [stderr]    Compiling autocfg v1.1.0
[INFO] [stderr]    Compiling serde v1.0.195
[INFO] [stderr]    Compiling memchr v2.7.1
[INFO] [stderr]    Compiling version_check v0.9.4
[INFO] [stderr]    Compiling thiserror v1.0.56
[INFO] [stderr]    Compiling once_cell v1.19.0
[INFO] [stderr]    Compiling libc v0.2.151
[INFO] [stderr]    Compiling pkg-config v0.3.28
[INFO] [stderr]    Compiling ucd-trie v0.1.6
[INFO] [stderr]    Compiling vcpkg v0.2.15
[INFO] [stderr]     Checking pin-project-lite v0.2.13
[INFO] [stderr]     Checking futures-core v0.3.30
[INFO] [stderr]     Checking futures-sink v0.3.30
[INFO] [stderr]    Compiling async-trait v0.1.77
[INFO] [stderr]    Compiling typenum v1.17.0
[INFO] [stderr]     Checking getrandom v0.2.11
[INFO] [stderr]    Compiling tinyvec_macros v0.1.1
[INFO] [stderr]     Checking foreign-types-shared v0.1.1
[INFO] [stderr]    Compiling tinyvec v1.6.0
[INFO] [stderr]    Compiling equivalent v1.0.1
[INFO] [stderr]     Checking powerfmt v0.2.0
[INFO] [stderr]     Checking scopeguard v1.2.0
[INFO] [stderr]    Compiling slab v0.4.9
[INFO] [stderr]    Compiling lock_api v0.4.11
[INFO] [stderr]    Compiling num-traits v0.2.17
[INFO] [stderr]    Compiling num-integer v0.1.45
[INFO] [stderr]    Compiling openssl v0.10.62
[INFO] [stderr]    Compiling hashbrown v0.14.3
[INFO] [stderr]    Compiling generic-array v0.14.7
[INFO] [stderr]    Compiling ahash v0.8.7
[INFO] [stderr]    Compiling quote v1.0.35
[INFO] [stderr]    Compiling num-bigint v0.4.4
[INFO] [stderr]    Compiling syn v2.0.48
[INFO] [stderr]    Compiling aho-corasick v1.1.2
[INFO] [stderr]     Checking foreign-types v0.3.2
[INFO] [stderr]     Checking futures-channel v0.3.30
[INFO] [stderr]     Checking socket2 v0.5.5
[INFO] [stderr]     Checking num_cpus v1.16.0
[INFO] [stderr]     Checking mio v0.8.10
[INFO] [stderr]     Checking bytes v1.5.0
[INFO] [stderr]     Checking futures-task v0.3.30
[INFO] [stderr]    Compiling indexmap v2.1.0
[INFO] [stderr]    Compiling native-tls v0.2.11
[INFO] [stderr]    Compiling syn v1.0.109
[INFO] [stderr]     Checking time-core v0.1.2
[INFO] [stderr]    Compiling unicode-bidi v0.3.14
[INFO] [stderr]     Checking pin-utils v0.1.0
[INFO] [stderr]    Compiling unicode-normalization v0.1.22
[INFO] [stderr]    Compiling libm v0.2.8
[INFO] [stderr]    Compiling toml_datetime v0.6.5
[INFO] [stderr]    Compiling itoa v1.0.10
[INFO] [stderr]     Checking zerocopy v0.7.32
[INFO] [stderr]     Checking bitflags v2.4.1
[INFO] [stderr]    Compiling winnow v0.5.33
[INFO] [stderr]    Compiling regex-syntax v0.8.2
[INFO] [stderr]    Compiling percent-encoding v2.3.1
[INFO] [stderr]    Compiling parking_lot_core v0.9.9
[INFO] [stderr]    Compiling cc v1.0.83
[INFO] [stderr]    Compiling ryu v1.0.16
[INFO] [stderr]     Checking unicode-ident v1.0.12
[INFO] [stderr]     Checking futures-io v0.3.30
[INFO] [stderr]    Compiling form_urlencoded v1.2.1
[INFO] [stderr]    Compiling idna v0.5.0
[INFO] [stderr]    Compiling bigdecimal v0.4.2
[INFO] [stderr]     Checking smallvec v1.11.2
[INFO] [stderr]     Checking openssl-probe v0.1.5
[INFO] [stderr]    Compiling arrayvec v0.7.4
[INFO] [stderr]     Checking log v0.4.20
[INFO] [stderr]    Compiling strsim v0.10.0
[INFO] [stderr]     Checking allocator-api2 v0.2.16
[INFO] [stderr]    Compiling url v2.5.0
[INFO] [stderr]     Checking spin v0.9.8
[INFO] [stderr]     Checking rand_core v0.6.4
[INFO] [stderr]    Compiling lazy_static v1.4.0
[INFO] [stderr]    Compiling base64 v0.21.5
[INFO] [stderr]     Checking ppv-lite86 v0.2.17
[INFO] [stderr]     Checking crypto-common v0.1.6
[INFO] [stderr]     Checking block-buffer v0.10.4
[INFO] [stderr]    Compiling heck v0.4.1
[INFO] [stderr]    Compiling if_chain v1.0.2
[INFO] [stderr]     Checking digest v0.10.7
[INFO] [stderr]     Checking flume v0.11.0
[INFO] [stderr]     Checking rand_chacha v0.3.1
[INFO] [stderr]     Checking parking_lot v0.12.1
[INFO] [stderr]     Checking lru v0.12.1
[INFO] [stderr]     Checking hex v0.4.3
[INFO] [stderr]    Compiling openssl-sys v0.9.98
[INFO] [stderr]    Compiling schemars v0.8.16
[INFO] [stderr]     Checking cpufeatures v0.2.12
[INFO] [stderr]     Checking rand v0.8.5
[INFO] [stderr]     Checking sha2 v0.10.8
[INFO] [stderr]    Compiling regex-automata v0.4.3
[INFO] [stderr]     Checking tracing-core v0.1.32
[INFO] [stderr]     Checking dyn-clone v1.0.16
[INFO] [stderr]     Checking either v1.9.0
[INFO] [stderr]    Compiling toml_edit v0.19.15
[INFO] [stderr]     Checking itertools v0.11.0
[INFO] [stderr]    Compiling serde_derive_internals v0.26.0
[INFO] [stderr]    Compiling deluxe-core v0.5.0
[INFO] [stderr]    Compiling proc-macro-crate v1.3.1
[INFO] [stderr]    Compiling schemars_derive v0.8.16
[INFO] [stderr]    Compiling regex v1.10.2
[INFO] [stderr]    Compiling serde_derive v1.0.195
[INFO] [stderr]    Compiling thiserror-impl v1.0.56
[INFO] [stderr]    Compiling openssl-macros v0.1.1
[INFO] [stderr]    Compiling tokio-macros v2.2.0
[INFO] [stderr]    Compiling futures-macro v0.3.30
[INFO] [stderr]    Compiling tracing-attributes v0.1.27
[INFO] [stderr]    Compiling pluralizer v0.4.0
[INFO] [stderr]    Compiling Inflector v0.11.4
[INFO] [stderr]    Compiling deluxe-macros v0.5.0
[INFO] [stderr]     Checking tokio v1.35.1
[INFO] [stderr]     Checking futures-util v0.3.30
[INFO] [stderr]    Compiling pest v2.7.6
[INFO] [stderr]     Checking tracing v0.1.40
[INFO] [stderr]    Compiling pest_meta v2.7.6
[INFO] [stderr]    Compiling pest_generator v2.7.6
[INFO] [stderr]    Compiling deluxe v0.5.0
[INFO] [stderr]    Compiling ensemble_derive v0.0.3
[INFO] [stderr]     Checking futures-executor v0.3.30
[INFO] [stderr]     Checking futures v0.3.30
[INFO] [stderr]    Compiling pest_derive v2.7.6
[INFO] [stderr]     Checking tokio-native-tls v0.3.1
[INFO] [stderr]     Checking sha256 v1.5.0
[INFO] [stderr]     Checking deranged v0.3.11
[INFO] [stderr]     Checking serde_json v1.0.111
[INFO] [stderr]     Checking rbs v4.5.3
[INFO] [stderr]     Checking uuid v1.6.1
[INFO] [stderr]     Checking serde_bytes v0.11.14
[INFO] [stderr]     Checking dark-std v0.2.10
[INFO] [stderr]     Checking html_parser v0.6.3
[INFO] [stderr]     Checking time v0.3.31
[INFO] [stderr]     Checking rbatis-codegen v4.5.7
[INFO] [stderr]     Checking fastdate v0.3.28
[INFO] [stderr]     Checking fastdate v0.1.39
[INFO] [stderr]     Checking rbdc v4.5.18
[INFO] [stderr]    Compiling rbatis-macro-driver v4.5.3
[INFO] [stderr]     Checking rbatis v4.4.21
[INFO] [stdout] error[E0432]: unresolved import `rbdc::pool::ManagerPorxy`
[INFO] [stdout]  --> /opt/rustwide/cargo-home/registry/src/index.crates.io-6f17d22bba15001f/rbatis-4.4.21/src/rbatis.rs:9:18
[INFO] [stdout]   |
[INFO] [stdout] 9 | use rbdc::pool::{ManagerPorxy, Pool};
[INFO] [stdout]   |                  ^^^^^^^^^^^^ no `ManagerPorxy` in `pool`
[INFO] [stdout] 
[INFO] [stdout] 
[INFO] [stdout] error[E0433]: failed to resolve: could not find `deadpool` in `rbdc`
[INFO] [stdout]   --> /opt/rustwide/cargo-home/registry/src/index.crates.io-6f17d22bba15001f/rbatis-4.4.21/src/rbatis.rs:99:24
[INFO] [stdout]    |
[INFO] [stdout] 99 |         builder: rbdc::deadpool::managed::PoolBuilder<
[INFO] [stdout]    |                        ^^^^^^^^ could not find `deadpool` in `rbdc`
[INFO] [stdout] 
[INFO] [stdout] 
[INFO] [stdout] error[E0433]: failed to resolve: could not find `deadpool` in `rbdc`
[INFO] [stdout]    --> /opt/rustwide/cargo-home/registry/src/index.crates.io-6f17d22bba15001f/rbatis-4.4.21/src/rbatis.rs:101:19
[INFO] [stdout]     |
[INFO] [stdout] 101 |             rbdc::deadpool::managed::Object<ManagerPorxy>,
[INFO] [stdout]     |                   ^^^^^^^^ could not find `deadpool` in `rbdc`
[INFO] [stdout] 
[INFO] [stdout] 
[INFO] [stdout] error[E0782]: trait objects must include the `dyn` keyword
[INFO] [stdout]   --> /opt/rustwide/cargo-home/registry/src/index.crates.io-6f17d22bba15001f/rbatis-4.4.21/src/rbatis.rs:18:28
[INFO] [stdout]    |
[INFO] [stdout] 18 |     pub pool: Arc<OnceLock<Pool>>,
[INFO] [stdout]    |                            ^^^^
[INFO] [stdout]    |
[INFO] [stdout] help: add `dyn` keyword before this trait
[INFO] [stdout]    |
[INFO] [stdout] 18 |     pub pool: Arc<OnceLock<dyn Pool>>,
[INFO] [stdout]    |                            +++
[INFO] [stdout] 
[INFO] [stdout] 
[INFO] [stdout] error[E0782]: trait objects must include the `dyn` keyword
[INFO] [stdout]    --> /opt/rustwide/cargo-home/registry/src/index.crates.io-6f17d22bba15001f/rbatis-4.4.21/src/rbatis.rs:150:39
[INFO] [stdout]     |
[INFO] [stdout] 150 |     pub fn get_pool(&self) -> Result<&Pool, Error> {
[INFO] [stdout]     |                                       ^^^^
[INFO] [stdout]     |
[INFO] [stdout] help: add `dyn` keyword before this trait
[INFO] [stdout]     |
[INFO] [stdout] 150 |     pub fn get_pool(&self) -> Result<&dyn Pool, Error> {
[INFO] [stdout]     |                                       +++
[INFO] [stdout] 
[INFO] [stdout] 
[INFO] [stdout] error: aborting due to 5 previous errors
[INFO] [stdout] 
[INFO] [stdout] 
[INFO] [stdout] Some errors have detailed explanations: E0432, E0433, E0782.
[INFO] [stdout] 
[INFO] [stdout] For more information about an error, try `rustc --explain E0432`.
[INFO] [stdout] 
[INFO] [stderr] error: could not compile `rbatis` (lib) due to 6 previous errors
[INFO] running `Command { std: "docker" "inspect" "d8a684e9f8fdbf1c4aa872a72b534c37456330e181147bd952389a5b8009d50b", kill_on_drop: false }`
[INFO] running `Command { std: "docker" "rm" "-f" "d8a684e9f8fdbf1c4aa872a72b534c37456330e181147bd952389a5b8009d50b", kill_on_drop: false }`
[INFO] [stdout] d8a684e9f8fdbf1c4aa872a72b534c37456330e181147bd952389a5b8009d50b
